000
CDUS44 KMAF 300731
CLIMAF


CLIMATE REPORT
NATIONAL WEATHER SERVICE MIDLAND/ODESSA TX
231 AM CDT SAT AUG 30 2014


...................................

...THE MIDLAND CLIMATE SUMMARY FOR AUGUST 29 2014...

CLIMATE NORMAL PERIOD 1981 TO 2010
CLIMATE RECORD PERIOD 1930 TO 2014


WEATHER ITEM   OBSERVED TIME   RECORD YEAR NORMAL DEPARTURE LAST
                VALUE   (LST)  VALUE       VALUE  FROM      YEAR
                                                  NORMAL
..................................................................
TEMPERATURE (F)
 YESTERDAY
  MAXIMUM         94    439 PM 106    2011  92      2       96
  MINIMUM         69    609 AM  57    1930  67      2       67
  AVERAGE         82                        80      2       82

PRECIPITATION (IN)
  YESTERDAY        0.00          1.06 2003   0.07  -0.07     0.00
  MONTH TO DATE    0.77                      1.71  -0.94     1.18
  SINCE JUN 1      1.58                      5.33  -3.75     3.01
  SINCE JAN 1      4.74                      9.59  -4.85     4.57

DEGREE DAYS
 COOLING
  YESTERDAY       17                        14      3       17
  MONTH TO DATE  555                       473     82      565
  SINCE JUN 1   1681                      1466    215     1647
  SINCE JAN 1   2157                      1855    302     2135
..................................................................


WIND (MPH)
  HIGHEST WIND SPEED    21   HIGHEST WIND DIRECTION     E (90)
  HIGHEST GUST SPEED    25   HIGHEST GUST DIRECTION    SE (120)
  AVERAGE WIND SPEED     9.6


SKY COVER
  POSSIBLE SUNSHINE  MM
  AVERAGE SKY COVER 0.2


WEATHER CONDITIONS
 THE FOLLOWING WEATHER WAS RECORDED YESTERDAY.
  NO SIGNIFICANT WEATHER WAS OBSERVED.


RELATIVE HUMIDITY (PERCENT)
 HIGHEST    84           400 AM
 LOWEST     33           500 PM
 AVERAGE    59

..........................................................


THE MIDLAND CLIMATE NORMALS FOR TODAY
                         NORMAL    RECORD    YEAR
 MAXIMUM TEMPERATURE (F)   92       106      2011
 MINIMUM TEMPERATURE (F)   67        60      2012


SUNRISE AND SUNSET
AUGUST 30 2014........SUNRISE   723 AM CDT   SUNSET   815 PM CDT
AUGUST 31 2014........SUNRISE   723 AM CDT   SUNSET   814 PM CDT


-  INDICATES NEGATIVE NUMBERS.
R  INDICATES RECORD WAS SET OR TIED.
MM INDICATES DATA IS MISSING.
T  INDICATES TRACE AMOUNT.




$$
