000
CDUS44 KMAF 230731
CLIMAF


CLIMATE REPORT
NATIONAL WEATHER SERVICE MIDLAND TX
230 AM CDT SAT SEP 23 2017


...................................

...THE MIDLAND CLIMATE SUMMARY FOR SEPTEMBER 22 2017...

CLIMATE NORMAL PERIOD 1981 TO 2010
CLIMATE RECORD PERIOD 1930 TO 2017


WEATHER ITEM   OBSERVED TIME   RECORD YEAR NORMAL DEPARTURE LAST
                VALUE   (LST)  VALUE       VALUE  FROM      YEAR
                                                  NORMAL
..................................................................
TEMPERATURE (F)
 YESTERDAY
  MAXIMUM         92    314 PM 100    1977  85      7       91
  MINIMUM         72    703 AM  42    1995  60     12       67
  AVERAGE         82                        72     10       79

PRECIPITATION (IN)
  YESTERDAY        0.00          2.98 1932   0.06  -0.06     0.00
  MONTH TO DATE    0.04                      1.40  -1.36     1.98
  SINCE SEP 1      0.04                      1.40  -1.36     1.98
  SINCE JAN 1     12.78                     11.12   1.66    12.32

DEGREE DAYS
 HEATING
  YESTERDAY        0                         1     -1        0
  MONTH TO DATE    0                         2     -2        0
  SINCE SEP 1      0                         2     -2        0
  SINCE JUL 1      0                         2     -2        0

 COOLING
  YESTERDAY       17                         8      9       14
  MONTH TO DATE  343                       240    103      326
  SINCE SEP 1    343                       240    103      326
  SINCE JAN 1   2590                      2124    466     2558
..................................................................


WIND (MPH)
  HIGHEST WIND SPEED    26   HIGHEST WIND DIRECTION    SE (140)
  HIGHEST GUST SPEED    33   HIGHEST GUST DIRECTION     S (160)
  AVERAGE WIND SPEED    17.3


SKY COVER
  POSSIBLE SUNSHINE  MM
  AVERAGE SKY COVER 0.2


WEATHER CONDITIONS
 THE FOLLOWING WEATHER WAS RECORDED YESTERDAY.
  NO SIGNIFICANT WEATHER WAS OBSERVED.


RELATIVE HUMIDITY (PERCENT)
 HIGHEST    84           700 AM
 LOWEST     38           300 PM
 AVERAGE    61

..........................................................


THE MIDLAND CLIMATE NORMALS FOR TODAY
                         NORMAL    RECORD    YEAR
 MAXIMUM TEMPERATURE (F)   85        99      1933
 MINIMUM TEMPERATURE (F)   60        45      1995
                                             1994


SUNRISE AND SUNSET
SEPTEMBER 23 2017.....SUNRISE   738 AM CDT   SUNSET   744 PM CDT
SEPTEMBER 24 2017.....SUNRISE   738 AM CDT   SUNSET   742 PM CDT


-  INDICATES NEGATIVE NUMBERS.
R  INDICATES RECORD WAS SET OR TIED.
MM INDICATES DATA IS MISSING.
T  INDICATES TRACE AMOUNT.




$$
