000
CDUS44 KMAF 202112
CLIMAF


CLIMATE REPORT
NATIONAL WEATHER SERVICE MIDLAND TX
412 PM CDT THU JUL 20 2017


...................................

...THE MIDLAND CLIMATE SUMMARY FOR JULY 20 2017...
VALID TODAY AS OF 0400 PM LOCAL TIME.

CLIMATE NORMAL PERIOD 1981 TO 2010
CLIMATE RECORD PERIOD 1930 TO 2017


WEATHER ITEM   OBSERVED TIME   RECORD YEAR NORMAL DEPARTURE LAST
                VALUE   (LST)  VALUE       VALUE  FROM      YEAR
                                                  NORMAL
..................................................................
TEMPERATURE (F)
 TODAY
  MAXIMUM         98    240 PM 104    1936  95      3       98
  MINIMUM         74    635 AM  62    1988  70      4       76
                                      1959
  AVERAGE         86                        82      4       87

PRECIPITATION (IN)
  TODAY            0.00          1.55 1938   0.06  -0.06     0.00
  MONTH TO DATE    0.46                      1.18  -0.72     0.02
  SINCE JUN 1      3.51                      2.98   0.53     3.18
  SINCE JAN 1      9.20                      7.24   1.96     6.92

DEGREE DAYS
 COOLING
  TODAY           21                        17      4       22
  MONTH TO DATE  377                       340     37      487
  SINCE JUN 1    955                       801    154      973
  SINCE JAN 1   1516                      1190    326     1453
..................................................................


WIND (MPH)
  HIGHEST WIND SPEED    17   HIGHEST WIND DIRECTION     S (160)
  HIGHEST GUST SPEED    24   HIGHEST GUST DIRECTION     S (170)
  AVERAGE WIND SPEED     9.9


SKY COVER
  POSSIBLE SUNSHINE  MM
  AVERAGE SKY COVER 0.1


WEATHER CONDITIONS
 THE FOLLOWING WEATHER WAS RECORDED TODAY.
  NO SIGNIFICANT WEATHER WAS OBSERVED.


RELATIVE HUMIDITY (PERCENT)
 HIGHEST    68           600 AM
 LOWEST     27           300 PM
 AVERAGE    48

..........................................................


THE MIDLAND CLIMATE NORMALS FOR TOMORROW
                         NORMAL    RECORD    YEAR
 MAXIMUM TEMPERATURE (F)   95       103      1981
 MINIMUM TEMPERATURE (F)   70        60      1970


SUNRISE AND SUNSET
JULY 20 2017..........SUNRISE   657 AM CDT   SUNSET   853 PM CDT
JULY 21 2017..........SUNRISE   657 AM CDT   SUNSET   853 PM CDT


-  INDICATES NEGATIVE NUMBERS.
R  INDICATES RECORD WAS SET OR TIED.
MM INDICATES DATA IS MISSING.
T  INDICATES TRACE AMOUNT.




$$
