000
CDUS44 KMAF 050731
CLIMAF


CLIMATE REPORT
NATIONAL WEATHER SERVICE MIDLAND/ODESSA TX
230 AM CDT SUN JUL 5 2015


...................................

...THE MIDLAND CLIMATE SUMMARY FOR JULY 4 2015...

CLIMATE NORMAL PERIOD 1981 TO 2010
CLIMATE RECORD PERIOD 1930 TO 2015


WEATHER ITEM   OBSERVED TIME   RECORD YEAR NORMAL DEPARTURE LAST
                VALUE   (LST)  VALUE       VALUE  FROM      YEAR
                                                  NORMAL
..................................................................
TEMPERATURE (F)
 YESTERDAY
  MAXIMUM         90    546 PM 106    1983  95     -5       95
  MINIMUM         70    623 AM  60    1972  70      0       68
                                      1940
  AVERAGE         80                        82     -2       82

PRECIPITATION (IN)
  YESTERDAY        0.00          0.86 1956   0.06  -0.06     0.00
  MONTH TO DATE    0.00                      0.24  -0.24      T
  SINCE JUN 1      3.29                      2.04   1.25     0.48
  SINCE JAN 1     12.28                      6.30   5.98     3.64

DEGREE DAYS
 COOLING
  YESTERDAY       15                        17     -2       17
  MONTH TO DATE   61                        68     -7       72
  SINCE JUN 1    510                       529    -19      609
  SINCE JAN 1    865                       918    -53     1085
..................................................................


WIND (MPH)
  HIGHEST WIND SPEED    20   HIGHEST WIND DIRECTION    SE (130)
  HIGHEST GUST SPEED    25   HIGHEST GUST DIRECTION    SE (120)
  AVERAGE WIND SPEED     9.5


SKY COVER
  POSSIBLE SUNSHINE  MM
  AVERAGE SKY COVER 0.3


WEATHER CONDITIONS
 THE FOLLOWING WEATHER WAS RECORDED YESTERDAY.
  NO SIGNIFICANT WEATHER WAS OBSERVED.


RELATIVE HUMIDITY (PERCENT)
 HIGHEST    84           600 AM
 LOWEST     40           600 PM
 AVERAGE    62

..........................................................


THE MIDLAND CLIMATE NORMALS FOR TODAY
                         NORMAL    RECORD    YEAR
 MAXIMUM TEMPERATURE (F)   95       104      1971
 MINIMUM TEMPERATURE (F)   70        60      1972


SUNRISE AND SUNSET
JULY  5 2015..........SUNRISE   648 AM CDT   SUNSET   858 PM CDT
JULY  6 2015..........SUNRISE   649 AM CDT   SUNSET   858 PM CDT


-  INDICATES NEGATIVE NUMBERS.
R  INDICATES RECORD WAS SET OR TIED.
MM INDICATES DATA IS MISSING.
T  INDICATES TRACE AMOUNT.




$$
