000
CDUS44 KMAF 160730
CLIMAF


CLIMATE REPORT
NATIONAL WEATHER SERVICE MIDLAND/ODESSA TX
230 AM CDT TUE SEP 16 2014


...................................

...THE MIDLAND CLIMATE SUMMARY FOR SEPTEMBER 15 2014...

CLIMATE NORMAL PERIOD 1981 TO 2010
CLIMATE RECORD PERIOD 1930 TO 2014


WEATHER ITEM   OBSERVED TIME   RECORD YEAR NORMAL DEPARTURE LAST
                VALUE   (LST)  VALUE       VALUE  FROM      YEAR
                                                  NORMAL
..................................................................
TEMPERATURE (F)
 YESTERDAY
  MAXIMUM         78    527 PM 100    1965  87     -9       93
  MINIMUM         64    703 AM  47    1993  62      2       66
  AVERAGE         71                        75     -4       80

PRECIPITATION (IN)
  YESTERDAY        0.00          1.66 1958   0.06  -0.06     0.00
  MONTH TO DATE    0.78                      1.01  -0.23      T
  SINCE SEP 1      0.78                      1.01  -0.23      T
  SINCE JAN 1      5.52                     10.73  -5.21     4.57

DEGREE DAYS
 HEATING
  YESTERDAY        0                         0      0        0
  MONTH TO DATE   14                         0     14        0
  SINCE SEP 1     14                         0     14        0
  SINCE JUL 1     14                         0     14        0

 COOLING
  YESTERDAY        6                        10     -4       15
  MONTH TO DATE  179                       178      1      246
  SINCE SEP 1    179                       178      1      246
  SINCE JAN 1   2376                      2062    314     2421
..................................................................


WIND (MPH)
  HIGHEST WIND SPEED    17   HIGHEST WIND DIRECTION    SE (150)
  HIGHEST GUST SPEED    21   HIGHEST GUST DIRECTION     S (180)
  AVERAGE WIND SPEED     6.6


SKY COVER
  POSSIBLE SUNSHINE  MM
  AVERAGE SKY COVER 0.7


WEATHER CONDITIONS
 THE FOLLOWING WEATHER WAS RECORDED YESTERDAY.
  FOG
  HAZE


RELATIVE HUMIDITY (PERCENT)
 HIGHEST   100          1200 AM
 LOWEST     58           400 PM
 AVERAGE    79

..........................................................


THE MIDLAND CLIMATE NORMALS FOR TODAY
                         NORMAL    RECORD    YEAR
 MAXIMUM TEMPERATURE (F)   87        99      1997
                                             1965
 MINIMUM TEMPERATURE (F)   62        49      1993


SUNRISE AND SUNSET
SEPTEMBER 16 2014.....SUNRISE   733 AM CDT   SUNSET   753 PM CDT
SEPTEMBER 17 2014.....SUNRISE   734 AM CDT   SUNSET   752 PM CDT


-  INDICATES NEGATIVE NUMBERS.
R  INDICATES RECORD WAS SET OR TIED.
MM INDICATES DATA IS MISSING.
T  INDICATES TRACE AMOUNT.




$$
