000
CDUS44 KMAF 010852
CLIMAF


CLIMATE REPORT
NATIONAL WEATHER SERVICE MIDLAND/ODESSA TX
252 AM CST SUN FEB 1 2015


...................................

...THE MIDLAND CLIMATE SUMMARY FOR JANUARY 31 2015...

CLIMATE NORMAL PERIOD 1981 TO 2010
CLIMATE RECORD PERIOD 1930 TO 2015


WEATHER ITEM   OBSERVED TIME   RECORD YEAR NORMAL DEPARTURE LAST
                VALUE   (LST)  VALUE       VALUE  FROM      YEAR
                                                  NORMAL
..................................................................
TEMPERATURE (F)
 YESTERDAY
  MAXIMUM         53    603 PM  80    1963  59     -6       73
  MINIMUM         42    555 AM   8    1985  32     10       46
  AVERAGE         48                        45      3       60

PRECIPITATION (IN)
  YESTERDAY        0.55R         0.37 1985   0.02   0.53     0.00
  MONTH TO DATE    2.43                      0.56   1.87     0.00
  SINCE DEC 1      2.65                      1.16   1.49     1.44
  SINCE JAN 1      2.43                      0.56   1.87     0.00

SNOWFALL (IN)
  YESTERDAY       MM
  MONTH TO DATE    2.4
  SINCE DEC 1      2.5
  SINCE JUL 1      2.5
  SNOW DEPTH       0

DEGREE DAYS
 HEATING
  YESTERDAY       17                        20     -3        5
  MONTH TO DATE  713                       658     55      624
  SINCE DEC 1   1198                      1293    -95     1289
  SINCE JUL 1   1646                      1772   -126     1786
..................................................................


WIND (MPH)
  HIGHEST WIND SPEED    17   HIGHEST WIND DIRECTION     S (180)
  HIGHEST GUST SPEED    22   HIGHEST GUST DIRECTION     S (170)
  AVERAGE WIND SPEED     9.5


SKY COVER
  POSSIBLE SUNSHINE  MM
  AVERAGE SKY COVER 1.0


WEATHER CONDITIONS
 THE FOLLOWING WEATHER WAS RECORDED YESTERDAY.
  RAIN
  LIGHT RAIN
  FOG
  FOG W/VISIBILITY <= 1/4 MILE


RELATIVE HUMIDITY (PERCENT)
 HIGHEST   100           700 AM
 LOWEST     82          1200 AM
 AVERAGE    91

..........................................................


THE MIDLAND CLIMATE NORMALS FOR TODAY
                         NORMAL    RECORD    YEAR
 MAXIMUM TEMPERATURE (F)   59        80      1963
 MINIMUM TEMPERATURE (F)   32        -8      1985


SUNRISE AND SUNSET
FEBRUARY  1 2015......SUNRISE   742 AM CST   SUNSET   623 PM CST
FEBRUARY  2 2015......SUNRISE   742 AM CST   SUNSET   624 PM CST


-  INDICATES NEGATIVE NUMBERS.
R  INDICATES RECORD WAS SET OR TIED.
MM INDICATES DATA IS MISSING.
T  INDICATES TRACE AMOUNT.




$$
