000
CDUS44 KMAF 210832
CLIMAF


CLIMATE REPORT
NATIONAL WEATHER SERVICE MIDLAND/ODESSA TX
231 AM CST SUN DEC 21 2014


...................................

...THE MIDLAND CLIMATE SUMMARY FOR DECEMBER 20 2014...

CLIMATE NORMAL PERIOD 1981 TO 2010
CLIMATE RECORD PERIOD 1930 TO 2014


WEATHER ITEM   OBSERVED TIME   RECORD YEAR NORMAL DEPARTURE LAST
                VALUE   (LST)  VALUE       VALUE  FROM      YEAR
                                                  NORMAL
..................................................................
TEMPERATURE (F)
 YESTERDAY
  MAXIMUM         60    421 PM  79    2010  57      3       57
  MINIMUM         32    239 AM  11    1973  30      2       37
  AVERAGE         46                        44      2       47

PRECIPITATION (IN)
  YESTERDAY        0.00          1.05 2013   0.02  -0.02     1.05
  MONTH TO DATE    0.01                      0.40  -0.39     1.36
  SINCE DEC 1      0.01                      0.40  -0.39     1.36
  SINCE JAN 1      7.46                     14.40  -6.94     8.43

SNOWFALL (IN)
  YESTERDAY        0.0
  MONTH TO DATE    0.0
  SINCE DEC 1      0.0
  SINCE JUL 1      T
  SNOW DEPTH       0

DEGREE DAYS
 HEATING
  YESTERDAY       19                        21     -2       18
  MONTH TO DATE  243                       399   -156      418
  SINCE DEC 1    243                       399   -156      418
  SINCE JUL 1    691                       878   -187      915
..................................................................


WIND (MPH)
  HIGHEST WIND SPEED    16   HIGHEST WIND DIRECTION    SW (220)
  HIGHEST GUST SPEED    19   HIGHEST GUST DIRECTION     S (190)
  AVERAGE WIND SPEED     7.1


SKY COVER
  POSSIBLE SUNSHINE  MM
  AVERAGE SKY COVER 0.4


WEATHER CONDITIONS
 THE FOLLOWING WEATHER WAS RECORDED YESTERDAY.
  FOG
  FOG W/VISIBILITY <= 1/4 MILE
  HAZE


RELATIVE HUMIDITY (PERCENT)
 HIGHEST   100           300 AM
 LOWEST     31           500 PM
 AVERAGE    66

..........................................................


THE MIDLAND CLIMATE NORMALS FOR TODAY
                         NORMAL    RECORD    YEAR
 MAXIMUM TEMPERATURE (F)   57        81      2010
                                             1981
 MINIMUM TEMPERATURE (F)   30         8      1989


SUNRISE AND SUNSET
DECEMBER 21 2014......SUNRISE   745 AM CST   SUNSET   549 PM CST
DECEMBER 22 2014......SUNRISE   746 AM CST   SUNSET   549 PM CST


-  INDICATES NEGATIVE NUMBERS.
R  INDICATES RECORD WAS SET OR TIED.
MM INDICATES DATA IS MISSING.
T  INDICATES TRACE AMOUNT.




$$
