000
CDUS44 KMAF 250831
CLIMAF


CLIMATE REPORT
NATIONAL WEATHER SERVICE MIDLAND TX
231 AM CST SAT NOV 25 2017


...................................

...THE MIDLAND CLIMATE SUMMARY FOR NOVEMBER 24 2017...

CLIMATE NORMAL PERIOD 1981 TO 2010
CLIMATE RECORD PERIOD 1930 TO 2017


WEATHER ITEM   OBSERVED TIME   RECORD YEAR NORMAL DEPARTURE LAST
                VALUE   (LST)  VALUE       VALUE  FROM      YEAR
                                                  NORMAL
..................................................................
TEMPERATURE (F)
 YESTERDAY
  MAXIMUM         82    418 PM  83    1965  63     19       74
                                      1946
  MINIMUM         43    541 AM  10    1938  36      7       42
  AVERAGE         63                        49     14       58

PRECIPITATION (IN)
  YESTERDAY        0.00          1.00 1984   0.02  -0.02     0.00
  MONTH TO DATE    0.40                      0.56  -0.16     1.74
  SINCE SEP 1      4.60                      4.15   0.45     4.16
  SINCE JAN 1     17.34                     13.87   3.47    14.50

SNOWFALL (IN)
  YESTERDAY        0.0
  MONTH TO DATE    0.0
  SINCE SEP 1      0.0
  SINCE JUL 1      0.0
  SNOW DEPTH       0

DEGREE DAYS
 HEATING
  YESTERDAY        2                        16    -14        7
  MONTH TO DATE  165                       269   -104      129
  SINCE SEP 1    275                       378   -103      140
  SINCE JUL 1    275                       378   -103      140
..................................................................


WIND (MPH)
  HIGHEST WIND SPEED    20   HIGHEST WIND DIRECTION    SW (230)
  HIGHEST GUST SPEED    24   HIGHEST GUST DIRECTION    SW (240)
  AVERAGE WIND SPEED     9.1


SKY COVER
  POSSIBLE SUNSHINE  MM
  AVERAGE SKY COVER 0.0


WEATHER CONDITIONS
 THE FOLLOWING WEATHER WAS RECORDED YESTERDAY.
  NO SIGNIFICANT WEATHER WAS OBSERVED.


RELATIVE HUMIDITY (PERCENT)
 HIGHEST    58           400 AM
 LOWEST     15           500 PM
 AVERAGE    37

..........................................................


THE MIDLAND CLIMATE NORMALS FOR TODAY
                         NORMAL    RECORD    YEAR
 MAXIMUM TEMPERATURE (F)   63        85      1965
 MINIMUM TEMPERATURE (F)   35        18      1938


SUNRISE AND SUNSET
NOVEMBER 25 2017......SUNRISE   726 AM CST   SUNSET   545 PM CST
NOVEMBER 26 2017......SUNRISE   727 AM CST   SUNSET   545 PM CST


-  INDICATES NEGATIVE NUMBERS.
R  INDICATES RECORD WAS SET OR TIED.
MM INDICATES DATA IS MISSING.
T  INDICATES TRACE AMOUNT.




$$
