000
CDUS44 KMAF 020743
CLIMAF


CLIMATE REPORT
NATIONAL WEATHER SERVICE MIDLAND TX
242 AM CDT SUN AUG 2 2015


...................................

...THE MIDLAND CLIMATE SUMMARY FOR AUGUST 1 2015...

CLIMATE NORMAL PERIOD 1981 TO 2010
CLIMATE RECORD PERIOD 1930 TO 2015


WEATHER ITEM   OBSERVED TIME   RECORD YEAR NORMAL DEPARTURE LAST
                VALUE   (LST)  VALUE       VALUE  FROM      YEAR
                                                  NORMAL
..................................................................
TEMPERATURE (F)
 YESTERDAY
  MAXIMUM         98    410 PM 105    1944  95      3       85
  MINIMUM         73    628 AM  56    1936  70      3       69
  AVERAGE         86                        82      4       77

PRECIPITATION (IN)
  YESTERDAY        0.00          0.97 1971   0.06  -0.06     0.02
  MONTH TO DATE    0.00                      0.06  -0.06     0.02
  SINCE JUN 1      4.01                      3.68   0.33     0.83
  SINCE JAN 1     13.00                      7.94   5.06     3.99

DEGREE DAYS
 COOLING
  YESTERDAY       21                        17      4       12
  MONTH TO DATE   21                        17      4       12
  SINCE JUN 1   1090                      1010     80     1127
  SINCE JAN 1   1448                      1399     49     1603
..................................................................


WIND (MPH)
  HIGHEST WIND SPEED    26   HIGHEST WIND DIRECTION    SE (130)
  HIGHEST GUST SPEED    32   HIGHEST GUST DIRECTION    SE (130)
  AVERAGE WIND SPEED     8.9


SKY COVER
  POSSIBLE SUNSHINE  MM
  AVERAGE SKY COVER 0.0


WEATHER CONDITIONS
 THE FOLLOWING WEATHER WAS RECORDED YESTERDAY.
  HAZE


RELATIVE HUMIDITY (PERCENT)
 HIGHEST    73           500 AM
 LOWEST     27           400 PM
 AVERAGE    50

..........................................................


THE MIDLAND CLIMATE NORMALS FOR TODAY
                         NORMAL    RECORD    YEAR
 MAXIMUM TEMPERATURE (F)   95       106      2012
                                             1944
                                             1932
 MINIMUM TEMPERATURE (F)   70        61      1973
                                             1971
                                             1936


SUNRISE AND SUNSET
AUGUST  2 2015........SUNRISE   705 AM CDT   SUNSET   845 PM CDT
AUGUST  3 2015........SUNRISE   705 AM CDT   SUNSET   844 PM CDT


-  INDICATES NEGATIVE NUMBERS.
R  INDICATES RECORD WAS SET OR TIED.
MM INDICATES DATA IS MISSING.
T  INDICATES TRACE AMOUNT.




$$
