000
CDUS44 KMAF 200831
CLIMAF


CLIMATE REPORT
NATIONAL WEATHER SERVICE MIDLAND TX
230 AM CST TUE FEB 20 2018


...................................

...THE MIDLAND CLIMATE SUMMARY FOR FEBRUARY 19 2018...

CLIMATE NORMAL PERIOD 1981 TO 2010
CLIMATE RECORD PERIOD 1930 TO 2018


WEATHER ITEM   OBSERVED TIME   RECORD YEAR NORMAL DEPARTURE LAST
                VALUE   (LST)  VALUE       VALUE  FROM      YEAR
                                                  NORMAL
..................................................................
TEMPERATURE (F)
 YESTERDAY
  MAXIMUM         78    308 PM  90    1986  63     15       72
  MINIMUM         57    409 AM  19    1936  35     22       52
  AVERAGE         68                        49     19       62

PRECIPITATION (IN)
  YESTERDAY        0.00          0.55 1997   0.02  -0.02     0.10
  MONTH TO DATE    0.03                      0.49  -0.46     0.72
  SINCE DEC 1      0.43                      1.65  -1.22     2.25
  SINCE JAN 1      0.04                      1.05  -1.01     1.84

SNOWFALL (IN)
  YESTERDAY        0.0
  MONTH TO DATE    0.0
  SINCE DEC 1      T
  SINCE JUL 1      T
  SNOW DEPTH       0

DEGREE DAYS
 HEATING
  YESTERDAY        0                        16    -16        3
  MONTH TO DATE  258                       335    -77      187
  SINCE DEC 1   1488                      1628   -140     1246
  SINCE JUL 1   1809                      2107   -298     1457
..................................................................


WIND (MPH)
  HIGHEST WIND SPEED    31   HIGHEST WIND DIRECTION     S (180)
  HIGHEST GUST SPEED    39   HIGHEST GUST DIRECTION     S (180)
  AVERAGE WIND SPEED    13.9


SKY COVER
  POSSIBLE SUNSHINE  MM
  AVERAGE SKY COVER 0.1


WEATHER CONDITIONS
 THE FOLLOWING WEATHER WAS RECORDED YESTERDAY.
  FOG
  HAZE


RELATIVE HUMIDITY (PERCENT)
 HIGHEST    93           200 AM
 LOWEST     23           400 PM
 AVERAGE    58

..........................................................


THE MIDLAND CLIMATE NORMALS FOR TODAY
                         NORMAL    RECORD    YEAR
 MAXIMUM TEMPERATURE (F)   64        86      1986
 MINIMUM TEMPERATURE (F)   36        18      1955


SUNRISE AND SUNSET
FEBRUARY 20 2018......SUNRISE   726 AM CST   SUNSET   639 PM CST
FEBRUARY 21 2018......SUNRISE   725 AM CST   SUNSET   640 PM CST


-  INDICATES NEGATIVE NUMBERS.
R  INDICATES RECORD WAS SET OR TIED.
MM INDICATES DATA IS MISSING.
T  INDICATES TRACE AMOUNT.




$$
