000
CDUS42 KTAE 060632
CLIMAI


CLIMATE REPORT
NATIONAL WEATHER SERVICE TALLAHASSEE FL
232 AM EDT MON JUL 6 2015


...................................

...THE MARIANNA CLIMATE SUMMARY FOR JULY 5 2015...

CLIMATE NORMAL PERIOD 1981 TO 2010
CLIMATE RECORD PERIOD 1950 TO 2015


WEATHER ITEM   OBSERVED NORMAL DEPARTURE LAST
                VALUE   VALUE  FROM      YEAR
                               NORMAL
...............................................
TEMPERATURE (F)
 YESTERDAY
  MAXIMUM         80     92    -12       95
  MINIMUM         70     72     -2       67
  AVERAGE         75     82     -7       81

PRECIPITATION (IN)
  YESTERDAY        0.58   0.19   0.39    MM
  MONTH TO DATE    1.56   0.91   0.65      T
  SINCE JUN 1      5.48   6.48  -1.00     2.67
  SINCE JAN 1     31.05  28.70   2.35    34.39

DEGREE DAYS
 HEATING
  YESTERDAY        0             0
  MONTH TO DATE    0             0
  SINCE JUN 1      0             0
  SINCE JUL 1      0             0

 COOLING
  YESTERDAY       10            -7
  MONTH TO DATE   76            -9
  SINCE JUN 1    562            18
  SINCE JAN 1   1242           228
...............................................


WIND (MPH)
  HIGHEST WIND SPEED    21   HIGHEST WIND DIRECTION     N (340)
  HIGHEST GUST SPEED    28   HIGHEST GUST DIRECTION    NW (320)
  AVERAGE WIND SPEED     3.1




RELATIVE HUMIDITY (PERCENT)
 HIGHEST   100
 LOWEST     82
 AVERAGE    91

..........................................................




SUNRISE AND SUNSET
JULY  6 2015..........SUNRISE   543 AM CDT   SUNSET   748 PM CDT
JULY  7 2015..........SUNRISE   544 AM CDT   SUNSET   747 PM CDT


-  INDICATES NEGATIVE NUMBERS.
R  INDICATES RECORD WAS SET OR TIED.
MM INDICATES DATA IS MISSING.
T  INDICATES TRACE AMOUNT.




$$
