000
CDUS42 KTAE 270640
CLIMAI


CLIMATE REPORT
NATIONAL WEATHER SERVICE TALLAHASSEE FL
240 AM EDT WED MAY 27 2015


...................................

...THE MARIANNA CLIMATE SUMMARY FOR MAY 26 2015...

CLIMATE NORMAL PERIOD 1981 TO 2010
CLIMATE RECORD PERIOD 1950 TO 2015


WEATHER ITEM   OBSERVED NORMAL DEPARTURE LAST
                VALUE   VALUE  FROM      YEAR
                               NORMAL
...............................................
TEMPERATURE (F)
 YESTERDAY
  MAXIMUM         89     88      1       90
  MINIMUM         68     67      1       67
  AVERAGE         79     78      1       79

PRECIPITATION (IN)
  YESTERDAY        3.30   0.13   3.17     0.24
  MONTH TO DATE    4.09   2.30   1.79     2.05
  SINCE MAR 1     17.58  11.55   6.03    23.66
  SINCE JAN 1     24.76  21.53   3.23    30.99

DEGREE DAYS
 HEATING
  YESTERDAY        0             0
  MONTH TO DATE    0             0
  SINCE MAR 1    107          -134
  SINCE JUL 1   1685            39

 COOLING
  YESTERDAY       14             2
  MONTH TO DATE  303            57
  SINCE MAR 1    607           218
  SINCE JAN 1    613           209
...............................................


WIND (MPH)
  HIGHEST WIND SPEED    39   HIGHEST WIND DIRECTION    SW (230)
  HIGHEST GUST SPEED    50   HIGHEST GUST DIRECTION    SW (220)
  AVERAGE WIND SPEED     5.0




RELATIVE HUMIDITY (PERCENT)
 HIGHEST   100
 LOWEST     65
 AVERAGE    83

..........................................................




SUNRISE AND SUNSET
MAY 27 2015...........SUNRISE   540 AM CDT   SUNSET   736 PM CDT
MAY 28 2015...........SUNRISE   539 AM CDT   SUNSET   737 PM CDT


-  INDICATES NEGATIVE NUMBERS.
R  INDICATES RECORD WAS SET OR TIED.
MM INDICATES DATA IS MISSING.
T  INDICATES TRACE AMOUNT.




$$
