000
CDUS42 KTAE 300635
CLIMAI


CLIMATE REPORT
NATIONAL WEATHER SERVICE TALLAHASSEE FL
235 AM EDT SUN AUG 30 2015


...................................

...THE MARIANNA CLIMATE SUMMARY FOR AUGUST 29 2015...

CLIMATE NORMAL PERIOD 1981 TO 2010
CLIMATE RECORD PERIOD 1950 TO 2015


WEATHER ITEM   OBSERVED NORMAL DEPARTURE LAST
                VALUE   VALUE  FROM      YEAR
                               NORMAL
...............................................
TEMPERATURE (F)
 YESTERDAY
  MAXIMUM         86     91     -5       94
  MINIMUM         72     71      1       70
  AVERAGE         79     81     -2       82

PRECIPITATION (IN)
  YESTERDAY        0.40   0.12   0.28     0.28
  MONTH TO DATE    2.78   5.15  -2.37     3.65
  SINCE JUN 1     11.41  15.83  -4.42    11.15
  SINCE JAN 1     36.98  38.05  -1.07    42.87

DEGREE DAYS
 HEATING
  YESTERDAY        0             0
  MONTH TO DATE    0             0
  SINCE JUN 1      0             0
  SINCE JUL 1      0             0

 COOLING
  YESTERDAY       14            -2
  MONTH TO DATE  529            47
  SINCE JUN 1   1636           170
  SINCE JAN 1   2316           380
...............................................


WIND (MPH)
  HIGHEST WIND SPEED    21   HIGHEST WIND DIRECTION     E (110)
  HIGHEST GUST SPEED    27   HIGHEST GUST DIRECTION     E (110)
  AVERAGE WIND SPEED     5.0




RELATIVE HUMIDITY (PERCENT)
 HIGHEST   100
 LOWEST     70
 AVERAGE    85

..........................................................




SUNRISE AND SUNSET
AUGUST 30 2015........SUNRISE   616 AM CDT   SUNSET   707 PM CDT
AUGUST 31 2015........SUNRISE   616 AM CDT   SUNSET   705 PM CDT


-  INDICATES NEGATIVE NUMBERS.
R  INDICATES RECORD WAS SET OR TIED.
MM INDICATES DATA IS MISSING.
T  INDICATES TRACE AMOUNT.




$$
