332
CDUS42 KTAE 050635
CLIMAI


CLIMATE REPORT
NATIONAL WEATHER SERVICE TALLAHASSEE FL
234 AM EDT THU MAY 5 2016


...................................

...THE MARIANNA CLIMATE SUMMARY FOR MAY 4 2016...

CLIMATE NORMAL PERIOD 1981 TO 2010
CLIMATE RECORD PERIOD 1950 TO 2016


WEATHER ITEM   OBSERVED NORMAL DEPARTURE LAST
                VALUE   VALUE  FROM      YEAR
                               NORMAL
...............................................
TEMPERATURE (F)
 YESTERDAY
  MAXIMUM         77     84     -7       84
  MINIMUM         59     59      0       59
  AVERAGE         68     72     -4       72

PRECIPITATION (IN)
  YESTERDAY        0.00   0.07  -0.07     0.00
  MONTH TO DATE    0.36   0.24   0.12     0.00
  SINCE MAR 1     12.33   9.49   2.84    13.49
  SINCE JAN 1     20.77  19.47   1.30    20.67

DEGREE DAYS
 HEATING
  YESTERDAY        0             0
  MONTH TO DATE    0             0
  SINCE MAR 1    121          -120
  SINCE JUL 1   1157          -489

 COOLING
  YESTERDAY        3            -4
  MONTH TO DATE   40            13
  SINCE MAR 1    230            60
  SINCE JAN 1    236            51
...............................................


WIND (MPH)
  HIGHEST WIND SPEED    20   HIGHEST WIND DIRECTION     N (340)
  HIGHEST GUST SPEED    24   HIGHEST GUST DIRECTION    NW (330)
  AVERAGE WIND SPEED     8.3




RELATIVE HUMIDITY (PERCENT)
 HIGHEST    97
 LOWEST     36
 AVERAGE    67

..........................................................




SUNRISE AND SUNSET
MAY  5 2016...........SUNRISE   553 AM CDT   SUNSET   722 PM CDT
MAY  6 2016...........SUNRISE   552 AM CDT   SUNSET   723 PM CDT


-  INDICATES NEGATIVE NUMBERS.
R  INDICATES RECORD WAS SET OR TIED.
MM INDICATES DATA IS MISSING.
T  INDICATES TRACE AMOUNT.




$$
