000
CDUS42 KTAE 170632
CLIMAI


CLIMATE REPORT
NATIONAL WEATHER SERVICE TALLAHASSEE FL
232 AM EDT THU APR 17 2014


...................................

...THE MARIANNA CLIMATE SUMMARY FOR APRIL 16 2014...

CLIMATE NORMAL PERIOD 1981 TO 2010
CLIMATE RECORD PERIOD 1950 TO 2014


WEATHER ITEM   OBSERVED NORMAL DEPARTURE LAST
                VALUE   VALUE  FROM      YEAR
                               NORMAL
...............................................
TEMPERATURE (F)
 YESTERDAY
  MAXIMUM         66     80    -14
  MINIMUM         39     54    -15
  AVERAGE         53     67    -14

PRECIPITATION (IN)
  YESTERDAY        0.00   0.15  -0.15     0.00
  MONTH TO DATE    2.70   2.49   0.21     2.00
  SINCE MAR 1     10.56   8.03   2.53     4.98
  SINCE JAN 1     17.89  18.01  -0.12    18.85

DEGREE DAYS
 HEATING
  YESTERDAY       12            10
  MONTH TO DATE   38            -9
  SINCE MAR 1    256            29
  SINCE JUL 1   1716            84

 COOLING
  YESTERDAY        0            -4
  MONTH TO DATE   34           -10
  SINCE MAR 1     37           -39
  SINCE JAN 1     46           -45
...............................................


WIND (MPH)
  HIGHEST WIND SPEED    18   HIGHEST WIND DIRECTION    NE (60)
  HIGHEST GUST SPEED    24   HIGHEST GUST DIRECTION    NE (60)
  AVERAGE WIND SPEED    10.3




RELATIVE HUMIDITY (PERCENT)
 HIGHEST    79
 LOWEST     40
 AVERAGE    60

..........................................................




SUNRISE AND SUNSET
APRIL 17 2014.........SUNRISE   611 AM CDT   SUNSET   710 PM CDT
APRIL 18 2014.........SUNRISE   610 AM CDT   SUNSET   711 PM CDT


-  INDICATES NEGATIVE NUMBERS.
R  INDICATES RECORD WAS SET OR TIED.
MM INDICATES DATA IS MISSING.
T  INDICATES TRACE AMOUNT.




$$
