000
CDUS42 KTAE 270636
CLIMAI


CLIMATE REPORT
NATIONAL WEATHER SERVICE TALLAHASSEE FL
135 AM EST FRI FEB 27 2015


...................................

...THE MARIANNA CLIMATE SUMMARY FOR FEBRUARY 26 2015...

CLIMATE NORMAL PERIOD 1981 TO 2010
CLIMATE RECORD PERIOD 1950 TO 2015


WEATHER ITEM   OBSERVED NORMAL DEPARTURE LAST
                VALUE   VALUE  FROM      YEAR
                               NORMAL
...............................................
TEMPERATURE (F)
 YESTERDAY
  MAXIMUM         49     69    -20       61
  MINIMUM         40     45     -5       41
  AVERAGE         45     57    -12       51

PRECIPITATION (IN)
  YESTERDAY        0.00   0.20  -0.20     0.79
  MONTH TO DATE    3.72   4.59  -0.87     4.97
  SINCE DEC 1     12.53  13.54  -1.01    11.78
  SINCE JAN 1      7.16   9.63  -2.47     7.33

DEGREE DAYS
 HEATING
  YESTERDAY       20            11
  MONTH TO DATE  408           121
  SINCE DEC 1   1161            12
  SINCE JUL 1   1541           154

 COOLING
  YESTERDAY        0            -1
  MONTH TO DATE    2            -2
  SINCE DEC 1     15            -5
  SINCE JAN 1      6            -2
...............................................


WIND (MPH)
  HIGHEST WIND SPEED    16   HIGHEST WIND DIRECTION     N (350)
  HIGHEST GUST SPEED    21   HIGHEST GUST DIRECTION     N (340)
  AVERAGE WIND SPEED     8.2




RELATIVE HUMIDITY (PERCENT)
 HIGHEST   100
 LOWEST     71
 AVERAGE    86

..........................................................




SUNRISE AND SUNSET
FEBRUARY 27 2015......SUNRISE   610 AM CST   SUNSET   538 PM CST
FEBRUARY 28 2015......SUNRISE   609 AM CST   SUNSET   538 PM CST


-  INDICATES NEGATIVE NUMBERS.
R  INDICATES RECORD WAS SET OR TIED.
MM INDICATES DATA IS MISSING.
T  INDICATES TRACE AMOUNT.




$$
