000
CDUS42 KTAE 260632
CLIMAI


CLIMATE REPORT
NATIONAL WEATHER SERVICE TALLAHASSEE FL
231 AM EDT MON JUN 26 2017


...................................

...THE MARIANNA CLIMATE SUMMARY FOR JUNE 25 2017...

CLIMATE NORMAL PERIOD 1981 TO 2010
CLIMATE RECORD PERIOD 1950 TO 2017


WEATHER ITEM   OBSERVED NORMAL DEPARTURE LAST
                VALUE   VALUE  FROM      YEAR
                               NORMAL
...............................................
TEMPERATURE (F)
 YESTERDAY
  MAXIMUM         89     92     -3       98
  MINIMUM         74     71      3       73
  AVERAGE         82     81      1       86

PRECIPITATION (IN)
  YESTERDAY        2.10   0.20   1.90     0.00
  MONTH TO DATE   11.42   4.66   6.76     2.62
  SINCE JUN 1     11.42   4.66   6.76     2.62
  SINCE JAN 1     29.93  26.88   3.05    24.80

DEGREE DAYS
 HEATING
  YESTERDAY        0             0
  MONTH TO DATE    0             0
  SINCE JUN 1      0             0
  SINCE JUL 1    842          -807

 COOLING
  YESTERDAY       17             1
  MONTH TO DATE  364           -13
  SINCE JUN 1    364           -13
  SINCE JAN 1   1050           203
...............................................


WIND (MPH)
  HIGHEST WIND SPEED    17   HIGHEST WIND DIRECTION    NW (320)
  HIGHEST GUST SPEED    20   HIGHEST GUST DIRECTION    NW (320)
  AVERAGE WIND SPEED     3.0




RELATIVE HUMIDITY (PERCENT)
 HIGHEST   100
 LOWEST     68
 AVERAGE    84

..........................................................




SUNRISE AND SUNSET
JUNE 26 2017..........SUNRISE   540 AM CDT   SUNSET   748 PM CDT
JUNE 27 2017..........SUNRISE   540 AM CDT   SUNSET   748 PM CDT


-  INDICATES NEGATIVE NUMBERS.
R  INDICATES RECORD WAS SET OR TIED.
MM INDICATES DATA IS MISSING.
T  INDICATES TRACE AMOUNT.




$$
