000
CDUS42 KTAE 190633
CLIMAI


CLIMATE REPORT
NATIONAL WEATHER SERVICE TALLAHASSEE FL
233 AM EDT TUE SEP 19 2017


...................................

...THE MARIANNA CLIMATE SUMMARY FOR SEPTEMBER 18 2017...

CLIMATE NORMAL PERIOD 1981 TO 2010
CLIMATE RECORD PERIOD 1950 TO 2017


WEATHER ITEM   OBSERVED NORMAL DEPARTURE LAST
                VALUE   VALUE  FROM      YEAR
                               NORMAL
...............................................
TEMPERATURE (F)
 YESTERDAY
  MAXIMUM         92     88      4       91
  MINIMUM         68     67      1       75
  AVERAGE         80     78      2       83

PRECIPITATION (IN)
  YESTERDAY        0.00   0.12  -0.12     0.10
  MONTH TO DATE    3.01   2.33   0.68     0.85
  SINCE SEP 1      3.01   2.33   0.68     0.85
  SINCE JAN 1     42.71  40.66   2.05    34.64

DEGREE DAYS
 HEATING
  YESTERDAY        0             0
  MONTH TO DATE    2             2
  SINCE SEP 1      2             2
  SINCE JUL 1      2             2

 COOLING
  YESTERDAY       15             2
  MONTH TO DATE  219           -40
  SINCE SEP 1    219           -40
  SINCE JAN 1   2482           258
...............................................


WIND (MPH)
  HIGHEST WIND SPEED     9   HIGHEST WIND DIRECTION    NW (320)
  HIGHEST GUST SPEED    14   HIGHEST GUST DIRECTION     W (290)
  AVERAGE WIND SPEED     2.3




RELATIVE HUMIDITY (PERCENT)
 HIGHEST   100
 LOWEST     44
 AVERAGE    72

..........................................................




SUNRISE AND SUNSET
SEPTEMBER 19 2017.....SUNRISE   627 AM CDT   SUNSET   641 PM CDT
SEPTEMBER 20 2017.....SUNRISE   628 AM CDT   SUNSET   640 PM CDT


-  INDICATES NEGATIVE NUMBERS.
R  INDICATES RECORD WAS SET OR TIED.
MM INDICATES DATA IS MISSING.
T  INDICATES TRACE AMOUNT.




$$
