987
CDUS43 KABR 300907
CLIMBG


CLIMATE REPORT
NATIONAL WEATHER SERVICE ABERDEEN SD
406 AM CDT SAT APR 30 2016


...................................

...THE MOBRIDGE SD CLIMATE SUMMARY FOR APRIL 29 2016...

CLIMATE NORMAL PERIOD 1981 TO 2010
CLIMATE RECORD PERIOD 1911 TO 2016


WEATHER ITEM   OBSERVED TIME   RECORD YEAR NORMAL DEPARTURE LAST
                VALUE   (LST)  VALUE       VALUE  FROM      YEAR
                                                  NORMAL
..................................................................
TEMPERATURE (F)
 YESTERDAY
  MAXIMUM         62    230 PM  89    1934  64     -2       75
  MINIMUM         38    416 AM  19    1958  38      0       34
  AVERAGE         50                        51     -1       55

PRECIPITATION (IN)
  YESTERDAY        0.00          1.11 1953   0.09  -0.09     0.00
  MONTH TO DATE    4.62                      1.48   3.14     0.48
  SINCE MAR 1      5.41                      2.38   3.03     0.65
  SINCE JAN 1      6.63                      3.11   3.52     1.45

SNOWFALL (IN)
  YESTERDAY        0.0
  MONTH TO DATE    T
  SINCE OCT 1     18.3
  SINCE JUL 1     18.3
  SNOW DEPTH       0

DEGREE DAYS
 HEATING
  YESTERDAY       15                        14      1       10
  MONTH TO DATE  481                       579    -98      482
  SINCE MAR 1   1215                      1606   -391     1290
  SINCE JUL 1   6090                      7581  -1491     7049

 COOLING
  YESTERDAY        0                         0      0        0
  MONTH TO DATE    2                         0      2        0
  SINCE MAR 1      2                         0      2        0
  SINCE JAN 1      2                         0      2        0
..................................................................


WIND (MPH)
  HIGHEST WIND SPEED    17   HIGHEST WIND DIRECTION    SE (150)
  HIGHEST GUST SPEED    23   HIGHEST GUST DIRECTION    NE (50)
  AVERAGE WIND SPEED     6.6


SKY COVER
  POSSIBLE SUNSHINE  MM
  AVERAGE SKY COVER 0.6


WEATHER CONDITIONS
 THE FOLLOWING WEATHER WAS RECORDED YESTERDAY.
  NO SIGNIFICANT WEATHER WAS OBSERVED.


RELATIVE HUMIDITY (PERCENT)
 HIGHEST    92           300 AM
 LOWEST     39           100 PM
 AVERAGE    66

..........................................................


THE MOBRIDGE SD CLIMATE NORMALS FOR TODAY
                         NORMAL    RECORD    YEAR
 MAXIMUM TEMPERATURE (F)   64        96      1992
 MINIMUM TEMPERATURE (F)   38        18      1960


SUNRISE AND SUNSET
APRIL 30 2016.........SUNRISE   630 AM CDT   SUNSET   848 PM CDT
MAY  1 2016...........SUNRISE   629 AM CDT   SUNSET   849 PM CDT


-  INDICATES NEGATIVE NUMBERS.
R  INDICATES RECORD WAS SET OR TIED.
MM INDICATES DATA IS MISSING.
T  INDICATES TRACE AMOUNT.




$$
