624
CDUS43 KABR 242355
CLIMBG


CLIMATE REPORT
NATIONAL WEATHER SERVICE ABERDEEN SD
554 PM CST FRI FEB 24 2017


...................................

...THE MOBRIDGE SD CLIMATE SUMMARY FOR FEBRUARY 24 2017...
VALID TODAY AS OF 0500 PM LOCAL TIME.

CLIMATE NORMAL PERIOD 1981 TO 2010
CLIMATE RECORD PERIOD 1911 TO 2017


WEATHER ITEM   OBSERVED TIME   RECORD YEAR NORMAL DEPARTURE LAST
                VALUE   (LST)  VALUE       VALUE  FROM      YEAR
                                                  NORMAL
..................................................................
TEMPERATURE (F)
 TODAY
  MAXIMUM         34    259 PM  58    1976  34      0       39
  MINIMUM         18    758 AM -22    1955  13      5       21
  AVERAGE         26                        23      3       30

PRECIPITATION (IN)
  TODAY            0.00          1.50 1930   0.02  -0.02     0.08
  MONTH TO DATE    0.23                      0.34  -0.11     1.06
  SINCE DEC 1      3.06                      1.07   1.99     1.51
  SINCE JAN 1      0.76                      0.63   0.13     1.18

SNOWFALL (IN)
  TODAY            0.0
  MONTH TO DATE    0.9
  SINCE OCT 1     39.0
  SINCE JUL 1     39.0
  SNOW DEPTH       T

DEGREE DAYS
 HEATING
  TODAY           39                        42     -3       35
  MONTH TO DATE  935                      1080   -145      825
  SINCE DEC 1   4141                      4047     94     3452
  SINCE JUL 1   5292                      5813   -521     4746

 COOLING
  TODAY            0                         0      0        0
  MONTH TO DATE    0                         0      0        0
  SINCE DEC 1      0                         0      0        0
  SINCE JAN 1      0                         0      0        0
..................................................................


WIND (MPH)
  HIGHEST WIND SPEED    20   HIGHEST WIND DIRECTION     N (360)
  HIGHEST GUST SPEED    28   HIGHEST GUST DIRECTION    NE (30)
  AVERAGE WIND SPEED    12.5


SKY COVER
  POSSIBLE SUNSHINE  MM
  AVERAGE SKY COVER 0.2


WEATHER CONDITIONS
 THE FOLLOWING WEATHER WAS RECORDED TODAY.
  NO SIGNIFICANT WEATHER WAS OBSERVED.


RELATIVE HUMIDITY (PERCENT)
 HIGHEST    84           500 AM
 LOWEST     41           200 PM
 AVERAGE    63

..........................................................


THE MOBRIDGE SD CLIMATE NORMALS FOR TOMORROW
                         NORMAL    RECORD    YEAR
 MAXIMUM TEMPERATURE (F)   34        70      1958
 MINIMUM TEMPERATURE (F)   13       -32      1919


SUNRISE AND SUNSET
FEBRUARY 24 2017......SUNRISE   728 AM CST   SUNSET   622 PM CST
FEBRUARY 25 2017......SUNRISE   726 AM CST   SUNSET   623 PM CST


-  INDICATES NEGATIVE NUMBERS.
R  INDICATES RECORD WAS SET OR TIED.
MM INDICATES DATA IS MISSING.
T  INDICATES TRACE AMOUNT.




$$
