000
CDUS43 KABR 211039
CLIMBG


CLIMATE REPORT
NATIONAL WEATHER SERVICE ABERDEEN SD
539 AM CDT THU SEP 21 2017


...................................

...THE MOBRIDGE SD CLIMATE SUMMARY FOR SEPTEMBER 20 2017...

CLIMATE NORMAL PERIOD 1981 TO 2010
CLIMATE RECORD PERIOD 1911 TO 2017


WEATHER ITEM   OBSERVED TIME   RECORD YEAR NORMAL DEPARTURE LAST
                VALUE   (LST)  VALUE       VALUE  FROM      YEAR
                                                  NORMAL
..................................................................
TEMPERATURE (F)
 YESTERDAY
  MAXIMUM         74    421 PM  95    1960  72      2       81
  MINIMUM         39    600 AM  25    1918  46     -7       54
  AVERAGE         57                        59     -2       68

PRECIPITATION (IN)
  YESTERDAY        0.00          0.96 1996   0.05  -0.05     0.02
  MONTH TO DATE    0.83                      1.02  -0.19     0.32
  SINCE SEP 1      0.83                      1.02  -0.19     0.32
  SINCE JAN 1     13.53                     14.93  -1.40    17.29

DEGREE DAYS
 HEATING
  YESTERDAY        8                         7      1        0
  MONTH TO DATE   64                        92    -28       55
  SINCE SEP 1     64                        92    -28       55
  SINCE JUL 1     70                       125    -55       69

 COOLING
  YESTERDAY        0                         1     -1        3
  MONTH TO DATE   70                        54     16       64
  SINCE SEP 1     70                        54     16       64
  SINCE JAN 1    781                       635    146      942
..................................................................


WIND (MPH)
  HIGHEST WIND SPEED    20   HIGHEST WIND DIRECTION    NW (310)
  HIGHEST GUST SPEED    26   HIGHEST GUST DIRECTION    NW (310)
  AVERAGE WIND SPEED     9.2


SKY COVER
  POSSIBLE SUNSHINE  MM
  AVERAGE SKY COVER 0.0


WEATHER CONDITIONS
 THE FOLLOWING WEATHER WAS RECORDED YESTERDAY.
  NO SIGNIFICANT WEATHER WAS OBSERVED.


RELATIVE HUMIDITY (PERCENT)
 HIGHEST    93           600 AM
 LOWEST     25           500 PM
 AVERAGE    59

..........................................................


THE MOBRIDGE SD CLIMATE NORMALS FOR TODAY
                         NORMAL    RECORD    YEAR
 MAXIMUM TEMPERATURE (F)   71       101      1937
 MINIMUM TEMPERATURE (F)   45        27      1918


SUNRISE AND SUNSET
SEPTEMBER 21 2017.....SUNRISE   728 AM CDT   SUNSET   741 PM CDT
SEPTEMBER 22 2017.....SUNRISE   729 AM CDT   SUNSET   739 PM CDT


-  INDICATES NEGATIVE NUMBERS.
R  INDICATES RECORD WAS SET OR TIED.
MM INDICATES DATA IS MISSING.
T  INDICATES TRACE AMOUNT.




$$
