000
CDUS43 KABR 031039
CLIMBG


CLIMATE REPORT
NATIONAL WEATHER SERVICE ABERDEEN SD
438 AM CST TUE MAR 3 2015


...................................

...THE MOBRIDGE SD CLIMATE SUMMARY FOR MARCH 2 2015...

CLIMATE NORMAL PERIOD 1981 TO 2010
CLIMATE RECORD PERIOD 1911 TO 2015


WEATHER ITEM   OBSERVED TIME   RECORD YEAR NORMAL DEPARTURE LAST
                VALUE   (LST)  VALUE       VALUE  FROM      YEAR
                                                  NORMAL
..................................................................
TEMPERATURE (F)
 YESTERDAY
  MAXIMUM         47    417 PM  73    1974  36     11        7
  MINIMUM          5   1201 AM -21    1919  15    -10      -16
  AVERAGE         26                        26      0       -4

PRECIPITATION (IN)
  YESTERDAY        0.00          0.74 1966   0.03  -0.03     0.00
  MONTH TO DATE    T                         0.05  -0.05      T
  SINCE MAR 1      T                         0.05  -0.05      T
  SINCE JAN 1      0.80                      0.78   0.02     0.61

SNOWFALL (IN)
  YESTERDAY        0.0
  MONTH TO DATE    0.0
  SINCE OCT 1     18.7
  SINCE JUL 1     18.7
  SNOW DEPTH       2

DEGREE DAYS
 HEATING
  YESTERDAY       39                        39      0       69
  MONTH TO DATE   87                        79      8      140
  SINCE MAR 1     87                        79      8      140
  SINCE JUL 1   5846                      6054   -208     6680

 COOLING
  YESTERDAY        0                         0      0        0
  MONTH TO DATE    0                         0      0        0
  SINCE MAR 1      0                         0      0        0
  SINCE JAN 1      0                         0      0        0
..................................................................


WIND (MPH)
  HIGHEST WIND SPEED    30   HIGHEST WIND DIRECTION     S (170)
  HIGHEST GUST SPEED    37   HIGHEST GUST DIRECTION     S (170)
  AVERAGE WIND SPEED    13.4


SKY COVER
  POSSIBLE SUNSHINE  MM
  AVERAGE SKY COVER 0.0


WEATHER CONDITIONS
 THE FOLLOWING WEATHER WAS RECORDED YESTERDAY.
  NO SIGNIFICANT WEATHER WAS OBSERVED.


RELATIVE HUMIDITY (PERCENT)
 HIGHEST    91          1200 AM
 LOWEST     34           300 PM
 AVERAGE    63

..........................................................


THE MOBRIDGE SD CLIMATE NORMALS FOR TODAY
                         NORMAL    RECORD    YEAR
 MAXIMUM TEMPERATURE (F)   37        67      2000
 MINIMUM TEMPERATURE (F)   16       -22      1916


SUNRISE AND SUNSET
MARCH  3 2015.........SUNRISE   717 AM CST   SUNSET   631 PM CST
MARCH  4 2015.........SUNRISE   715 AM CST   SUNSET   632 PM CST


-  INDICATES NEGATIVE NUMBERS.
R  INDICATES RECORD WAS SET OR TIED.
MM INDICATES DATA IS MISSING.
T  INDICATES TRACE AMOUNT.




$$
