000
CDUS43 KABR 171037
CLIMBG


CLIMATE REPORT
NATIONAL WEATHER SERVICE ABERDEEN SD
435 AM CST TUE JAN 17 2017


...................................

...THE MOBRIDGE SD CLIMATE SUMMARY FOR JANUARY 16 2017...

CLIMATE NORMAL PERIOD 1981 TO 2010
CLIMATE RECORD PERIOD 1911 TO 2017


WEATHER ITEM   OBSERVED TIME   RECORD YEAR NORMAL DEPARTURE LAST
                VALUE   (LST)  VALUE       VALUE  FROM      YEAR
                                                  NORMAL
..................................................................
TEMPERATURE (F)
 YESTERDAY
  MAXIMUM         21    400 PM  53    1974  26     -5       14
  MINIMUM         -5    747 AM -29    1943   6    -11      -15
  AVERAGE          8                        16     -8        0

PRECIPITATION (IN)
  YESTERDAY        0.00          0.40 1927   0.01  -0.01      T
  MONTH TO DATE    0.42                      0.17   0.25     0.04
  SINCE DEC 1      2.72                      0.61   2.11     0.37
  SINCE JAN 1      0.42                      0.17   0.25     0.04

SNOWFALL (IN)
  YESTERDAY        0.0
  MONTH TO DATE    7.7
  SINCE OCT 1     36.1
  SINCE JUL 1     36.1
  SNOW DEPTH      15

DEGREE DAYS
 HEATING
  YESTERDAY       57                        49      8       65
  MONTH TO DATE 1017                       784    233      775
  SINCE DEC 1   2606                      2234    372     2010
  SINCE JUL 1   3757                      4000   -243     3304

 COOLING
  YESTERDAY        0                         0      0        0
  MONTH TO DATE    0                         0      0        0
  SINCE DEC 1      0                         0      0        0
  SINCE JAN 1      0                         0      0        0
..................................................................


WIND (MPH)
  HIGHEST WIND SPEED    10   HIGHEST WIND DIRECTION    NW (330)
  HIGHEST GUST SPEED    12   HIGHEST GUST DIRECTION     N (340)
  AVERAGE WIND SPEED     4.6


SKY COVER
  POSSIBLE SUNSHINE  MM
  AVERAGE SKY COVER 0.0


WEATHER CONDITIONS
 THE FOLLOWING WEATHER WAS RECORDED YESTERDAY.
  NO SIGNIFICANT WEATHER WAS OBSERVED.


RELATIVE HUMIDITY (PERCENT)
 HIGHEST    83           700 PM
 LOWEST     61          1200 PM
 AVERAGE    72

..........................................................


THE MOBRIDGE SD CLIMATE NORMALS FOR TODAY
                         NORMAL    RECORD    YEAR
 MAXIMUM TEMPERATURE (F)   26        51      1951
 MINIMUM TEMPERATURE (F)    6       -37      1943


SUNRISE AND SUNSET
JANUARY 17 2017.......SUNRISE   817 AM CST   SUNSET   528 PM CST
JANUARY 18 2017.......SUNRISE   816 AM CST   SUNSET   529 PM CST


-  INDICATES NEGATIVE NUMBERS.
R  INDICATES RECORD WAS SET OR TIED.
MM INDICATES DATA IS MISSING.
T  INDICATES TRACE AMOUNT.




$$
