352
CDUS43 KABR 091635
CLIMBG


CLIMATE REPORT
NATIONAL WEATHER SERVICE ABERDEEN SD
1034 AM CST FRI DEC 9 2016


...................................

...THE MOBRIDGE SD CLIMATE SUMMARY FOR DECEMBER 8 2016...

CLIMATE NORMAL PERIOD 1981 TO 2010
CLIMATE RECORD PERIOD 1911 TO 2016


WEATHER ITEM   OBSERVED TIME   RECORD YEAR NORMAL DEPARTURE LAST
                VALUE   (LST)  VALUE       VALUE  FROM      YEAR
                                                  NORMAL
..................................................................
TEMPERATURE (F)
 YESTERDAY
  MAXIMUM          7    442 AM  59    1990  31    -24       51
  MINIMUM         -5   1028 PM -33    1927   9    -14       32
  AVERAGE          1                        20    -19       42

PRECIPITATION (IN)
  YESTERDAY        0.00          0.22 2012   0.00   0.00      T
  MONTH TO DATE    0.15                      0.06   0.09     0.09
  SINCE DEC 1      0.15                      0.06   0.09     0.09
  SINCE JAN 1     19.28                     17.49   1.79    23.09

SNOWFALL (IN)
  YESTERDAY        0.0
  MONTH TO DATE    3.1
  SINCE OCT 1     14.5
  SINCE JUL 1     14.5
  SNOW DEPTH       4

DEGREE DAYS
 HEATING
  YESTERDAY       64                        45     19       23
  MONTH TO DATE  353                       348      5      243
  SINCE DEC 1    353                       348      5      243
  SINCE JUL 1   1504                      2114   -610     1537

 COOLING
  YESTERDAY        0                         0      0        0
  MONTH TO DATE    0                         0      0        0
  SINCE DEC 1      0                         0      0        0
  SINCE JAN 1    961                       644    317      860
..................................................................


WIND (MPH)
  HIGHEST WIND SPEED    26   HIGHEST WIND DIRECTION    NW (320)
  HIGHEST GUST SPEED    34   HIGHEST GUST DIRECTION    NW (330)
  AVERAGE WIND SPEED    13.9


SKY COVER
  POSSIBLE SUNSHINE  MM
  AVERAGE SKY COVER 0.4


WEATHER CONDITIONS
 THE FOLLOWING WEATHER WAS RECORDED YESTERDAY.
  NO SIGNIFICANT WEATHER WAS OBSERVED.


RELATIVE HUMIDITY (PERCENT)
 HIGHEST    76          1200 AM
 LOWEST     66           200 PM
 AVERAGE    71

..........................................................


THE MOBRIDGE SD CLIMATE NORMALS FOR TODAY
                         NORMAL    RECORD    YEAR
 MAXIMUM TEMPERATURE (F)   30        67      1939
 MINIMUM TEMPERATURE (F)    9       -32      1917


SUNRISE AND SUNSET
DECEMBER  9 2016......SUNRISE   810 AM CST   SUNSET   458 PM CST
DECEMBER 10 2016......SUNRISE   811 AM CST   SUNSET   458 PM CST


-  INDICATES NEGATIVE NUMBERS.
R  INDICATES RECORD WAS SET OR TIED.
MM INDICATES DATA IS MISSING.
T  INDICATES TRACE AMOUNT.




$$
