000
CDUS43 KABR 021028
CLIMBG


CLIMATE REPORT
NATIONAL WEATHER SERVICE ABERDEEN SD
528 AM CDT TUE JUN 2 2015


...................................

...THE MOBRIDGE SD CLIMATE SUMMARY FOR JUNE 1 2015...

CLIMATE NORMAL PERIOD 1981 TO 2010
CLIMATE RECORD PERIOD 1911 TO 2015


WEATHER ITEM   OBSERVED TIME   RECORD YEAR NORMAL DEPARTURE LAST
                VALUE   (LST)  VALUE       VALUE  FROM      YEAR
                                                  NORMAL
..................................................................
TEMPERATURE (F)
 YESTERDAY
  MAXIMUM         85    533 PM  96    1934  73     12       70
  MINIMUM         53    608 AM  36    1951  49      4       56
  AVERAGE         69                        61      8       63

PRECIPITATION (IN)
  YESTERDAY        0.00          1.37 1990   0.13  -0.13     0.92
  MONTH TO DATE    0.00                      0.13  -0.13     0.92
  SINCE JUN 1      0.00                      0.13  -0.13     0.92
  SINCE JAN 1     10.79                      6.15   4.64     7.04

DEGREE DAYS
 HEATING
  YESTERDAY        0                         5     -5        2
  MONTH TO DATE    0                         5     -5        2
  SINCE JUN 1      0                         5     -5        2
  SINCE JUL 1   7355                      7889   -534     8672

 COOLING
  YESTERDAY        4                         1      3        0
  MONTH TO DATE    4                         1      3        0
  SINCE JUN 1      4                         1      3        0
  SINCE JAN 1     20                        17      3       50
..................................................................


WIND (MPH)
  HIGHEST WIND SPEED    21   HIGHEST WIND DIRECTION     S (160)
  HIGHEST GUST SPEED    24   HIGHEST GUST DIRECTION     S (160)
  AVERAGE WIND SPEED    14.2


SKY COVER
  POSSIBLE SUNSHINE  MM
  AVERAGE SKY COVER 0.0


WEATHER CONDITIONS
 THE FOLLOWING WEATHER WAS RECORDED YESTERDAY.
  NO SIGNIFICANT WEATHER WAS OBSERVED.


RELATIVE HUMIDITY (PERCENT)
 HIGHEST    83           200 AM
 LOWEST     44           500 PM
 AVERAGE    64

..........................................................


THE MOBRIDGE SD CLIMATE NORMALS FOR TODAY
                         NORMAL    RECORD    YEAR
 MAXIMUM TEMPERATURE (F)   73        93      1911
 MINIMUM TEMPERATURE (F)   50        32      1946


SUNRISE AND SUNSET
JUNE  2 2015..........SUNRISE   556 AM CDT   SUNSET   924 PM CDT
JUNE  3 2015..........SUNRISE   555 AM CDT   SUNSET   925 PM CDT


-  INDICATES NEGATIVE NUMBERS.
R  INDICATES RECORD WAS SET OR TIED.
MM INDICATES DATA IS MISSING.
T  INDICATES TRACE AMOUNT.




$$
