000
CDUS43 KABR 302233
CLIMBG


CLIMATE REPORT
NATIONAL WEATHER SERVICE ABERDEEN SD
532 PM CDT THU MAR 30 2017


...................................

...THE MOBRIDGE SD CLIMATE SUMMARY FOR MARCH 30 2017...
VALID TODAY AS OF 0500 PM LOCAL TIME.

CLIMATE NORMAL PERIOD 1981 TO 2010
CLIMATE RECORD PERIOD 1911 TO 2017


WEATHER ITEM   OBSERVED TIME   RECORD YEAR NORMAL DEPARTURE LAST
                VALUE   (LST)  VALUE       VALUE  FROM      YEAR
                                                  NORMAL
..................................................................
TEMPERATURE (F)
 TODAY
  MAXIMUM         52    356 PM  77    1943  50      2       58
  MINIMUM         32    645 AM   2    1969  27      5       41
  AVERAGE         42                        38      4       50

PRECIPITATION (IN)
  TODAY            0.00          0.98 2007   0.05  -0.05     0.02
  MONTH TO DATE    0.62                      0.86  -0.24     0.68
  SINCE MAR 1      0.62                      0.86  -0.24     0.68
  SINCE JAN 1      1.38                      1.59  -0.21     1.90

SNOWFALL (IN)
  TODAY            0.0
  MONTH TO DATE    8.3
  SINCE OCT 1     47.3
  SINCE JUL 1     47.3
  SNOW DEPTH       0

DEGREE DAYS
 HEATING
  TODAY           23                        27     -4       15
  MONTH TO DATE  914                      1001    -87      708
  SINCE MAR 1    914                      1001    -87      708
  SINCE JUL 1   6351                      6976   -625     5583

 COOLING
  TODAY            0                         0      0        0
  MONTH TO DATE    0                         0      0        0
  SINCE MAR 1      0                         0      0        0
  SINCE JAN 1      0                         0      0        0
..................................................................


WIND (MPH)
  HIGHEST WIND SPEED    16   HIGHEST WIND DIRECTION     S (160)
  HIGHEST GUST SPEED    21   HIGHEST GUST DIRECTION     S (160)
  AVERAGE WIND SPEED     9.5


SKY COVER
  POSSIBLE SUNSHINE  MM
  AVERAGE SKY COVER 0.4


WEATHER CONDITIONS
 THE FOLLOWING WEATHER WAS RECORDED TODAY.
  NO SIGNIFICANT WEATHER WAS OBSERVED.


RELATIVE HUMIDITY (PERCENT)
 HIGHEST    89           400 AM
 LOWEST     50           400 PM
 AVERAGE    70

..........................................................


THE MOBRIDGE SD CLIMATE NORMALS FOR TOMORROW
                         NORMAL    RECORD    YEAR
 MAXIMUM TEMPERATURE (F)   50        80      2015
 MINIMUM TEMPERATURE (F)   27         4      1975


SUNRISE AND SUNSET
MARCH 30 2017.........SUNRISE   725 AM CDT   SUNSET   808 PM CDT
MARCH 31 2017.........SUNRISE   723 AM CDT   SUNSET   809 PM CDT


-  INDICATES NEGATIVE NUMBERS.
R  INDICATES RECORD WAS SET OR TIED.
MM INDICATES DATA IS MISSING.
T  INDICATES TRACE AMOUNT.




$$
