000
CDUS43 KABR 271035
CLIMBG


CLIMATE REPORT
NATIONAL WEATHER SERVICE ABERDEEN SD
534 AM CDT THU JUL 27 2017


...................................

...THE MOBRIDGE SD CLIMATE SUMMARY FOR JULY 26 2017...

CLIMATE NORMAL PERIOD 1981 TO 2010
CLIMATE RECORD PERIOD 1911 TO 2017


WEATHER ITEM   OBSERVED TIME   RECORD YEAR NORMAL DEPARTURE LAST
                VALUE   (LST)  VALUE       VALUE  FROM      YEAR
                                                  NORMAL
..................................................................
TEMPERATURE (F)
 YESTERDAY
  MAXIMUM         89    417 PM 110    1935  87      2       87
  MINIMUM         63    528 AM  46    1918  60      3       69
  AVERAGE         76                        74      2       78

PRECIPITATION (IN)
  YESTERDAY        0.00          1.11 1942   0.09  -0.09     0.00
  MONTH TO DATE    2.96                      2.28   0.68     1.10
  SINCE JUN 1      4.46                      5.44  -0.98     3.51
  SINCE JAN 1      6.99                     11.46  -4.47    13.89

DEGREE DAYS
 HEATING
  YESTERDAY        0                         0      0        0
  MONTH TO DATE    0                         5     -5        1
  SINCE JUN 1     29                        80    -51       13
  SINCE JUL 1      0                         5     -5        1

 COOLING
  YESTERDAY       11                         9      2       13
  MONTH TO DATE  334                       207    127      294
  SINCE JUN 1    513                       306    207      514
  SINCE JAN 1    533                       322    211      530
..................................................................


WIND (MPH)
  HIGHEST WIND SPEED    14   HIGHEST WIND DIRECTION     N (20)
  HIGHEST GUST SPEED    17   HIGHEST GUST DIRECTION     E (80)
  AVERAGE WIND SPEED     6.8


SKY COVER
  POSSIBLE SUNSHINE  MM
  AVERAGE SKY COVER 0.0


WEATHER CONDITIONS
 THE FOLLOWING WEATHER WAS RECORDED YESTERDAY.
  NO SIGNIFICANT WEATHER WAS OBSERVED.


RELATIVE HUMIDITY (PERCENT)
 HIGHEST    87           600 AM
 LOWEST     34           400 PM
 AVERAGE    61

..........................................................


THE MOBRIDGE SD CLIMATE NORMALS FOR TODAY
                         NORMAL    RECORD    YEAR
 MAXIMUM TEMPERATURE (F)   87       106      1931
 MINIMUM TEMPERATURE (F)   60        41      1915
                                             1948


SUNRISE AND SUNSET
JULY 27 2017..........SUNRISE   620 AM CDT   SUNSET   916 PM CDT
JULY 28 2017..........SUNRISE   621 AM CDT   SUNSET   914 PM CDT


-  INDICATES NEGATIVE NUMBERS.
R  INDICATES RECORD WAS SET OR TIED.
MM INDICATES DATA IS MISSING.
T  INDICATES TRACE AMOUNT.




$$
