000
CDUS43 KABR 260907
CLIMBG


CLIMATE REPORT
NATIONAL WEATHER SERVICE ABERDEEN SD
406 AM CDT TUE JUL 26 2016


...................................

...THE MOBRIDGE SD CLIMATE SUMMARY FOR JULY 25 2016...

CLIMATE NORMAL PERIOD 1981 TO 2010
CLIMATE RECORD PERIOD 1911 TO 2016


WEATHER ITEM   OBSERVED TIME   RECORD YEAR NORMAL DEPARTURE LAST
                VALUE   (LST)  VALUE       VALUE  FROM      YEAR
                                                  NORMAL
..................................................................
TEMPERATURE (F)
 YESTERDAY
  MAXIMUM        101    400 PM 108    1931  87     14       91
  MINIMUM         65    433 AM  46    1915  60      5       63
  AVERAGE         83                        74      9       77

PRECIPITATION (IN)
  YESTERDAY        T             0.85 1982   0.08  -0.08     0.00
  MONTH TO DATE    1.10                      2.19  -1.09     1.41
  SINCE JUN 1      3.51                      5.35  -1.84     4.96
  SINCE JAN 1     13.89                     11.37   2.52    15.75

DEGREE DAYS
 HEATING
  YESTERDAY        0                         0      0        0
  MONTH TO DATE    1                         5     -4        0
  SINCE JUN 1     13                        80    -67       18
  SINCE JUL 1      1                         5     -4        0

 COOLING
  YESTERDAY       18                         9      9       12
  MONTH TO DATE  281                       198     83      263
  SINCE JUN 1    501                       297    204      412
  SINCE JAN 1    517                       313    204      428
..................................................................


WIND (MPH)
  HIGHEST WIND SPEED    22   HIGHEST WIND DIRECTION     S (200)
  HIGHEST GUST SPEED    30   HIGHEST GUST DIRECTION     S (190)
  AVERAGE WIND SPEED    11.4


SKY COVER
  POSSIBLE SUNSHINE  MM
  AVERAGE SKY COVER 0.0


WEATHER CONDITIONS
 THE FOLLOWING WEATHER WAS RECORDED YESTERDAY.
  NO SIGNIFICANT WEATHER WAS OBSERVED.


RELATIVE HUMIDITY (PERCENT)
 HIGHEST    78           100 AM
 LOWEST     17           400 PM
 AVERAGE    48

..........................................................


THE MOBRIDGE SD CLIMATE NORMALS FOR TODAY
                         NORMAL    RECORD    YEAR
 MAXIMUM TEMPERATURE (F)   87       110      1935
 MINIMUM TEMPERATURE (F)   60        46      1918


SUNRISE AND SUNSET
JULY 26 2016..........SUNRISE   619 AM CDT   SUNSET   916 PM CDT
JULY 27 2016..........SUNRISE   620 AM CDT   SUNSET   915 PM CDT


-  INDICATES NEGATIVE NUMBERS.
R  INDICATES RECORD WAS SET OR TIED.
MM INDICATES DATA IS MISSING.
T  INDICATES TRACE AMOUNT.




$$
