000
CDUS43 KDTX 200538
CLIMBS


CLIMATE REPORT
NATIONAL WEATHER SERVICE DETROIT/PONTIAC MI
1237 AM EST MON FEB 20 2017


...................................

...THE TRI CITIES MI CLIMATE SUMMARY FOR FEBRUARY 19 2017...

CLIMATE NORMAL PERIOD 1981 TO 2010
CLIMATE RECORD PERIOD 1898 TO 2017


WEATHER ITEM   OBSERVED TIME   NORMAL DEPARTURE LAST
                VALUE   (LST)  VALUE  FROM      YEAR
                                      NORMAL
......................................................
TEMPERATURE (F)
 YESTERDAY
  MAXIMUM         59    305 PM  33     26       59
  MINIMUM         34   1022 PM  18     16       31
  AVERAGE         47            25     22

PRECIPITATION (IN)
  YESTERDAY        0.00          0.06  -0.06
  MONTH TO DATE    0.51          0.98  -0.47
  SINCE DEC 1      4.42          4.55  -0.13
  SINCE JAN 1      3.05          2.69   0.36

SNOWFALL (IN)
  YESTERDAY        0.0
  MONTH TO DATE    1.9
  SINCE DEC 1     28.3
  SINCE JUL 1     29.9
  SNOW DEPTH       0

DEGREE DAYS
 HEATING
  YESTERDAY       18                  -22
  MONTH TO DATE  661                 -128
  SINCE DEC 1   2970                 -311
  SINCE JUL 1   3958                 -796

 COOLING
  YESTERDAY        0                    0
  MONTH TO DATE    0                    0
  SINCE DEC 1      0                    0
  SINCE JAN 1      0                    0
......................................................


WIND (MPH)
  HIGHEST WIND SPEED    14   HIGHEST WIND DIRECTION    NW (310)
  HIGHEST GUST SPEED    17   HIGHEST GUST DIRECTION     W (280)
  AVERAGE WIND SPEED     8.1



WEATHER CONDITIONS
 THE FOLLOWING WEATHER WAS RECORDED YESTERDAY.
  NO SIGNIFICANT WEATHER WAS OBSERVED.


RELATIVE HUMIDITY (PERCENT)
 HIGHEST    92
 LOWEST     40
 AVERAGE    66

..........................................................


THE TRI CITIES MI CLIMATE NORMALS FOR TODAY
                         NORMAL
 MAXIMUM TEMPERATURE (F)   33
 MINIMUM TEMPERATURE (F)   18


SUNRISE AND SUNSET
FEBRUARY 20 2017......SUNRISE   727 AM EST   SUNSET   614 PM EST
FEBRUARY 21 2017......SUNRISE   725 AM EST   SUNSET   615 PM EST


-  INDICATES NEGATIVE NUMBERS.
R  INDICATES RECORD WAS SET OR TIED.
MM INDICATES DATA IS MISSING.
T  INDICATES TRACE AMOUNT.




$$
