000
CDUS43 KDTX 300535
CLIMBS


CLIMATE REPORT
NATIONAL WEATHER SERVICE DETROIT/PONTIAC MI
135 AM EDT SUN AUG 30 2015


...................................

...THE TRI CITIES MI CLIMATE SUMMARY FOR AUGUST 29 2015...

CLIMATE NORMAL PERIOD 1981 TO 2010
CLIMATE RECORD PERIOD 1898 TO 2015


WEATHER ITEM   OBSERVED TIME   NORMAL DEPARTURE LAST
                VALUE   (LST)  VALUE  FROM      YEAR
                                      NORMAL
......................................................
TEMPERATURE (F)
 YESTERDAY
  MAXIMUM         70    351 PM  78     -8       75
  MINIMUM         63    905 AM  56      7       59
  AVERAGE         67            67      0

PRECIPITATION (IN)
  YESTERDAY        0.23          0.12   0.11
  MONTH TO DATE    5.50          3.08   2.42
  SINCE JUN 1     11.96          8.64   3.32
  SINCE JAN 1     20.60         20.29   0.31

SNOWFALL (IN)
  YESTERDAY        0.0
  MONTH TO DATE    0.0
  SINCE JUN 1      0.0
  SINCE JUL 1      0.0
  SNOW DEPTH       0

DEGREE DAYS
 HEATING
  YESTERDAY        0                   -1
  MONTH TO DATE    9                  -18
  SINCE JUN 1     58                  -41
  SINCE JUL 1     18                  -22

 COOLING
  YESTERDAY        2                   -1
  MONTH TO DATE  166                   25
  SINCE JUN 1    510                   47
  SINCE JAN 1    574                   75
......................................................


WIND (MPH)
  HIGHEST WIND SPEED    12   HIGHEST WIND DIRECTION     W (290)
  HIGHEST GUST SPEED    14   HIGHEST GUST DIRECTION     W (280)
  AVERAGE WIND SPEED     4.1



WEATHER CONDITIONS
 THE FOLLOWING WEATHER WAS RECORDED YESTERDAY.
  LIGHT RAIN
  FOG
  HAZE


RELATIVE HUMIDITY (PERCENT)
 HIGHEST    93
 LOWEST     78
 AVERAGE    86

..........................................................


THE TRI CITIES MI CLIMATE NORMALS FOR TODAY
                         NORMAL
 MAXIMUM TEMPERATURE (F)   78
 MINIMUM TEMPERATURE (F)   56


SUNRISE AND SUNSET
AUGUST 30 2015........SUNRISE   658 AM EDT   SUNSET   816 PM EDT
AUGUST 31 2015........SUNRISE   659 AM EDT   SUNSET   814 PM EDT


-  INDICATES NEGATIVE NUMBERS.
R  INDICATES RECORD WAS SET OR TIED.
MM INDICATES DATA IS MISSING.
T  INDICATES TRACE AMOUNT.




$$
