000
CDUS43 KDTX 160540
CLIMBS


CLIMATE REPORT
NATIONAL WEATHER SERVICE DETROIT/PONTIAC MI
140 AM EDT TUE SEP 16 2014


...................................

...THE  TRI CITIES MI CLIMATE SUMMARY FOR SEPTEMBER 15 2014...

CLIMATE NORMAL PERIOD 1981 TO 2010
CLIMATE RECORD PERIOD 1898 TO 2014


WEATHER ITEM   OBSERVED TIME   NORMAL DEPARTURE
                VALUE   (LST)  VALUE  FROM
                                      NORMAL
...................................................
TEMPERATURE (F)
 YESTERDAY
  MAXIMUM         61    139 PM  73    -12
  MINIMUM         48   1258 AM  51     -3
  AVERAGE         55            62     -7

PRECIPITATION (IN)
  YESTERDAY        0.15          0.14   0.01
  MONTH TO DATE    2.03          1.91   0.12
  SINCE SEP 1      2.03          1.91   0.12
  SINCE JAN 1     24.14         22.43   1.71

SNOWFALL (IN)
  YESTERDAY        0.0
  MONTH TO DATE    0.0
  SINCE SEP 1      0.0
  SINCE JUL 1      0.0
  SNOW DEPTH       0

DEGREE DAYS
 HEATING
  YESTERDAY       10                    5
  MONTH TO DATE   57                    9
  SINCE SEP 1     57                    9
  SINCE JUL 1     83                   -5

 COOLING
  YESTERDAY        0                   -2
  MONTH TO DATE   50                   15
  SINCE SEP 1     50                   15
  SINCE JAN 1    535                   -4
...................................................


WIND (MPH)
  HIGHEST WIND SPEED    10   HIGHEST WIND DIRECTION     N (350)
  HIGHEST GUST SPEED    14   HIGHEST GUST DIRECTION     S (200)
  AVERAGE WIND SPEED     6.3




RELATIVE HUMIDITY (PERCENT)
 HIGHEST    93
 LOWEST     72
 AVERAGE    83

..........................................................


THE  TRI CITIES MI CLIMATE NORMALS FOR TODAY
                         NORMAL
 MAXIMUM TEMPERATURE (F)   72
 MINIMUM TEMPERATURE (F)   50


SUNRISE AND SUNSET
SEPTEMBER 16 2014.....SUNRISE   717 AM EDT   SUNSET   745 PM EDT
SEPTEMBER 17 2014.....SUNRISE   718 AM EDT   SUNSET   743 PM EDT


-  INDICATES NEGATIVE NUMBERS.
R  INDICATES RECORD WAS SET OR TIED.
MM INDICATES DATA IS MISSING.
T  INDICATES TRACE AMOUNT.




$$
