000
CDUS43 KDTX 290537
CLIMBS


CLIMATE REPORT
NATIONAL WEATHER SERVICE DETROIT/PONTIAC MI
137 AM EDT TUE JUL 29 2014


...................................

...THE  TRI CITIES MI CLIMATE SUMMARY FOR JULY 28 2014...

CLIMATE NORMAL PERIOD 1981 TO 2010
CLIMATE RECORD PERIOD 1898 TO 2014


WEATHER ITEM   OBSERVED TIME   NORMAL DEPARTURE
                VALUE   (LST)  VALUE  FROM
                                      NORMAL
...................................................
TEMPERATURE (F)
 YESTERDAY
  MAXIMUM         69    128 PM  81    -12
  MINIMUM         54   1159 PM  60     -6
  AVERAGE         62            71     -9

PRECIPITATION (IN)
  YESTERDAY        0.01          0.08  -0.07
  MONTH TO DATE    3.32          2.31   1.01
  SINCE JUN 1      5.69          5.29   0.40
  SINCE JAN 1     17.28         16.94   0.34

SNOWFALL (IN)
  YESTERDAY        0.0
  MONTH TO DATE    0.0
  SINCE JUN 1      0.0
  SINCE JUL 1      0.0
  SNOW DEPTH       0

DEGREE DAYS
 HEATING
  YESTERDAY        3                    3
  MONTH TO DATE   13                   11
  SINCE JUN 1     27                  -34
  SINCE JUL 1     13                   11

 COOLING
  YESTERDAY        0                   -6
  MONTH TO DATE  122                  -60
  SINCE JUN 1    283                  -23
  SINCE JAN 1    327                  -15
...................................................


WIND (MPH)
  HIGHEST WIND SPEED    21   HIGHEST WIND DIRECTION     N (350)
  HIGHEST GUST SPEED    26   HIGHEST GUST DIRECTION     N (350)
  AVERAGE WIND SPEED    11.5




RELATIVE HUMIDITY (PERCENT)
 HIGHEST    87
 LOWEST     52
 AVERAGE    70

..........................................................


THE  TRI CITIES MI CLIMATE NORMALS FOR TODAY
                         NORMAL
 MAXIMUM TEMPERATURE (F)   81
 MINIMUM TEMPERATURE (F)   60


SUNRISE AND SUNSET
JULY 29 2014..........SUNRISE   623 AM EDT   SUNSET   902 PM EDT
JULY 30 2014..........SUNRISE   624 AM EDT   SUNSET   901 PM EDT


-  INDICATES NEGATIVE NUMBERS.
R  INDICATES RECORD WAS SET OR TIED.
MM INDICATES DATA IS MISSING.
T  INDICATES TRACE AMOUNT.




$$
