000
CDUS46 KHNX 300947
CLIMCE


CLIMATE REPORT
NATIONAL WEATHER SERVICE SAN JOAQUIN VALLEY, CA
146 AM PST FRI JAN 30 2015


...................................

...THE MERCED  CA CLIMATE SUMMARY FOR JANUARY 29 2015...

CLIMATE NORMAL PERIOD 1981 TO 2010
CLIMATE RECORD PERIOD 1998 TO 2015


WEATHER ITEM   OBSERVED TIME   RECORD YEAR NORMAL DEPARTURE
                VALUE   (LST)  VALUE       VALUE  FROM
                                                  NORMAL
...............................................................
TEMPERATURE (F)
 YESTERDAY
  MAXIMUM         59        MM  71    2014  56      3
  MINIMUM         MM        MM  27    2002  37     MM
  AVERAGE         MM                        47     MM

PRECIPITATION (IN)
  YESTERDAY        0.00          0.05 2008   0.05  -0.05
  MONTH TO DATE    0.02                      2.50  -2.48
  SINCE OCT 1      4.77                      6.01  -1.24
  SINCE JAN 1      0.02                      2.50  -2.48

SNOWFALL (IN)
  YESTERDAY        0.0
  MONTH TO DATE    0.0
  SINCE DEC 1      0.0
  SINCE JUL 1      0.0
  SNOW DEPTH       0

DEGREE DAYS
 HEATING
  YESTERDAY       MM
  MONTH TO DATE  475
  SINCE DEC 1    860
  SINCE JUL 1   1145

 COOLING
  YESTERDAY       MM
  MONTH TO DATE    0
  SINCE DEC 1      0
  SINCE JAN 1      0
...............................................................


WIND (MPH)
  HIGHEST WIND SPEED     5   HIGHEST WIND DIRECTION    SW (240)
  HIGHEST GUST SPEED    MM   HIGHEST GUST DIRECTION    MM
  AVERAGE WIND SPEED     1.5




RELATIVE HUMIDITY (PERCENT)
 HIGHEST   100
 LOWEST     80
 AVERAGE    90

..........................................................


THE MERCED  CA CLIMATE NORMALS FOR TODAY
                         NORMAL    RECORD    YEAR
 MAXIMUM TEMPERATURE (F)   56        64      2013
                                             2012
 MINIMUM TEMPERATURE (F)   38        23      2002


SUNRISE AND SUNSET
JANUARY 30 2015.......SUNRISE   707 AM PST   SUNSET   525 PM PST
JANUARY 31 2015.......SUNRISE   706 AM PST   SUNSET   526 PM PST


-  INDICATES NEGATIVE NUMBERS.
R  INDICATES RECORD WAS SET OR TIED.
MM INDICATES DATA IS MISSING.
T  INDICATES TRACE AMOUNT.




$$
