386
CDUS46 KHNX 240024
CLIMCE


CLIMATE REPORT
NATIONAL WEATHER SERVICE SAN JOAQUIN VALLEY, CA
523 PM PDT THU MAR 23 2017


...................................

...THE MERCED  CA CLIMATE SUMMARY FOR MARCH 23 2017...
VALID AS OF 0400 PM LOCAL TIME.

CLIMATE NORMAL PERIOD 1981 TO 2010
CLIMATE RECORD PERIOD 1998 TO 2017


WEATHER ITEM   OBSERVED TIME   RECORD YEAR NORMAL DEPARTURE LAST
                VALUE   (LST)  VALUE       VALUE  FROM      YEAR
                                                  NORMAL
..................................................................
TEMPERATURE (F)
 TODAY
  MAXIMUM         64    344 PM  79    2014  66     -2       68
  MINIMUM         40    316 AM  34    2009  42     -2       43
  AVERAGE         52                        54     -2       56

PRECIPITATION (IN)
  TODAY            0.00          0.33 2002   0.05  -0.05     0.00
  MONTH TO DATE    0.92                      1.64  -0.72     2.35
  SINCE OCT 1     14.27                     10.10   4.17    10.96
  SINCE JAN 1     10.04                      6.59   3.45     7.24

SNOWFALL (IN)
  TODAY            0.0
  MONTH TO DATE    0.0
  SINCE MAR 1      0.0
  SINCE JUL 1      0.0
  SNOW DEPTH       0

DEGREE DAYS
 HEATING
  TODAY           13                                         9
  MONTH TO DATE  222                                       176
  SINCE MAR 1    222                                       176
  SINCE JUL 1   2092                                      2073

 COOLING
  TODAY            0                                         0
  MONTH TO DATE    0                                         0
  SINCE MAR 1      0                                         0
  SINCE JAN 1      0                                         0
..................................................................


WIND (MPH)
  HIGHEST WIND SPEED    12   HIGHEST WIND DIRECTION    NW (330)
  HIGHEST GUST SPEED    14   HIGHEST GUST DIRECTION    NW (330)
  AVERAGE WIND SPEED     5.1




RELATIVE HUMIDITY (PERCENT)
 HIGHEST    92
 LOWEST     52
 AVERAGE    72

..........................................................


THE MERCED  CA CLIMATE NORMALS FOR TOMORROW
                         NORMAL    RECORD    YEAR
 MAXIMUM TEMPERATURE (F)   67        83      2014
 MINIMUM TEMPERATURE (F)   42        33      2009


SUNRISE AND SUNSET
MARCH 23 2017.........SUNRISE   701 AM PDT   SUNSET   717 PM PDT
MARCH 24 2017.........SUNRISE   659 AM PDT   SUNSET   718 PM PDT


-  INDICATES NEGATIVE NUMBERS.
R  INDICATES RECORD WAS SET OR TIED.
MM INDICATES DATA IS MISSING.
T  INDICATES TRACE AMOUNT.




$$
