000
CDUS46 KHNX 200025
CLIMCE


CLIMATE REPORT
NATIONAL WEATHER SERVICE SAN JOAQUIN VALLEY, CA
425 PM PST SUN FEB 19 2017


...................................

...THE MERCED  CA CLIMATE SUMMARY FOR FEBRUARY 19 2017...
VALID AS OF 0400 PM LOCAL TIME.

CLIMATE NORMAL PERIOD 1981 TO 2010
CLIMATE RECORD PERIOD 1998 TO 2017


WEATHER ITEM   OBSERVED TIME   RECORD YEAR NORMAL DEPARTURE LAST
                VALUE   (LST)  VALUE       VALUE  FROM      YEAR
                                                  NORMAL
..................................................................
TEMPERATURE (F)
 TODAY
  MAXIMUM         55   1158 AM  67    2014  61     -6       63
  MINIMUM         42    735 AM  35    2009  40      2       39
                                      2003
  AVERAGE         49                        50     -1       51

PRECIPITATION (IN)
  TODAY            0.03          0.33 2013   0.09  -0.06     0.00
  MONTH TO DATE    2.99                      1.52   1.47     0.40
  SINCE OCT 1     12.83                      7.64   5.19     8.61
  SINCE JAN 1      8.60                      4.13   4.47     4.89

SNOWFALL (IN)
  TODAY           MM
  MONTH TO DATE    0.0
  SINCE DEC 1      0.0
  SINCE JUL 1      0.0
  SNOW DEPTH       0

DEGREE DAYS
 HEATING
  TODAY           16                                        14
  MONTH TO DATE  197                                       238
  SINCE DEC 1   1376                                      1341
  SINCE JUL 1   1721                                      1794

 COOLING
  TODAY            0                                         0
  MONTH TO DATE    0                                         0
  SINCE DEC 1      0                                         0
  SINCE JAN 1      0                                         0
..................................................................


WIND (MPH)
  HIGHEST WIND SPEED    18   HIGHEST WIND DIRECTION    SE (140)
  HIGHEST GUST SPEED    22   HIGHEST GUST DIRECTION    SE (140)
  AVERAGE WIND SPEED     7.4




RELATIVE HUMIDITY (PERCENT)
 HIGHEST    89
 LOWEST     61
 AVERAGE    75

..........................................................


THE MERCED  CA CLIMATE NORMALS FOR TOMORROW
                         NORMAL    RECORD    YEAR
 MAXIMUM TEMPERATURE (F)   62        67      2002
 MINIMUM TEMPERATURE (F)   40        26      2006


SUNRISE AND SUNSET
FEBRUARY 19 2017......SUNRISE   646 AM PST   SUNSET   547 PM PST
FEBRUARY 20 2017......SUNRISE   645 AM PST   SUNSET   548 PM PST


-  INDICATES NEGATIVE NUMBERS.
R  INDICATES RECORD WAS SET OR TIED.
MM INDICATES DATA IS MISSING.
T  INDICATES TRACE AMOUNT.




$$
