000
CDAK49 PAFG 170951
CLIMCG

CLIMATE REPORT
NATIONAL WEATHER SERVICE FAIRBANKS AK
151 AM AKDT THU AUG 17 2017


...................................

...THE MCGRATH AK CLIMATE SUMMARY FOR AUGUST 16 2017...

CLIMATE NORMAL PERIOD 1981 TO 2010
CLIMATE RECORD PERIOD 1946 TO 2017


WEATHER ITEM   OBSERVED TIME   RECORD YEAR NORMAL DEPARTURE LAST
                VALUE   (LST)  VALUE       VALUE  FROM      YEAR
                                                  NORMAL
..................................................................
TEMPERATURE (F)
 YESTERDAY
  MAXIMUM         57    619 PM  83    1950  64     -7       73
  MINIMUM         45   1046 PM  33    1981  46     -1       53
                                      1953
  AVERAGE         51                        55     -4       63

PRECIPITATION (IN)
  YESTERDAY        T             0.43 1965   0.09  -0.09     0.00
  MONTH TO DATE    2.91                      1.46   1.45     1.69
  SINCE JUN 1      5.92                      5.36   0.56     8.29
  SINCE JAN 1      8.91                     10.03  -1.12    10.94

SNOWFALL (IN)
  YESTERDAY       MM             0.0    MM   0.0   MM        0.0
  MONTH TO DATE    0.0                       0.0    0.0      0.0
  SINCE JUN 1      T                         0.0    0.0      0.0
  SINCE JUL 1      0.0                       0.0    0.0      0.0
  SNOW DEPTH       0

DEGREE DAYS
 HEATING
  YESTERDAY       14                        10      4        2
  MONTH TO DATE   86                       142    -56       71
  SINCE JUN 1    307                       543   -236      371
  SINCE JUL 1    148                       309   -161      181

 COOLING
  YESTERDAY        0                         0      0        0
  MONTH TO DATE    5                         0      5        0
  SINCE JUN 1     37                        18     19       29
  SINCE JAN 1     37                        18     19       29
..................................................................


WIND (MPH)
  HIGHEST GUST SPEED    19   HIGHEST GUST DIRECTION    SW (210)


SKY COVER
  AVERAGE SKY COVER 0.7


WEATHER CONDITIONS
 THE FOLLOWING WEATHER WAS RECORDED YESTERDAY.
  LIGHT RAIN


RELATIVE HUMIDITY (PERCENT)
 HIGHEST    93
 LOWEST     55
 AVERAGE    74

..........................................................


THE MCGRATH AK CLIMATE NORMALS FOR TODAY
                         NORMAL    RECORD    YEAR
 MAXIMUM TEMPERATURE (F)   63        84      2004
 MINIMUM TEMPERATURE (F)   46        29      1981


SUNRISE AND SUNSET
AUGUST 17 2017........SUNRISE   629 AM AKDT  SUNSET  1023 PM AKDT
AUGUST 18 2017........SUNRISE   632 AM AKDT  SUNSET  1020 PM AKDT

-  INDICATES NEGATIVE NUMBERS.
R  INDICATES RECORD WAS SET OR TIED.
MM INDICATES DATA IS MISSING.
T  INDICATES TRACE AMOUNT.

&&

SNOW DEPTH IS MEASURED AT 3AM AKST/4AM AKDT.

----------------------------
AVAILABLE DAYLIGHT

AMOUNT OF DAYLIGHT TODAY  (HOUR:MIN)........15:54
GAIN/LOSS SINCE YESTERDAY (HOUR:MIN:SEC)....-0:06:08

$$
AUG 17
