862
CDAK49 PAMC 250910
CLIMCG

CLIMATE REPORT
NATIONAL WEATHER SERVICE MCGRATH, AK
111 AM AKDT THU AUG 25 2016

...................................
...THE MCGRATH AIRPORT CLIMATE SUMMARY FOR AUGUST 24 2016...

CLIMATE NORMAL PERIOD  1981 TO  2010
CLIMATE RECORD PERIOD  1940 TO  2016

WEATHER ITEM   OBSERVED TIME    RECORD YEAR NORMAL DEPARTURE LAST
               VALUE    (LST)   VALUE       VALUE  FROM      YEAR
                                                   NORMAL
...................................................................
TEMPERATURE
YESTERDAY
 MAXIMUM            63  0312 PM    79  1987     62       1     59
 MINIMUM            53  0646 AM    28  1948     44       9     34
 AVERAGE            58                          53       5     47

PRECIPITATION
(INCHES)
 YESTERDAY        0.14           1.51  1961   0.09    0.05   0.04
 MONTH TO DATE    3.64                        2.18    1.46   1.76
 SINCE JUN 1     10.25                        6.08    4.17   6.70
 SINCE JAN 1     13.06                       10.75    2.31   8.04

SNOWFALL
(INCHES)
 YESTERDAY         0.0            0.0  2016    0.0     0.0    0.0
 MONTH TO DATE     0.0                         0.0     0.0    0.0
 SINCE JUN 1       0.0                         0.0     0.0    0.0
 SINCE JUL 1       0.0                         0.0     0.0    0.0
 SNOW DEPTH (IN)     0                                          0

DEGREE DAYS
 HEATING
  YESTERDAY          7                          12      -5     18
  MONTH TO DATE    126                         233    -107    205
  SINCE JUN 1      451                         639    -188   1168
  SINCE JUL 1      261                         405    -144     MM

 COOLING
  YESTERDAY          0                           0       0      0
  MONTH TO DATE      0                           0       0      5
  SINCE JUN 1       28                          16      12     31
  SINCE JAN 1       28                          16      12     MM
...................................................................

WIND (MPH)
 HIGHEST WIND SPEED    13     HIGHEST WIND DIRECTION    170
 HIGHEST GUST SPEED    16     HIGHEST GUST DIRECTION    170
 AVERAGE WIND SPEED   4.3

WEATHER CONDITIONS
 THE FOLLOWING WEATHER WAS RECORDED YESTERDAY.
 FOG
 RAIN

...................................................................

THE MCGRATH CLIMATE NORMALS FOR TODAY
                           NORMAL    RECORD   YEAR
 MAXIMUM TEMPERATURE (F)     62        79     1987
 MINIMUM TEMPERATURE (F)     44        28     2009

SUNRISE AND SUNSET
 AUG 25 2016..........SUNRISE  6:52 AM      SUNSET  9:56 PM
 AUG 26 2016..........SUNRISE  6:55 AM      SUNSET  9:52 PM

-  INDICATES NEGATIVE NUMBERS.
R  INDICATES RECORD HAS BEEN SET OR TIED.
MM INDICATES DATA IS MISSING.
T  INDICATES TRACE OF PRECIPITATION.

&&
-------------------------------------------------------------------

AMOUNT OF DAYLIGHT TODAY  (HOUR:MIN)........15 HOURS 4 MINUTES
LOSS SINCE YESTERDAY (HOUR:MIN:SEC)....-0:06:08

$$
SBY AUG 16
