000
CDAK49 PAMC 020934
CLIMCG

CLIMATE REPORT
NATIONAL WEATHER SERVICE MCGRATH, AK
135 AM AKDT THU OCT 2 2014

...................................
...THE MCGRATH AIRPORT CLIMATE SUMMARY FOR OCTOBER 1 2014...

CLIMATE NORMAL PERIOD  1981 TO  2010
CLIMATE RECORD PERIOD  1940 TO  2014

WEATHER ITEM   OBSERVED TIME    RECORD YEAR NORMAL DEPARTURE LAST
               VALUE    (LST)   VALUE       VALUE  FROM      YEAR
                                                   NORMAL
...................................................................
TEMPERATURE
YESTERDAY
 MAXIMUM            48  0539 PM    62  2003     44       4     41
 MINIMUM            30  1159 PM    16  2000     29       1     29
 AVERAGE            39                          36       3     35

PRECIPITATION
(INCHES)
 YESTERDAY        0.00           0.49  1940   0.07   -0.07   0.00
 MONTH TO DATE    0.00                        0.07   -0.07   0.00
 SINCE SEP 1      0.92                        2.56   -1.64   4.15
 SINCE JAN 1      9.49                       13.93   -4.44  13.38

SNOWFALL
(INCHES)
 YESTERDAY         0.0            2.6  1968    0.2    -0.2    0.0
 MONTH TO DATE     0.0                         0.2    -0.2    0.0
 SINCE SEP 1       0.0                         1.7    -1.7    0.7
 SINCE JUL 1       0.0                         1.7    -1.7    0.7
 SNOW DEPTH (IN)     0                                          0

DEGREE DAYS
 HEATING
  YESTERDAY         26                          29      -3     30
  MONTH TO DATE     26                          29      -3     30
  SINCE SEP 1      594                         642     -48    704
  SINCE JUL 1     1017                        1139    -122   1122

 COOLING
  YESTERDAY          0                           0       0      0
  MONTH TO DATE      0                           0       0      0
  SINCE SEP 1        0                           0       0      0
  SINCE JAN 1       11                          16      -5     78
...................................................................

WIND (MPH)
 HIGHEST WIND SPEED     7     HIGHEST WIND DIRECTION    360
 HIGHEST GUST SPEED     8     HIGHEST GUST DIRECTION     30
 AVERAGE WIND SPEED   1.6

WEATHER CONDITIONS
 THE FOLLOWING WEATHER WAS RECORDED YESTERDAY.
 NO SIGNIFICANT WEATHER WAS OBSERVED.

...................................................................

THE MCGRATH CLIMATE NORMALS FOR TODAY
                           NORMAL    RECORD   YEAR
 MAXIMUM TEMPERATURE (F)     43        56     1954
 MINIMUM TEMPERATURE (F)     28        13     1974

SUNRISE AND SUNSET
 OCT 2 2014..........SUNRISE  8:34 AM      SUNSET  7:49 PM
 OCT 3 2014..........SUNRISE  8:37 AM      SUNSET  7:45 PM

-  INDICATES NEGATIVE NUMBERS.
R  INDICATES RECORD HAS BEEN SET OR TIED.
MM INDICATES DATA IS MISSING.
T  INDICATES TRACE OF PRECIPITATION.

&&
-------------------------------------------------------------------

AMOUNT OF DAYLIGHT TODAY  (HOUR:MIN)........11 HOURS 15 MINUTES
LOSS SINCE YESTERDAY (HOUR:MIN:SEC)....-0:06:06

$$
JMC OCT 14
