000
CDAK49 PAMC 281117
CLIMCG

CLIMATE REPORT
NATIONAL WEATHER SERVICE MCGRATH, AK
317 AM AKDT TUE JUL 28 2015

...................................
...THE MCGRATH AIRPORT CLIMATE SUMMARY FOR JULY 27 2015...

CLIMATE NORMAL PERIOD  1981 TO  2010
CLIMATE RECORD PERIOD  1940 TO  2015

WEATHER ITEM   OBSERVED TIME    RECORD YEAR NORMAL DEPARTURE LAST
               VALUE    (LST)   VALUE       VALUE  FROM      YEAR
                                                   NORMAL
...................................................................
TEMPERATURE
YESTERDAY
 MAXIMUM            69  1239 PM    86  1953     67       2     67
 MINIMUM            53  0449 AM    36  2014     50       3     36
 AVERAGE            61                          59       2     52

PRECIPITATION
(INCHES)
 YESTERDAY        0.16           1.45  2003   0.09    0.07   0.00
 MONTH TO DATE    3.12                        2.03    1.09   1.96
 SINCE JUN 1      4.20                        3.55    0.65   3.48
 SINCE JAN 1      5.54                        8.22   -2.68   6.21

SNOWFALL
(INCHES)
 YESTERDAY         0.0            0.0  2015    0.0     0.0    0.0
 MONTH TO DATE     0.0                         0.0     0.0    0.0
 SINCE JUN 1       0.0                         0.0     0.0    0.0
 SINCE JUL 1       0.0                         0.0     0.0    0.0
 SNOW DEPTH (IN)     0                                          0

DEGREE DAYS
 HEATING
  YESTERDAY          4                           7      -3     13
  MONTH TO DATE     MM                         144      MM    162
  SINCE JUN 1      949                         378     571    467
  SINCE JUL 1      756                         144     612    162

 COOLING
  YESTERDAY          0                           0       0      0
  MONTH TO DATE     MM                          11      MM     11
  SINCE JUN 1       26                          16      10     11
  SINCE JAN 1       MM                          16      MM     11
...................................................................

WIND (MPH)
 HIGHEST WIND SPEED    18     HIGHEST WIND DIRECTION     90
 HIGHEST GUST SPEED    22     HIGHEST GUST DIRECTION     80
 AVERAGE WIND SPEED   2.8

WEATHER CONDITIONS
 THE FOLLOWING WEATHER WAS RECORDED YESTERDAY.
  FOG
  RAIN
...................................................................

THE MCGRATH CLIMATE NORMALS FOR TODAY
                           NORMAL    RECORD   YEAR
 MAXIMUM TEMPERATURE (F)     67        85     2013
 MINIMUM TEMPERATURE (F)     50        37     1941

SUNRISE AND SUNSET
 JUL 28 2015..........SUNRISE  5:29 AM      SUNSET 11:28 PM
 JUL 29 2015..........SUNRISE  5:32 AM      SUNSET 11:25 PM

-  INDICATES NEGATIVE NUMBERS.
R  INDICATES RECORD HAS BEEN SET OR TIED.
MM INDICATES DATA IS MISSING.
T  INDICATES TRACE OF PRECIPITATION.

&&
-------------------------------------------------------------------

AMOUNT OF DAYLIGHT TODAY  (HOUR:MIN)........17 HOURS 59 MINUTES
LOSS SINCE YESTERDAY (HOUR:MIN:SEC).........-0:05:46

$$
CRG JUL 15
