000
CDAK49 PAMC 190920
CLIMCG

CLIMATE REPORT
NATIONAL WEATHER SERVICE MCGRATH, AK
120 AM AKDT FRI SEP 19 2014

...................................
...THE MCGRATH AIRPORT CLIMATE SUMMARY FOR SEPTEMBER 18 2014...

CLIMATE NORMAL PERIOD  1981 TO  2010
CLIMATE RECORD PERIOD  1940 TO  2014

WEATHER ITEM   OBSERVED TIME    RECORD YEAR NORMAL DEPARTURE LAST
               VALUE    (LST)   VALUE       VALUE  FROM      YEAR
                                                   NORMAL
...................................................................
TEMPERATURE
YESTERDAY
 MAXIMUM            54  0647 PM    71  1995     52       2     42
 MINIMUM            37  0821 AM    20  2004     35       2     25
 AVERAGE            46                          44       2     34

PRECIPITATION
(INCHES)
 YESTERDAY        0.01           0.64  2007   0.08   -0.07   0.00
 MONTH TO DATE    0.73                        1.54   -0.81   2.95
 SINCE SEP 1      0.73                        1.54   -0.81   2.95
 SINCE JAN 1      9.30                       12.91   -3.61  12.18

SNOWFALL
(INCHES)
 YESTERDAY         0.0            2.6  1992    0.1    -0.1    0.0
 MONTH TO DATE     0.0                         0.4    -0.4    0.0
 SINCE SEP 1       0.0                         0.4    -0.4    0.0
 SINCE JUL 1       0.0                         0.4    -0.4    0.0
 SNOW DEPTH (IN)     0                                          0

DEGREE DAYS
 HEATING
  YESTERDAY         19                          21      -2     31
  MONTH TO DATE    281                         315     -34    322
  SINCE SEP 1      281                         315     -34    322
  SINCE JUL 1      704                         812    -108    740

 COOLING
  YESTERDAY          0                           0       0      0
  MONTH TO DATE      0                           0       0      0
  SINCE SEP 1        0                           0       0      0
  SINCE JAN 1       11                          16      -5     78
...................................................................

WIND (MPH)
 HIGHEST WIND SPEED    10     HIGHEST WIND DIRECTION    250
 HIGHEST GUST SPEED    12     HIGHEST GUST DIRECTION    250
 AVERAGE WIND SPEED   2.6

WEATHER CONDITIONS
 THE FOLLOWING WEATHER WAS RECORDED YESTERDAY.
 RAIN

...................................................................

THE MCGRATH CLIMATE NORMALS FOR TODAY
                           NORMAL    RECORD   YEAR
 MAXIMUM TEMPERATURE (F)     52        66     2006
 MINIMUM TEMPERATURE (F)     35        20     1960

SUNRISE AND SUNSET
 SEP 19 2014..........SUNRISE  7:59 AM      SUNSET  8:33 PM
 SEP 20 2014..........SUNRISE  8:02 AM      SUNSET  8:29 PM

-  INDICATES NEGATIVE NUMBERS.
R  INDICATES RECORD HAS BEEN SET OR TIED.
MM INDICATES DATA IS MISSING.
T  INDICATES TRACE OF PRECIPITATION.

&&
-------------------------------------------------------------------

AMOUNT OF DAYLIGHT TODAY  (HOUR:MIN)........12 HOURS 34 MINUTES
LOSS SINCE YESTERDAY (HOUR:MIN:SEC)....-0:06:06

$$
JMC SEP 14
