000
CDAK49 PAFG 250942
CLIMCG

CLIMATE REPORT
NATIONAL WEATHER SERVICE FAIRBANKS AK
142 AM AKDT TUE APR 25 2017


...................................

...THE MCGRATH AK CLIMATE SUMMARY FOR APRIL 24 2017...

CLIMATE NORMAL PERIOD 1981 TO 2010
CLIMATE RECORD PERIOD 1946 TO 2017


WEATHER ITEM   OBSERVED TIME   RECORD YEAR NORMAL DEPARTURE LAST
                VALUE   (LST)  VALUE       VALUE  FROM      YEAR
                                                  NORMAL
..................................................................
TEMPERATURE (F)
 YESTERDAY
  MAXIMUM         59    217 PM  64    2016  46     13       64
  MINIMUM         31    421 AM   0    1984  25      6       36
                                      1955
                                      1948
  AVERAGE         45                        36      9       50

PRECIPITATION (IN)
  YESTERDAY        T             1.03 1964   0.03  -0.03     0.00
  MONTH TO DATE    0.11                      0.58  -0.47     0.37
  SINCE MAR 1      0.11                      1.39  -1.28     1.38
  SINCE JAN 1      1.31                      3.42  -2.11     1.44

SNOWFALL (IN)
  YESTERDAY        0.0          12.7  1964   0.1   -0.1      0.0
  MONTH TO DATE    2.6                       4.5   -1.9      0.0
  SINCE MAR 1      2.6                      15.8  -13.2      0.0
  SINCE JUL 1     51.3                      95.8  -44.5      0.0
  SNOW DEPTH       0

DEGREE DAYS
 HEATING
  YESTERDAY       20                        29     -9       15
  MONTH TO DATE  714                       898   -184      660
  SINCE MAR 1   2637                      2553     84     2133
  SINCE JUL 1  12395                     12785   -390     3101

 COOLING
  YESTERDAY        0                         0      0        0
  MONTH TO DATE    0                         0      0        0
  SINCE MAR 1      0                         0      0        0
  SINCE JAN 1      0                         0      0        0
..................................................................


WIND (MPH)
  HIGHEST GUST SPEED    16   HIGHEST GUST DIRECTION     E (110)


SKY COVER
  AVERAGE SKY COVER 0.4


WEATHER CONDITIONS
 THE FOLLOWING WEATHER WAS RECORDED YESTERDAY.
  NO SIGNIFICANT WEATHER WAS OBSERVED.


RELATIVE HUMIDITY (PERCENT)
 HIGHEST    78
 LOWEST     30
 AVERAGE    54

..........................................................


THE MCGRATH AK CLIMATE NORMALS FOR TODAY
                         NORMAL    RECORD    YEAR
 MAXIMUM TEMPERATURE (F)   47        61      1997
 MINIMUM TEMPERATURE (F)   26        -5      1955


SUNRISE AND SUNSET
APRIL 25 2017.........SUNRISE   621 AM AKDT  SUNSET  1022 PM AKDT
APRIL 26 2017.........SUNRISE   618 AM AKDT  SUNSET  1025 PM AKDT

-  INDICATES NEGATIVE NUMBERS.
R  INDICATES RECORD WAS SET OR TIED.
MM INDICATES DATA IS MISSING.
T  INDICATES TRACE AMOUNT.

&&

SNOW DEPTH IS MEASURED AT 3AM AKST/4AM AKDT.

----------------------------
AVAILABLE DAYLIGHT

AMOUNT OF DAYLIGHT TODAY  (HOUR:MIN)........16:01
GAIN/LOSS SINCE YESTERDAY (HOUR:MIN:SEC)....+0:06:12

$$
SDB APR 17
