000
CDAK49 PAFG 240959
CLIMCG

CLIMATE REPORT
NATIONAL WEATHER SERVICE FAIRBANKS AK
159 AM AKDT WED MAY 24 2017


...................................

...THE MCGRATH AK CLIMATE SUMMARY FOR MAY 23 2017...

CLIMATE NORMAL PERIOD 1981 TO 2010
CLIMATE RECORD PERIOD 1946 TO 2017


WEATHER ITEM   OBSERVED TIME   RECORD YEAR NORMAL DEPARTURE LAST
                VALUE   (LST)  VALUE       VALUE  FROM      YEAR
                                                  NORMAL
..................................................................
TEMPERATURE (F)
 YESTERDAY
  MAXIMUM         52    642 PM  71    2009  60     -8       50
                                      1974
                                      1942
  MINIMUM         40    953 AM  25    1964  39      1       39
  AVERAGE         46                        50     -4       45

PRECIPITATION (IN)
  YESTERDAY        0.04          0.64 1976   0.04   0.00      T
  MONTH TO DATE    0.26                      0.77  -0.51     1.04
  SINCE MAR 1      0.64                      2.32  -1.68     2.46
  SINCE JAN 1      1.84                      4.35  -2.51     2.52

SNOWFALL (IN)
  YESTERDAY        0.0           0.1  1989   0.0    0.0     MM
  MONTH TO DATE    0.0                       0.8   -0.8      0.0
  SINCE MAR 1      2.6                      17.2  -14.6      0.0
  SINCE JUL 1     51.3                      97.2  -45.9      0.0
  SNOW DEPTH       0

DEGREE DAYS
 HEATING
  YESTERDAY       19                        15      4       20
  MONTH TO DATE  350                       456   -106      359
  SINCE MAR 1   3123                      3170    -47     2605
  SINCE JUL 1  12881                     13402   -521     3573

 COOLING
  YESTERDAY        0                         0      0        0
  MONTH TO DATE    0                         0      0        0
  SINCE MAR 1      0                         0      0        0
  SINCE JAN 1      0                         0      0        0
..................................................................


WIND (MPH)
  HIGHEST GUST SPEED    21   HIGHEST GUST DIRECTION     S (190)


SKY COVER
  AVERAGE SKY COVER 0.9


WEATHER CONDITIONS
 THE FOLLOWING WEATHER WAS RECORDED YESTERDAY.
  LIGHT RAIN


RELATIVE HUMIDITY (PERCENT)
 HIGHEST    83
 LOWEST     44
 AVERAGE    64

..........................................................


THE MCGRATH AK CLIMATE NORMALS FOR TODAY
                         NORMAL    RECORD    YEAR
 MAXIMUM TEMPERATURE (F)   61        79      2002
 MINIMUM TEMPERATURE (F)   39        30      1989


SUNRISE AND SUNSET
MAY 24 2017...........SUNRISE   454 AM AKDT  SUNSET  1147 PM AKDT
MAY 25 2017...........SUNRISE   452 AM AKDT  SUNSET  1150 PM AKDT

-  INDICATES NEGATIVE NUMBERS.
R  INDICATES RECORD WAS SET OR TIED.
MM INDICATES DATA IS MISSING.
T  INDICATES TRACE AMOUNT.

&&

SNOW DEPTH IS MEASURED AT 3AM AKST/4AM AKDT.

----------------------------
AVAILABLE DAYLIGHT

AMOUNT OF DAYLIGHT TODAY  (HOUR:MIN)........18:53
GAIN/LOSS SINCE YESTERDAY (HOUR:MIN:SEC)....+0:05:16

$$
MAY 17
