881
CDAK49 PAFG 240941
CLIMCG

CLIMATE REPORT
NATIONAL WEATHER SERVICE FAIRBANKS AK
1241 AM AKST TUE JAN 24 2017


...................................

...THE MCGRATH AK CLIMATE SUMMARY FOR JANUARY 23 2017...

CLIMATE NORMAL PERIOD 1981 TO 2010
CLIMATE RECORD PERIOD 1946 TO 2017


WEATHER ITEM   OBSERVED TIME   RECORD YEAR NORMAL DEPARTURE LAST
                VALUE   (LST)  VALUE       VALUE  FROM      YEAR
                                                  NORMAL
..................................................................
TEMPERATURE (F)
 YESTERDAY
  MAXIMUM         -8   1147 PM  41    2000   3    -11       MM
  MINIMUM        -42    301 AM -61    1989 -15    -27       MM
  AVERAGE        -25                        -6    -19       MM

PRECIPITATION (IN)
  YESTERDAY        T             0.35 2000   0.03  -0.03    MM
  MONTH TO DATE    0.41                      0.82  -0.41    MM
  SINCE DEC 1      1.38                      2.11  -0.73    MM
  SINCE JAN 1      0.41                      0.82  -0.41    MM

SNOWFALL (IN)
  YESTERDAY        T             4.6  1999   0.4   -0.4     MM
  MONTH TO DATE   12.5                      11.8    0.7     MM
  SINCE DEC 1     26.4                      32.0   -5.6     MM
  SINCE JUL 1     34.7                      63.0  -28.3     MM
  SNOW DEPTH      16

DEGREE DAYS
 HEATING
  YESTERDAY       90                        71     19       MM
  MONTH TO DATE 1775                      1653    122       MM
  SINCE DEC 1   3797                      3767     30       MM
  SINCE JUL 1   7543                      7890   -347       MM

 COOLING
  YESTERDAY        0                         0      0       MM
  MONTH TO DATE    0                         0      0       MM
  SINCE DEC 1      0                         0      0       MM
  SINCE JAN 1      0                         0      0       MM
..................................................................


WIND (MPH)
  HIGHEST GUST SPEED     9   HIGHEST GUST DIRECTION    NW (330)


SKY COVER
  AVERAGE SKY COVER 0.6


WEATHER CONDITIONS
 THE FOLLOWING WEATHER WAS RECORDED YESTERDAY.
  NO SIGNIFICANT WEATHER WAS OBSERVED.


RELATIVE HUMIDITY (PERCENT)
 HIGHEST    72
 LOWEST     62
 AVERAGE    67

..........................................................


THE MCGRATH AK CLIMATE NORMALS FOR TODAY
                         NORMAL    RECORD    YEAR
 MAXIMUM TEMPERATURE (F)    3        39      1961
 MINIMUM TEMPERATURE (F)  -15       -60      1989


SUNRISE AND SUNSET
JANUARY 24 2017.......SUNRISE  1015 AM AKST  SUNSET   456 PM AKST
JANUARY 25 2017.......SUNRISE  1012 AM AKST  SUNSET   500 PM AKST

-  INDICATES NEGATIVE NUMBERS.
R  INDICATES RECORD WAS SET OR TIED.
MM INDICATES DATA IS MISSING.
T  INDICATES TRACE AMOUNT.

&&

SNOW DEPTH IS MEASURED AT 3AM AKST/4AM AKDT.

----------------------------
AVAILABLE DAYLIGHT

AMOUNT OF DAYLIGHT TODAY  (HOUR:MIN)........6:42
GAIN/LOSS SINCE YESTERDAY (HOUR:MIN:SEC)....+0:05:33

$$
SDB JAN 17
