000
CDUS43 KEAX 300643
CLIMCI

CLIMATE REPORT
NATIONAL WEATHER SERVICE KANSAS CITY/PLEASANT HILL MO
141 AM CDT SUN APR 30 2017


...................................

...THE KANSAS CITY INTERNATIONAL MO CLIMATE SUMMARY FOR APRIL 29 2017...

CLIMATE NORMAL PERIOD 1981 TO 2010
CLIMATE RECORD PERIOD 1888 TO 2017


WEATHER ITEM   OBSERVED TIME   RECORD YEAR NORMAL DEPARTURE LAST
                VALUE   (LST)  VALUE       VALUE  FROM      YEAR
                                                  NORMAL
..................................................................
TEMPERATURE (F)
 YESTERDAY
  MAXIMUM         48    351 PM  95    1910  70    -22       55
  MINIMUM         43   1159 PM  34    1976  49     -6       47
                                      1907
  AVERAGE         46                        59    -13       51

PRECIPITATION (IN)
  YESTERDAY        1.65          2.01 1984   0.15   1.50     0.35
  MONTH TO DATE    6.30                      3.54   2.76     6.70
  SINCE MAR 1      9.11                      5.91   3.20     9.42
  SINCE JAN 1     10.56                      8.44   2.12    10.58

SNOWFALL (IN)
  YESTERDAY        0.0           0.0    MM   0.0    0.0      0.0
  MONTH TO DATE    0.0                       0.6   -0.6      0.0
  SINCE MAR 1      0.4                       2.6   -2.2      0.6
  SINCE JUL 1      4.9                      18.8  -13.9      5.9
  SNOW DEPTH       0

DEGREE DAYS
 HEATING
  YESTERDAY       19                         7     12       14
  MONTH TO DATE  244                       322    -78      237
  SINCE MAR 1    769                       968   -199      680
  SINCE JUL 1   4023                      5013   -990     4037

 COOLING
  YESTERDAY        0                         1     -1        0
  MONTH TO DATE   27                        23      4       12
  SINCE MAR 1     33                        26      7       14
  SINCE JAN 1     33                        26      7       14
..................................................................


WIND (MPH)
  HIGHEST WIND SPEED    40   HIGHEST WIND DIRECTION     E (80)
  HIGHEST GUST SPEED    48   HIGHEST GUST DIRECTION     E (70)
  AVERAGE WIND SPEED    17.6


SKY COVER
  POSSIBLE SUNSHINE  MM
  AVERAGE SKY COVER 1.0


WEATHER CONDITIONS
 THE FOLLOWING WEATHER WAS RECORDED YESTERDAY.
  THUNDERSTORM
  HEAVY RAIN
  RAIN
  LIGHT RAIN
  FOG


RELATIVE HUMIDITY (PERCENT)
 HIGHEST   100           300 AM
 LOWEST     92          1200 AM
 AVERAGE    96

..........................................................


THE KANSAS CITY INTERNATIONAL MO CLIMATE NORMALS FOR TODAY
                         NORMAL    RECORD    YEAR
 MAXIMUM TEMPERATURE (F)   70        91      1936
 MINIMUM TEMPERATURE (F)   49        31      2005
                                             1903


SUNRISE AND SUNSET
APRIL 30 2017.........SUNRISE   621 AM CDT   SUNSET   812 PM CDT
MAY  1 2017...........SUNRISE   620 AM CDT   SUNSET   813 PM CDT


-  INDICATES NEGATIVE NUMBERS.
R  INDICATES RECORD WAS SET OR TIED.
MM INDICATES DATA IS MISSING.
T  INDICATES TRACE AMOUNT.


&&

...MISCELLANEOUS CLIMATE DATA FROM YESTERDAY...

LOCATION                HIGH    LOW      PRECIP
ST. JOSEPH               47      42       0.70
DOWNTOWN KANSAS CITY     50      46       1.56
OLATHE NEW CENTURY       51      44       2.44
OLATHE JO CO EXEC        53      43       2.59
LEES SUMMIT              50      44       2.71
KIRKSVILLE               48      42       1.54
CHILLICOTHE              48      43       1.27
SEDALIA                  54      47       3.03
NWS PLEASANT HILL MO     50      44       2.62


THIS PRODUCT...ALONG WITH OTHER WEATHER...HYDROLOGICAL AND CLIMATE
INFORMATION...IS AVAILABLE ON THE WEB AT HTTP://WWW.WEATHER.GOV/EAX
OR AT HTTP://WEATHER.GOV

$$
