000
CDUS43 KEAX 312123
CLIMCI

CLIMATE REPORT
NATIONAL WEATHER SERVICE KANSAS CITY/PLEASANT HILL MO
422 PM CDT TUE MAY 31 2016


...................................

...THE KANSAS CITY INTERNATIONAL MO CLIMATE SUMMARY FOR MAY 31 2016...
VALID AS OF 0400 PM LOCAL TIME.

CLIMATE NORMAL PERIOD 1981 TO 2010
CLIMATE RECORD PERIOD 1888 TO 2016


WEATHER ITEM   OBSERVED TIME   RECORD YEAR NORMAL DEPARTURE LAST
                VALUE   (LST)  VALUE       VALUE  FROM      YEAR
                                                  NORMAL
..................................................................
TEMPERATURE (F)
 TODAY
  MAXIMUM         78    245 PM 102    1934  79     -1       70
  MINIMUM         60    320 AM  42    1889  59      1       55
  AVERAGE         69                        69      0       63

PRECIPITATION (IN)
  TODAY            0.00          2.44 1996   0.17  -0.17      T
  MONTH TO DATE    9.50                      5.23   4.27    10.25
  SINCE MAR 1     19.37                     11.30   8.07    14.42
  SINCE JAN 1     20.53                     13.83   6.70    16.60

SNOWFALL (IN)
  TODAY            0.0           0.0    MM   0.0    0.0      0.0
  MONTH TO DATE    0.0                       0.0    0.0      0.0
  SINCE MAR 1      0.6                       2.6   -2.0       T
  SINCE JUL 1      5.9                      18.8  -12.9     14.2
  SNOW DEPTH       0

DEGREE DAYS
 HEATING
  TODAY            0                         1     -1        2
  MONTH TO DATE  120                       104     16       96
  SINCE MAR 1    805                      1079   -274      902
  SINCE JUL 1   4162                      5124   -962     5116

 COOLING
  TODAY            4                         5     -1        0
  MONTH TO DATE   56                        88    -32       59
  SINCE MAR 1     70                       116    -46       68
  SINCE JAN 1     70                       116    -46       68
..................................................................


WIND (MPH)
  HIGHEST WIND SPEED    13   HIGHEST WIND DIRECTION    SE (130)
  HIGHEST GUST SPEED    15   HIGHEST GUST DIRECTION    SE (120)
  AVERAGE WIND SPEED     4.6


SKY COVER
  POSSIBLE SUNSHINE  MM
  AVERAGE SKY COVER 0.7


WEATHER CONDITIONS
 THE FOLLOWING WEATHER WAS RECORDED TODAY.
  NO SIGNIFICANT WEATHER WAS OBSERVED.


RELATIVE HUMIDITY (PERCENT)
 HIGHEST    93           500 AM
 LOWEST     64           300 PM
 AVERAGE    79

..........................................................


THE KANSAS CITY INTERNATIONAL MO CLIMATE NORMALS FOR TOMORROW
                         NORMAL    RECORD    YEAR
 MAXIMUM TEMPERATURE (F)   80       101      1934
 MINIMUM TEMPERATURE (F)   59        43      1983


SUNRISE AND SUNSET
MAY 31 2016...........SUNRISE   554 AM CDT   SUNSET   839 PM CDT
JUNE  1 2016..........SUNRISE   554 AM CDT   SUNSET   840 PM CDT


-  INDICATES NEGATIVE NUMBERS.
R  INDICATES RECORD WAS SET OR TIED.
MM INDICATES DATA IS MISSING.
T  INDICATES TRACE AMOUNT.


&&

...MISCELLANEOUS CLIMATE DATA FROM TODAY...

LOCATION                HIGH    LOW      PRECIP
ST. JOSEPH               77      62       0.00
DOWNTOWN KANSAS CITY     79      64       0.03
OLATHE NEW CENTURY       76      61       0.00
OLATHE JO CO EXEC        77      60       0.00
LEES SUMMIT              80      62       0.00
KIRKSVILLE               80      61       T
CHILLICOTHE              80      59       0.03
SEDALIA                  81      64       T
NWS PLEASANT HILL MO     78      59       0.46


THIS PRODUCT...ALONG WITH OTHER WEATHER...HYDROLOGICAL AND CLIMATE
INFORMATION...IS AVAILABLE ON THE WEB AT HTTP://WWW.WEATHER.GOV/EAX
OR AT HTTP://WEATHER.GOV

$$
