000
CDUS43 KEAX 010633
CLIMCI

CLIMATE REPORT
NATIONAL WEATHER SERVICE KANSAS CITY/PLEASANT HILL MO
132 AM CDT SAT OCT 1 2016


...................................

...THE KANSAS CITY INTERNATIONAL MO CLIMATE SUMMARY FOR SEPTEMBER 30 2016...

CLIMATE NORMAL PERIOD 1981 TO 2010
CLIMATE RECORD PERIOD 1888 TO 2016


WEATHER ITEM   OBSERVED TIME   RECORD YEAR NORMAL DEPARTURE LAST
                VALUE   (LST)  VALUE       VALUE  FROM      YEAR
                                                  NORMAL
..................................................................
TEMPERATURE (F)
 YESTERDAY
  MAXIMUM         74    314 PM  93    1938  73      1       70
  MINIMUM         49    644 AM  33    1984  51     -2       48
  AVERAGE         62                        62      0       59

PRECIPITATION (IN)
  YESTERDAY        0.00          2.52 1923   0.13  -0.13     0.00
  MONTH TO DATE    4.94                      4.62   0.32     5.73
  SINCE SEP 1      4.94                      4.62   0.32     5.73
  SINCE JAN 1     44.37                     32.02  12.35    37.64

SNOWFALL (IN)
  YESTERDAY        0.0           0.0    MM   0.0    0.0      0.0
  MONTH TO DATE    0.0                       0.0    0.0      0.0
  SINCE SEP 1      0.0                       0.0    0.0      0.0
  SINCE JUL 1      0.0                       0.0    0.0      0.0
  SNOW DEPTH       0

DEGREE DAYS
 HEATING
  YESTERDAY        3                         5     -2        6
  MONTH TO DATE   21                        64    -43       18
  SINCE SEP 1     21                        65    -44       18
  SINCE JUL 1     21                        67    -46       21

 COOLING
  YESTERDAY        0                         2     -2        0
  MONTH TO DATE  220                       159     61      262
  SINCE SEP 1    220                       159     61      262
  SINCE JAN 1   1517                      1332    185     1337
..................................................................


WIND (MPH)
  HIGHEST WIND SPEED    15   HIGHEST WIND DIRECTION     N (10)
  HIGHEST GUST SPEED    22   HIGHEST GUST DIRECTION    NE (30)
  AVERAGE WIND SPEED     7.6


SKY COVER
  POSSIBLE SUNSHINE  MM
  AVERAGE SKY COVER 0.2


WEATHER CONDITIONS
 THE FOLLOWING WEATHER WAS RECORDED YESTERDAY.
  NO SIGNIFICANT WEATHER WAS OBSERVED.


RELATIVE HUMIDITY (PERCENT)
 HIGHEST    86           300 AM
 LOWEST     38           100 PM
 AVERAGE    62

..........................................................


THE KANSAS CITY INTERNATIONAL MO CLIMATE NORMALS FOR TODAY
                         NORMAL    RECORD    YEAR
 MAXIMUM TEMPERATURE (F)   73        94      2006
 MINIMUM TEMPERATURE (F)   51        31      1985


SUNRISE AND SUNSET
OCTOBER  1 2016.......SUNRISE   715 AM CDT   SUNSET   701 PM CDT
OCTOBER  2 2016.......SUNRISE   716 AM CDT   SUNSET   659 PM CDT


-  INDICATES NEGATIVE NUMBERS.
R  INDICATES RECORD WAS SET OR TIED.
MM INDICATES DATA IS MISSING.
T  INDICATES TRACE AMOUNT.


&&

...MISCELLANEOUS CLIMATE DATA FROM YESTERDAY...

LOCATION                HIGH    LOW      PRECIP
ST. JOSEPH               76      44       0.00
DOWNTOWN KANSAS CITY     77      51       0.00
OLATHE NEW CENTURY       74      48       0.00
OLATHE JO CO EXEC        74      50       0.00
LEES SUMMIT              75      49       0.00
KIRKSVILLE               69      51       0.00
CHILLICOTHE              73      52       0.00
SEDALIA                  77      50       0.00
NWS PLEASANT HILL MO     74      50       0.00


THIS PRODUCT...ALONG WITH OTHER WEATHER...HYDROLOGICAL AND CLIMATE
INFORMATION...IS AVAILABLE ON THE WEB AT HTTP://WWW.WEATHER.GOV/EAX
OR AT HTTP://WEATHER.GOV

$$
