000
CDUS43 KGLD 300857
CLIMCK

CLIMATE REPORT
NATIONAL WEATHER SERVICE GOODLAND
254 AM MDT SAT APR 30 2016
...................................

...THE MCCOOK NE CLIMATE SUMMARY FOR APRIL 29 2016...

CLIMATE NORMAL PERIOD 1981 TO 2010
CLIMATE RECORD PERIOD 1896 TO 2016

WEATHER ITEM   OBSERVED TIME   RECORD YEAR NORMAL DEPARTURE LAST
                VALUE   (LST)  VALUE       VALUE  FROM      YEAR
                                                  NORMAL
..................................................................
TEMPERATURE (F)
 YESTERDAY
  MAXIMUM         44   1114 AM  95    1927  69    -25       76
  MINIMUM         37   1159 PM  26    1994  40     -3       40
  AVERAGE         41                        54    -13       58

PRECIPITATION (IN)
  YESTERDAY        0.62                      0.09   0.53     0.00
  MONTH TO DATE    6.02                      2.21   3.81     1.95
  SINCE MAR 1      6.50                      3.57   2.93     1.98
  SINCE JAN 1      7.51                      4.70   2.81     2.32

..................................................................

THE MCCOOK NE CLIMATE NORMALS FOR TODAY
                         NORMAL    RECORD    YEAR
 MAXIMUM TEMPERATURE (F)   69        96      1992
 MINIMUM TEMPERATURE (F)   40        23      1950

-  INDICATES NEGATIVE NUMBERS.
R  INDICATES RECORD WAS SET OR TIED.
MM INDICATES DATA IS MISSING.
T  INDICATES TRACE AMOUNT.

$$
