000
CDUS43 KGLD 280749 RRA
CLIMCK

CLIMATE REPORT
NATIONAL WEATHER SERVICE GOODLAND
1246 AM MST SUN DEC 28 2014


...................................

...THE MCCOOK NE CLIMATE SUMMARY FOR DECEMBER 27 2014...

CLIMATE NORMAL PERIOD 1981 TO 2010
CLIMATE RECORD PERIOD 1896 TO 2014


WEATHER ITEM   OBSERVED TIME   RECORD YEAR NORMAL DEPARTURE LAST
                VALUE   (LST)  VALUE       VALUE  FROM      YEAR
                                                  NORMAL
..................................................................
TEMPERATURE (F)
 YESTERDAY
  MAXIMUM         26    425 PM  70    1980  40    -14       61
  MINIMUM          6   1101 PM -12    1911  14     -8       19
  AVERAGE         16                        27    -11       40

PRECIPITATION (IN)
  YESTERDAY        0.00                      0.01  -0.01     0.00
  MONTH TO DATE    0.93                      0.56   0.37     0.22
  SINCE DEC 1      0.93                      0.56   0.37     0.22
  SINCE JAN 1     23.83                     22.45   1.38    12.83

..................................................................


THE MCCOOK NE CLIMATE NORMALS FOR TODAY
                         NORMAL    RECORD    YEAR
 MAXIMUM TEMPERATURE (F)   40        66      2002
 MINIMUM TEMPERATURE (F)   14       -12      1911



-  INDICATES NEGATIVE NUMBERS.
R  INDICATES RECORD WAS SET OR TIED.
MM INDICATES DATA IS MISSING.
T  INDICATES TRACE AMOUNT.

$$
