000
CDUS43 KGLD 230741 RRB
CLIMCK

CLIMATE REPORT
NATIONAL WEATHER SERVICE GOODLAND
139 AM MDT WED AUG 23 2017

...................................

...THE MCCOOK NE CLIMATE SUMMARY FOR AUGUST 22 2017...

CLIMATE NORMAL PERIOD 1981 TO 2010
CLIMATE RECORD PERIOD 1896 TO 2017


WEATHER ITEM   OBSERVED TIME   RECORD YEAR NORMAL DEPARTURE LAST
                VALUE   (LST)  VALUE       VALUE  FROM      YEAR
                                                  NORMAL
..................................................................
TEMPERATURE (F)
 YESTERDAY
  MAXIMUM         81    428 PM 104    1938  87     -6       94
  MINIMUM         59    643 AM  44    1923  59      0       66
  AVERAGE         70                        73     -3       80

PRECIPITATION (IN)
  YESTERDAY        0.00                      0.09  -0.09      T
  MONTH TO DATE    3.59                      2.45   1.14     1.72
  SINCE JUN 1      6.03                      9.08  -3.05     6.95
  SINCE JAN 1     14.06                     17.02  -2.96    17.15

..................................................................


THE MCCOOK NE CLIMATE NORMALS FOR TODAY
                         NORMAL    RECORD    YEAR
 MAXIMUM TEMPERATURE (F)   87       103      2011
                                             1936
 MINIMUM TEMPERATURE (F)   59        47      2015
                                             1964


-  INDICATES NEGATIVE NUMBERS.
R  INDICATES RECORD WAS SET OR TIED.
MM INDICATES DATA IS MISSING.
T  INDICATES TRACE AMOUNT.


$$
