000
CDUS43 KGLD 190744
CLIMCK

CLIMATE REPORT
NATIONAL WEATHER SERVICE GOODLAND
1238 AM MST SUN FEB 19 2017


...................................

...THE MCCOOK NE CLIMATE SUMMARY FOR FEBRUARY 18 2017...

CLIMATE NORMAL PERIOD 1981 TO 2010
CLIMATE RECORD PERIOD 1896 TO 2017


WEATHER ITEM   OBSERVED TIME   RECORD YEAR NORMAL DEPARTURE LAST
                VALUE   (LST)  VALUE       VALUE  FROM      YEAR
                                                  NORMAL
..................................................................
TEMPERATURE (F)
 YESTERDAY
  MAXIMUM         65    506 PM  82    1970  45     20       76
  MINIMUM         23    701 AM -10    1936  18      5       31
  AVERAGE         44                        32     12       54

PRECIPITATION (IN)
  YESTERDAY        0.00                      0.02  -0.02     0.00
  MONTH TO DATE    T                         0.35  -0.35     0.96
  SINCE DEC 1      1.13                      1.50  -0.37     1.14
  SINCE JAN 1      0.70                      0.86  -0.16     0.98

..................................................................


THE MCCOOK NE CLIMATE NORMALS FOR TODAY
                         NORMAL    RECORD    YEAR
 MAXIMUM TEMPERATURE (F)   46        83      1930
 MINIMUM TEMPERATURE (F)   18        -9      1929


-  INDICATES NEGATIVE NUMBERS.
R  INDICATES RECORD WAS SET OR TIED.
MM INDICATES DATA IS MISSING.
T  INDICATES TRACE AMOUNT.

$$
