000
CDUS43 KGLD 250049 RRA
CLIMCK

CLIMATE REPORT
NATIONAL WEATHER SERVICE GOODLAND
646 PM MDT FRI MAR 24 2017

...................................

...THE MCCOOK NE CLIMATE SUMMARY FOR MARCH 24 2017...
VALID TODAY AS OF 0600 PM LOCAL TIME.

CLIMATE NORMAL PERIOD 1981 TO 2010
CLIMATE RECORD PERIOD 1896 TO 2017


WEATHER ITEM   OBSERVED TIME   RECORD YEAR NORMAL DEPARTURE LAST
                VALUE   (LST)  VALUE       VALUE  FROM      YEAR
                                                  NORMAL
..................................................................
TEMPERATURE (F)
 TODAY
  MAXIMUM         60   1212 AM  85    1967  57      3       47
  MINIMUM         41    459 PM   4    1965  27     14       23
  AVERAGE         51                        42      9       35

PRECIPITATION (IN)
  TODAY            0.17                      0.05   0.12      T
  MONTH TO DATE    0.20                      1.01  -0.81     0.48
  SINCE MAR 1      0.20                      1.01  -0.81     0.48
  SINCE JAN 1      0.90                      2.14  -1.24     1.49

..................................................................


THE MCCOOK NE CLIMATE NORMALS FOR TOMORROW
                         NORMAL    RECORD    YEAR
 MAXIMUM TEMPERATURE (F)   57        88      1910
 MINIMUM TEMPERATURE (F)   27         0      1965


-  INDICATES NEGATIVE NUMBERS.
R  INDICATES RECORD WAS SET OR TIED.
MM INDICATES DATA IS MISSING.
T  INDICATES TRACE AMOUNT.


$$
