129
CDUS42 KFFC 280815
CLIMCN


CLIMATE REPORT
NATIONAL WEATHER SERVICE PEACHTREE CITY GA
415 AM EDT SUN MAY 28 2017


...................................

...THE MACON CLIMATE SUMMARY FOR MAY 27 2017...

CLIMATE NORMAL PERIOD 1981 TO 2010
CLIMATE RECORD PERIOD 1899 TO 2017


WEATHER ITEM   OBSERVED TIME   RECORD YEAR NORMAL DEPARTURE LAST
                VALUE   (LST)  VALUE       VALUE  FROM      YEAR
                                                  NORMAL
..................................................................
TEMPERATURE (F)
 YESTERDAY
  MAXIMUM         89    345 PM  99    1953  87      2       89
  MINIMUM         61    601 AM  45    1961  63     -2       64
  AVERAGE         75                        75      0       77

PRECIPITATION (IN)
  YESTERDAY        0.00          1.44 1912   0.10  -0.10     0.00
  MONTH TO DATE    6.07                      2.27   3.80     1.96
  SINCE MAR 1     10.53                      9.78   0.75    12.23
  SINCE JAN 1     23.73                     18.38   5.35    17.96

DEGREE DAYS
 HEATING
  YESTERDAY        0                         0      0        0
  MONTH TO DATE   15                        11      4       11
  SINCE MAR 1    293                       393   -100      268
  SINCE JUL 1   1480                      2318   -838     1798

 COOLING
  YESTERDAY       10                        10      0       12
  MONTH TO DATE  182                       185     -3      186
  SINCE MAR 1    382                       266    116      305
  SINCE JAN 1    393                       269    124      306
..................................................................


WIND (MPH)
  RESULTANT WIND SPEED   5   RESULTANT WIND DIRECTION   W (260)
  HIGHEST WIND SPEED    17   HIGHEST WIND DIRECTION     W (270)
  HIGHEST GUST SPEED    22   HIGHEST GUST DIRECTION     W (270)
  AVERAGE WIND SPEED     5.6


SKY COVER
  AVERAGE SKY COVER 0.0


WEATHER CONDITIONS
 THE FOLLOWING WEATHER WAS RECORDED YESTERDAY.
  NO SIGNIFICANT WEATHER WAS OBSERVED.


RELATIVE HUMIDITY (PERCENT)
 HIGHEST    97           600 AM
 LOWEST     29           200 PM
 AVERAGE    63

..........................................................


THE MACON CLIMATE NORMALS FOR TODAY
                         NORMAL    RECORD    YEAR
 MAXIMUM TEMPERATURE (F)   88        99      1967
 MINIMUM TEMPERATURE (F)   63        46      1961


SUNRISE AND SUNSET
MAY 28 2017...........SUNRISE   629 AM EDT   SUNSET   835 PM EDT
MAY 29 2017...........SUNRISE   628 AM EDT   SUNSET   836 PM EDT


-  INDICATES NEGATIVE NUMBERS.
R  INDICATES RECORD WAS SET OR TIED.
MM INDICATES DATA IS MISSING.
T  INDICATES TRACE AMOUNT.




$$
