000
CDUS42 KFFC 190025
CLIMCN


CLIMATE REPORT
NATIONAL WEATHER SERVICE PEACHTREE CITY GA
825 PM EDT FRI APR 18 2014


...................................

...THE MACON CLIMATE SUMMARY FOR APRIL 18 2014...
VALID AS OF 0800 PM LOCAL TIME.

CLIMATE NORMAL PERIOD 1981 TO 2010
CLIMATE RECORD PERIOD 1899 TO 2014


WEATHER ITEM   OBSERVED TIME   RECORD YEAR NORMAL DEPARTURE LAST
                VALUE   (LST)  VALUE       VALUE  FROM      YEAR
                                                  NORMAL
..................................................................
TEMPERATURE (F)
 TODAY
  MAXIMUM         59   1229 AM  90    1967  77    -18       82
                                      1955
  MINIMUM         52    710 PM  33    2001  51      1       55
  AVERAGE         56                        64     -8       69

PRECIPITATION (IN)
  TODAY            1.49          3.47 1900   0.09   1.40     0.00
  MONTH TO DATE    5.30                      1.93   3.37     4.50
  SINCE MAR 1      9.23                      6.48   2.75     8.29
  SINCE JAN 1     17.06                     15.08   1.98    23.21

SNOWFALL (IN)
  TODAY            0.0           0.0  2002   0.0    0.0      0.0
                                      2001
                                      2000
  MONTH TO DATE    0.0                       0.0    0.0      0.0
  SINCE MAR 1      0.0                       0.2   -0.2      0.0
  SINCE JUL 1      2.1                       0.7    1.4      0.0
  SNOW DEPTH       0

DEGREE DAYS
 HEATING
  TODAY            9                         3      6        0
  MONTH TO DATE   87                        83      4       81
  SINCE MAR 1    458                       355    103      519
  SINCE JUL 1   2591                      2280    311     2193

 COOLING
  TODAY            0                         2     -2        4
  MONTH TO DATE   21                        28     -7       27
  SINCE MAR 1     21                        46    -25       31
  SINCE JAN 1     22                        49    -27       49
..................................................................


WIND (MPH)
  HIGHEST WIND SPEED    23   HIGHEST WIND DIRECTION    NE (50)
  HIGHEST GUST SPEED    28   HIGHEST GUST DIRECTION    NE (40)
  AVERAGE WIND SPEED    11.4


SKY COVER
  AVERAGE SKY COVER 0.9


WEATHER CONDITIONS
 THE FOLLOWING WEATHER WAS RECORDED TODAY.
  HEAVY RAIN
  RAIN
  LIGHT RAIN
  FOG


RELATIVE HUMIDITY (PERCENT)
 HIGHEST   100          1100 AM
 LOWEST     57          1200 AM

..........................................................


THE MACON CLIMATE NORMALS FOR TOMORROW
                         NORMAL    RECORD
 MAXIMUM TEMPERATURE (F)   78        91
 MINIMUM TEMPERATURE (F)   51        31


SUNRISE AND SUNSET
APRIL 18 2014.........SUNRISE   702 AM EDT   SUNSET   807 PM EDT
APRIL 19 2014.........SUNRISE   700 AM EDT   SUNSET   807 PM EDT


-  INDICATES NEGATIVE NUMBERS.
R  INDICATES RECORD WAS SET OR TIED.
MM INDICATES DATA IS MISSING.
T  INDICATES TRACE AMOUNT.




$$
