000
CDUS42 KFFC 220035
CLIMCN


CLIMATE REPORT
NATIONAL WEATHER SERVICE PEACHTREE CITY GA
735 PM EST WED FEB 21 2018


...................................

...THE MACON CLIMATE SUMMARY FOR FEBRUARY 21 2018...
VALID AS OF 0700 PM LOCAL TIME.

CLIMATE NORMAL PERIOD 1981 TO 2010
CLIMATE RECORD PERIOD 1899 TO 2018


WEATHER ITEM   OBSERVED TIME   RECORD YEAR NORMAL DEPARTURE LAST
                VALUE   (LST)  VALUE       VALUE  FROM      YEAR
                                                  NORMAL
..................................................................
TEMPERATURE (F)
 TODAY
  MAXIMUM         83R   327 PM  81    1976  64     19       73
  MINIMUM         69    838 AM  23    1958  39     30       49
  AVERAGE         76                        51     25       61

PRECIPITATION (IN)
  TODAY            0.00          3.76 1989   0.15  -0.15     0.00
  MONTH TO DATE    2.79                      3.27  -0.48     1.51
  SINCE DEC 1      8.19                     11.55  -3.36    18.72
  SINCE JAN 1      4.93                      7.51  -2.58    12.77

SNOWFALL (IN)
  TODAY            0.0           0.0  2002   0.0    0.0      0.0
  MONTH TO DATE    0.0                       0.0    0.0      0.0
  SINCE DEC 1      1.0                       0.5    0.5      0.0
  SINCE JUL 1      1.0                       0.5    0.5      0.0
  SNOW DEPTH       0

DEGREE DAYS
 HEATING
  TODAY            0                        14    -14        4
  MONTH TO DATE  162                       330   -168      182
  SINCE DEC 1   1280                      1440   -160      915
  SINCE JUL 1   1638                      1835   -197     1157
..................................................................


WIND (MPH)
  HIGHEST WIND SPEED    14   HIGHEST WIND DIRECTION    SW (220)
  HIGHEST GUST SPEED    18   HIGHEST GUST DIRECTION    SW (220)
  AVERAGE WIND SPEED     7.1


SKY COVER
  AVERAGE SKY COVER 0.8


WEATHER CONDITIONS
 THE FOLLOWING WEATHER WAS RECORDED TODAY.
  FOG


RELATIVE HUMIDITY (PERCENT)
 HIGHEST    97           900 AM
 LOWEST     54           400 PM

..........................................................


THE MACON CLIMATE NORMALS FOR TOMORROW
                         NORMAL    RECORD
 MAXIMUM TEMPERATURE (F)   64        83
 MINIMUM TEMPERATURE (F)   39        17


SUNRISE AND SUNSET
FEBRUARY 21 2018......SUNRISE   711 AM EST   SUNSET   625 PM EST
FEBRUARY 22 2018......SUNRISE   710 AM EST   SUNSET   626 PM EST


-  INDICATES NEGATIVE NUMBERS.
R  INDICATES RECORD WAS SET OR TIED.
MM INDICATES DATA IS MISSING.
T  INDICATES TRACE AMOUNT.




$$
