000
CDUS42 KFFC 240024
CLIMCN


CLIMATE REPORT
NATIONAL WEATHER SERVICE PEACHTREE CITY GA
824 PM EDT TUE AUG 23 2016


...................................

...THE MACON CLIMATE SUMMARY FOR AUGUST 23 2016...
VALID AS OF 0800 PM LOCAL TIME.

CLIMATE NORMAL PERIOD 1981 TO 2010
CLIMATE RECORD PERIOD 1899 TO 2016


WEATHER ITEM   OBSERVED TIME   RECORD YEAR NORMAL DEPARTURE LAST
                VALUE   (LST)  VALUE       VALUE  FROM      YEAR
                                                  NORMAL
..................................................................
TEMPERATURE (F)
 TODAY
  MAXIMUM         95    120 PM 104    1968  91      4       86
  MINIMUM         71    632 AM  59    1930  70      1       70
  AVERAGE         83                        80      3       78

PRECIPITATION (IN)
  TODAY            0.04          2.14 2013   0.14  -0.10     0.60
  MONTH TO DATE    2.03                      3.03  -1.00     4.02
  SINCE JUN 1      6.26                     12.04  -5.78     9.36
  SINCE JAN 1     24.22                     30.87  -6.65    25.86

DEGREE DAYS
 COOLING
  TODAY           18                        15      3       13
  MONTH TO DATE  427                       375     52      390
  SINCE JUN 1   1533                      1315    218     1462
  SINCE JAN 1   1885                      1628    257     1847
..................................................................


WIND (MPH)
  HIGHEST WIND SPEED    16   HIGHEST WIND DIRECTION     S (190)
  HIGHEST GUST SPEED    23   HIGHEST GUST DIRECTION     S (190)
  AVERAGE WIND SPEED     3.4


SKY COVER
  AVERAGE SKY COVER 0.4


WEATHER CONDITIONS
 THE FOLLOWING WEATHER WAS RECORDED TODAY.
  THUNDERSTORM
  LIGHT RAIN


RELATIVE HUMIDITY (PERCENT)
 HIGHEST    93           100 AM
 LOWEST     52          1100 AM

..........................................................


THE MACON CLIMATE NORMALS FOR TOMORROW
                         NORMAL    RECORD
 MAXIMUM TEMPERATURE (F)   91       103
 MINIMUM TEMPERATURE (F)   70        58


SUNRISE AND SUNSET
AUGUST 23 2016........SUNRISE   704 AM EDT   SUNSET   810 PM EDT
AUGUST 24 2016........SUNRISE   704 AM EDT   SUNSET   809 PM EDT


-  INDICATES NEGATIVE NUMBERS.
R  INDICATES RECORD WAS SET OR TIED.
MM INDICATES DATA IS MISSING.
T  INDICATES TRACE AMOUNT.




$$
