000
CDUS42 KFFC 250833
CLIMCN


CLIMATE REPORT
NATIONAL WEATHER SERVICE PEACHTREE CITY GA
432 AM EDT MON SEP 25 2017


...................................

...THE MACON CLIMATE SUMMARY FOR SEPTEMBER 24 2017...

CLIMATE NORMAL PERIOD 1981 TO 2010
CLIMATE RECORD PERIOD 1899 TO 2017


WEATHER ITEM   OBSERVED TIME   RECORD YEAR NORMAL DEPARTURE LAST
                VALUE   (LST)  VALUE       VALUE  FROM      YEAR
                                                  NORMAL
..................................................................
TEMPERATURE (F)
 YESTERDAY
  MAXIMUM         88    315 PM  96    1993  84      4       95
                                      1961
                                      1931
  MINIMUM         64    708 AM  44    1967  61      3       66
  AVERAGE         76                        72      4       81

PRECIPITATION (IN)
  YESTERDAY        0.00          3.51 1914   0.11  -0.11     0.00
  MONTH TO DATE    3.87                      2.94   0.93     2.18
  SINCE SEP 1      3.87                      2.94   0.93     2.18
  SINCE JAN 1     41.40                     34.88   6.52    26.40

DEGREE DAYS
 HEATING
  YESTERDAY        0                         0      0        0
  MONTH TO DATE    1                         0      1        0
  SINCE SEP 1      1                         0      1        0
  SINCE JUL 1      1                         0      1        0

 COOLING
  YESTERDAY       11                         8      3       16
  MONTH TO DATE  225                       265    -40      348
  SINCE SEP 1    225                       265    -40      348
  SINCE JAN 1   2087                      2009     78     2375
..................................................................


WIND (MPH)
  RESULTANT WIND SPEED   4   RESULTANT WIND DIRECTION  NE (60)
  HIGHEST WIND SPEED    15   HIGHEST WIND DIRECTION    NE (60)
  HIGHEST GUST SPEED    19   HIGHEST GUST DIRECTION     E (70)
  AVERAGE WIND SPEED     5.1


SKY COVER
  AVERAGE SKY COVER 0.1


WEATHER CONDITIONS
 THE FOLLOWING WEATHER WAS RECORDED YESTERDAY.
  FOG


RELATIVE HUMIDITY (PERCENT)
 HIGHEST   100           100 AM
 LOWEST     46           400 PM
 AVERAGE    73

..........................................................


THE MACON CLIMATE NORMALS FOR TODAY
                         NORMAL    RECORD    YEAR
 MAXIMUM TEMPERATURE (F)   84        96      1993
                                             1961
 MINIMUM TEMPERATURE (F)   61        45      1990


SUNRISE AND SUNSET
SEPTEMBER 25 2017.....SUNRISE   725 AM EDT   SUNSET   727 PM EDT
SEPTEMBER 26 2017.....SUNRISE   726 AM EDT   SUNSET   726 PM EDT


-  INDICATES NEGATIVE NUMBERS.
R  INDICATES RECORD WAS SET OR TIED.
MM INDICATES DATA IS MISSING.
T  INDICATES TRACE AMOUNT.




$$
