000
CDUS42 KFFC 280023
CLIMCN


CLIMATE REPORT
NATIONAL WEATHER SERVICE PEACHTREE CITY GA
823 PM EDT SUN JUL 27 2014


...................................

...THE MACON CLIMATE SUMMARY FOR JULY 27 2014...
VALID AS OF 0800 PM LOCAL TIME.

CLIMATE NORMAL PERIOD 1981 TO 2010
CLIMATE RECORD PERIOD 1899 TO 2014


WEATHER ITEM   OBSERVED TIME   RECORD YEAR NORMAL DEPARTURE LAST
                VALUE   (LST)  VALUE       VALUE  FROM      YEAR
                                                  NORMAL
..................................................................
TEMPERATURE (F)
 TODAY
  MAXIMUM         94    446 PM 100    1993  93      1       89
                                      1968
                                      1940
  MINIMUM         70    554 AM  60    1911  71     -1       70
  AVERAGE         82                        82      0       80

PRECIPITATION (IN)
  TODAY            0.00          2.20 1980   0.16  -0.16     0.03
  MONTH TO DATE    5.04                      4.36   0.68     5.87
  SINCE JUN 1     10.69                      8.42   2.27    18.12
  SINCE JAN 1     32.88                     27.25   5.63    46.81

DEGREE DAYS
 COOLING
  TODAY           17                        17      0       15
  MONTH TO DATE  391                       453    -62      397
  SINCE JUN 1    806                       872    -66      793
  SINCE JAN 1   1084                      1185   -101     1003
..................................................................


WIND (MPH)
  HIGHEST WIND SPEED    14   HIGHEST WIND DIRECTION     W (290)
  HIGHEST GUST SPEED    17   HIGHEST GUST DIRECTION     W (290)
  AVERAGE WIND SPEED     5.7


SKY COVER
  AVERAGE SKY COVER 0.2


WEATHER CONDITIONS
 THE FOLLOWING WEATHER WAS RECORDED TODAY.
  NO SIGNIFICANT WEATHER WAS OBSERVED.


RELATIVE HUMIDITY (PERCENT)
 HIGHEST   100           100 AM
 LOWEST     49           300 PM

..........................................................


THE MACON CLIMATE NORMALS FOR TOMORROW
                         NORMAL    RECORD
 MAXIMUM TEMPERATURE (F)   93       101
 MINIMUM TEMPERATURE (F)   71        62


SUNRISE AND SUNSET
JULY 27 2014..........SUNRISE   645 AM EDT   SUNSET   837 PM EDT
JULY 28 2014..........SUNRISE   646 AM EDT   SUNSET   836 PM EDT


-  INDICATES NEGATIVE NUMBERS.
R  INDICATES RECORD WAS SET OR TIED.
MM INDICATES DATA IS MISSING.
T  INDICATES TRACE AMOUNT.




$$
