000
CDUS42 KFFC 030819
CLIMCN


CLIMATE REPORT
NATIONAL WEATHER SERVICE PEACHTREE CITY GA
418 AM EDT MON AUG 3 2015


...................................

...THE MACON CLIMATE SUMMARY FOR AUGUST 2 2015...

CLIMATE NORMAL PERIOD 1981 TO 2010
CLIMATE RECORD PERIOD 1899 TO 2015


WEATHER ITEM   OBSERVED TIME   RECORD YEAR NORMAL DEPARTURE LAST
                VALUE   (LST)  VALUE       VALUE  FROM      YEAR
                                                  NORMAL
..................................................................
TEMPERATURE (F)
 YESTERDAY
  MAXIMUM         93    406 PM 104    1986  93      0       78
  MINIMUM         71    413 AM  62    1925  71      0       68
  AVERAGE         82                        82      0       73

PRECIPITATION (IN)
  YESTERDAY        0.00          1.25 1971   0.14  -0.14     0.01
  MONTH TO DATE    0.00                      0.28  -0.28     0.02
  SINCE JUN 1      5.34                      9.29  -3.95    10.71
  SINCE JAN 1     21.84                     28.12  -6.28    32.90

DEGREE DAYS
 HEATING
  YESTERDAY        0                         0      0        0
  MONTH TO DATE    0                         0      0        0
  SINCE JUN 1      0                         0      0        0
  SINCE JUL 1      0                         0      0        0

 COOLING
  YESTERDAY       17                        17      0        8
  MONTH TO DATE   35                        34      1       18
  SINCE JUN 1   1107                       974    133      872
  SINCE JAN 1   1492                      1287    205     1150
..................................................................


WIND (MPH)
  RESULTANT WIND SPEED   5   RESULTANT WIND DIRECTION   E (100)
  HIGHEST WIND SPEED    13   HIGHEST WIND DIRECTION    SE (130)
  HIGHEST GUST SPEED    20   HIGHEST GUST DIRECTION     E (110)
  AVERAGE WIND SPEED     5.6


SKY COVER
  AVERAGE SKY COVER 0.4


WEATHER CONDITIONS
 THE FOLLOWING WEATHER WAS RECORDED YESTERDAY.
  FOG
  HAZE


RELATIVE HUMIDITY (PERCENT)
 HIGHEST    94           800 AM
 LOWEST     49           300 PM
 AVERAGE    72

..........................................................


THE MACON CLIMATE NORMALS FOR TODAY
                         NORMAL    RECORD    YEAR
 MAXIMUM TEMPERATURE (F)   93       100      2011
                                             2004
                                             1951
 MINIMUM TEMPERATURE (F)   71        60      1998


SUNRISE AND SUNSET
AUGUST  3 2015........SUNRISE   650 AM EDT   SUNSET   831 PM EDT
AUGUST  4 2015........SUNRISE   650 AM EDT   SUNSET   830 PM EDT


-  INDICATES NEGATIVE NUMBERS.
R  INDICATES RECORD WAS SET OR TIED.
MM INDICATES DATA IS MISSING.
T  INDICATES TRACE AMOUNT.




$$
