000
CDUS42 KFFC 300817
CLIMCN


CLIMATE REPORT
NATIONAL WEATHER SERVICE PEACHTREE CITY GA
416 AM EDT SAT JUL 30 2016


...................................

...THE MACON CLIMATE SUMMARY FOR JULY 29 2016...

CLIMATE NORMAL PERIOD 1981 TO 2010
CLIMATE RECORD PERIOD 1899 TO 2016


WEATHER ITEM   OBSERVED TIME   RECORD YEAR NORMAL DEPARTURE LAST
                VALUE   (LST)  VALUE       VALUE  FROM      YEAR
                                                  NORMAL
..................................................................
TEMPERATURE (F)
 YESTERDAY
  MAXIMUM         99    442 PM 104    1986  93      6       97
                                      1952
  MINIMUM         74    508 AM  63    2014  71      3       73
                                      1897
  AVERAGE         87                        82      5       85

PRECIPITATION (IN)
  YESTERDAY        0.00          1.94 1985   0.15  -0.15     0.00
  MONTH TO DATE    1.69                      4.65  -2.96     1.38
  SINCE JUN 1      3.58                      8.71  -5.13     5.16
  SINCE JAN 1     21.54                     27.54  -6.00    21.66

DEGREE DAYS
 HEATING
  YESTERDAY        0                         0      0        0
  MONTH TO DATE    0                         0      0        0
  SINCE JUN 1      0                         0      0        0
  SINCE JUL 1      0                         0      0        0

 COOLING
  YESTERDAY       22                        17      5       20
  MONTH TO DATE  573                       487     86      550
  SINCE JUN 1   1068                       906    162     1031
  SINCE JAN 1   1420                      1219    201     1416
..................................................................


WIND (MPH)
  RESULTANT WIND SPEED   8   RESULTANT WIND DIRECTION   W (270)
  HIGHEST WIND SPEED    20   HIGHEST WIND DIRECTION     W (290)
  HIGHEST GUST SPEED    27   HIGHEST GUST DIRECTION    SW (240)
  AVERAGE WIND SPEED     8.2


SKY COVER
  AVERAGE SKY COVER 0.0


WEATHER CONDITIONS
 THE FOLLOWING WEATHER WAS RECORDED YESTERDAY.
  NO SIGNIFICANT WEATHER WAS OBSERVED.


RELATIVE HUMIDITY (PERCENT)
 HIGHEST    79           500 AM
 LOWEST     31           400 PM
 AVERAGE    55

..........................................................


THE MACON CLIMATE NORMALS FOR TODAY
                         NORMAL    RECORD    YEAR
 MAXIMUM TEMPERATURE (F)   93       103      1986
 MINIMUM TEMPERATURE (F)   71        59      2014


SUNRISE AND SUNSET
JULY 30 2016..........SUNRISE   648 AM EDT   SUNSET   834 PM EDT
JULY 31 2016..........SUNRISE   648 AM EDT   SUNSET   833 PM EDT


-  INDICATES NEGATIVE NUMBERS.
R  INDICATES RECORD WAS SET OR TIED.
MM INDICATES DATA IS MISSING.
T  INDICATES TRACE AMOUNT.




$$
