000
CDUS42 KMLB 232017
CLIMCO


CLIMATE REPORT
NATIONAL WEATHER SERVICE MELBOURNE FL
416 PM EDT WED AUG 23 2017


...................................

...THE ORLANDO  CLIMATE SUMMARY FOR AUGUST 23 2017...
VALID TODAY AS OF 0400 PM LOCAL TIME.

CLIMATE NORMAL PERIOD 1981 TO 2010
CLIMATE RECORD PERIOD 1892 TO 2017


WEATHER ITEM   OBSERVED TIME   RECORD YEAR NORMAL DEPARTURE LAST
                VALUE   (LST)  VALUE       VALUE  FROM      YEAR
                                                  NORMAL
..................................................................
TEMPERATURE (F)
 TODAY
  MAXIMUM         93    120 PM  99    1915  91      2       97
  MINIMUM         77    616 AM  66    1893  74      3       78
  AVERAGE         85                        83      2       88

PRECIPITATION (IN)
  TODAY            T             3.00 1957   0.23  -0.23     0.07
  MONTH TO DATE    4.81                      5.37  -0.56     7.70
  SINCE JUN 1     20.85                     20.22   0.63    19.40
  SINCE JAN 1     27.24                     34.85  -7.61    39.49

SNOWFALL (IN)
  TODAY            0.0
  MONTH TO DATE    0.0
  SINCE JUN 1      0.0
  SINCE JUL 1      0.0

DEGREE DAYS
 HEATING
  TODAY            0                         0      0        0
  MONTH TO DATE    0                         0      0        0
  SINCE JUN 1      0                         0      0        0
  SINCE JUL 1      0                         0      0        0

 COOLING
  TODAY           20                        18      2       23
  MONTH TO DATE  430                       414     16      437
  SINCE JUN 1   1422                      1453    -31     1610
  SINCE JAN 1   2458                      2254    204     2525
..................................................................


WIND (MPH)
  HIGHEST WIND SPEED    17   HIGHEST WIND DIRECTION     E (70)
  HIGHEST GUST SPEED    21   HIGHEST GUST DIRECTION    NE (60)
  AVERAGE WIND SPEED     4.7


SKY COVER
  AVERAGE SKY COVER 0.4


WEATHER CONDITIONS
 THE FOLLOWING WEATHER WAS RECORDED TODAY.
  LIGHT RAIN


RELATIVE HUMIDITY (PERCENT)
 HIGHEST   100           300 AM
 LOWEST     52           100 PM
 AVERAGE    76

..........................................................


THE ORLANDO  CLIMATE NORMALS FOR TOMORROW
                         NORMAL    RECORD    YEAR
 MAXIMUM TEMPERATURE (F)   91        99      1915
 MINIMUM TEMPERATURE (F)   74        64      1957


SUNRISE AND SUNSET
AUGUST 23 2017........SUNRISE   659 AM EDT   SUNSET   756 PM EDT
AUGUST 24 2017........SUNRISE   700 AM EDT   SUNSET   755 PM EDT


-  INDICATES NEGATIVE NUMBERS.
R  INDICATES RECORD WAS SET OR TIED.
MM INDICATES DATA IS MISSING.
T  INDICATES TRACE AMOUNT.




$$
