000
CDUS42 KMLB 260627
CLIMCO


CLIMATE REPORT
NATIONAL WEATHER SERVICE MELBOURNE FL
226 AM EDT TUE MAY 26 2015


...................................

...THE ORLANDO  CLIMATE SUMMARY FOR MAY 25 2015...

CLIMATE NORMAL PERIOD 1981 TO 2010
CLIMATE RECORD PERIOD 1892 TO 2015


WEATHER ITEM   OBSERVED TIME   RECORD YEAR NORMAL DEPARTURE LAST
                VALUE   (LST)  VALUE       VALUE  FROM      YEAR
                                                  NORMAL
..................................................................
TEMPERATURE (F)
 YESTERDAY
  MAXIMUM         90    318 PM  98    1962  90      0       94
  MINIMUM         71    320 AM  53    1931  69      2       74
  AVERAGE         81                        79      2       84

PRECIPITATION (IN)
  YESTERDAY        0.15          1.52 2001   0.15   0.00      T
  MONTH TO DATE    0.93                      2.41  -1.48     3.37
  SINCE MAR 1      5.89                      8.86  -2.97    12.09
  SINCE JAN 1     13.99                     13.59   0.40    17.13

SNOWFALL (IN)
  YESTERDAY        0.0
  MONTH TO DATE    0.0
  SINCE MAR 1      0.0
  SINCE JUL 1      0.0

DEGREE DAYS
 HEATING
  YESTERDAY        0                         0      0        0
  MONTH TO DATE    0                         0      0        0
  SINCE MAR 1     16                        71    -55       42
  SINCE JUL 1    486                       570    -84      406

 COOLING
  YESTERDAY       16                        14      2       19
  MONTH TO DATE  357                       293     64      319
  SINCE MAR 1   1009                       610    399      691
  SINCE JAN 1   1083                       714    369      841
..................................................................


WIND (MPH)
  HIGHEST WIND SPEED    21   HIGHEST WIND DIRECTION     E (110)
  HIGHEST GUST SPEED    26   HIGHEST GUST DIRECTION     E (100)
  AVERAGE WIND SPEED     9.9


SKY COVER
  AVERAGE SKY COVER 0.5


WEATHER CONDITIONS
 THE FOLLOWING WEATHER WAS RECORDED YESTERDAY.
  LIGHT RAIN
  FOG


RELATIVE HUMIDITY (PERCENT)
 HIGHEST    87           100 AM
 LOWEST     56           300 PM
 AVERAGE    72

..........................................................


THE ORLANDO  CLIMATE NORMALS FOR TODAY
                         NORMAL    RECORD    YEAR
 MAXIMUM TEMPERATURE (F)   90        99      1953
 MINIMUM TEMPERATURE (F)   69        54      1931


SUNRISE AND SUNSET
MAY 26 2015...........SUNRISE   630 AM EDT   SUNSET   815 PM EDT
MAY 27 2015...........SUNRISE   630 AM EDT   SUNSET   816 PM EDT


-  INDICATES NEGATIVE NUMBERS.
R  INDICATES RECORD WAS SET OR TIED.
MM INDICATES DATA IS MISSING.
T  INDICATES TRACE AMOUNT.




$$
