000
CDUS42 KMLB 010631
CLIMCO


CLIMATE REPORT
NATIONAL WEATHER SERVICE MELBOURNE FL
229 AM EDT SUN MAY 1 2016


...................................

...THE ORLANDO  CLIMATE SUMMARY FOR APRIL 30 2016...

CLIMATE NORMAL PERIOD 1981 TO 2010
CLIMATE RECORD PERIOD 1892 TO 2016


WEATHER ITEM   OBSERVED TIME   RECORD YEAR NORMAL DEPARTURE LAST
                VALUE   (LST)  VALUE       VALUE  FROM      YEAR
                                                  NORMAL
..................................................................
TEMPERATURE (F)
 YESTERDAY
  MAXIMUM         87    359 PM  95    1971  85      2       80
                                      1917
  MINIMUM         71   1159 PM  48    1928  63      8       68
  AVERAGE         79                        74      5       74

PRECIPITATION (IN)
  YESTERDAY        0.00          2.39 2003   0.07  -0.07     0.00
  MONTH TO DATE    1.27                      2.68  -1.41     4.21
  SINCE MAR 1      6.58                      6.45   0.13     4.96
  SINCE JAN 1     13.92                     11.18   2.74    13.06

SNOWFALL (IN)
  YESTERDAY        0.0
  MONTH TO DATE    0.0
  SINCE MAR 1      0.0
  SINCE JUL 1      0.0

DEGREE DAYS
 HEATING
  YESTERDAY        0                         0      0        0
  MONTH TO DATE    0                        11    -11        0
  SINCE MAR 1     16                        71    -55       16
  SINCE JUL 1    370                       570   -200      486

 COOLING
  YESTERDAY       14                         9      5        9
  MONTH TO DATE  242                       199     43      384
  SINCE MAR 1    459                       317    142      652
  SINCE JAN 1    521                       421    100      726
..................................................................


WIND (MPH)
  HIGHEST WIND SPEED    17   HIGHEST WIND DIRECTION     E (100)
  HIGHEST GUST SPEED    22   HIGHEST GUST DIRECTION     E (110)
  AVERAGE WIND SPEED     8.6


SKY COVER
  AVERAGE SKY COVER 0.7


WEATHER CONDITIONS
 THE FOLLOWING WEATHER WAS RECORDED YESTERDAY.
  NO SIGNIFICANT WEATHER WAS OBSERVED.


RELATIVE HUMIDITY (PERCENT)
 HIGHEST    90           500 AM
 LOWEST     50           400 PM
 AVERAGE    70

..........................................................


THE ORLANDO  CLIMATE NORMALS FOR TODAY
                         NORMAL    RECORD    YEAR
 MAXIMUM TEMPERATURE (F)   85        96      1917
 MINIMUM TEMPERATURE (F)   63        49      1921


SUNRISE AND SUNSET
MAY  1 2016...........SUNRISE   644 AM EDT   SUNSET   801 PM EDT
MAY  2 2016...........SUNRISE   644 AM EDT   SUNSET   801 PM EDT


-  INDICATES NEGATIVE NUMBERS.
R  INDICATES RECORD WAS SET OR TIED.
MM INDICATES DATA IS MISSING.
T  INDICATES TRACE AMOUNT.




$$
