000
CDUS42 KMLB 252018
CLIMCO


CLIMATE REPORT
NATIONAL WEATHER SERVICE MELBOURNE FL
417 PM EDT SAT MAR 25 2017


...................................

...THE ORLANDO  CLIMATE SUMMARY FOR MARCH 25 2017...
VALID TODAY AS OF 0400 PM LOCAL TIME.

CLIMATE NORMAL PERIOD 1981 TO 2010
CLIMATE RECORD PERIOD 1892 TO 2017


WEATHER ITEM   OBSERVED TIME   RECORD YEAR NORMAL DEPARTURE LAST
                VALUE   (LST)  VALUE       VALUE  FROM      YEAR
                                                  NORMAL
..................................................................
TEMPERATURE (F)
 TODAY
  MAXIMUM         83    253 PM  95    1929  79      4       81
                                      1907
  MINIMUM         58    556 AM  37    1915  57      1       62
  AVERAGE         71                        68      3       72

PRECIPITATION (IN)
  TODAY            0.00          3.19 1992   0.12  -0.12     0.81
  MONTH TO DATE    0.09                      2.99  -2.90     4.35
  SINCE MAR 1      0.09                      2.99  -2.90     4.35
  SINCE JAN 1      3.02                      7.72  -4.70    11.69

SNOWFALL (IN)
  TODAY            0.0
  MONTH TO DATE    0.0
  SINCE MAR 1      0.0
  SINCE JUL 1      0.0

DEGREE DAYS
 HEATING
  TODAY            0                         1     -1        0
  MONTH TO DATE   37                        53    -16       16
  SINCE MAR 1     37                        53    -16       16
  SINCE JUL 1    206                       552   -346      370

 COOLING
  TODAY            6                         4      2        7
  MONTH TO DATE  106                        91     15      150
  SINCE MAR 1    106                        91     15      150
  SINCE JAN 1    307                       195    112      212
..................................................................


WIND (MPH)
  HIGHEST WIND SPEED    16   HIGHEST WIND DIRECTION     E (100)
  HIGHEST GUST SPEED    21   HIGHEST GUST DIRECTION     E (100)
  AVERAGE WIND SPEED     8.6


SKY COVER
  AVERAGE SKY COVER 0.7


WEATHER CONDITIONS
 THE FOLLOWING WEATHER WAS RECORDED TODAY.
  NO SIGNIFICANT WEATHER WAS OBSERVED.


RELATIVE HUMIDITY (PERCENT)
 HIGHEST    93           600 AM
 LOWEST     40           300 PM
 AVERAGE    67

..........................................................


THE ORLANDO  CLIMATE NORMALS FOR TOMORROW
                         NORMAL    RECORD    YEAR
 MAXIMUM TEMPERATURE (F)   79        94      1929
 MINIMUM TEMPERATURE (F)   57        38      1894


SUNRISE AND SUNSET
MARCH 25 2017.........SUNRISE   723 AM EDT   SUNSET   740 PM EDT
MARCH 26 2017.........SUNRISE   722 AM EDT   SUNSET   740 PM EDT


-  INDICATES NEGATIVE NUMBERS.
R  INDICATES RECORD WAS SET OR TIED.
MM INDICATES DATA IS MISSING.
T  INDICATES TRACE AMOUNT.




$$
