000
CDUS42 KMLB 212028
CLIMCO


CLIMATE REPORT
NATIONAL WEATHER SERVICE MELBOURNE FL
427 PM EDT THU AUG 21 2014


...................................

...THE ORLANDO  CLIMATE SUMMARY FOR AUGUST 21 2014...
VALID TODAY AS OF 0400 PM LOCAL TIME.

CLIMATE NORMAL PERIOD 1981 TO 2010
CLIMATE RECORD PERIOD 1892 TO 2014


WEATHER ITEM   OBSERVED TIME   RECORD YEAR NORMAL DEPARTURE LAST
                VALUE   (LST)  VALUE       VALUE  FROM      YEAR
                                                  NORMAL
..................................................................
TEMPERATURE (F)
 TODAY
  MAXIMUM         97    258 PM  99    1925  91      6       93
                                      1900
  MINIMUM         76    617 AM  65    1920  74      2       78
                                      1893
  AVERAGE         87                        83      4       86

PRECIPITATION (IN)
  TODAY            0.00          3.11 1933   0.21  -0.21     0.05
  MONTH TO DATE    6.52                      4.92   1.60     1.70
  SINCE JUN 1     19.95                     19.77   0.18    20.37
  SINCE JAN 1     37.30                     34.40   2.90    31.24

SNOWFALL (IN)
  TODAY            0.0
  MONTH TO DATE    0.0
  SINCE JUN 1      0.0
  SINCE JUL 1      0.0

DEGREE DAYS
 HEATING
  TODAY            0                         0      0        0
  MONTH TO DATE    0                         0      0        0
  SINCE JUN 1      0                         0      0        0
  SINCE JUL 1      0                         0      0        0

 COOLING
  TODAY           22                        18      4       21
  MONTH TO DATE  397                       378     19      405
  SINCE JUN 1   1470                      1417     53     1443
  SINCE JAN 1   2404                      2218    186     2315
..................................................................


WIND (MPH)
  HIGHEST WIND SPEED     8   HIGHEST WIND DIRECTION    SW (230)
  HIGHEST GUST SPEED    10   HIGHEST GUST DIRECTION    NE (40)
  AVERAGE WIND SPEED     2.4


SKY COVER
  AVERAGE SKY COVER 0.4


WEATHER CONDITIONS
 THE FOLLOWING WEATHER WAS RECORDED TODAY.
  NO SIGNIFICANT WEATHER WAS OBSERVED.


RELATIVE HUMIDITY (PERCENT)
 HIGHEST   100           600 AM
 LOWEST     43           300 PM
 AVERAGE    72

..........................................................


THE ORLANDO  CLIMATE NORMALS FOR TOMORROW
                         NORMAL    RECORD    YEAR
 MAXIMUM TEMPERATURE (F)   91       100      1980
 MINIMUM TEMPERATURE (F)   74        63      1930


SUNRISE AND SUNSET
AUGUST 21 2014........SUNRISE   658 AM EDT   SUNSET   758 PM EDT
AUGUST 22 2014........SUNRISE   658 AM EDT   SUNSET   757 PM EDT


-  INDICATES NEGATIVE NUMBERS.
R  INDICATES RECORD WAS SET OR TIED.
MM INDICATES DATA IS MISSING.
T  INDICATES TRACE AMOUNT.




$$
