000
CDUS42 KMLB 302136
CLIMCO


CLIMATE REPORT
NATIONAL WEATHER SERVICE MELBOURNE FL
435 PM EST FRI JAN 30 2015


...................................

...THE ORLANDO  CLIMATE SUMMARY FOR JANUARY 30 2015...
VALID TODAY AS OF 400 PM LOCAL TIME.

CLIMATE NORMAL PERIOD 1981 TO 2010
CLIMATE RECORD PERIOD 1892 TO 2015


WEATHER ITEM   OBSERVED TIME   RECORD YEAR NORMAL DEPARTURE LAST
                VALUE   (LST)  VALUE       VALUE  FROM      YEAR
                                                  NORMAL
..................................................................
TEMPERATURE (F)
 TODAY
  MAXIMUM         73    317 PM  88    1923  72      1       52
  MINIMUM         46    745 AM  31    1966  50     -4       45
                                      1910
  AVERAGE         60                        61     -1       49

PRECIPITATION (IN)
  TODAY            T             1.17 1960   0.07  -0.07     0.24
  MONTH TO DATE    3.52                      2.27   1.25     2.51
  SINCE DEC 1      5.11                      4.85   0.26     2.78
  SINCE JAN 1      3.52                      2.27   1.25     2.51

SNOWFALL (IN)
  TODAY           MM
  MONTH TO DATE    0.0
  SINCE DEC 1      0.0
  SINCE JUL 1      0.0

DEGREE DAYS
 HEATING
  TODAY            5                         6     -1       16
  MONTH TO DATE  135                       187    -52      227
  SINCE DEC 1    229                       331   -102      261
  SINCE JUL 1    311                       378    -67      284

 COOLING
  TODAY            0                         2     -2        0
  MONTH TO DATE   52                        36     16       45
  SINCE DEC 1    156                       106     50      178
  SINCE JAN 1     52                        36     16       45
..................................................................


WIND (MPH)
  HIGHEST WIND SPEED    17   HIGHEST WIND DIRECTION     W (280)
  HIGHEST GUST SPEED    21   HIGHEST GUST DIRECTION     W (290)
  AVERAGE WIND SPEED     7.2


SKY COVER
  AVERAGE SKY COVER 0.4


WEATHER CONDITIONS
 THE FOLLOWING WEATHER WAS RECORDED TODAY.
  LIGHT RAIN


RELATIVE HUMIDITY (PERCENT)
 HIGHEST    96           100 AM
 LOWEST     57           400 PM
 AVERAGE    77

..........................................................


THE ORLANDO  CLIMATE NORMALS FOR TOMORROW
                         NORMAL    RECORD    YEAR
 MAXIMUM TEMPERATURE (F)   72        86      1982
                                             1947
                                             1932
 MINIMUM TEMPERATURE (F)   50        24      1966


SUNRISE AND SUNSET
JANUARY 30 2015.......SUNRISE   714 AM EST   SUNSET   603 PM EST
JANUARY 31 2015.......SUNRISE   714 AM EST   SUNSET   604 PM EST


-  INDICATES NEGATIVE NUMBERS.
R  INDICATES RECORD WAS SET OR TIED.
MM INDICATES DATA IS MISSING.
T  INDICATES TRACE AMOUNT.




$$
