000
CDUS42 KMLB 300632
CLIMCO


CLIMATE REPORT
NATIONAL WEATHER SERVICE MELBOURNE FL
232 AM EDT TUE AUG 30 2016


...................................

...THE ORLANDO  CLIMATE SUMMARY FOR AUGUST 29 2016...

CLIMATE NORMAL PERIOD 1981 TO 2010
CLIMATE RECORD PERIOD 1892 TO 2016


WEATHER ITEM   OBSERVED TIME   RECORD YEAR NORMAL DEPARTURE LAST
                VALUE   (LST)  VALUE       VALUE  FROM      YEAR
                                                  NORMAL
..................................................................
TEMPERATURE (F)
 YESTERDAY
  MAXIMUM         88    949 AM  98    1936  91     -3       91
                                      1914
  MINIMUM         75   1049 PM  65    1896  74      1       73
  AVERAGE         82                        82      0       82

PRECIPITATION (IN)
  YESTERDAY        0.47          2.07 1901   0.21   0.26     1.24
  MONTH TO DATE    9.03                      6.69   2.34    12.25
  SINCE JUN 1     20.73                     21.54  -0.81    26.46
  SINCE JAN 1     40.82                     36.17   4.65    40.45

SNOWFALL (IN)
  YESTERDAY        0.0
  MONTH TO DATE    0.0
  SINCE JUN 1      0.0
  SINCE JUL 1      0.0

DEGREE DAYS
 HEATING
  YESTERDAY        0                         0      0        0
  MONTH TO DATE    0                         0      0        0
  SINCE JUN 1      0                         0      0        0
  SINCE JUL 1      0                         0      0        0

 COOLING
  YESTERDAY       17                        17      0       17
  MONTH TO DATE  553                       521     32      528
  SINCE JUN 1   1726                      1560    166     1657
  SINCE JAN 1   2641                      2361    280     2837
..................................................................


WIND (MPH)
  HIGHEST WIND SPEED    23   HIGHEST WIND DIRECTION     E (80)
  HIGHEST GUST SPEED    28   HIGHEST GUST DIRECTION     E (80)
  AVERAGE WIND SPEED     8.9


SKY COVER
  AVERAGE SKY COVER 0.6


WEATHER CONDITIONS
 THE FOLLOWING WEATHER WAS RECORDED YESTERDAY.
  THUNDERSTORM
  HEAVY RAIN
  LIGHT RAIN
  FOG
  HAZE


RELATIVE HUMIDITY (PERCENT)
 HIGHEST    94          1000 PM
 LOWEST     79           200 PM
 AVERAGE    87

..........................................................


THE ORLANDO  CLIMATE NORMALS FOR TODAY
                         NORMAL    RECORD    YEAR
 MAXIMUM TEMPERATURE (F)   91        99      1903
 MINIMUM TEMPERATURE (F)   74        66      1930
                                             1893


SUNRISE AND SUNSET
AUGUST 30 2016........SUNRISE   703 AM EDT   SUNSET   748 PM EDT
AUGUST 31 2016........SUNRISE   703 AM EDT   SUNSET   747 PM EDT


-  INDICATES NEGATIVE NUMBERS.
R  INDICATES RECORD WAS SET OR TIED.
MM INDICATES DATA IS MISSING.
T  INDICATES TRACE AMOUNT.




$$
