000
CDUS42 KMLB 210630
CLIMCO


CLIMATE REPORT
NATIONAL WEATHER SERVICE MELBOURNE FL
129 AM EST SUN JAN 21 2018


...................................

...THE ORLANDO INTL CLIMATE SUMMARY FOR JANUARY 20 2018...

CLIMATE NORMAL PERIOD 1981 TO 2010
CLIMATE RECORD PERIOD 1892 TO 2018


WEATHER ITEM   OBSERVED TIME   RECORD YEAR NORMAL DEPARTURE LAST
                VALUE   (LST)  VALUE       VALUE  FROM      YEAR
                                                  NORMAL
..................................................................
TEMPERATURE (F)
 YESTERDAY
  MAXIMUM         71    116 PM  87    1963  71      0       83
  MINIMUM         45    336 AM  20    1977  49     -4       58
  AVERAGE         58                        60     -2       71

PRECIPITATION (IN)
  YESTERDAY        0.00          1.52 1983   0.07  -0.07     0.00
  MONTH TO DATE    1.29                      1.50  -0.21     1.14
  SINCE DEC 1      1.64                      4.08  -2.44     3.66
  SINCE JAN 1      1.29                      1.50  -0.21     1.14

SNOWFALL (IN)
  YESTERDAY        0.0
  MONTH TO DATE    0.0
  SINCE JUL 1      0.0

DEGREE DAYS
 HEATING
  YESTERDAY        7                         6      1        0
  MONTH TO DATE  222                       127     95       42
  SINCE DEC 1    323                       271     52       74
  SINCE JUL 1    347                       318     29       97

 COOLING
  YESTERDAY        0                         1     -1        6
  MONTH TO DATE   21                        23     -2       65
  SINCE DEC 1    113                        93     20      224
  SINCE JAN 1     21                        23     -2       65
..................................................................


WIND (MPH)
  HIGHEST WIND SPEED    12   HIGHEST WIND DIRECTION    NE (60)
  HIGHEST GUST SPEED    14   HIGHEST GUST DIRECTION     E (70)
  AVERAGE WIND SPEED     4.8


SKY COVER
  AVERAGE SKY COVER 0.7


WEATHER CONDITIONS
 THE FOLLOWING WEATHER WAS RECORDED YESTERDAY.
  NO SIGNIFICANT WEATHER WAS OBSERVED.


RELATIVE HUMIDITY (PERCENT)
 HIGHEST   100           200 AM
 LOWEST     52          1100 AM
 AVERAGE    76

..........................................................


THE ORLANDO INTL CLIMATE NORMALS FOR TODAY
                         NORMAL    RECORD    YEAR
 MAXIMUM TEMPERATURE (F)   71        87      1929
                                             1922
 MINIMUM TEMPERATURE (F)   49        19      1985


SUNRISE AND SUNSET
JANUARY 21 2018.......SUNRISE   718 AM EST   SUNSET   556 PM EST
JANUARY 22 2018.......SUNRISE   717 AM EST   SUNSET   557 PM EST


-  INDICATES NEGATIVE NUMBERS.
R  INDICATES RECORD WAS SET OR TIED.
MM INDICATES DATA IS MISSING.
T  INDICATES TRACE AMOUNT.




$$
