000
CDUS43 KDMX 310643
CLIMCW

CLIMATE REPORT
NATIONAL WEATHER SERVICE DES MOINES IA
143 AM CDT TUE MAY 31 2016

...................................

...THE MASON CITY IA CLIMATE SUMMARY FOR MAY 30 2016...

CLIMATE NORMAL PERIOD 1981 TO 2010
CLIMATE RECORD PERIOD 1893 TO 2016


WEATHER ITEM   OBSERVED TIME   RECORD YEAR NORMAL DEPARTURE LAST
                VALUE   (LST)  VALUE       VALUE  FROM      YEAR
                                                  NORMAL
..................................................................
TEMPERATURE (F)
 YESTERDAY
  MAXIMUM         83    436 PM  98    1934  75      8       59
  MINIMUM         52    424 AM  31    1930  52      0       45
  AVERAGE         68                        63      5       52

PRECIPITATION (IN)
  YESTERDAY        0.35          2.83 1980   0.16   0.19      T
  MONTH TO DATE    4.51                      4.52  -0.01     3.33
  SINCE MAR 1      9.54                     10.50  -0.96     8.93
  SINCE JAN 1     10.78                     12.32  -1.54    11.00

SNOWFALL (IN)
  YESTERDAY        0.0          MM      MM   0.0    0.0      0.0
  MONTH TO DATE    0.0                       0.1   -0.1      0.0
  SINCE MAR 1      9.0                       8.8    0.2      4.2
  SINCE JUL 1     50.9                      41.3    9.6     40.0
  SNOW DEPTH       0

DEGREE DAYS
 HEATING
  YESTERDAY        0                         4     -4       13
  MONTH TO DATE  226                       231     -5      195
  SINCE MAR 1   1526                      1780   -254     1610
  SINCE JUL 1   6625                      7631  -1006     7673

 COOLING
  YESTERDAY        3                         2      1        0
  MONTH TO DATE   35                        27      8       30
  SINCE MAR 1     39                        32      7       30
  SINCE JAN 1     39                        32      7       30
..................................................................


WIND (MPH)
  HIGHEST WIND SPEED    33   HIGHEST WIND DIRECTION    SW (220)
  HIGHEST GUST SPEED    40   HIGHEST GUST DIRECTION    SW (220)
  AVERAGE WIND SPEED     7.7


SKY COVER
  POSSIBLE SUNSHINE  MM
  AVERAGE SKY COVER 0.3


WEATHER CONDITIONS
 THE FOLLOWING WEATHER WAS RECORDED YESTERDAY.
  THUNDERSTORM
  HEAVY RAIN
  LIGHT RAIN
  FOG


RELATIVE HUMIDITY (PERCENT)
 HIGHEST    93           300 AM
 LOWEST     43          1200 PM
 AVERAGE    68

..........................................................


THE MASON CITY IA CLIMATE NORMALS FOR TODAY
                         NORMAL    RECORD    YEAR
 MAXIMUM TEMPERATURE (F)   75       104      1934
 MINIMUM TEMPERATURE (F)   52        35      1972


SUNRISE AND SUNSET
MAY 31 2016...........SUNRISE   537 AM CDT   SUNSET   846 PM CDT
JUNE  1 2016..........SUNRISE   536 AM CDT   SUNSET   847 PM CDT


-  INDICATES NEGATIVE NUMBERS.
R  INDICATES RECORD WAS SET OR TIED.
MM INDICATES DATA IS MISSING.
T  INDICATES TRACE AMOUNT.




$$
