000
CDUS43 KDMX 300639
CLIMCW

CLIMATE REPORT
NATIONAL WEATHER SERVICE DES MOINES IA
137 AM CDT THU JUL 30 2015

...................................

...THE MASON CITY IA CLIMATE SUMMARY FOR JULY 29 2015...

CLIMATE NORMAL PERIOD 1981 TO 2010
CLIMATE RECORD PERIOD 1893 TO 2015


WEATHER ITEM   OBSERVED TIME   RECORD YEAR NORMAL DEPARTURE LAST
                VALUE   (LST)  VALUE       VALUE  FROM      YEAR
                                                  NORMAL
..................................................................
TEMPERATURE (F)
 YESTERDAY
  MAXIMUM         83    302 PM  99    1916  82      1       78
  MINIMUM         60    521 AM  45    1952  60      0       52
  AVERAGE         72                        71      1       65

PRECIPITATION (IN)
  YESTERDAY        0.00          1.73 1946   0.15  -0.15     0.00
  MONTH TO DATE    6.63                      4.42   2.21     0.90
  SINCE JUN 1     11.67                      9.56   2.11     9.55
  SINCE JAN 1     22.67                     22.04   0.63    23.59

SNOWFALL (IN)
  YESTERDAY        0.0          MM      MM   0.0    0.0      0.0
  MONTH TO DATE    0.0                       0.0    0.0      0.0
  SINCE JUN 1      0.0                       0.0    0.0      0.0
  SINCE JUL 1      0.0                       0.0    0.0      0.0
  SNOW DEPTH       0

DEGREE DAYS
 HEATING
  YESTERDAY        0                         0      0        0
  MONTH TO DATE   21                         0     21       21
  SINCE JUN 1     33                        44    -11       34
  SINCE JUL 1     21                         0     21       21

 COOLING
  YESTERDAY        7                         7      0        0
  MONTH TO DATE  201                       205     -4      117
  SINCE JUN 1    337                       343     -6      253
  SINCE JAN 1    367                       378    -11      306
..................................................................


WIND (MPH)
  HIGHEST WIND SPEED    28   HIGHEST WIND DIRECTION     W (280)
  HIGHEST GUST SPEED    34   HIGHEST GUST DIRECTION     W (280)
  AVERAGE WIND SPEED    14.4


SKY COVER
  POSSIBLE SUNSHINE  MM
  AVERAGE SKY COVER 0.0


WEATHER CONDITIONS
 THE FOLLOWING WEATHER WAS RECORDED YESTERDAY.
  NO SIGNIFICANT WEATHER WAS OBSERVED.


RELATIVE HUMIDITY (PERCENT)
 HIGHEST    93          1200 AM
 LOWEST     40           100 PM
 AVERAGE    67

..........................................................


THE MASON CITY IA CLIMATE NORMALS FOR TODAY
                         NORMAL    RECORD    YEAR
 MAXIMUM TEMPERATURE (F)   82       102      1955
 MINIMUM TEMPERATURE (F)   60        38      1899


SUNRISE AND SUNSET
JULY 30 2015..........SUNRISE   601 AM CDT   SUNSET   837 PM CDT
JULY 31 2015..........SUNRISE   602 AM CDT   SUNSET   836 PM CDT


-  INDICATES NEGATIVE NUMBERS.
R  INDICATES RECORD WAS SET OR TIED.
MM INDICATES DATA IS MISSING.
T  INDICATES TRACE AMOUNT.

$$

REV
