000
CDUS43 KDMX 230637 RRA
CLIMCW

CLIMATE REPORT
NATIONAL WEATHER SERVICE DES MOINES IA
135 AM CDT THU MAR 23 2017


...................................

...THE MASON CITY IA CLIMATE SUMMARY FOR MARCH 22 2017...

CLIMATE NORMAL PERIOD 1981 TO 2010
CLIMATE RECORD PERIOD 1893 TO 2017


WEATHER ITEM   OBSERVED TIME   RECORD YEAR NORMAL DEPARTURE LAST
                VALUE   (LST)  VALUE       VALUE  FROM      YEAR
                                                  NORMAL
..................................................................
TEMPERATURE (F)
 YESTERDAY
  MAXIMUM         40    342 PM  75    1994  45     -5       61
  MINIMUM         19    448 AM  -4    1912  26     -7       35
  AVERAGE         30                        36     -6       48

PRECIPITATION (IN)
  YESTERDAY        0.00          1.37 1991   0.08  -0.08     0.00
  MONTH TO DATE    0.85                      1.42  -0.57     0.93
  SINCE MAR 1      0.85                      1.42  -0.57     0.93
  SINCE JAN 1      4.84                      3.24   1.60     2.22

SNOWFALL (IN)
  YESTERDAY        0.0           8.5  1952   0.2   -0.2      0.0
  MONTH TO DATE   10.0                       4.6    5.4      3.2
  SINCE MAR 1     10.0                       4.6    5.4      3.2
  SINCE JUL 1     49.4                      37.1   12.3     45.9
  SNOW DEPTH       0

DEGREE DAYS
 HEATING
  YESTERDAY       35                        29      6       17
  MONTH TO DATE  797                       749     48      562
  SINCE MAR 1    797                       749     48      562
  SINCE JUL 1   5709                      6600   -891     5661

 COOLING
  YESTERDAY        0                         0      0        0
  MONTH TO DATE    0                         0      0        0
  SINCE MAR 1      0                         0      0        0
  SINCE JAN 1      0                         0      0        0
..................................................................


WIND (MPH)
  HIGHEST WIND SPEED    20   HIGHEST WIND DIRECTION    SE (150)
  HIGHEST GUST SPEED    24   HIGHEST GUST DIRECTION    SE (130)
  AVERAGE WIND SPEED    12.9


SKY COVER
  POSSIBLE SUNSHINE  MM
  AVERAGE SKY COVER 0.4


WEATHER CONDITIONS
 THE FOLLOWING WEATHER WAS RECORDED YESTERDAY.
  NO SIGNIFICANT WEATHER WAS OBSERVED.


RELATIVE HUMIDITY (PERCENT)
 HIGHEST    73           300 AM
 LOWEST     44           300 PM
 AVERAGE    59

..........................................................


THE MASON CITY IA CLIMATE NORMALS FOR TODAY
                         NORMAL    RECORD    YEAR
 MAXIMUM TEMPERATURE (F)   46        82      1910
 MINIMUM TEMPERATURE (F)   26        -5      1899


SUNRISE AND SUNSET
MARCH 23 2017.........SUNRISE   711 AM CDT   SUNSET   730 PM CDT
MARCH 24 2017.........SUNRISE   709 AM CDT   SUNSET   731 PM CDT


-  INDICATES NEGATIVE NUMBERS.
R  INDICATES RECORD WAS SET OR TIED.
MM INDICATES DATA IS MISSING.
T  INDICATES TRACE AMOUNT.




$$
