000
CDUS41 KCTP 260628
CLIMDT


CLIMATE REPORT
NATIONAL WEATHER SERVICE STATE COLLEGE PA
228 AM EDT SAT JUL 26 2014


...................................

...THE HARRISBURG PA CLIMATE SUMMARY FOR JULY 25 2014...

CLIMATE NORMAL PERIOD 1981 TO 2010
CLIMATE RECORD PERIOD 1888 TO 2014


WEATHER ITEM   OBSERVED TIME   RECORD YEAR NORMAL DEPARTURE LAST
                VALUE   (LST)  VALUE       VALUE  FROM      YEAR
                                                  NORMAL
..................................................................
TEMPERATURE (F)
 YESTERDAY
  MAXIMUM         82    544 PM  99    1940  85     -3       77
  MINIMUM         56    340 AM  53    1953  66    -10       55
  AVERAGE         69                        76     -7       66

PRECIPITATION (IN)
  YESTERDAY        0.00          2.38 2011   0.14  -0.14     0.00
  MONTH TO DATE    2.57                      3.76  -1.19     4.03
  SINCE JUN 1      6.35                      7.36  -1.01     7.80
  SINCE JAN 1     27.99                     22.89   5.10    19.96

DEGREE DAYS
 HEATING
  YESTERDAY        0                         0      0        0
  MONTH TO DATE    0                         0      0        0
  SINCE JUN 1      1                        18    -17        2
  SINCE JUL 1      0                         0      0        0

 COOLING
  YESTERDAY        4                        11     -7        1
  MONTH TO DATE  303                       273     30      362
  SINCE JUN 1    550                       486     64      586
  SINCE JAN 1    610                       551     59      669
..................................................................


WIND (MPH)
  HIGHEST WIND SPEED    12   HIGHEST WIND DIRECTION    NW (300)
  HIGHEST GUST SPEED    15   HIGHEST GUST DIRECTION    NW (310)
  AVERAGE WIND SPEED     5.0


SKY COVER
  POSSIBLE SUNSHINE  MM
  AVERAGE SKY COVER 0.2


WEATHER CONDITIONS
 THE FOLLOWING WEATHER WAS RECORDED YESTERDAY.
  NO SIGNIFICANT WEATHER WAS OBSERVED.


RELATIVE HUMIDITY (PERCENT)
 HIGHEST    75           500 AM
 LOWEST     26           400 PM
 AVERAGE    51

..........................................................


THE HARRISBURG PA CLIMATE NORMALS FOR TODAY
                         NORMAL    RECORD    YEAR
 MAXIMUM TEMPERATURE (F)   85       100      1966
                                             1940
 MINIMUM TEMPERATURE (F)   66        53      1976


SUNRISE AND SUNSET
JULY 26 2014..........SUNRISE   600 AM EDT   SUNSET   827 PM EDT
JULY 27 2014..........SUNRISE   600 AM EDT   SUNSET   826 PM EDT


-  INDICATES NEGATIVE NUMBERS.
R  INDICATES RECORD WAS SET OR TIED.
MM INDICATES DATA IS MISSING.
T  INDICATES TRACE AMOUNT.




$$
