000
CDUS41 KCTP 300623
CLIMDT


CLIMATE REPORT
NATIONAL WEATHER SERVICE STATE COLLEGE PA
223 AM EDT THU MAR 30 2017


...................................

...THE HARRISBURG PA CLIMATE SUMMARY FOR MARCH 29 2017...

CLIMATE NORMAL PERIOD 1981 TO 2010
CLIMATE RECORD PERIOD 1888 TO 2017


WEATHER ITEM   OBSERVED TIME   RECORD YEAR NORMAL DEPARTURE LAST
                VALUE   (LST)  VALUE       VALUE  FROM      YEAR
                                                  NORMAL
..................................................................
TEMPERATURE (F)
 YESTERDAY
  MAXIMUM         59    348 PM  86    1945  55      4       58
  MINIMUM         44   1159 PM  14    1923  37      7       38
  AVERAGE         52                        46      6       48

PRECIPITATION (IN)
  YESTERDAY        0.00          1.49 1984   0.11  -0.11     0.00
  MONTH TO DATE    3.78                      3.13   0.65     1.30
  SINCE MAR 1      3.78                      3.13   0.65     1.30
  SINCE JAN 1      8.16                      8.40  -0.24    11.22

SNOWFALL (IN)
  YESTERDAY        0.0           9.0  1942   0.1   -0.1      0.0
  MONTH TO DATE   18.4                       5.1   13.3      0.2
  SINCE MAR 1     18.4                       5.1   13.3      0.2
  SINCE JUL 1     23.9                      30.1   -6.2     37.9
  SNOW DEPTH       0

DEGREE DAYS
 HEATING
  YESTERDAY       13                        19     -6       17
  MONTH TO DATE  717                       686     31      494
  SINCE MAR 1    717                       686     31      494
  SINCE JUL 1   3955                      4674   -719     3866

 COOLING
  YESTERDAY        0                         0      0        0
  MONTH TO DATE    0                         0      0        1
  SINCE MAR 1      0                         0      0        1
  SINCE JAN 1      0                         0      0        1
..................................................................


WIND (MPH)
  HIGHEST WIND SPEED    23   HIGHEST WIND DIRECTION     N (340)
  HIGHEST GUST SPEED    28   HIGHEST GUST DIRECTION     N (340)
  AVERAGE WIND SPEED     9.6


SKY COVER
  POSSIBLE SUNSHINE  MM
  AVERAGE SKY COVER 0.3


WEATHER CONDITIONS
 THE FOLLOWING WEATHER WAS RECORDED YESTERDAY.
  NO SIGNIFICANT WEATHER WAS OBSERVED.


RELATIVE HUMIDITY (PERCENT)
 HIGHEST    77          1200 AM
 LOWEST     36           400 PM
 AVERAGE    57

..........................................................


THE HARRISBURG PA CLIMATE NORMALS FOR TODAY
                         NORMAL    RECORD    YEAR
 MAXIMUM TEMPERATURE (F)   56        87      1998
 MINIMUM TEMPERATURE (F)   37        12      1970


SUNRISE AND SUNSET
MARCH 30 2017.........SUNRISE   654 AM EDT   SUNSET   730 PM EDT
MARCH 31 2017.........SUNRISE   652 AM EDT   SUNSET   731 PM EDT


-  INDICATES NEGATIVE NUMBERS.
R  INDICATES RECORD WAS SET OR TIED.
MM INDICATES DATA IS MISSING.
T  INDICATES TRACE AMOUNT.




$$
