000
CDUS41 KCTP 052223
CLIMDT


CLIMATE REPORT
NATIONAL WEATHER SERVICE STATE COLLEGE PA
523 PM EST MON DEC 5 2016


...................................

...THE HARRISBURG PA CLIMATE SUMMARY FOR DECEMBER 5 2016...
VALID TODAY AS OF 0500 PM LOCAL TIME.

CLIMATE NORMAL PERIOD 1981 TO 2010
CLIMATE RECORD PERIOD 1888 TO 2016


WEATHER ITEM   OBSERVED TIME   RECORD YEAR NORMAL DEPARTURE LAST
                VALUE   (LST)  VALUE       VALUE  FROM      YEAR
                                                  NORMAL
..................................................................
TEMPERATURE (F)
 TODAY
  MAXIMUM         51    220 PM  73    2001  45      6       47
  MINIMUM         35    325 AM  12    1926  29      6       28
  AVERAGE         43                        37      6       38

PRECIPITATION (IN)
  TODAY            0.18          2.05 1993   0.12   0.06     0.00
  MONTH TO DATE    0.32                      0.58  -0.26     1.04
  SINCE DEC 1      0.32                      0.58  -0.26     1.04
  SINCE JAN 1     38.93                     38.09   0.84    38.80

SNOWFALL (IN)
  TODAY            T             6.8  1902   0.2   -0.2      0.0
  MONTH TO DATE    T                         0.6   -0.6      0.0
  SINCE DEC 1      T                         0.6   -0.6      0.0
  SINCE JUL 1      T                         1.2   -1.2      0.0
  SNOW DEPTH       0

DEGREE DAYS
 HEATING
  TODAY           22                        28     -6       27
  MONTH TO DATE   98                       138    -40      110
  SINCE DEC 1     98                       138    -40      110
  SINCE JUL 1    884                      1177   -293      885

 COOLING
  TODAY            0                         0      0        0
  MONTH TO DATE    0                         0      0        0
  SINCE DEC 1      0                         0      0        0
  SINCE JAN 1   1515                      1002    513     1334
..................................................................


WIND (MPH)
  HIGHEST WIND SPEED    16   HIGHEST WIND DIRECTION    NW (310)
  HIGHEST GUST SPEED    19   HIGHEST GUST DIRECTION    NW (330)
  AVERAGE WIND SPEED     5.1


SKY COVER
  POSSIBLE SUNSHINE  MM
  AVERAGE SKY COVER 0.6


WEATHER CONDITIONS
 THE FOLLOWING WEATHER WAS RECORDED TODAY.
  RAIN
  LIGHT RAIN
  SLEET
  FOG


RELATIVE HUMIDITY (PERCENT)
 HIGHEST   100           500 AM
 LOWEST     52           300 PM
 AVERAGE    76

..........................................................


THE HARRISBURG PA CLIMATE NORMALS FOR TOMORROW
                         NORMAL    RECORD    YEAR
 MAXIMUM TEMPERATURE (F)   44        73      1998
 MINIMUM TEMPERATURE (F)   29        12      2002


SUNRISE AND SUNSET
DECEMBER  5 2016......SUNRISE   715 AM EST   SUNSET   441 PM EST
DECEMBER  6 2016......SUNRISE   715 AM EST   SUNSET   441 PM EST


-  INDICATES NEGATIVE NUMBERS.
R  INDICATES RECORD WAS SET OR TIED.
MM INDICATES DATA IS MISSING.
T  INDICATES TRACE AMOUNT.




$$
