000
CDUS41 KCTP 190629
CLIMDT


CLIMATE REPORT
NATIONAL WEATHER SERVICE STATE COLLEGE PA
129 AM EST THU JAN 19 2017


...................................

...THE HARRISBURG PA CLIMATE SUMMARY FOR JANUARY 18 2017...

CLIMATE NORMAL PERIOD 1981 TO 2010
CLIMATE RECORD PERIOD 1888 TO 2017


WEATHER ITEM   OBSERVED TIME   RECORD YEAR NORMAL DEPARTURE LAST
                VALUE   (LST)  VALUE       VALUE  FROM      YEAR
                                                  NORMAL
..................................................................
TEMPERATURE (F)
 YESTERDAY
  MAXIMUM         51    251 PM  66    1990  37     14       30
  MINIMUM         37    506 AM  -7    1994  23     14       15
  AVERAGE         44                        30     14       23

PRECIPITATION (IN)
  YESTERDAY        0.01          1.32 1926   0.10  -0.09      T
  MONTH TO DATE    1.34                      1.70  -0.36     1.85
  SINCE DEC 1      3.70                      4.93  -1.23     6.14
  SINCE JAN 1      1.34                      1.70  -0.36     1.85

SNOWFALL (IN)
  YESTERDAY        0.0          10.0  1930   0.3   -0.3       T
  MONTH TO DATE    0.9                       4.7   -3.8      0.3
  SINCE DEC 1      1.7                       9.8   -8.1      0.3
  SINCE JUL 1      1.7                      10.4   -8.7      0.3
  SNOW DEPTH       0

DEGREE DAYS
 HEATING
  YESTERDAY       21                        35    -14       42
  MONTH TO DATE  563                       627    -64      581
  SINCE DEC 1   1460                      1589   -129     1180
  SINCE JUL 1   2246                      2628   -382     1955

 COOLING
  YESTERDAY        0                         0      0        0
  MONTH TO DATE    0                         0      0        0
  SINCE DEC 1      0                         0      0        0
  SINCE JAN 1      0                         0      0        0
..................................................................


WIND (MPH)
  HIGHEST WIND SPEED    20   HIGHEST WIND DIRECTION    NW (320)
  HIGHEST GUST SPEED    23   HIGHEST GUST DIRECTION    NW (320)
  AVERAGE WIND SPEED     6.3


SKY COVER
  POSSIBLE SUNSHINE  MM
  AVERAGE SKY COVER 1.0


WEATHER CONDITIONS
 THE FOLLOWING WEATHER WAS RECORDED YESTERDAY.
  LIGHT RAIN
  FOG
  FOG W/VISIBILITY <= 1/4 MILE


RELATIVE HUMIDITY (PERCENT)
 HIGHEST   100           100 AM
 LOWEST     66           200 PM
 AVERAGE    83

..........................................................


THE HARRISBURG PA CLIMATE NORMALS FOR TODAY
                         NORMAL    RECORD    YEAR
 MAXIMUM TEMPERATURE (F)   37        66      1951
 MINIMUM TEMPERATURE (F)   22       -14      1994


SUNRISE AND SUNSET
JANUARY 19 2017.......SUNRISE   726 AM EST   SUNSET   511 PM EST
JANUARY 20 2017.......SUNRISE   725 AM EST   SUNSET   512 PM EST


-  INDICATES NEGATIVE NUMBERS.
R  INDICATES RECORD WAS SET OR TIED.
MM INDICATES DATA IS MISSING.
T  INDICATES TRACE AMOUNT.




$$
