681
CDUS41 KCTP 140620
CLIMDT


CLIMATE REPORT
NATIONAL WEATHER SERVICE STATE COLLEGE PA
119 AM EST SUN FEB 14 2016


...................................

...THE HARRISBURG PA CLIMATE SUMMARY FOR FEBRUARY 13 2016...

CLIMATE NORMAL PERIOD 1981 TO 2010
CLIMATE RECORD PERIOD 1888 TO 2016


WEATHER ITEM   OBSERVED TIME   RECORD YEAR NORMAL DEPARTURE LAST
                VALUE   (LST)  VALUE       VALUE  FROM      YEAR
                                                  NORMAL
..................................................................
TEMPERATURE (F)
 YESTERDAY
  MAXIMUM         22    336 AM  63    1974  40    -18       23
  MINIMUM         11   1153 PM   1    1917  25    -14        9
                                      1914
  AVERAGE         17                        32    -15       16

PRECIPITATION (IN)
  YESTERDAY        T             1.86 1966   0.08  -0.08     0.00
  MONTH TO DATE    1.74                      1.08   0.66     0.44
  SINCE DEC 1     10.66                      7.19   3.47     6.20
  SINCE JAN 1      6.37                      3.96   2.41     2.94

SNOWFALL (IN)
  YESTERDAY        T             9.0  2014   0.4   -0.4      0.0
  MONTH TO DATE    5.7                       5.1    0.6      1.8
  SINCE DEC 1     36.3                      19.0   17.3     15.6
  SINCE JUL 1     36.3                      19.6   16.7     18.0
  SNOW DEPTH       3

DEGREE DAYS
 HEATING
  YESTERDAY       48                        33     15       49
  MONTH TO DATE  441                       441      0      503
  SINCE DEC 1   2134                      2491   -357     2564
  SINCE JUL 1   2909                      3530   -621     3577

 COOLING
  YESTERDAY        0                         0      0        0
  MONTH TO DATE    0                         0      0        0
  SINCE DEC 1      0                         0      0        0
  SINCE JAN 1      0                         0      0        0
..................................................................


WIND (MPH)
  HIGHEST WIND SPEED    33   HIGHEST WIND DIRECTION    NW (300)
  HIGHEST GUST SPEED    41   HIGHEST GUST DIRECTION    NW (320)
  AVERAGE WIND SPEED    20.1


SKY COVER
  POSSIBLE SUNSHINE  MM
  AVERAGE SKY COVER 0.6


WEATHER CONDITIONS
 THE FOLLOWING WEATHER WAS RECORDED YESTERDAY.
  LIGHT SNOW
  HAZE
  BLOWING SNOW


RELATIVE HUMIDITY (PERCENT)
 HIGHEST    77          1200 AM
 LOWEST     40           400 PM
 AVERAGE    59

..........................................................


THE HARRISBURG PA CLIMATE NORMALS FOR TODAY
                         NORMAL    RECORD    YEAR
 MAXIMUM TEMPERATURE (F)   40        64      1946
 MINIMUM TEMPERATURE (F)   25        -3      1905


SUNRISE AND SUNSET
FEBRUARY 14 2016......SUNRISE   702 AM EST   SUNSET   541 PM EST
FEBRUARY 15 2016......SUNRISE   701 AM EST   SUNSET   542 PM EST


-  INDICATES NEGATIVE NUMBERS.
R  INDICATES RECORD WAS SET OR TIED.
MM INDICATES DATA IS MISSING.
T  INDICATES TRACE AMOUNT.




$$
