000
CDUS41 KCTP 240655
CLIMDT


CLIMATE REPORT
NATIONAL WEATHER SERVICE STATE COLLEGE PA
155 AM EST WED JAN 24 2018


...................................

...THE HARRISBURG PA CLIMATE SUMMARY FOR JANUARY 23 2018...

CLIMATE NORMAL PERIOD 1981 TO 2010
CLIMATE RECORD PERIOD 1888 TO 2018


WEATHER ITEM   OBSERVED TIME   RECORD YEAR NORMAL DEPARTURE LAST
                VALUE   (LST)  VALUE       VALUE  FROM      YEAR
                                                  NORMAL
..................................................................
TEMPERATURE (F)
 YESTERDAY
  MAXIMUM         54    117 PM  67    1967  37     17       48
  MINIMUM         41   1129 PM  -6    1936  22     19       36
  AVERAGE         48                        30     18       42

PRECIPITATION (IN)
  YESTERDAY        2.06          2.49 2016   0.10   1.96     0.84
  MONTH TO DATE    3.65                      2.17   1.48     2.51
  SINCE DEC 1      4.83                      5.40  -0.57     4.87
  SINCE JAN 1      3.65                      2.17   1.48     2.51

SNOWFALL (IN)
  YESTERDAY        0.0          26.4  2016   0.3   -0.3      0.0
  MONTH TO DATE    3.9                       6.1   -2.2      0.9
  SINCE DEC 1     10.0                      11.2   -1.2      1.7
  SINCE JUL 1     10.0                      11.8   -1.8      1.7
  SNOW DEPTH       0

DEGREE DAYS
 HEATING
  YESTERDAY       17                        35    -18       23
  MONTH TO DATE  880                       802     78      682
  SINCE DEC 1   1876                      1764    112     1579
  SINCE JUL 1   2731                      2803    -72     2365

 COOLING
  YESTERDAY        0                         0      0        0
  MONTH TO DATE    0                         0      0        0
  SINCE DEC 1      0                         0      0        0
  SINCE JAN 1      0                         0      0        0
..................................................................


WIND (MPH)
  HIGHEST WIND SPEED    29   HIGHEST WIND DIRECTION     W (280)
  HIGHEST GUST SPEED    36   HIGHEST GUST DIRECTION     W (280)
  AVERAGE WIND SPEED     9.9


SKY COVER
  POSSIBLE SUNSHINE  MM
  AVERAGE SKY COVER 0.9


WEATHER CONDITIONS
 THE FOLLOWING WEATHER WAS RECORDED YESTERDAY.
  HEAVY RAIN
  RAIN
  LIGHT RAIN
  FOG
  FOG W/VISIBILITY <= 1/4 MILE


RELATIVE HUMIDITY (PERCENT)
 HIGHEST   100           400 AM
 LOWEST     44           400 PM
 AVERAGE    72

..........................................................


THE HARRISBURG PA CLIMATE NORMALS FOR TODAY
                         NORMAL    RECORD    YEAR
 MAXIMUM TEMPERATURE (F)   37        71      1967
 MINIMUM TEMPERATURE (F)   22        -2      1936


SUNRISE AND SUNSET
JANUARY 24 2018.......SUNRISE   723 AM EST   SUNSET   516 PM EST
JANUARY 25 2018.......SUNRISE   722 AM EST   SUNSET   517 PM EST


-  INDICATES NEGATIVE NUMBERS.
R  INDICATES RECORD WAS SET OR TIED.
MM INDICATES DATA IS MISSING.
T  INDICATES TRACE AMOUNT.




$$
