000
CDUS41 KCTP 020640
CLIMDT


CLIMATE REPORT
NATIONAL WEATHER SERVICE STATE COLLEGE PA
240 AM EDT THU OCT 2 2014


...................................

...THE HARRISBURG PA CLIMATE SUMMARY FOR OCTOBER 1 2014...

CLIMATE NORMAL PERIOD 1981 TO 2010
CLIMATE RECORD PERIOD 1888 TO 2014


WEATHER ITEM   OBSERVED TIME   RECORD YEAR NORMAL DEPARTURE LAST
                VALUE   (LST)  VALUE       VALUE  FROM      YEAR
                                                  NORMAL
..................................................................
TEMPERATURE (F)
 YESTERDAY
  MAXIMUM         73    300 PM  90    1927  69      4       80
  MINIMUM         59    532 AM  35    1947  50      9       55
  AVERAGE         66                        60      6       68

PRECIPITATION (IN)
  YESTERDAY        T             3.06 1913   0.13  -0.13     0.00
  MONTH TO DATE    T                         0.13  -0.13     0.00
  SINCE SEP 1      1.54                      4.20  -2.66     1.16
  SINCE JAN 1     35.21                     31.14   4.07    25.43

DEGREE DAYS
 HEATING
  YESTERDAY        0                         6     -6        0
  MONTH TO DATE    0                         6     -6        0
  SINCE SEP 1     34                        76    -42       75
  SINCE JUL 1     34                        78    -44       75

 COOLING
  YESTERDAY        1                         1      0        3
  MONTH TO DATE    1                         1      0        3
  SINCE SEP 1    142                        98     44      111
  SINCE JAN 1   1043                       994     49     1063
..................................................................


WIND (MPH)
  HIGHEST WIND SPEED     7   HIGHEST WIND DIRECTION     E (90)
  HIGHEST GUST SPEED    11   HIGHEST GUST DIRECTION    NE (40)
  AVERAGE WIND SPEED     2.4


SKY COVER
  POSSIBLE SUNSHINE  MM
  AVERAGE SKY COVER 0.7


WEATHER CONDITIONS
 THE FOLLOWING WEATHER WAS RECORDED YESTERDAY.
  LIGHT RAIN
  FOG
  HAZE


RELATIVE HUMIDITY (PERCENT)
 HIGHEST   100          1200 AM
 LOWEST     61           300 PM
 AVERAGE    81

..........................................................


THE HARRISBURG PA CLIMATE NORMALS FOR TODAY
                         NORMAL    RECORD    YEAR
 MAXIMUM TEMPERATURE (F)   69        87      1927
 MINIMUM TEMPERATURE (F)   49        34      1899


SUNRISE AND SUNSET
OCTOBER  2 2014.......SUNRISE   704 AM EDT   SUNSET   648 PM EDT
OCTOBER  3 2014.......SUNRISE   705 AM EDT   SUNSET   646 PM EDT


-  INDICATES NEGATIVE NUMBERS.
R  INDICATES RECORD WAS SET OR TIED.
MM INDICATES DATA IS MISSING.
T  INDICATES TRACE AMOUNT.




$$
