000
CDUS41 KCTP 010642
CLIMDT


CLIMATE REPORT
NATIONAL WEATHER SERVICE STATE COLLEGE PA
242 AM EDT FRI AUG 1 2014


...................................

...THE HARRISBURG PA CLIMATE SUMMARY FOR JULY 31 2014...

CLIMATE NORMAL PERIOD 1981 TO 2010
CLIMATE RECORD PERIOD 1888 TO 2014


WEATHER ITEM   OBSERVED TIME   RECORD YEAR NORMAL DEPARTURE LAST
                VALUE   (LST)  VALUE       VALUE  FROM      YEAR
                                                  NORMAL
..................................................................
TEMPERATURE (F)
 YESTERDAY
  MAXIMUM         83    425 PM 100    1954  85     -2       81
                                      1917
  MINIMUM         63    606 AM  53    1895  66     -3       62
  AVERAGE         73                        76     -3       72

PRECIPITATION (IN)
  YESTERDAY        T             1.58 1892   0.14  -0.14     0.00
  MONTH TO DATE    4.34                      4.61  -0.27     5.23
  SINCE JUN 1      8.12                      8.21  -0.09     9.00
  SINCE JAN 1     29.76                     23.74   6.02    21.16

DEGREE DAYS
 HEATING
  YESTERDAY        0                         0      0        0
  MONTH TO DATE    0                         0      0        0
  SINCE JUN 1      1                        18    -17        2
  SINCE JUL 1      0                         0      0        0

 COOLING
  YESTERDAY        8                        11     -3        7
  MONTH TO DATE  350                       338     12      408
  SINCE JUN 1    597                       551     46      632
  SINCE JAN 1    657                       616     41      715
..................................................................


WIND (MPH)
  HIGHEST WIND SPEED    10   HIGHEST WIND DIRECTION    SW (230)
  HIGHEST GUST SPEED    16   HIGHEST GUST DIRECTION     S (180)
  AVERAGE WIND SPEED     2.8


SKY COVER
  POSSIBLE SUNSHINE  MM
  AVERAGE SKY COVER 0.4


WEATHER CONDITIONS
 THE FOLLOWING WEATHER WAS RECORDED YESTERDAY.
  LIGHT RAIN
  FOG
  HAZE


RELATIVE HUMIDITY (PERCENT)
 HIGHEST    93           200 AM
 LOWEST     47           200 PM
 AVERAGE    70

..........................................................


THE HARRISBURG PA CLIMATE NORMALS FOR TODAY
                         NORMAL    RECORD    YEAR
 MAXIMUM TEMPERATURE (F)   85        97      2002
                                             1955
                                             1933
 MINIMUM TEMPERATURE (F)   66        54      1964


SUNRISE AND SUNSET
AUGUST  1 2014........SUNRISE   605 AM EDT   SUNSET   821 PM EDT
AUGUST  2 2014........SUNRISE   606 AM EDT   SUNSET   820 PM EDT


-  INDICATES NEGATIVE NUMBERS.
R  INDICATES RECORD WAS SET OR TIED.
MM INDICATES DATA IS MISSING.
T  INDICATES TRACE AMOUNT.




$$
