000
CDUS41 KCTP 270624
CLIMDT


CLIMATE REPORT
NATIONAL WEATHER SERVICE STATE COLLEGE PA
224 AM EDT WED AUG 27 2014


...................................

...THE HARRISBURG PA CLIMATE SUMMARY FOR AUGUST 26 2014...

CLIMATE NORMAL PERIOD 1981 TO 2010
CLIMATE RECORD PERIOD 1888 TO 2014


WEATHER ITEM   OBSERVED TIME   RECORD YEAR NORMAL DEPARTURE LAST
                VALUE   (LST)  VALUE       VALUE  FROM      YEAR
                                                  NORMAL
..................................................................
TEMPERATURE (F)
 YESTERDAY
  MAXIMUM         85    421 PM  99    1948  82      3       86
  MINIMUM         62    557 AM  46    1944  63     -1       63
  AVERAGE         74                        73      1       75

PRECIPITATION (IN)
  YESTERDAY        0.00          1.80 1899   0.10  -0.10     0.01
  MONTH TO DATE    3.63                      2.69   0.94     2.19
  SINCE JUN 1     11.75                     10.90   0.85    11.19
  SINCE JAN 1     33.39                     26.43   6.96    23.35

DEGREE DAYS
 HEATING
  YESTERDAY        0                         0      0        0
  MONTH TO DATE    0                         0      0        0
  SINCE JUN 1      1                        18    -17        2
  SINCE JUL 1      0                         0      0        0

 COOLING
  YESTERDAY        9                         8      1       10
  MONTH TO DATE  201                       242    -41      172
  SINCE JUN 1    798                       793      5      804
  SINCE JAN 1    858                       858      0      887
..................................................................


WIND (MPH)
  HIGHEST WIND SPEED     8   HIGHEST WIND DIRECTION     W (290)
  HIGHEST GUST SPEED     9   HIGHEST GUST DIRECTION    NW (330)
  AVERAGE WIND SPEED     2.0


SKY COVER
  POSSIBLE SUNSHINE  MM
  AVERAGE SKY COVER 0.1


WEATHER CONDITIONS
 THE FOLLOWING WEATHER WAS RECORDED YESTERDAY.
  NO SIGNIFICANT WEATHER WAS OBSERVED.


RELATIVE HUMIDITY (PERCENT)
 HIGHEST    93           300 AM
 LOWEST     48           200 PM
 AVERAGE    71

..........................................................


THE HARRISBURG PA CLIMATE NORMALS FOR TODAY
                         NORMAL    RECORD    YEAR
 MAXIMUM TEMPERATURE (F)   82        97      1948
 MINIMUM TEMPERATURE (F)   63        48      1944


SUNRISE AND SUNSET
AUGUST 27 2014........SUNRISE   630 AM EDT   SUNSET   747 PM EDT
AUGUST 28 2014........SUNRISE   631 AM EDT   SUNSET   745 PM EDT


-  INDICATES NEGATIVE NUMBERS.
R  INDICATES RECORD WAS SET OR TIED.
MM INDICATES DATA IS MISSING.
T  INDICATES TRACE AMOUNT.




$$
