000
CDUS41 KCTP 220618
CLIMDT


CLIMATE REPORT
NATIONAL WEATHER SERVICE STATE COLLEGE PA
218 AM EDT WED OCT 22 2014


...................................

...THE HARRISBURG PA CLIMATE SUMMARY FOR OCTOBER 21 2014...

CLIMATE NORMAL PERIOD 1981 TO 2010
CLIMATE RECORD PERIOD 1888 TO 2014


WEATHER ITEM   OBSERVED TIME   RECORD YEAR NORMAL DEPARTURE LAST
                VALUE   (LST)  VALUE       VALUE  FROM      YEAR
                                                  NORMAL
..................................................................
TEMPERATURE (F)
 YESTERDAY
  MAXIMUM         63    302 PM  84    1947  63      0       66
  MINIMUM         49    656 AM  29    1972  43      6       39
                                      1952
                                      1940
  AVERAGE         56                        53      3       53

PRECIPITATION (IN)
  YESTERDAY        0.06          2.74 1995   0.10  -0.04     0.00
  MONTH TO DATE    2.26                      2.35  -0.09    10.99
  SINCE SEP 1      3.80                      6.42  -2.62    12.15
  SINCE JAN 1     37.47                     33.36   4.11    36.42

SNOWFALL (IN)
  YESTERDAY        0.0
  MONTH TO DATE    0.0
  SINCE SEP 1      0.0
  SINCE JUL 1      0.0
  SNOW DEPTH       0

DEGREE DAYS
 HEATING
  YESTERDAY        9                        12     -3       12
  MONTH TO DATE  145                       198    -53      101
  SINCE SEP 1    179                       268    -89      176
  SINCE JUL 1    179                       270    -91      176

 COOLING
  YESTERDAY        0                         0      0        0
  MONTH TO DATE    8                        10     -2       45
  SINCE SEP 1    149                       107     42      153
  SINCE JAN 1   1050                      1003     47     1105
..................................................................


WIND (MPH)
  HIGHEST WIND SPEED    16   HIGHEST WIND DIRECTION    NW (300)
  HIGHEST GUST SPEED    20   HIGHEST GUST DIRECTION    NW (300)
  AVERAGE WIND SPEED     4.4


SKY COVER
  POSSIBLE SUNSHINE  MM
  AVERAGE SKY COVER 0.8


WEATHER CONDITIONS
 THE FOLLOWING WEATHER WAS RECORDED YESTERDAY.
  HEAVY RAIN
  LIGHT RAIN
  FOG
  HAZE


RELATIVE HUMIDITY (PERCENT)
 HIGHEST   100           300 AM
 LOWEST     56           300 PM
 AVERAGE    78

..........................................................


THE HARRISBURG PA CLIMATE NORMALS FOR TODAY
                         NORMAL    RECORD    YEAR
 MAXIMUM TEMPERATURE (F)   62        83      1947
 MINIMUM TEMPERATURE (F)   43        25      1940


SUNRISE AND SUNSET
OCTOBER 22 2014.......SUNRISE   725 AM EDT   SUNSET   617 PM EDT
OCTOBER 23 2014.......SUNRISE   726 AM EDT   SUNSET   616 PM EDT


-  INDICATES NEGATIVE NUMBERS.
R  INDICATES RECORD WAS SET OR TIED.
MM INDICATES DATA IS MISSING.
T  INDICATES TRACE AMOUNT.




$$
