000
CDUS41 KCTP 190612
CLIMDT


CLIMATE REPORT
NATIONAL WEATHER SERVICE STATE COLLEGE PA
112 AM EST SUN FEB 19 2017


...................................

...THE HARRISBURG PA CLIMATE SUMMARY FOR FEBRUARY 18 2017...

CLIMATE NORMAL PERIOD 1981 TO 2010
CLIMATE RECORD PERIOD 1888 TO 2017


WEATHER ITEM   OBSERVED TIME   RECORD YEAR NORMAL DEPARTURE LAST
                VALUE   (LST)  VALUE       VALUE  FROM      YEAR
                                                  NORMAL
..................................................................
TEMPERATURE (F)
 YESTERDAY
  MAXIMUM         68    426 PM  69    2011  41     27       34
                                      1890
  MINIMUM         26    706 AM  -5    1979  26      0       19
  AVERAGE         47                        34     13       27

PRECIPITATION (IN)
  YESTERDAY        0.00          0.96 1960   0.09  -0.09     0.00
  MONTH TO DATE    1.21                      1.49  -0.28     3.07
  SINCE DEC 1      6.20                      7.60  -1.40    11.99
  SINCE JAN 1      3.84                      4.37  -0.53     7.70

SNOWFALL (IN)
  YESTERDAY        0.0           9.7  1964   0.4   -0.4      0.0
  MONTH TO DATE    3.6                       7.1   -3.5      7.1
  SINCE DEC 1      5.5                      21.0  -15.5     37.7
  SINCE JUL 1      5.5                      21.6  -16.1     37.7
  SNOW DEPTH       0

DEGREE DAYS
 HEATING
  YESTERDAY       18                        31    -13       38
  MONTH TO DATE  506                       600    -94      631
  SINCE DEC 1   2299                      2650   -351     2324
  SINCE JUL 1   3085                      3689   -604     3099

 COOLING
  YESTERDAY        0                         0      0        0
  MONTH TO DATE    0                         0      0        0
  SINCE DEC 1      0                         0      0        0
  SINCE JAN 1      0                         0      0        0
..................................................................


WIND (MPH)
  HIGHEST WIND SPEED    24   HIGHEST WIND DIRECTION    SW (240)
  HIGHEST GUST SPEED    30   HIGHEST GUST DIRECTION    SW (230)
  AVERAGE WIND SPEED     4.9


SKY COVER
  POSSIBLE SUNSHINE  MM
  AVERAGE SKY COVER 0.5


WEATHER CONDITIONS
 THE FOLLOWING WEATHER WAS RECORDED YESTERDAY.
  NO SIGNIFICANT WEATHER WAS OBSERVED.


RELATIVE HUMIDITY (PERCENT)
 HIGHEST    81           700 AM
 LOWEST     22           300 PM
 AVERAGE    52

..........................................................


THE HARRISBURG PA CLIMATE NORMALS FOR TODAY
                         NORMAL    RECORD    YEAR
 MAXIMUM TEMPERATURE (F)   42        66      1997
                                             1948
 MINIMUM TEMPERATURE (F)   26         0      1959


SUNRISE AND SUNSET
FEBRUARY 19 2017......SUNRISE   655 AM EST   SUNSET   548 PM EST
FEBRUARY 20 2017......SUNRISE   653 AM EST   SUNSET   549 PM EST


-  INDICATES NEGATIVE NUMBERS.
R  INDICATES RECORD WAS SET OR TIED.
MM INDICATES DATA IS MISSING.
T  INDICATES TRACE AMOUNT.




$$
