000
CDUS43 KLOT 020633
CLIMDW


CLIMATE REPORT
NATIONAL WEATHER SERVICE CHICAGO IL
133 AM CDT SUN AUG 2 2015


...................................

...THE CHICAGO-MIDWAY CLIMATE SUMMARY FOR AUGUST 1 2015...

CLIMATE NORMAL PERIOD 1981 TO 2010
CLIMATE RECORD PERIOD 1928 TO 2015


WEATHER ITEM   OBSERVED TIME   RECORD YEAR NORMAL DEPARTURE LAST
                VALUE   (LST)  VALUE       VALUE  FROM      YEAR
                                                  NORMAL
..................................................................
TEMPERATURE (F)
 YESTERDAY
  MAXIMUM         89    239 PM 100    1988  83      6       83
  MINIMUM         66    451 AM  52    1947  67     -1       67
  AVERAGE         78                        75      3       75

PRECIPITATION (IN)
  YESTERDAY        0.00          2.55 1961   0.15  -0.15     0.21
  MONTH TO DATE    0.00                      0.15  -0.15     0.21
  SINCE JUN 1      5.21                      8.22  -3.01    13.11
  SINCE JAN 1     14.10                     22.71  -8.61    24.40

DEGREE DAYS
 HEATING
  YESTERDAY        0                         0      0        0
  MONTH TO DATE    0                         0      0        0
  SINCE JUN 1     24                        32     -8        3
  SINCE JUL 1      4                         1      3        1

 COOLING
  YESTERDAY       13                        10      3       10
  MONTH TO DATE   13                        10      3       10
  SINCE JUN 1    524                       558    -34      500
  SINCE JAN 1    630                       632     -2      611
..................................................................


WIND (MPH)
  RESULTANT WIND SPEED   9   RESULTANT WIND DIRECTION   W (260)
  HIGHEST WIND SPEED    20   HIGHEST WIND DIRECTION     W (270)
  HIGHEST GUST SPEED    29   HIGHEST GUST DIRECTION    SW (230)
  AVERAGE WIND SPEED     9.8



WEATHER CONDITIONS
 THE FOLLOWING WEATHER WAS RECORDED YESTERDAY.
  NO SIGNIFICANT WEATHER WAS OBSERVED.


..........................................................


THE CHICAGO-MIDWAY CLIMATE NORMALS FOR TODAY
                         NORMAL    RECORD    YEAR
 MAXIMUM TEMPERATURE (F)   83       102      1991
 MINIMUM TEMPERATURE (F)   67        56      1965


SUNRISE AND SUNSET
AUGUST  2 2015........SUNRISE   546 AM CDT   SUNSET   808 PM CDT
AUGUST  3 2015........SUNRISE   547 AM CDT   SUNSET   807 PM CDT


-  INDICATES NEGATIVE NUMBERS.
R  INDICATES RECORD WAS SET OR TIED.
MM INDICATES DATA IS MISSING.
T  INDICATES TRACE AMOUNT.




$$
