000
CDUS43 KLOT 050647
CLIMDW


CLIMATE REPORT
NATIONAL WEATHER SERVICE CHICAGO IL
1246 AM CST FRI FEB 5 2016


...................................

...THE CHICAGO-MIDWAY CLIMATE SUMMARY FOR FEBRUARY 4 2016...

CLIMATE NORMAL PERIOD 1981 TO 2010
CLIMATE RECORD PERIOD 1928 TO 2016


WEATHER ITEM   OBSERVED TIME   RECORD YEAR NORMAL DEPARTURE LAST
                VALUE   (LST)  VALUE       VALUE  FROM      YEAR
                                                  NORMAL
..................................................................
TEMPERATURE (F)
 YESTERDAY
  MAXIMUM         32    452 PM  54    1993  33     -1       30
  MINIMUM         21    754 AM -12    1996  19      2       12
  AVERAGE         27                        26      1       21

PRECIPITATION (IN)
  YESTERDAY        T             0.69 1986   0.05  -0.05      T
  MONTH TO DATE    T                         0.22  -0.22     0.05
  SINCE DEC 1      6.05                      4.85   1.20     2.06
  SINCE JAN 1      0.65                      2.28  -1.63     1.28

DEGREE DAYS
 HEATING
  YESTERDAY       38                        39     -1       44
  MONTH TO DATE  122                       157    -35      177
  SINCE DEC 1   2015                      2518   -503     2337
  SINCE JUL 1   2825                      3653   -828     3594

 COOLING
  YESTERDAY        0                         0      0        0
  MONTH TO DATE    0                         0      0        0
  SINCE DEC 1      0                         0      0        0
  SINCE JAN 1      0                         0      0        0
..................................................................


WIND (MPH)
  RESULTANT WIND SPEED   9   RESULTANT WIND DIRECTION  SW (240)
  HIGHEST WIND SPEED    18   HIGHEST WIND DIRECTION     W (260)
  HIGHEST GUST SPEED    22   HIGHEST GUST DIRECTION     W (260)
  AVERAGE WIND SPEED    10.0



WEATHER CONDITIONS
 THE FOLLOWING WEATHER WAS RECORDED YESTERDAY.
  LIGHT SNOW


..........................................................


THE CHICAGO-MIDWAY CLIMATE NORMALS FOR TODAY
                         NORMAL    RECORD    YEAR
 MAXIMUM TEMPERATURE (F)   33        56      1946
 MINIMUM TEMPERATURE (F)   19       -17      1979


SUNRISE AND SUNSET
FEBRUARY  5 2016......SUNRISE   700 AM CST   SUNSET   511 PM CST
FEBRUARY  6 2016......SUNRISE   658 AM CST   SUNSET   512 PM CST


-  INDICATES NEGATIVE NUMBERS.
R  INDICATES RECORD WAS SET OR TIED.
MM INDICATES DATA IS MISSING.
T  INDICATES TRACE AMOUNT.




$$
