000
CDUS43 KLOT 250634
CLIMDW


CLIMATE REPORT
NATIONAL WEATHER SERVICE CHICAGO IL
133 AM CDT SUN JUN 25 2017


...................................

...THE CHICAGO-MIDWAY CLIMATE SUMMARY FOR JUNE 24 2017...

CLIMATE NORMAL PERIOD 1981 TO 2010
CLIMATE RECORD PERIOD 1928 TO 2017


WEATHER ITEM   OBSERVED TIME   RECORD YEAR NORMAL DEPARTURE LAST
                VALUE   (LST)  VALUE       VALUE  FROM      YEAR
                                                  NORMAL
..................................................................
TEMPERATURE (F)
 YESTERDAY
  MAXIMUM         75    327 PM  99    1937  83     -8       82
  MINIMUM         62   1159 PM  48    1936  65     -3       67
  AVERAGE         69                        74     -5       75

PRECIPITATION (IN)
  YESTERDAY        T             2.31 1950   0.13  -0.13     0.00
  MONTH TO DATE    2.14                      3.36  -1.22     1.36
  SINCE JUN 1      2.14                      3.36  -1.22     1.36
  SINCE JAN 1     21.46                     17.85   3.61    13.08

DEGREE DAYS
 HEATING
  YESTERDAY        0                         0      0        0
  MONTH TO DATE    0                        29    -29        6
  SINCE JUN 1      0                        29    -29        6
  SINCE JUL 1   4964                      5988  -1024     4881

 COOLING
  YESTERDAY        4                         9     -5       10
  MONTH TO DATE  238                       148     90      225
  SINCE JUN 1    238                       148     90      225
  SINCE JAN 1    293                       222     71      332
..................................................................


WIND (MPH)
  RESULTANT WIND SPEED  12   RESULTANT WIND DIRECTION   W (280)
  HIGHEST WIND SPEED    25   HIGHEST WIND DIRECTION     W (280)
  HIGHEST GUST SPEED    36   HIGHEST GUST DIRECTION    NW (300)
  AVERAGE WIND SPEED    12.1



WEATHER CONDITIONS
 THE FOLLOWING WEATHER WAS RECORDED YESTERDAY.
  NO SIGNIFICANT WEATHER WAS OBSERVED.


..........................................................


THE CHICAGO-MIDWAY CLIMATE NORMALS FOR TODAY
                         NORMAL    RECORD    YEAR
 MAXIMUM TEMPERATURE (F)   83       104      1988
 MINIMUM TEMPERATURE (F)   65        46      1986


SUNRISE AND SUNSET
JUNE 25 2017..........SUNRISE   518 AM CDT   SUNSET   830 PM CDT
JUNE 26 2017..........SUNRISE   518 AM CDT   SUNSET   830 PM CDT


-  INDICATES NEGATIVE NUMBERS.
R  INDICATES RECORD WAS SET OR TIED.
MM INDICATES DATA IS MISSING.
T  INDICATES TRACE AMOUNT.




$$
