000
CDUS43 KLOT 282138
CLIMDW


CLIMATE REPORT
NATIONAL WEATHER SERVICE CHICAGO IL
438 PM CDT SUN AUG 28 2016


...................................

...THE CHICAGO-MIDWAY CLIMATE SUMMARY FOR AUGUST 28 2016...
VALID TODAY AS OF 0400 PM LOCAL TIME.

CLIMATE NORMAL PERIOD 1981 TO 2010
CLIMATE RECORD PERIOD 1928 TO 2016


WEATHER ITEM   OBSERVED TIME   RECORD YEAR NORMAL DEPARTURE
                VALUE   (LST)  VALUE       VALUE  FROM
                                                  NORMAL
...............................................................
TEMPERATURE (F)
 TODAY
  MAXIMUM         83    101 PM  97    1955  81      2
                                      1953
  MINIMUM         74    409 AM  46    1982  65      9
                                      1935
  AVERAGE         79                        73      6

PRECIPITATION (IN)
  TODAY            0.00          1.57 2004   0.12  -0.12
  MONTH TO DATE    6.25                      3.62   2.63
  SINCE JUN 1     12.76                     11.69   1.07
  SINCE JAN 1     24.48                     26.18  -1.70

DEGREE DAYS
 HEATING
  TODAY            0                         0      0
  MONTH TO DATE    0                         0      0
  SINCE JUN 1      6                        32    -26
  SINCE JUL 1      0                         1     -1

 COOLING
  TODAY           14                         8      6
  MONTH TO DATE  368                       264    104
  SINCE JUN 1   1044                       812    232
  SINCE JAN 1   1151                       886    265
...............................................................


WIND (MPH)
  RESULTANT WIND SPEED   5   RESULTANT WIND DIRECTION   E (70)
  HIGHEST WIND SPEED    14   HIGHEST WIND DIRECTION    NE (50)
  HIGHEST GUST SPEED    17   HIGHEST GUST DIRECTION     E (70)
  AVERAGE WIND SPEED     6.0


SKY COVER
  POSSIBLE SUNSHINE  MM
  AVERAGE SKY COVER 0.7


WEATHER CONDITIONS
 THE FOLLOWING WEATHER WAS RECORDED TODAY.
  NO SIGNIFICANT WEATHER WAS OBSERVED.


..........................................................


THE CHICAGO-MIDWAY CLIMATE NORMALS FOR TOMORROW
                         NORMAL    RECORD    YEAR
 MAXIMUM TEMPERATURE (F)   81        98      1953
 MINIMUM TEMPERATURE (F)   64        43      1965


SUNRISE AND SUNSET
AUGUST 28 2016........SUNRISE   613 AM CDT   SUNSET   730 PM CDT
AUGUST 29 2016........SUNRISE   614 AM CDT   SUNSET   728 PM CDT


-  INDICATES NEGATIVE NUMBERS.
R  INDICATES RECORD WAS SET OR TIED.
MM INDICATES DATA IS MISSING.
T  INDICATES TRACE AMOUNT.




$$
