487
CDUS43 KLOT 050659
CLIMDW


CLIMATE REPORT
NATIONAL WEATHER SERVICE CHICAGO IL
158 AM CDT THU MAY 5 2016


...................................

...THE CHICAGO-MIDWAY CLIMATE SUMMARY FOR MAY 4 2016...

CLIMATE NORMAL PERIOD 1981 TO 2010
CLIMATE RECORD PERIOD 1928 TO 2016


WEATHER ITEM   OBSERVED TIME   RECORD YEAR NORMAL DEPARTURE LAST
                VALUE   (LST)  VALUE       VALUE  FROM      YEAR
                                                  NORMAL
..................................................................
TEMPERATURE (F)
 YESTERDAY
  MAXIMUM         59   1213 AM  MM      MM  66     -7       74
  MINIMUM         44   1159 PM  MM      MM  48     -4       57
  AVERAGE         52                        57     -5       66

PRECIPITATION (IN)
  YESTERDAY        0.40         MM      MM   0.12   0.28      T
  MONTH TO DATE    0.78                      0.49   0.29     0.20
  SINCE MAR 1      6.16                      6.85  -0.69     3.62
  SINCE JAN 1      6.94                     10.85  -3.91     4.96

DEGREE DAYS
 HEATING
  YESTERDAY       13                         9      4        0
  MONTH TO DATE   54                        37     17       12
  SINCE MAR 1   1111                      1297   -186     1208
  SINCE JUL 1   4749                      5808  -1059     5930

 COOLING
  YESTERDAY        0                         1     -1        1
  MONTH TO DATE    0                         4     -4        8
  SINCE MAR 1     13                        17     -4        8
  SINCE JAN 1     13                        17     -4        8
..................................................................


WIND (MPH)
  RESULTANT WIND SPEED  12   RESULTANT WIND DIRECTION   N (10)
  HIGHEST WIND SPEED    28   HIGHEST WIND DIRECTION     N (10)
  HIGHEST GUST SPEED    35   HIGHEST GUST DIRECTION     N (10)
  AVERAGE WIND SPEED    14.8



WEATHER CONDITIONS
 THE FOLLOWING WEATHER WAS RECORDED YESTERDAY.
  RAIN
  LIGHT RAIN
  FOG


..........................................................


THE CHICAGO-MIDWAY CLIMATE NORMALS FOR TODAY
                         NORMAL    RECORD    YEAR
 MAXIMUM TEMPERATURE (F)   67        94      1949
 MINIMUM TEMPERATURE (F)   48        34      1954
                                             1944
                                             1929


SUNRISE AND SUNSET
MAY  5 2016...........SUNRISE   542 AM CDT   SUNSET   754 PM CDT
MAY  6 2016...........SUNRISE   540 AM CDT   SUNSET   755 PM CDT


-  INDICATES NEGATIVE NUMBERS.
R  INDICATES RECORD WAS SET OR TIED.
MM INDICATES DATA IS MISSING.
T  INDICATES TRACE AMOUNT.




$$
