000
CDUS44 KMEG 240645
CLIMEG


CLIMATE REPORT
NATIONAL WEATHER SERVICE MEMPHIS TN
145 AM CDT SUN MAY 24 2015


...................................

...THE MEMPHIS/GERMANTOWN WFO CLIMATE SUMMARY FOR MAY 23 2015...

CLIMATE NORMAL PERIOD 1981 TO 2010
CLIMATE RECORD PERIOD 1988 TO 2015


WEATHER ITEM   OBSERVED TIME   RECORD YEAR NORMAL DEPARTURE LAST
                VALUE   (LST)  VALUE       VALUE  FROM      YEAR
                                                  NORMAL
..................................................................
TEMPERATURE (F)
 YESTERDAY
  MAXIMUM         84    300 PM  94    2010  82      2       88
  MINIMUM         58    500 AM  47    1990  61     -3       64
  AVERAGE         71                        72     -1       76

PRECIPITATION (IN)
  YESTERDAY        0.00          0.72 1989   0.15  -0.15     0.00
  MONTH TO DATE    3.60                      4.38  -0.78     3.64
  SINCE MAR 1     13.68                     14.65  -0.97    15.74
  SINCE JAN 1     19.76                     23.28  -3.52    24.36

SNOWFALL (IN)
  YESTERDAY        0.0          MM      MM   0.0    0.0      0.0
  MONTH TO DATE    0.0                       0.0    0.0      0.0
  SINCE MAR 1      4.1                       0.8    3.3      0.3
  SINCE JUL 1      6.3                       2.4    3.9      0.8
  SNOW DEPTH       0

DEGREE DAYS
 HEATING
  YESTERDAY        0                         1     -1        0
  MONTH TO DATE   25                        37    -12       57
  SINCE MAR 1    552                       664   -112      739
  SINCE JUL 1   3459                      3410     49     3743

 COOLING
  YESTERDAY        6                         7     -1       11
  MONTH TO DATE  147                       117     30      156
  SINCE MAR 1    224                       182     42      204
  SINCE JAN 1    224                       183     41      204
..................................................................







THE MEMPHIS/GERMANTOWN WFO CLIMATE NORMALS FOR TODAY
                         NORMAL    RECORD    YEAR
 MAXIMUM TEMPERATURE (F)   83        93      2006
 MINIMUM TEMPERATURE (F)   62        48      1990


SUNRISE AND SUNSET
MAY 24 2015...........SUNRISE   550 AM CDT   SUNSET   803 PM CDT
MAY 25 2015...........SUNRISE   549 AM CDT   SUNSET   803 PM CDT


-  INDICATES NEGATIVE NUMBERS.
R  INDICATES RECORD WAS SET OR TIED.
MM INDICATES DATA IS MISSING.
T  INDICATES TRACE AMOUNT.




$$
