000
CDUS44 KMEG 160638
CLIMEG


CLIMATE REPORT
NATIONAL WEATHER SERVICE MEMPHIS TN
138 AM CDT WED AUG 16 2017


...................................

...THE MEMPHIS/GERMANTOWN WFO CLIMATE SUMMARY FOR AUGUST 15 2017...

CLIMATE NORMAL PERIOD 1981 TO 2010
CLIMATE RECORD PERIOD 1988 TO 2017


WEATHER ITEM   OBSERVED TIME   RECORD YEAR NORMAL DEPARTURE LAST
                VALUE   (LST)  VALUE       VALUE  FROM      YEAR
                                                  NORMAL
..................................................................
TEMPERATURE (F)
 YESTERDAY
  MAXIMUM         89    549 PM 106    2007  91     -2       88
  MINIMUM         71    326 AM  55    2004  70      1       73
  AVERAGE         80                        80      0       81

PRECIPITATION (IN)
  YESTERDAY        0.24          1.71 2016   0.10   0.14     1.71
  MONTH TO DATE    1.82                      1.77   0.05     2.21
  SINCE JUN 1     11.53                      9.99   1.54    12.30
  SINCE JAN 1     32.44                     34.48  -2.04    48.75

SNOWFALL (IN)
  YESTERDAY        0.0          MM      MM                   0.0
  MONTH TO DATE    0.0                                       0.0
  SINCE JUN 1      0.0                                       0.0
  SINCE JUL 1      0.0                                       0.0
  SNOW DEPTH       0

DEGREE DAYS
 HEATING
  YESTERDAY        0                         0      0        0
  MONTH TO DATE    0                         0      0        0
  SINCE JUN 1      0                         2     -2        0
  SINCE JUL 1      0                         0      0        0

 COOLING
  YESTERDAY       15                        15      0       16
  MONTH TO DATE  204                       238    -34      289
  SINCE JUN 1   1126                      1115     11     1337
  SINCE JAN 1   1471                      1366    105     1582
..................................................................







THE MEMPHIS/GERMANTOWN WFO CLIMATE NORMALS FOR TODAY
                         NORMAL    RECORD    YEAR
 MAXIMUM TEMPERATURE (F)   91       103      2007
 MINIMUM TEMPERATURE (F)   70        54      1992


SUNRISE AND SUNSET
AUGUST 16 2017........SUNRISE   620 AM CDT   SUNSET   746 PM CDT
AUGUST 17 2017........SUNRISE   621 AM CDT   SUNSET   745 PM CDT


-  INDICATES NEGATIVE NUMBERS.
R  INDICATES RECORD WAS SET OR TIED.
MM INDICATES DATA IS MISSING.
T  INDICATES TRACE AMOUNT.


$$
