000
CDUS44 KMEG 020639
CLIMEG


CLIMATE REPORT
NATIONAL WEATHER SERVICE MEMPHIS TN
138 AM CDT WED SEP 2 2015


...................................

...THE MEMPHIS/GERMANTOWN WFO CLIMATE SUMMARY FOR SEPTEMBER 1 2015...

CLIMATE NORMAL PERIOD 1981 TO 2010
CLIMATE RECORD PERIOD 1988 TO 2015


WEATHER ITEM   OBSERVED TIME   RECORD YEAR NORMAL DEPARTURE LAST
                VALUE   (LST)  VALUE       VALUE  FROM      YEAR
                                                  NORMAL
..................................................................
TEMPERATURE (F)
 YESTERDAY
  MAXIMUM         92    150 PM 100    2011  89      3       93
  MINIMUM         70    650 AM  56    2009  67      3       74
  AVERAGE         81                        78      3       84

PRECIPITATION (IN)
  YESTERDAY        0.00          2.29 2012   0.09  -0.09      T
  MONTH TO DATE    0.00                      0.09  -0.09      T
  SINCE SEP 1      0.00                      0.09  -0.09      T
  SINCE JAN 1     33.72                     36.10  -2.38    42.96

SNOWFALL (IN)
  YESTERDAY        0.0          MM      MM   0.0    0.0      0.0
  MONTH TO DATE    0.0                       0.0    0.0      0.0
  SINCE SEP 1      0.0                       0.0    0.0      0.0
  SINCE JUL 1      0.0                       0.0    0.0      0.0
  SNOW DEPTH       0

DEGREE DAYS
 HEATING
  YESTERDAY        0                         0      0        0
  MONTH TO DATE    0                         0      0        0
  SINCE SEP 1      0                         0      0        0
  SINCE JUL 1      0                         0      0        0

 COOLING
  YESTERDAY       16                        13      3       19
  MONTH TO DATE   16                        13      3       19
  SINCE SEP 1     16                        13      3       19
  SINCE JAN 1   1755                      1608    147     1600
..................................................................







THE MEMPHIS/GERMANTOWN WFO CLIMATE NORMALS FOR TODAY
                         NORMAL    RECORD    YEAR
 MAXIMUM TEMPERATURE (F)   89        98      2000
 MINIMUM TEMPERATURE (F)   67        52      1987


SUNRISE AND SUNSET
SEPTEMBER  2 2015.....SUNRISE   632 AM CDT   SUNSET   725 PM CDT
SEPTEMBER  3 2015.....SUNRISE   633 AM CDT   SUNSET   724 PM CDT


-  INDICATES NEGATIVE NUMBERS.
R  INDICATES RECORD WAS SET OR TIED.
MM INDICATES DATA IS MISSING.
T  INDICATES TRACE AMOUNT.




$$
