000
CDUS44 KMEG 290639
CLIMEG


CLIMATE REPORT
NATIONAL WEATHER SERVICE MEMPHIS TN
137 AM CDT SAT APR 29 2017


...................................

...THE MEMPHIS/GERMANTOWN WFO CLIMATE SUMMARY FOR APRIL 28 2017...

CLIMATE NORMAL PERIOD 1981 TO 2010
CLIMATE RECORD PERIOD 1988 TO 2017


WEATHER ITEM   OBSERVED TIME   RECORD YEAR NORMAL DEPARTURE LAST
                VALUE   (LST)  VALUE       VALUE  FROM      YEAR
                                                  NORMAL
..................................................................
TEMPERATURE (F)
 YESTERDAY
  MAXIMUM         85    409 PM  89    2001  76      9       87
  MINIMUM         53    138 AM  35    1992  53      0       60
  AVERAGE         69                        64      5       74

PRECIPITATION (IN)
  YESTERDAY        0.00          1.91 1991   0.18  -0.18     0.00
  MONTH TO DATE    3.97                      4.95  -0.98     4.10
  SINCE MAR 1      8.70                      9.90  -1.20    20.79
  SINCE JAN 1     13.91                     18.53  -4.62    29.74

SNOWFALL (IN)
  YESTERDAY        0.0          MM      MM                   0.0
  MONTH TO DATE    0.0                                       0.0
  SINCE MAR 1      0.4                                        T
  SINCE JUL 1      1.4                                       0.9
  SNOW DEPTH       0

DEGREE DAYS
 HEATING
  YESTERDAY        0                         3     -3        0
  MONTH TO DATE   62                       184   -122      104
  SINCE MAR 1    369                       620   -251      358
  SINCE JUL 1   2210                      3366  -1156     2445

 COOLING
  YESTERDAY        4                         3      1        9
  MONTH TO DATE   96                        49     47       54
  SINCE MAR 1    129                        60     69       67
  SINCE JAN 1    143                        61     82       67
..................................................................







THE MEMPHIS/GERMANTOWN WFO CLIMATE NORMALS FOR TODAY
                         NORMAL    RECORD    YEAR
 MAXIMUM TEMPERATURE (F)   76        88      2003
 MINIMUM TEMPERATURE (F)   53        36      1992


SUNRISE AND SUNSET
APRIL 29 2017.........SUNRISE   610 AM CDT   SUNSET   743 PM CDT
APRIL 30 2017.........SUNRISE   609 AM CDT   SUNSET   744 PM CDT


-  INDICATES NEGATIVE NUMBERS.
R  INDICATES RECORD WAS SET OR TIED.
MM INDICATES DATA IS MISSING.
T  INDICATES TRACE AMOUNT.




$$
