000
CDUS44 KMEG 302157
CLIMEG


CLIMATE REPORT
NATIONAL WEATHER SERVICE MEMPHIS TN
457 PM CDT TUE JUN 30 2015


...................................

...THE MEMPHIS/GERMANTOWN WFO CLIMATE SUMMARY FOR JUNE 30 2015...
VALID TODAY AS OF 0400 PM LOCAL TIME.

CLIMATE NORMAL PERIOD 1981 TO 2010
CLIMATE RECORD PERIOD 1988 TO 2015


WEATHER ITEM   OBSERVED TIME   RECORD YEAR NORMAL DEPARTURE LAST
                VALUE   (LST)  VALUE       VALUE  FROM      YEAR
                                                  NORMAL
..................................................................
TEMPERATURE (F)
 TODAY
  MAXIMUM         87    300 PM 101    2012  90     -3       91
  MINIMUM         67    300 AM  62    2008  70     -3       76
                                      2000
  AVERAGE         77                        80     -3       84

PRECIPITATION (IN)
  TODAY            T             1.66 1993   0.13  -0.13     0.00
  MONTH TO DATE    2.94                      3.68  -0.74    13.09
  SINCE JUN 1      2.94                      3.68  -0.74    13.09
  SINCE JAN 1     24.62                     28.17  -3.55    38.67

SNOWFALL (IN)
  TODAY            0.0

DEGREE DAYS
 HEATING
  TODAY            0                         0      0        0
  MONTH TO DATE    0                         0      0        0
  SINCE JUN 1      0                         2     -2        0
  SINCE JUL 1   3459                      3414     45     3743

 COOLING
  TODAY           12                        15     -3       19
  MONTH TO DATE  452                       381     71      417
  SINCE JUN 1    452                       381     71      417
  SINCE JAN 1    752                       632    120      716
..................................................................







THE MEMPHIS/GERMANTOWN WFO CLIMATE NORMALS FOR TOMORROW
                         NORMAL    RECORD    YEAR
 MAXIMUM TEMPERATURE (F)   90        99      2012
 MINIMUM TEMPERATURE (F)   71        61      2008


SUNRISE AND SUNSET
JUNE 30 2015..........SUNRISE   548 AM CDT   SUNSET   818 PM CDT
JULY  1 2015..........SUNRISE   548 AM CDT   SUNSET   817 PM CDT


-  INDICATES NEGATIVE NUMBERS.
R  INDICATES RECORD WAS SET OR TIED.
MM INDICATES DATA IS MISSING.
T  INDICATES TRACE AMOUNT.




$$
