000
CDUS44 KMEG 300734
CLIMEG


CLIMATE REPORT
NATIONAL WEATHER SERVICE MEMPHIS TN
133 AM CST FRI JAN 30 2015


...................................

...THE MEMPHIS/GERMANTOWN WFO CLIMATE SUMMARY FOR JANUARY 29 2015...

CLIMATE NORMAL PERIOD 1981 TO 2010
CLIMATE RECORD PERIOD 1988 TO 2015


WEATHER ITEM   OBSERVED TIME   RECORD YEAR NORMAL DEPARTURE LAST
                VALUE   (LST)  VALUE       VALUE  FROM      YEAR
                                                  NORMAL
..................................................................
TEMPERATURE (F)
 YESTERDAY
  MAXIMUM         64   1250 PM  75    2013  50     14       35
  MINIMUM         43   1150 PM   7    2014  30     13        7
  AVERAGE         54                        40     14       21

PRECIPITATION (IN)
  YESTERDAY        T             2.75 2013   0.12  -0.12     0.00
  MONTH TO DATE    1.34                      3.70  -2.36     3.23
  SINCE DEC 1      3.91                      9.64  -5.73     8.79
  SINCE JAN 1      1.34                      3.70  -2.36     3.23

SNOWFALL (IN)
  YESTERDAY        0.0           1.0  2010   0.0    0.0      0.0
  MONTH TO DATE    T                         0.2   -0.2       T
  SINCE DEC 1      T                         0.3   -0.3       T
  SINCE JUL 1      0.3                       0.3    0.0       T
  SNOW DEPTH       0

DEGREE DAYS
 HEATING
  YESTERDAY       11                        25    -14       44
  MONTH TO DATE  734                       751    -17      879
  SINCE DEC 1   1345                      1476   -131     1600
  SINCE JUL 1   2024                      2075    -51     2260

 COOLING
  YESTERDAY        0                         0      0        0
  MONTH TO DATE    0                         0      0        0
  SINCE DEC 1      0                         1     -1        1
  SINCE JAN 1      0                         0      0        0
..................................................................







THE MEMPHIS/GERMANTOWN WFO CLIMATE NORMALS FOR TODAY
                         NORMAL    RECORD    YEAR
 MAXIMUM TEMPERATURE (F)   50        77      2002
 MINIMUM TEMPERATURE (F)   30        18      2010
                                             1997


SUNRISE AND SUNSET
JANUARY 30 2015.......SUNRISE   700 AM CST   SUNSET   525 PM CST
JANUARY 31 2015.......SUNRISE   659 AM CST   SUNSET   526 PM CST


-  INDICATES NEGATIVE NUMBERS.
R  INDICATES RECORD WAS SET OR TIED.
MM INDICATES DATA IS MISSING.
T  INDICATES TRACE AMOUNT.




$$
