000
CDUS44 KMEG 170734
CLIMEG


CLIMATE REPORT
NATIONAL WEATHER SERVICE MEMPHIS TN
134 AM CST SAT FEB 17 2018


...................................

...THE MEMPHIS/GERMANTOWN WFO CLIMATE SUMMARY FOR FEBRUARY 16 2018...

CLIMATE NORMAL PERIOD 1981 TO 2010
CLIMATE RECORD PERIOD 1988 TO 2018


WEATHER ITEM   OBSERVED TIME   RECORD YEAR NORMAL DEPARTURE LAST
                VALUE   (LST)  VALUE       VALUE  FROM      YEAR
                                                  NORMAL
..................................................................
TEMPERATURE (F)
 YESTERDAY
  MAXIMUM         70        MM  75    1990  54     16       62
  MINIMUM         42        MM  16    2007  33      9       30
  AVERAGE         56                        43     13       46

PRECIPITATION (IN)
  YESTERDAY        0.04          1.75 2001   0.17  -0.13     0.00
  MONTH TO DATE    5.36                      2.62   2.74     1.09
  SINCE DEC 1     16.61                     12.52   4.09    12.06
  SINCE JAN 1      9.65                      6.58   3.07     4.75

SNOWFALL (IN)
  YESTERDAY        0.0           T    2003                   0.0
                                      1996
  MONTH TO DATE    0.0                                       0.0
  SINCE DEC 1      3.8                                       1.0
  SINCE JUL 1      3.8                                       1.0
  SNOW DEPTH       0

DEGREE DAYS
 HEATING
  YESTERDAY        9                        22    -13       19
  MONTH TO DATE  348                       376    -28      237
  SINCE DEC 1   1941                      1906     35     1444
  SINCE JUL 1   2446                      2505    -59     1766

 COOLING
  YESTERDAY        0                         0      0        0
  MONTH TO DATE    5                         0      5        7
  SINCE DEC 1      5                         1      4       12
  SINCE JAN 1      5                         0      5        7
..................................................................







THE MEMPHIS/GERMANTOWN WFO CLIMATE NORMALS FOR TODAY
                         NORMAL    RECORD    YEAR
 MAXIMUM TEMPERATURE (F)   54        69      2017
 MINIMUM TEMPERATURE (F)   33        14      2015


SUNRISE AND SUNSET
FEBRUARY 17 2018......SUNRISE   643 AM CST   SUNSET   544 PM CST
FEBRUARY 18 2018......SUNRISE   642 AM CST   SUNSET   545 PM CST


-  INDICATES NEGATIVE NUMBERS.
R  INDICATES RECORD WAS SET OR TIED.
MM INDICATES DATA IS MISSING.
T  INDICATES TRACE AMOUNT.




$$
