000
CDUS44 KMEG 230635
CLIMEG


CLIMATE REPORT
NATIONAL WEATHER SERVICE MEMPHIS TN
135 AM CDT WED APR 23 2014


...................................

...THE MEMPHIS/GERMANTOWN WFO CLIMATE SUMMARY FOR APRIL 22 2014...

CLIMATE NORMAL PERIOD 1981 TO 2010
CLIMATE RECORD PERIOD 1988 TO 2014


WEATHER ITEM   OBSERVED TIME   RECORD YEAR NORMAL DEPARTURE LAST
                VALUE   (LST)  VALUE       VALUE  FROM      YEAR
                                                  NORMAL
..................................................................
TEMPERATURE (F)
 YESTERDAY
  MAXIMUM         78    315 PM  85    1994  74      4       76
  MINIMUM         50   1150 PM  35    1993  51     -1       43
  AVERAGE         64                        62      2       60

PRECIPITATION (IN)
  YESTERDAY        T             0.18 1990   0.20  -0.20     0.00
                                      1990
                                      2008
  MONTH TO DATE    2.91                      3.83  -0.92     5.41
  SINCE MAR 1      8.95                      8.78   0.17     8.65
  SINCE JAN 1     17.57                     17.41   0.16    23.34

SNOWFALL (IN)
  YESTERDAY        0.0          MM      MM   0.0    0.0      0.0
  MONTH TO DATE    0.0                       0.0    0.0      0.0
  SINCE MAR 1      0.3                       0.8   -0.5      0.1
  SINCE JUL 1      0.8                       2.4   -1.6      0.8
  SNOW DEPTH       0

DEGREE DAYS
 HEATING
  YESTERDAY        1                         5     -4        5
  MONTH TO DATE  141                       161    -20      158
  SINCE MAR 1    663                       597     66      714
  SINCE JUL 1   3667                      3343    324     3134

 COOLING
  YESTERDAY        0                         2     -2        0
  MONTH TO DATE   39                        34      5       58
  SINCE MAR 1     41                        45     -4       59
  SINCE JAN 1     41                        46     -5       65
..................................................................







THE MEMPHIS/GERMANTOWN WFO CLIMATE NORMALS FOR TODAY
                         NORMAL    RECORD    YEAR
 MAXIMUM TEMPERATURE (F)   74        89      2008
 MINIMUM TEMPERATURE (F)   51        35      1993


SUNRISE AND SUNSET
APRIL 23 2014.........SUNRISE   617 AM CDT   SUNSET   738 PM CDT
APRIL 24 2014.........SUNRISE   616 AM CDT   SUNSET   739 PM CDT


-  INDICATES NEGATIVE NUMBERS.
R  INDICATES RECORD WAS SET OR TIED.
MM INDICATES DATA IS MISSING.
T  INDICATES TRACE AMOUNT.




$$
