000
CDUS44 KJAN 260710
CLIMEI


CLIMATE REPORT
NATIONAL WEATHER SERVICE JACKSON MS
208 AM CDT MON JUN 26 2017


...................................

...THE MERIDIAN CLIMATE SUMMARY FOR JUNE 25 2017...

CLIMATE NORMAL PERIOD 1981 TO 2010
CLIMATE RECORD PERIOD 1889 TO 2017


WEATHER ITEM   OBSERVED TIME   RECORD YEAR NORMAL DEPARTURE LAST
                VALUE   (LST)  VALUE       VALUE  FROM      YEAR
                                                  NORMAL
..................................................................
TEMPERATURE (F)
 YESTERDAY
  MAXIMUM         82    236 PM 101    1988  91     -9      100
                                      1930
  MINIMUM         65   1159 PM  57    1974  68     -3       76
  AVERAGE         74                        79     -5       88

PRECIPITATION (IN)
  YESTERDAY        T             1.37 1960   0.16  -0.16      T
  MONTH TO DATE    9.96                      3.61   6.35     3.51
  SINCE JUN 1      9.96                      3.61   6.35     3.51
  SINCE JAN 1     38.60                     29.04   9.56    28.50

SNOWFALL (IN)
  YESTERDAY        0.0           0.0    MM   0.0    0.0      0.0
  MONTH TO DATE    0.0                       0.0    0.0      0.0
  SINCE JUN 1      0.0                       0.0    0.0      0.0
  SINCE JUL 1      0.8                       0.6    0.2       T

DEGREE DAYS
 HEATING
  YESTERDAY        0                         0      0        0
  MONTH TO DATE    0                         0      0        0
  SINCE JUN 1      0                         0      0        0
  SINCE JUL 1   1362                      2553  -1191     1815

 COOLING
  YESTERDAY        9                        14     -5       23
  MONTH TO DATE  336                       307     29      444
  SINCE JUN 1    336                       307     29      444
  SINCE JAN 1    829                       590    239      756
..................................................................


WIND (MPH)
  HIGHEST WIND SPEED    16   HIGHEST WIND DIRECTION     N (10)
  HIGHEST GUST SPEED    19   HIGHEST GUST DIRECTION     N (10)
  AVERAGE WIND SPEED     7.3


SKY COVER
  POSSIBLE SUNSHINE  MM
  AVERAGE SKY COVER 0.2


WEATHER CONDITIONS
 THE FOLLOWING WEATHER WAS RECORDED YESTERDAY.
  NO SIGNIFICANT WEATHER WAS OBSERVED.


RELATIVE HUMIDITY (PERCENT)
 HIGHEST   100          1100 PM
 LOWEST     58           300 PM
 AVERAGE    79

..........................................................


THE MERIDIAN CLIMATE NORMALS FOR TODAY
                         NORMAL    RECORD    YEAR
 MAXIMUM TEMPERATURE (F)   91       102      1914
 MINIMUM TEMPERATURE (F)   68        56      1984


SUNRISE AND SUNSET
JUNE 26 2017..........SUNRISE   550 AM CDT   SUNSET   806 PM CDT
JUNE 27 2017..........SUNRISE   550 AM CDT   SUNSET   806 PM CDT


-  INDICATES NEGATIVE NUMBERS.
R  INDICATES RECORD WAS SET OR TIED.
MM INDICATES DATA IS MISSING.
T  INDICATES TRACE AMOUNT.




$$
