000
CDUS44 KJAN 130631
CLIMEI


CLIMATE REPORT
NATIONAL WEATHER SERVICE JACKSON MS
1228 AM CST SAT FEB 13 2016


...................................

...THE MERIDIAN CLIMATE SUMMARY FOR FEBRUARY 12 2016...

CLIMATE NORMAL PERIOD 1981 TO 2010
CLIMATE RECORD PERIOD 1889 TO 2016


WEATHER ITEM   OBSERVED TIME   RECORD YEAR NORMAL DEPARTURE LAST
                VALUE   (LST)  VALUE       VALUE  FROM      YEAR
                                                  NORMAL
..................................................................
TEMPERATURE (F)
 YESTERDAY
  MAXIMUM         71    236 PM  82    1922  60     11       55
  MINIMUM         36    654 AM   0    1899  36      0       30
  AVERAGE         54                        48      6       43

PRECIPITATION (IN)
  YESTERDAY        0.00          2.90 1945   0.21  -0.21     0.00
  MONTH TO DATE    0.70                      2.45  -1.75     0.39
  SINCE DEC 1     10.02                     12.64  -2.62    15.78
  SINCE JAN 1      3.94                      7.58  -3.64     7.10

SNOWFALL (IN)
  YESTERDAY        0.0           2.5  1899   0.0    0.0      0.0
  MONTH TO DATE    0.0                       0.0    0.0      0.0
  SINCE DEC 1      T                         0.3   -0.3      0.0
  SINCE JUL 1      T                         0.3   -0.3      0.0

DEGREE DAYS
 HEATING
  YESTERDAY       11                        17     -6       22
  MONTH TO DATE  204                       219    -15      232
  SINCE DEC 1   1110                      1406   -296     1307
  SINCE JUL 1   1361                      1856   -495     1856

 COOLING
  YESTERDAY        0                         0      0        0
  MONTH TO DATE    4                         0      4        0
  SINCE DEC 1     47                         9     38        0
  SINCE JAN 1      4                         3      1        0
..................................................................


WIND (MPH)
  HIGHEST WIND SPEED    18   HIGHEST WIND DIRECTION     W (280)
  HIGHEST GUST SPEED    31   HIGHEST GUST DIRECTION    NW (320)
  AVERAGE WIND SPEED     7.5


SKY COVER
  POSSIBLE SUNSHINE  MM
  AVERAGE SKY COVER 0.1


WEATHER CONDITIONS
 THE FOLLOWING WEATHER WAS RECORDED YESTERDAY.
  FOG
  HAZE


RELATIVE HUMIDITY (PERCENT)
 HIGHEST    92           100 AM
 LOWEST     26           400 PM
 AVERAGE    59

..........................................................


THE MERIDIAN CLIMATE NORMALS FOR TODAY
                         NORMAL    RECORD    YEAR
 MAXIMUM TEMPERATURE (F)   61        84      1962
 MINIMUM TEMPERATURE (F)   36        -6      1899


SUNRISE AND SUNSET
FEBRUARY 13 2016......SUNRISE   640 AM CST   SUNSET   539 PM CST
FEBRUARY 14 2016......SUNRISE   639 AM CST   SUNSET   540 PM CST


-  INDICATES NEGATIVE NUMBERS.
R  INDICATES RECORD WAS SET OR TIED.
MM INDICATES DATA IS MISSING.
T  INDICATES TRACE AMOUNT.




$$
