000
CDUS44 KJAN 260813
CLIMEI


CLIMATE REPORT
NATIONAL WEATHER SERVICE JACKSON MS
309 AM CDT SUN MAR 26 2017


...................................

...THE MERIDIAN CLIMATE SUMMARY FOR MARCH 25 2017...

CLIMATE NORMAL PERIOD 1981 TO 2010
CLIMATE RECORD PERIOD 1889 TO 2017


WEATHER ITEM   OBSERVED TIME   RECORD YEAR NORMAL DEPARTURE LAST
                VALUE   (LST)  VALUE       VALUE  FROM      YEAR
                                                  NORMAL
..................................................................
TEMPERATURE (F)
 YESTERDAY
  MAXIMUM         69    840 AM  88    1907  71     -2       68
  MINIMUM         58    825 PM  24    1966  44     14       43
  AVERAGE         64                        58      6       56

PRECIPITATION (IN)
  YESTERDAY        1.13          2.27 1916   0.17   0.96     0.00
  MONTH TO DATE    4.94                      4.40   0.54     9.05
  SINCE MAR 1      4.94                      4.40   0.54     9.05
  SINCE JAN 1     14.51                     15.13  -0.62    16.54

SNOWFALL (IN)
  YESTERDAY        0.0           0.0  2001   0.0    0.0      0.0
  MONTH TO DATE    0.0                       0.2   -0.2      0.0
  SINCE MAR 1      0.0                       0.2   -0.2      0.0
  SINCE JUL 1      0.8                       0.5    0.3       T

DEGREE DAYS
 HEATING
  YESTERDAY        1                         8     -7        9
  MONTH TO DATE  190                       263    -73      166
  SINCE MAR 1    190                       263    -73      166
  SINCE JUL 1   1318                      2360  -1042     1728

 COOLING
  YESTERDAY        0                         1     -1        0
  MONTH TO DATE   33                        17     16       25
  SINCE MAR 1     33                        17     16       25
  SINCE JAN 1     79                        24     55       30
..................................................................


WIND (MPH)
  HIGHEST WIND SPEED    31   HIGHEST WIND DIRECTION     W (260)
  HIGHEST GUST SPEED    40   HIGHEST GUST DIRECTION     W (260)
  AVERAGE WIND SPEED     8.7


SKY COVER
  POSSIBLE SUNSHINE  MM
  AVERAGE SKY COVER 0.6


WEATHER CONDITIONS
 THE FOLLOWING WEATHER WAS RECORDED YESTERDAY.
  THUNDERSTORM
  HEAVY RAIN
  RAIN
  LIGHT RAIN
  FOG


RELATIVE HUMIDITY (PERCENT)
 HIGHEST   100          1100 AM
 LOWEST     87          1200 AM
 AVERAGE    94

..........................................................


THE MERIDIAN CLIMATE NORMALS FOR TODAY
                         NORMAL    RECORD    YEAR
 MAXIMUM TEMPERATURE (F)   72        87      1936
                                             1910
 MINIMUM TEMPERATURE (F)   44        25      1894


SUNRISE AND SUNSET
MARCH 26 2017.........SUNRISE   651 AM CDT   SUNSET   711 PM CDT
MARCH 27 2017.........SUNRISE   649 AM CDT   SUNSET   712 PM CDT


-  INDICATES NEGATIVE NUMBERS.
R  INDICATES RECORD WAS SET OR TIED.
MM INDICATES DATA IS MISSING.
T  INDICATES TRACE AMOUNT.




$$
