485
CDUS44 KJAN 270804
CLIMEI


CLIMATE REPORT
NATIONAL WEATHER SERVICE JACKSON MS
302 AM CDT FRI MAY 27 2016


...................................

...THE MERIDIAN CLIMATE SUMMARY FOR MAY 26 2016...

CLIMATE NORMAL PERIOD 1981 TO 2010
CLIMATE RECORD PERIOD 1889 TO 2016


WEATHER ITEM   OBSERVED TIME   RECORD YEAR NORMAL DEPARTURE LAST
                VALUE   (LST)  VALUE       VALUE  FROM      YEAR
                                                  NORMAL
..................................................................
TEMPERATURE (F)
 YESTERDAY
  MAXIMUM         92    148 PM  96    1964  86      6       82
                                      1950
  MINIMUM         67    517 AM  42    1979  61      6       66
  AVERAGE         80                        74      6       74

PRECIPITATION (IN)
  YESTERDAY        0.00          3.23 1909   0.14  -0.14     0.22
  MONTH TO DATE    0.96                      3.78  -2.82     1.36
  SINCE MAR 1     17.49                     13.98   3.51    11.42
  SINCE JAN 1     24.98                     24.71   0.27    22.26

SNOWFALL (IN)
  YESTERDAY        0.0           0.0    MM   0.0    0.0      0.0
  MONTH TO DATE    0.0                       0.0    0.0      0.0
  SINCE MAR 1      0.0                       0.3   -0.3       T
  SINCE JUL 1      T                         0.6   -0.6       T

DEGREE DAYS
 HEATING
  YESTERDAY        0                         0      0        0
  MONTH TO DATE    8                        16     -8        6
  SINCE MAR 1    253                       453   -200      263
  SINCE JUL 1   1815                      2550   -735     2504

 COOLING
  YESTERDAY       15                         9      6        9
  MONTH TO DATE  133                       154    -21      171
  SINCE MAR 1    229                       230     -1      311
  SINCE JAN 1    234                       237     -3      311
..................................................................


WIND (MPH)
  HIGHEST WIND SPEED    17   HIGHEST WIND DIRECTION    SW (210)
  HIGHEST GUST SPEED    21   HIGHEST GUST DIRECTION     S (170)
  AVERAGE WIND SPEED     6.4


SKY COVER
  POSSIBLE SUNSHINE  MM
  AVERAGE SKY COVER 0.1


WEATHER CONDITIONS
 THE FOLLOWING WEATHER WAS RECORDED YESTERDAY.
  NO SIGNIFICANT WEATHER WAS OBSERVED.


RELATIVE HUMIDITY (PERCENT)
 HIGHEST    87           500 AM
 LOWEST     38           100 PM
 AVERAGE    63

..........................................................


THE MERIDIAN CLIMATE NORMALS FOR TODAY
                         NORMAL    RECORD    YEAR
 MAXIMUM TEMPERATURE (F)   86        97      1953
 MINIMUM TEMPERATURE (F)   62        45      1961


SUNRISE AND SUNSET
MAY 27 2016...........SUNRISE   550 AM CDT   SUNSET   754 PM CDT
MAY 28 2016...........SUNRISE   550 AM CDT   SUNSET   755 PM CDT


-  INDICATES NEGATIVE NUMBERS.
R  INDICATES RECORD WAS SET OR TIED.
MM INDICATES DATA IS MISSING.
T  INDICATES TRACE AMOUNT.




$$
