000
CDUS44 KJAN 180639
CLIMEI


CLIMATE REPORT
NATIONAL WEATHER SERVICE JACKSON MS
1234 AM CST WED JAN 18 2017


...................................

...THE MERIDIAN CLIMATE SUMMARY FOR JANUARY 17 2017...

CLIMATE NORMAL PERIOD 1981 TO 2010
CLIMATE RECORD PERIOD 1889 TO 2017


WEATHER ITEM   OBSERVED TIME   RECORD YEAR NORMAL DEPARTURE LAST
                VALUE   (LST)  VALUE       VALUE  FROM      YEAR
                                                  NORMAL
..................................................................
TEMPERATURE (F)
 YESTERDAY
  MAXIMUM         79    331 PM  80    1943  56     23       52
  MINIMUM         61   1154 PM  10    1977  33     28       29
  AVERAGE         70                        44     26       41

PRECIPITATION (IN)
  YESTERDAY        0.00          3.40 1925   0.17  -0.17     0.07
  MONTH TO DATE    3.53                      2.55   0.98     0.21
  SINCE DEC 1      7.43                      7.61  -0.18     6.29
  SINCE JAN 1      3.53                      2.55   0.98     0.21

SNOWFALL (IN)
  YESTERDAY        0.0           2.0  1948   0.0    0.0      0.0
  MONTH TO DATE    0.8                       0.1    0.7      0.0
  SINCE DEC 1      0.8                       0.2    0.6      0.0
  SINCE JUL 1      0.8                       0.2    0.6      0.0

DEGREE DAYS
 HEATING
  YESTERDAY        0                        21    -21       24
  MONTH TO DATE  190                       350   -160      359
  SINCE DEC 1    594                       908   -314      647
  SINCE JUL 1    803                      1358   -555      898

 COOLING
  YESTERDAY        5                         0      5        0
  MONTH TO DATE   16                         0     16        0
  SINCE DEC 1     34                         6     28       43
  SINCE JAN 1     16                         0     16        0
..................................................................


WIND (MPH)
  HIGHEST WIND SPEED    21   HIGHEST WIND DIRECTION     S (200)
  HIGHEST GUST SPEED    26   HIGHEST GUST DIRECTION     S (190)
  AVERAGE WIND SPEED     6.7


SKY COVER
  POSSIBLE SUNSHINE  MM
  AVERAGE SKY COVER 0.6


WEATHER CONDITIONS
 THE FOLLOWING WEATHER WAS RECORDED YESTERDAY.
  NO SIGNIFICANT WEATHER WAS OBSERVED.


RELATIVE HUMIDITY (PERCENT)
 HIGHEST   100           300 AM
 LOWEST     58           300 PM
 AVERAGE    79

..........................................................


THE MERIDIAN CLIMATE NORMALS FOR TODAY
                         NORMAL    RECORD    YEAR
 MAXIMUM TEMPERATURE (F)   56        77      1974
                                             1949
 MINIMUM TEMPERATURE (F)   33        10      1948


SUNRISE AND SUNSET
JANUARY 18 2017.......SUNRISE   656 AM CST   SUNSET   516 PM CST
JANUARY 19 2017.......SUNRISE   655 AM CST   SUNSET   517 PM CST


-  INDICATES NEGATIVE NUMBERS.
R  INDICATES RECORD WAS SET OR TIED.
MM INDICATES DATA IS MISSING.
T  INDICATES TRACE AMOUNT.




$$
