000
CDUS44 KMEG 230739
CLIMEM


CLIMATE REPORT
NATIONAL WEATHER SERVICE MEMPHIS TN
139 AM CST SUN NOV 23 2014


...................................

...THE MEMPHIS CLIMATE SUMMARY FOR NOVEMBER 22 2014...

CLIMATE NORMAL PERIOD 1981 TO 2010
CLIMATE RECORD PERIOD 1872 TO 2014


WEATHER ITEM   OBSERVED TIME   RECORD YEAR NORMAL DEPARTURE LAST
                VALUE   (LST)  VALUE       VALUE  FROM      YEAR
                                                  NORMAL
..................................................................
TEMPERATURE (F)
 YESTERDAY
  MAXIMUM         68   1213 PM  78    1931  60      8       61
                                      1913
  MINIMUM         53    707 AM  18    1964  41     12       45
                                      1880
  AVERAGE         61                        51     10       53

PRECIPITATION (IN)
  YESTERDAY        T             3.05 1961   0.20  -0.20     0.58
  MONTH TO DATE    1.94                      3.85  -1.91     2.43
  SINCE SEP 1     10.69                     10.92  -0.23     8.42
  SINCE JAN 1     54.41                     46.30   8.11    54.37

SNOWFALL (IN)
  YESTERDAY        0.0           4.9  1929   0.0    0.0      0.0
                                      1957
  MONTH TO DATE    0.2                       0.0    0.2      0.0
  SINCE SEP 1      0.2                       0.0    0.2      0.0
  SINCE JUL 1      0.2                       0.0    0.2      0.0
  SNOW DEPTH       0

DEGREE DAYS
 HEATING
  YESTERDAY        4                        15    -11       12
  MONTH TO DATE  408                       239    169      247
  SINCE SEP 1    493                       370    123      360
  SINCE JUL 1    493                       370    123      360

 COOLING
  YESTERDAY        0                         0      0        0
  MONTH TO DATE    0                        11    -11        5
  SINCE SEP 1    453                       419     34      516
  SINCE JAN 1   2159                      2254    -95     2242
..................................................................


WIND (MPH)
  HIGHEST WIND SPEED    20   HIGHEST WIND DIRECTION     S (170)
  HIGHEST GUST SPEED    24   HIGHEST GUST DIRECTION     S (170)
  AVERAGE WIND SPEED     9.8


SKY COVER
  POSSIBLE SUNSHINE  MM
  AVERAGE SKY COVER 0.7


WEATHER CONDITIONS
 THE FOLLOWING WEATHER WAS RECORDED YESTERDAY.
  NO SIGNIFICANT WEATHER WAS OBSERVED.


RELATIVE HUMIDITY (PERCENT)
 HIGHEST    77           300 AM
 LOWEST     40          1100 AM
 AVERAGE    59

..........................................................


THE MEMPHIS CLIMATE NORMALS FOR TODAY
                         NORMAL    RECORD    YEAR
 MAXIMUM TEMPERATURE (F)   59        77      1973
 MINIMUM TEMPERATURE (F)   41        19      1964


SUNRISE AND SUNSET
NOVEMBER 23 2014......SUNRISE   642 AM CST   SUNSET   450 PM CST
NOVEMBER 24 2014......SUNRISE   643 AM CST   SUNSET   450 PM CST


-  INDICATES NEGATIVE NUMBERS.
R  INDICATES RECORD WAS SET OR TIED.
MM INDICATES DATA IS MISSING.
T  INDICATES TRACE AMOUNT.




$$
