000
CDUS44 KMEG 292156
CLIMEM


CLIMATE REPORT
NATIONAL WEATHER SERVICE MEMPHIS TN
455 PM CDT SUN MAY 29 2016


...................................

...THE MEMPHIS CLIMATE SUMMARY FOR MAY 29 2016...
VALID TODAY AS OF 0400 PM LOCAL TIME.

CLIMATE NORMAL PERIOD 1981 TO 2010
CLIMATE RECORD PERIOD 1872 TO 2016


WEATHER ITEM   OBSERVED TIME   RECORD YEAR NORMAL DEPARTURE LAST
                VALUE   (LST)  VALUE       VALUE  FROM      YEAR
                                                  NORMAL
..................................................................
TEMPERATURE (F)
 TODAY
  MAXIMUM         90    158 PM  96    1977  85      5       87
                                      1879
  MINIMUM         67    450 AM  50    1964  66      1       69
  AVERAGE         79                        75      4       78

PRECIPITATION (IN)
  TODAY            0.00          1.10 1992   0.16  -0.16      T
  MONTH TO DATE    4.85                      4.95  -0.10     4.10
  SINCE MAR 1     27.02                     15.61  11.41    12.65
  SINCE JAN 1     34.87                     23.98  10.89    18.30

SNOWFALL (IN)
  TODAY            0.0

DEGREE DAYS
 HEATING
  TODAY            0                         0      0        0
  MONTH TO DATE   22                        17      5       13
  SINCE MAR 1    315                       512   -197      461
  SINCE JUL 1   2186                      2962   -776     3184

 COOLING
  TODAY           14                        10      4       13
  MONTH TO DATE  169                       204    -35      245
  SINCE MAR 1    273                       296    -23      335
  SINCE JAN 1    276                       299    -23      335
..................................................................


WIND (MPH)
  HIGHEST WIND SPEED    12   HIGHEST WIND DIRECTION     W (290)
  HIGHEST GUST SPEED    15   HIGHEST GUST DIRECTION    SW (240)
  AVERAGE WIND SPEED     3.9


SKY COVER
  POSSIBLE SUNSHINE  MM
  AVERAGE SKY COVER 0.4


WEATHER CONDITIONS
 THE FOLLOWING WEATHER WAS RECORDED TODAY.
  NO SIGNIFICANT WEATHER WAS OBSERVED.


RELATIVE HUMIDITY (PERCENT)
 HIGHEST    90          1200 AM
 LOWEST     52           200 PM
 AVERAGE    71

..........................................................


THE MEMPHIS CLIMATE NORMALS FOR TOMORROW
                         NORMAL    RECORD    YEAR
 MAXIMUM TEMPERATURE (F)   85        99      1977
 MINIMUM TEMPERATURE (F)   66        48      1889


SUNRISE AND SUNSET
MAY 29 2016...........SUNRISE   548 AM CDT   SUNSET   807 PM CDT
MAY 30 2016...........SUNRISE   548 AM CDT   SUNSET   808 PM CDT


-  INDICATES NEGATIVE NUMBERS.
R  INDICATES RECORD WAS SET OR TIED.
MM INDICATES DATA IS MISSING.
T  INDICATES TRACE AMOUNT.




$$
