000
CDUS44 KMEG 060635
CLIMEM


CLIMATE REPORT
NATIONAL WEATHER SERVICE MEMPHIS TN
135 AM CDT FRI MAY 6 2016


...................................

...THE MEMPHIS CLIMATE SUMMARY FOR MAY 5 2016...

CLIMATE NORMAL PERIOD 1981 TO 2010
CLIMATE RECORD PERIOD 1872 TO 2016


WEATHER ITEM   OBSERVED TIME   RECORD YEAR NORMAL DEPARTURE LAST
                VALUE   (LST)  VALUE       VALUE  FROM      YEAR
                                                  NORMAL
..................................................................
TEMPERATURE (F)
 YESTERDAY
  MAXIMUM         72    359 PM  94    1955  78     -6       87
                                      1952
  MINIMUM         50    432 AM  42    1954  59     -9       65
  AVERAGE         61                        69     -8       76

PRECIPITATION (IN)
  YESTERDAY        0.00          3.18 1999   0.19  -0.19     0.00
  MONTH TO DATE    0.32                      0.94  -0.62     0.00
  SINCE MAR 1     22.49                     11.60  10.89     8.55
  SINCE JAN 1     30.34                     19.97  10.37    14.20

SNOWFALL (IN)
  YESTERDAY        0.0          MM      MM   0.0    0.0      0.0
  MONTH TO DATE    0.0                       0.0    0.0      0.0
  SINCE MAR 1      0.0                       0.4   -0.4      3.6
  SINCE JUL 1      0.3                       3.8   -3.5      6.1
  SNOW DEPTH       0

DEGREE DAYS
 HEATING
  YESTERDAY        4                         1      3        0
  MONTH TO DATE   10                         6      4        3
  SINCE MAR 1    303                       501   -198      451
  SINCE JUL 1   2174                      2951   -777     3174

 COOLING
  YESTERDAY        0                         5     -5       11
  MONTH TO DATE    9                        22    -13       23
  SINCE MAR 1    113                       114     -1      113
  SINCE JAN 1    116                       117     -1      113
..................................................................


WIND (MPH)
  HIGHEST WIND SPEED    22   HIGHEST WIND DIRECTION     N (20)
  HIGHEST GUST SPEED    31   HIGHEST GUST DIRECTION     N (350)
  AVERAGE WIND SPEED    10.0


SKY COVER
  POSSIBLE SUNSHINE  MM
  AVERAGE SKY COVER 0.1


WEATHER CONDITIONS
 THE FOLLOWING WEATHER WAS RECORDED YESTERDAY.
  NO SIGNIFICANT WEATHER WAS OBSERVED.


RELATIVE HUMIDITY (PERCENT)
 HIGHEST    83           500 AM
 LOWEST     28          1200 PM
 AVERAGE    56

..........................................................


THE MEMPHIS CLIMATE NORMALS FOR TODAY
                         NORMAL    RECORD    YEAR
 MAXIMUM TEMPERATURE (F)   79        95      1952
 MINIMUM TEMPERATURE (F)   59        41      1944


SUNRISE AND SUNSET
MAY  6 2016...........SUNRISE   604 AM CDT   SUNSET   750 PM CDT
MAY  7 2016...........SUNRISE   603 AM CDT   SUNSET   751 PM CDT


-  INDICATES NEGATIVE NUMBERS.
R  INDICATES RECORD WAS SET OR TIED.
MM INDICATES DATA IS MISSING.
T  INDICATES TRACE AMOUNT.




$$
