000
CDUS44 KMEG 260733
CLIMEM


CLIMATE REPORT
NATIONAL WEATHER SERVICE MEMPHIS TN
132 AM CST MON JAN 26 2015


...................................

...THE MEMPHIS CLIMATE SUMMARY FOR JANUARY 25 2015...

CLIMATE NORMAL PERIOD 1981 TO 2010
CLIMATE RECORD PERIOD 1872 TO 2015


WEATHER ITEM   OBSERVED TIME   RECORD YEAR NORMAL DEPARTURE LAST
                VALUE   (LST)  VALUE       VALUE  FROM      YEAR
                                                  NORMAL
..................................................................
TEMPERATURE (F)
 YESTERDAY
  MAXIMUM         57    207 PM  78    1950  50      7       53
  MINIMUM         37    305 AM  -2    1940  33      4       29
  AVERAGE         47                        42      5       41

PRECIPITATION (IN)
  YESTERDAY        0.20          1.19 1978   0.12   0.08     0.00
  MONTH TO DATE    1.30                      3.19  -1.89     3.16
  SINCE DEC 1      3.90                      8.93  -5.03     7.98
  SINCE JAN 1      1.30                      3.19  -1.89     3.16

SNOWFALL (IN)
  YESTERDAY        0.0           2.4  1978   0.1   -0.1      0.0
  MONTH TO DATE    0.0                       1.5   -1.5       T
  SINCE DEC 1      0.0                       1.7   -1.7       T
  SINCE JUL 1      0.2                       1.7   -1.5       T
  SNOW DEPTH       0

DEGREE DAYS
 HEATING
  YESTERDAY       18                        24     -6       24
  MONTH TO DATE  628                       600     28      709
  SINCE DEC 1   1202                      1265    -63     1394
  SINCE JUL 1   1811                      1764     47     1979

 COOLING
  YESTERDAY        0                         0      0        0
  MONTH TO DATE    0                         0      0        0
  SINCE DEC 1      0                         2     -2        3
  SINCE JAN 1      0                         0      0        0
..................................................................


WIND (MPH)
  HIGHEST WIND SPEED    28   HIGHEST WIND DIRECTION    NW (300)
  HIGHEST GUST SPEED    36   HIGHEST GUST DIRECTION     W (290)
  AVERAGE WIND SPEED    12.3


SKY COVER
  POSSIBLE SUNSHINE  MM
  AVERAGE SKY COVER 0.6


WEATHER CONDITIONS
 THE FOLLOWING WEATHER WAS RECORDED YESTERDAY.
  HEAVY RAIN
  RAIN
  LIGHT RAIN
  FOG


RELATIVE HUMIDITY (PERCENT)
 HIGHEST    82          1200 AM
 LOWEST     57           200 PM
 AVERAGE    70

..........................................................


THE MEMPHIS CLIMATE NORMALS FOR TODAY
                         NORMAL    RECORD    YEAR
 MAXIMUM TEMPERATURE (F)   50        75      1952
 MINIMUM TEMPERATURE (F)   33        -2      1940


SUNRISE AND SUNSET
JANUARY 26 2015.......SUNRISE   703 AM CST   SUNSET   522 PM CST
JANUARY 27 2015.......SUNRISE   702 AM CST   SUNSET   523 PM CST


-  INDICATES NEGATIVE NUMBERS.
R  INDICATES RECORD WAS SET OR TIED.
MM INDICATES DATA IS MISSING.
T  INDICATES TRACE AMOUNT.




$$
