000
CDUS44 KMEG 230631
CLIMEM


CLIMATE REPORT
NATIONAL WEATHER SERVICE MEMPHIS TN
131 AM CDT THU OCT 23 2014


...................................

...THE MEMPHIS CLIMATE SUMMARY FOR OCTOBER 22 2014...

CLIMATE NORMAL PERIOD 1981 TO 2010
CLIMATE RECORD PERIOD 1872 TO 2014


WEATHER ITEM   OBSERVED TIME   RECORD YEAR NORMAL DEPARTURE LAST
                VALUE   (LST)  VALUE       VALUE  FROM      YEAR
                                                  NORMAL
..................................................................
TEMPERATURE (F)
 YESTERDAY
  MAXIMUM         69    331 PM  88    1953  72     -3       68
                                      1941
  MINIMUM         51    622 AM  28    1952  52     -1       52
  AVERAGE         60                        62     -2       60

PRECIPITATION (IN)
  YESTERDAY        0.00          6.30 1935   0.14  -0.14      T
  MONTH TO DATE    3.35                      2.75   0.60     2.08
  SINCE SEP 1      8.10                      5.84   2.26     4.77
  SINCE JAN 1     51.82                     41.22  10.60    50.72

SNOWFALL (IN)
  YESTERDAY        0.0           0.0  2002   0.0    0.0      0.0
                                      2001
  MONTH TO DATE    0.0                       0.0    0.0      0.0
  SINCE SEP 1      0.0                       0.0    0.0      0.0
  SINCE JUL 1      0.0                       0.0    0.0      0.0
  SNOW DEPTH       0

DEGREE DAYS
 HEATING
  YESTERDAY        5                         5      0        5
  MONTH TO DATE   39                        64    -25       53
  SINCE SEP 1     40                        75    -35       53
  SINCE JUL 1     40                        75    -35       53

 COOLING
  YESTERDAY        0                         2     -2        0
  MONTH TO DATE   89                        77     12      103
  SINCE SEP 1    434                       393     41      504
  SINCE JAN 1   2140                      2228    -88     2230
..................................................................


WIND (MPH)
  HIGHEST WIND SPEED    16   HIGHEST WIND DIRECTION    NE (60)
  HIGHEST GUST SPEED    22   HIGHEST GUST DIRECTION     E (70)
  AVERAGE WIND SPEED     7.5


SKY COVER
  POSSIBLE SUNSHINE  MM
  AVERAGE SKY COVER 0.0


WEATHER CONDITIONS
 THE FOLLOWING WEATHER WAS RECORDED YESTERDAY.
  NO SIGNIFICANT WEATHER WAS OBSERVED.


RELATIVE HUMIDITY (PERCENT)
 HIGHEST    77           400 AM
 LOWEST     36           300 PM
 AVERAGE    57

..........................................................


THE MEMPHIS CLIMATE NORMALS FOR TODAY
                         NORMAL    RECORD    YEAR
 MAXIMUM TEMPERATURE (F)   72        89      1939
 MINIMUM TEMPERATURE (F)   52        30      1952


SUNRISE AND SUNSET
OCTOBER 23 2014.......SUNRISE   713 AM CDT   SUNSET   615 PM CDT
OCTOBER 24 2014.......SUNRISE   714 AM CDT   SUNSET   614 PM CDT


-  INDICATES NEGATIVE NUMBERS.
R  INDICATES RECORD WAS SET OR TIED.
MM INDICATES DATA IS MISSING.
T  INDICATES TRACE AMOUNT.




$$
