000
CDUS44 KMEG 250639
CLIMEM


CLIMATE REPORT
NATIONAL WEATHER SERVICE MEMPHIS TN
138 AM CDT SAT MAR 25 2017


...................................

...THE MEMPHIS CLIMATE SUMMARY FOR MARCH 24 2017...

CLIMATE NORMAL PERIOD 1981 TO 2010
CLIMATE RECORD PERIOD 1872 TO 2017


WEATHER ITEM   OBSERVED TIME   RECORD YEAR NORMAL DEPARTURE LAST
                VALUE   (LST)  VALUE       VALUE  FROM      YEAR
                                                  NORMAL
..................................................................
TEMPERATURE (F)
 YESTERDAY
  MAXIMUM         80    254 PM  86    1929  67     13       70
                                      1910
  MINIMUM         65    540 AM  20    1968  46     19       44
  AVERAGE         73                        56     17       57

PRECIPITATION (IN)
  YESTERDAY        0.00          2.65 1876   0.17  -0.17     0.24
  MONTH TO DATE    3.15                      3.91  -0.76    12.01
  SINCE MAR 1      3.15                      3.91  -0.76    12.01
  SINCE JAN 1      8.81                     12.28  -3.47    19.86

SNOWFALL (IN)
  YESTERDAY        0.0           T    1940   0.0    0.0      0.0
  MONTH TO DATE    T                         0.4   -0.4      0.0
  SINCE MAR 1      T                         0.4   -0.4      0.0
  SINCE JUL 1      2.0                       3.8   -1.8      0.3
  SNOW DEPTH       0

DEGREE DAYS
 HEATING
  YESTERDAY        0                         9     -9        8
  MONTH TO DATE  274                       299    -25      175
  SINCE MAR 1    274                       299    -25      175
  SINCE JUL 1   1973                      2749   -776     2046

 COOLING
  YESTERDAY        8                         1      7        0
  MONTH TO DATE   19                         9     10       12
  SINCE MAR 1     19                         9     10       12
  SINCE JAN 1     41                        12     29       15
..................................................................


WIND (MPH)
  HIGHEST WIND SPEED    28   HIGHEST WIND DIRECTION     S (170)
  HIGHEST GUST SPEED    37   HIGHEST GUST DIRECTION    SW (210)
  AVERAGE WIND SPEED    17.5


SKY COVER
  POSSIBLE SUNSHINE  MM
  AVERAGE SKY COVER 0.7


WEATHER CONDITIONS
 THE FOLLOWING WEATHER WAS RECORDED YESTERDAY.
  NO SIGNIFICANT WEATHER WAS OBSERVED.


RELATIVE HUMIDITY (PERCENT)
 HIGHEST    78           500 AM
 LOWEST     45           300 PM
 AVERAGE    62

..........................................................


THE MEMPHIS CLIMATE NORMALS FOR TODAY
                         NORMAL    RECORD    YEAR
 MAXIMUM TEMPERATURE (F)   67        84      1910
 MINIMUM TEMPERATURE (F)   47        25      1940


SUNRISE AND SUNSET
MARCH 25 2017.........SUNRISE   656 AM CDT   SUNSET   716 PM CDT
MARCH 26 2017.........SUNRISE   655 AM CDT   SUNSET   717 PM CDT


-  INDICATES NEGATIVE NUMBERS.
R  INDICATES RECORD WAS SET OR TIED.
MM INDICATES DATA IS MISSING.
T  INDICATES TRACE AMOUNT.




$$
