000
CDUS44 KMEG 252148
CLIMEM


CLIMATE REPORT
NATIONAL WEATHER SERVICE MEMPHIS TN
447 PM CDT TUE JUL 25 2017


...................................

...THE MEMPHIS CLIMATE SUMMARY FOR JULY 25 2017...
VALID TODAY AS OF 0400 PM LOCAL TIME.

CLIMATE NORMAL PERIOD 1981 TO 2010
CLIMATE RECORD PERIOD 1872 TO 2017


WEATHER ITEM   OBSERVED TIME   RECORD YEAR NORMAL DEPARTURE LAST
                VALUE   (LST)  VALUE       VALUE  FROM      YEAR
                                                  NORMAL
..................................................................
TEMPERATURE (F)
 TODAY
  MAXIMUM         96    322 PM 101    1952  92      4       96
  MINIMUM         75    525 AM  62    1911  74      1       79
  AVERAGE         86                        83      3       88

PRECIPITATION (IN)
  TODAY            0.00          1.94 1977   0.16  -0.16      T
  MONTH TO DATE    2.96                      3.73  -0.77     5.14
  SINCE JUN 1      7.57                      7.36   0.21     6.31
  SINCE JAN 1     26.42                     31.64  -5.22    41.40

SNOWFALL (IN)
  TODAY            0.0

DEGREE DAYS
 HEATING
  TODAY            0                         0      0        0
  MONTH TO DATE    0                         0      0        0
  SINCE JUN 1      0                         0      0        0
  SINCE JUL 1      0                         0      0        0

 COOLING
  TODAY           21                        18      3       23
  MONTH TO DATE  468                       446     22      515
  SINCE JUN 1    878                       884     -6     1067
  SINCE JAN 1   1258                      1205     53     1372
..................................................................


WIND (MPH)
  HIGHEST WIND SPEED    12   HIGHEST WIND DIRECTION     S (200)
  HIGHEST GUST SPEED    14   HIGHEST GUST DIRECTION     W (280)
  AVERAGE WIND SPEED     4.7


SKY COVER
  POSSIBLE SUNSHINE  MM
  AVERAGE SKY COVER 0.1


WEATHER CONDITIONS
 THE FOLLOWING WEATHER WAS RECORDED TODAY.
  NO SIGNIFICANT WEATHER WAS OBSERVED.


RELATIVE HUMIDITY (PERCENT)
 HIGHEST    94           300 AM
 LOWEST     51           300 PM
 AVERAGE    73

..........................................................


THE MEMPHIS CLIMATE NORMALS FOR TOMORROW
                         NORMAL    RECORD    YEAR
 MAXIMUM TEMPERATURE (F)   92       102      1986
                                             1952
 MINIMUM TEMPERATURE (F)   74        66      2004
                                             1996
                                             1962


SUNRISE AND SUNSET
JULY 25 2017..........SUNRISE   604 AM CDT   SUNSET   808 PM CDT
JULY 26 2017..........SUNRISE   605 AM CDT   SUNSET   808 PM CDT


-  INDICATES NEGATIVE NUMBERS.
R  INDICATES RECORD WAS SET OR TIED.
MM INDICATES DATA IS MISSING.
T  INDICATES TRACE AMOUNT.




$$
