000
CDUS44 KMEG 060740
CLIMEM


CLIMATE REPORT
NATIONAL WEATHER SERVICE MEMPHIS TN
140 AM CST TUE DEC 6 2016


...................................

...THE MEMPHIS CLIMATE SUMMARY FOR DECEMBER 5 2016...

CLIMATE NORMAL PERIOD 1981 TO 2010
CLIMATE RECORD PERIOD 1872 TO 2016


WEATHER ITEM   OBSERVED TIME   RECORD YEAR NORMAL DEPARTURE LAST
                VALUE   (LST)  VALUE       VALUE  FROM      YEAR
                                                  NORMAL
..................................................................
TEMPERATURE (F)
 YESTERDAY
  MAXIMUM         47   1159 PM  76    1892  55     -8       61
  MINIMUM         42    716 AM  17    1886  37      5       34
  AVERAGE         45                        46     -1       48

PRECIPITATION (IN)
  YESTERDAY        0.05          2.84 2011   0.19  -0.14     0.00
  MONTH TO DATE    0.54                      0.97  -0.43     0.07
  SINCE DEC 1      0.54                      0.97  -0.43     0.07
  SINCE JAN 1     54.80                     48.91   5.89    47.96

SNOWFALL (IN)
  YESTERDAY        0.0           1.0  1901   0.0    0.0      0.0
                                      1984
                                      1964
  MONTH TO DATE    0.0                       0.0    0.0      0.0
  SINCE DEC 1      0.0                       0.0    0.0      0.0
  SINCE JUL 1      0.0                       T      0.0      0.0
  SNOW DEPTH       0

DEGREE DAYS
 HEATING
  YESTERDAY       20                        19      1       17
  MONTH TO DATE   93                        93      0       91
  SINCE DEC 1     93                        93      0       91
  SINCE JUL 1    363                       592   -229      392

 COOLING
  YESTERDAY        0                         0      0        0
  MONTH TO DATE    0                         0      0        0
  SINCE DEC 1      0                         0      0        0
  SINCE JAN 1   2804                      2256    548     2460
..................................................................


WIND (MPH)
  HIGHEST WIND SPEED    15   HIGHEST WIND DIRECTION     E (90)
  HIGHEST GUST SPEED    25   HIGHEST GUST DIRECTION     N (340)
  AVERAGE WIND SPEED     8.5


SKY COVER
  POSSIBLE SUNSHINE  MM
  AVERAGE SKY COVER 1.0


WEATHER CONDITIONS
 THE FOLLOWING WEATHER WAS RECORDED YESTERDAY.
  LIGHT RAIN
  FOG


RELATIVE HUMIDITY (PERCENT)
 HIGHEST   100          1100 PM
 LOWEST     82          1200 PM
 AVERAGE    91

..........................................................


THE MEMPHIS CLIMATE NORMALS FOR TODAY
                         NORMAL    RECORD    YEAR
 MAXIMUM TEMPERATURE (F)   54        76      1998
                                             1951
 MINIMUM TEMPERATURE (F)   37        15      1937


SUNRISE AND SUNSET
DECEMBER  6 2016......SUNRISE   654 AM CST   SUNSET   448 PM CST
DECEMBER  7 2016......SUNRISE   655 AM CST   SUNSET   448 PM CST


-  INDICATES NEGATIVE NUMBERS.
R  INDICATES RECORD WAS SET OR TIED.
MM INDICATES DATA IS MISSING.
T  INDICATES TRACE AMOUNT.




$$
