000
CDUS44 KMEG 230624
CLIMEM


CLIMATE REPORT
NATIONAL WEATHER SERVICE MEMPHIS TN
123 AM CDT SUN APR 23 2017


...................................

...THE MEMPHIS CLIMATE SUMMARY FOR APRIL 22 2017...

CLIMATE NORMAL PERIOD 1981 TO 2010
CLIMATE RECORD PERIOD 1872 TO 2017


WEATHER ITEM   OBSERVED TIME   RECORD YEAR NORMAL DEPARTURE LAST
                VALUE   (LST)  VALUE       VALUE  FROM      YEAR
                                                  NORMAL
..................................................................
TEMPERATURE (F)
 YESTERDAY
  MAXIMUM         62    847 AM  90    1980  75    -13       78
  MINIMUM         51   1159 PM  39    1993  55     -4       58
                                      1931
                                      1927
  AVERAGE         57                        65     -8       68

PRECIPITATION (IN)
  YESTERDAY        0.74          2.11 1974   0.19   0.55     0.00
  MONTH TO DATE    2.89                      4.01  -1.12     3.80
  SINCE MAR 1      6.50                      9.17  -2.67    20.00
  SINCE JAN 1     12.16                     17.54  -5.38    27.85

SNOWFALL (IN)
  YESTERDAY        0.0          MM      MM   0.0    0.0      0.0
  MONTH TO DATE    0.0                       0.0    0.0      0.0
  SINCE MAR 1      T                         0.4   -0.4      0.0
  SINCE JUL 1      2.0                       3.8   -1.8      0.3
  SNOW DEPTH       0

DEGREE DAYS
 HEATING
  YESTERDAY        8                         3      5        0
  MONTH TO DATE   39                       118    -79       80
  SINCE MAR 1    319                       476   -157      293
  SINCE JUL 1   2018                      2926   -908     2164

 COOLING
  YESTERDAY        0                         3     -3        3
  MONTH TO DATE   84                        48     36       30
  SINCE MAR 1    122                        65     57       51
  SINCE JAN 1    144                        68     76       54
..................................................................


WIND (MPH)
  HIGHEST WIND SPEED    25   HIGHEST WIND DIRECTION     N (350)
  HIGHEST GUST SPEED    32   HIGHEST GUST DIRECTION     N (350)
  AVERAGE WIND SPEED     8.9


SKY COVER
  POSSIBLE SUNSHINE  MM
  AVERAGE SKY COVER 1.0


WEATHER CONDITIONS
 THE FOLLOWING WEATHER WAS RECORDED YESTERDAY.
  THUNDERSTORM
  HEAVY RAIN
  RAIN
  LIGHT RAIN
  FOG


RELATIVE HUMIDITY (PERCENT)
 HIGHEST   100          1000 AM
 LOWEST     90           100 AM
 AVERAGE    95

..........................................................


THE MEMPHIS CLIMATE NORMALS FOR TODAY
                         NORMAL    RECORD    YEAR
 MAXIMUM TEMPERATURE (F)   75        89      1965
 MINIMUM TEMPERATURE (F)   55        37      1959


SUNRISE AND SUNSET
APRIL 23 2017.........SUNRISE   618 AM CDT   SUNSET   739 PM CDT
APRIL 24 2017.........SUNRISE   617 AM CDT   SUNSET   740 PM CDT


-  INDICATES NEGATIVE NUMBERS.
R  INDICATES RECORD WAS SET OR TIED.
MM INDICATES DATA IS MISSING.
T  INDICATES TRACE AMOUNT.




$$
