000
CDUS44 KBRO 300625
CLIMFE


CLIMATE REPORT
NATIONAL WEATHER SERVICE BROWNSVILLE TX
125 AM CDT TUE SEP 30 2014


...................................

...THE MCALLEN CLIMATE SUMMARY FOR SEPTEMBER 29 2014...

CLIMATE NORMAL PERIOD 1981 TO 2010
CLIMATE RECORD PERIOD 1941 TO 2014


WEATHER ITEM   OBSERVED TIME   RECORD YEAR NORMAL DEPARTURE LAST
                VALUE   (LST)  VALUE       VALUE  FROM      YEAR
                                                  NORMAL
..................................................................
TEMPERATURE (F)
 YESTERDAY
  MAXIMUM         89    204 PM 101    2005  90     -1       86
  MINIMUM         72    628 AM  51    1967  71      1       76
  AVERAGE         81                        80      1

PRECIPITATION (IN)
  YESTERDAY        0.00          0.92 1971   0.12  -0.12     0.00
  MONTH TO DATE   11.23                      4.36   6.87     6.22
  SINCE SEP 1     11.23                      4.36   6.87     6.22
  SINCE JAN 1     18.09                     17.93   0.16    12.16

SNOWFALL (IN)
  YESTERDAY        0.0
  MONTH TO DATE    0.0
  SINCE SEP 1      0.0
  SINCE JUL 1      0.0

DEGREE DAYS
 HEATING
  YESTERDAY        0                         0      0        0
  MONTH TO DATE    0                         0      0        0
  SINCE SEP 1      0                         0      0        0
  SINCE JUL 1      0                         0      0        0

 COOLING
  YESTERDAY       16                        16      0       16
  MONTH TO DATE  510                       534    -24      528
  SINCE SEP 1    510                       534    -24      528
  SINCE JAN 1   3705                      3785    -80     3915
..................................................................


WIND (MPH)
  HIGHEST WIND SPEED    21   HIGHEST WIND DIRECTION     N (360)
  HIGHEST GUST SPEED    24   HIGHEST GUST DIRECTION     N (10)
  AVERAGE WIND SPEED     8.3



WEATHER CONDITIONS
 THE FOLLOWING WEATHER WAS RECORDED YESTERDAY.
  NO SIGNIFICANT WEATHER WAS OBSERVED.


RELATIVE HUMIDITY (PERCENT)
 HIGHEST    93
 LOWEST     63
 AVERAGE    78

..........................................................


THE MCALLEN CLIMATE NORMALS FOR TODAY
                         NORMAL    RECORD    YEAR
 MAXIMUM TEMPERATURE (F)   90        98      2011
                                             2005
                                             1966
 MINIMUM TEMPERATURE (F)   70        54      1967
                                             1975


SUNRISE AND SUNSET
SEPTEMBER 30 2014.....SUNRISE   725 AM CDT   SUNSET   720 PM CDT
OCTOBER  1 2014.......SUNRISE   725 AM CDT   SUNSET   719 PM CDT


-  INDICATES NEGATIVE NUMBERS.
R  INDICATES RECORD WAS SET OR TIED.
MM INDICATES DATA IS MISSING.
T  INDICATES TRACE AMOUNT.




$$
