000
CDUS44 KBRO 290628
CLIMFE


CLIMATE REPORT
NATIONAL WEATHER SERVICE BROWNSVILLE TX
128 AM CDT FRI MAY 29 2015


...................................

...THE MCALLEN CLIMATE SUMMARY FOR MAY 28 2015...

CLIMATE NORMAL PERIOD 1981 TO 2010
CLIMATE RECORD PERIOD 1941 TO 2015


WEATHER ITEM   OBSERVED TIME   RECORD YEAR NORMAL DEPARTURE LAST
                VALUE   (LST)  VALUE       VALUE  FROM      YEAR
                                                  NORMAL
..................................................................
TEMPERATURE (F)
 YESTERDAY
  MAXIMUM         94    319 PM 104    1973  94      0       97
  MINIMUM         80   1102 PM  60    1951  74      6       73
  AVERAGE         87                        84      3

PRECIPITATION (IN)
  YESTERDAY        T             3.00 1975   0.08  -0.08     0.30
  MONTH TO DATE    3.76                      2.01   1.75     0.80
  SINCE MAR 1      9.74                      4.38   5.36     2.00
  SINCE JAN 1     10.33                      6.54   3.79     2.88

SNOWFALL (IN)
  YESTERDAY        0.0
  MONTH TO DATE    0.0
  SINCE MAR 1      0.0
  SINCE JUL 1      0.0

DEGREE DAYS
 HEATING
  YESTERDAY        0                         0      0        0
  MONTH TO DATE    0                         0      0        0
  SINCE MAR 1     66                        46     20      107
  SINCE JUL 1    756                       579    177      883

 COOLING
  YESTERDAY       22                        19      3       20
  MONTH TO DATE  517                       466     51      382
  SINCE MAR 1   1113                      1038     75      867
  SINCE JAN 1   1198                      1197      1      995
..................................................................


WIND (MPH)
  HIGHEST WIND SPEED    24   HIGHEST WIND DIRECTION    SE (120)
  HIGHEST GUST SPEED    28   HIGHEST GUST DIRECTION    SE (120)
  AVERAGE WIND SPEED    14.4



WEATHER CONDITIONS
 THE FOLLOWING WEATHER WAS RECORDED YESTERDAY.
  LIGHT RAIN
  HAZE


RELATIVE HUMIDITY (PERCENT)
 HIGHEST    91
 LOWEST     49
 AVERAGE    70

..........................................................


THE MCALLEN CLIMATE NORMALS FOR TODAY
                         NORMAL    RECORD    YEAR
 MAXIMUM TEMPERATURE (F)   94       102      2005
 MINIMUM TEMPERATURE (F)   74        66      1961
                                             1969
                                             1972


SUNRISE AND SUNSET
MAY 29 2015...........SUNRISE   641 AM CDT   SUNSET   820 PM CDT
MAY 30 2015...........SUNRISE   641 AM CDT   SUNSET   820 PM CDT


-  INDICATES NEGATIVE NUMBERS.
R  INDICATES RECORD WAS SET OR TIED.
MM INDICATES DATA IS MISSING.
T  INDICATES TRACE AMOUNT.




$$
