997
CDUS44 KBRO 290626
CLIMFE


CLIMATE REPORT
NATIONAL WEATHER SERVICE BROWNSVILLE TX
125 AM CDT SUN MAY 29 2016


...................................

...THE MCALLEN CLIMATE SUMMARY FOR MAY 28 2016...

CLIMATE NORMAL PERIOD 1981 TO 2010
CLIMATE RECORD PERIOD 1961 TO 2016


WEATHER ITEM   OBSERVED TIME   RECORD YEAR NORMAL DEPARTURE LAST
                VALUE   (LST)  VALUE       VALUE  FROM      YEAR
                                                  NORMAL
..................................................................
TEMPERATURE (F)
 YESTERDAY
  MAXIMUM         93    345 PM  98    2011  94     -1       94
                                      2001
                                      1996
  MINIMUM         80    319 AM  65    1976  74      6       80
  AVERAGE         87                        84      3

PRECIPITATION (IN)
  YESTERDAY        0.00          3.00 1975   0.08  -0.08      T
  MONTH TO DATE    4.98                      2.01   2.97     3.76
  SINCE MAR 1      5.60                      4.38   1.22     9.74
  SINCE JAN 1      6.00                      6.54  -0.54    10.33

SNOWFALL (IN)
  YESTERDAY        0.0
  MONTH TO DATE    0.0
  SINCE MAR 1      0.0
  SINCE JUL 1      0.0

DEGREE DAYS
 HEATING
  YESTERDAY        0                         0      0        0
  MONTH TO DATE    0                         0      0        0
  SINCE MAR 1      7                        46    -39       66
  SINCE JUL 1    318                       579   -261      756

 COOLING
  YESTERDAY       22                        19      3       22
  MONTH TO DATE  529                       466     63      517
  SINCE MAR 1   1351                      1038    313     1113
  SINCE JAN 1   1556                      1197    359     1198
..................................................................


WIND (MPH)
  HIGHEST WIND SPEED    23   HIGHEST WIND DIRECTION    SE (130)
  HIGHEST GUST SPEED    30   HIGHEST GUST DIRECTION    SE (140)
  AVERAGE WIND SPEED    15.2



WEATHER CONDITIONS
 THE FOLLOWING WEATHER WAS RECORDED YESTERDAY.
  FOG
  HAZE


RELATIVE HUMIDITY (PERCENT)
 HIGHEST    91
 LOWEST     55
 AVERAGE    73

..........................................................


THE MCALLEN CLIMATE NORMALS FOR TODAY
                         NORMAL    RECORD    YEAR
 MAXIMUM TEMPERATURE (F)   94       102      2005
 MINIMUM TEMPERATURE (F)   74        64      1992


SUNRISE AND SUNSET
MAY 29 2016...........SUNRISE   641 AM CDT   SUNSET   820 PM CDT
MAY 30 2016...........SUNRISE   641 AM CDT   SUNSET   820 PM CDT


-  INDICATES NEGATIVE NUMBERS.
R  INDICATES RECORD WAS SET OR TIED.
MM INDICATES DATA IS MISSING.
T  INDICATES TRACE AMOUNT.




$$
