000
CDUS44 KBRO 300634
CLIMFE


CLIMATE REPORT
NATIONAL WEATHER SERVICE BROWNSVILLE TX
131 AM CDT SUN APR 30 2017


...................................

...THE MCALLEN CLIMATE SUMMARY FOR APRIL 29 2017...

CLIMATE NORMAL PERIOD 1981 TO 2010
CLIMATE RECORD PERIOD 1961 TO 2017


WEATHER ITEM   OBSERVED TIME   RECORD YEAR NORMAL DEPARTURE LAST
                VALUE   (LST)  VALUE       VALUE  FROM      YEAR
                                                  NORMAL
..................................................................
TEMPERATURE (F)
 YESTERDAY
  MAXIMUM        102R   154 PM 102    2014  89     13       91
  MINIMUM         79    528 AM  53    2008  69     10       80
  AVERAGE         91                        79     12

PRECIPITATION (IN)
  YESTERDAY        0.00          1.20 1996   0.06  -0.06     0.00
  MONTH TO DATE    0.73                      1.28  -0.55     0.59
  SINCE MAR 1      3.25                      2.31   0.94     0.62
  SINCE JAN 1      4.88                      4.47   0.41     1.02

SNOWFALL (IN)
  YESTERDAY        0.0
  MONTH TO DATE    0.0
  SINCE MAR 1      0.0
  SINCE JUL 1      0.0

DEGREE DAYS
 HEATING
  YESTERDAY        0                         0      0        0
  MONTH TO DATE    0                         3     -3        1
  SINCE MAR 1      1                        41    -40        7
  SINCE JUL 1    189                       574   -385      318

 COOLING
  YESTERDAY       26                        14     12       21
  MONTH TO DATE  474                       340    134      436
  SINCE MAR 1    835                       558    277      797
  SINCE JAN 1   1316                       717    599     1002
..................................................................


WIND (MPH)
  HIGHEST WIND SPEED    33   HIGHEST WIND DIRECTION     N (340)
  HIGHEST GUST SPEED    44   HIGHEST GUST DIRECTION     N (340)
  AVERAGE WIND SPEED    18.1



WEATHER CONDITIONS
 THE FOLLOWING WEATHER WAS RECORDED YESTERDAY.
  HAZE


RELATIVE HUMIDITY (PERCENT)
 HIGHEST    85
 LOWEST     43
 AVERAGE    64

..........................................................


THE MCALLEN CLIMATE NORMALS FOR TODAY
                         NORMAL    RECORD    YEAR
 MAXIMUM TEMPERATURE (F)   89       101      2016
 MINIMUM TEMPERATURE (F)   69        52      1996


SUNRISE AND SUNSET
APRIL 30 2017.........SUNRISE   656 AM CDT   SUNSET   804 PM CDT
MAY  1 2017...........SUNRISE   655 AM CDT   SUNSET   805 PM CDT


-  INDICATES NEGATIVE NUMBERS.
R  INDICATES RECORD WAS SET OR TIED.
MM INDICATES DATA IS MISSING.
T  INDICATES TRACE AMOUNT.




$$
