000
CDUS44 KBRO 170800
CLIMFE


CLIMATE REPORT
NATIONAL WEATHER SERVICE BROWNSVILLE TX
158 AM CST WED JAN 17 2018


...................................

...THE MCALLEN CLIMATE SUMMARY FOR JANUARY 16 2018...

CLIMATE NORMAL PERIOD 1981 TO 2010
CLIMATE RECORD PERIOD 1961 TO 2018


WEATHER ITEM   OBSERVED TIME   RECORD YEAR NORMAL DEPARTURE LAST
                VALUE   (LST)  VALUE       VALUE  FROM      YEAR
                                                  NORMAL
..................................................................
TEMPERATURE (F)
 YESTERDAY
  MAXIMUM         66    345 AM  88    2006  71     -5       82
  MINIMUM         31R   847 PM  32    1961  51    -20       69
  AVERAGE         49                        61    -12

PRECIPITATION (IN)
  YESTERDAY        0.03          0.93 1988   0.03   0.00     0.00
  MONTH TO DATE    0.15                      0.53  -0.38     0.16
  SINCE DEC 1      1.38                      1.72  -0.34     0.79
  SINCE JAN 1      0.15                      0.53  -0.38     0.16

SNOWFALL (IN)
  YESTERDAY        T
  MONTH TO DATE    T
  SINCE DEC 1      0.3
  SINCE JUL 1      0.3

DEGREE DAYS
 HEATING
  YESTERDAY       16                         6     10        0
  MONTH TO DATE  144                       107     37       60
  SINCE DEC 1    356                       284     72      146
  SINCE JUL 1    385                       344     41      153

 COOLING
  YESTERDAY        0                         2     -2       11
  MONTH TO DATE   13                        32    -19      114
  SINCE DEC 1    101                       115    -14      297
  SINCE JAN 1     13                        32    -19      114
..................................................................


WIND (MPH)
  HIGHEST WIND SPEED    30   HIGHEST WIND DIRECTION     N (10)
  HIGHEST GUST SPEED    37   HIGHEST GUST DIRECTION     N (10)
  AVERAGE WIND SPEED    14.0



WEATHER CONDITIONS
 THE FOLLOWING WEATHER WAS RECORDED YESTERDAY.
  RAIN
  LIGHT RAIN
  LT FREEZING RAIN
  LIGHT SNOW
  FOG


RELATIVE HUMIDITY (PERCENT)
 HIGHEST    82
 LOWEST     67
 AVERAGE    75

..........................................................


THE MCALLEN CLIMATE NORMALS FOR TODAY
                         NORMAL    RECORD    YEAR
 MAXIMUM TEMPERATURE (F)   71        89      2012
                                             1999
 MINIMUM TEMPERATURE (F)   51        29      1964


SUNRISE AND SUNSET
JANUARY 17 2018.......SUNRISE   722 AM CST   SUNSET   605 PM CST
JANUARY 18 2018.......SUNRISE   722 AM CST   SUNSET   605 PM CST


-  INDICATES NEGATIVE NUMBERS.
R  INDICATES RECORD WAS SET OR TIED.
MM INDICATES DATA IS MISSING.
T  INDICATES TRACE AMOUNT.




$$
