600
CDUS46 KMFR 240035
CLIMFR


CLIMATE REPORT
NATIONAL WEATHER SERVICE MEDFORD, OR
535 PM PDT MON MAY 23 2016


...................................

...THE MEDFORD OR CLIMATE SUMMARY FOR MAY 23 2016...
VALID TODAY AS OF 0500 PM LOCAL TIME.

CLIMATE NORMAL PERIOD 1981 TO 2010
CLIMATE RECORD PERIOD 1911 TO 2016


WEATHER ITEM   OBSERVED TIME   RECORD YEAR NORMAL DEPARTURE LAST
                VALUE   (LST)  VALUE       VALUE  FROM      YEAR
                                                  NORMAL
..................................................................
TEMPERATURE (F)
 TODAY
  MAXIMUM         71    322 PM  95    2001  75     -4       73
  MINIMUM         44    505 AM  35    1980  48     -4       48
                                      1944
  AVERAGE         58                        61     -3       61

PRECIPITATION (IN)
  TODAY            0.00          0.62 1997   0.04  -0.04     0.00
  MONTH TO DATE    0.33                      0.99  -0.66     0.31
  SINCE OCT 1     18.75                     16.16   2.59    13.66
  SINCE JAN 1      8.99                      8.52   0.47     6.81

SNOWFALL (IN)
  TODAY            0.0                       0.0    0.0      0.0
  MONTH TO DATE    0.0                       0.0    0.0      0.0
  SINCE JUL 1      1.9                       4.1   -2.2       T
  SNOW DEPTH       0

DEGREE DAYS
 HEATING
  TODAY            7                         5      2        4
  MONTH TO DATE   73                       162    -89      105
  SINCE MAR 1    728                      1047   -319      794
  SINCE JUL 1   3402                      4161   -759     3234

 COOLING
  TODAY            0                         1     -1        0
  MONTH TO DATE   31                        22      9        3
  SINCE MAR 1     48                        25     23        3
  SINCE JAN 1     48                        25     23        3
..................................................................


WIND (MPH)
  HIGHEST WIND SPEED    14   HIGHEST WIND DIRECTION     N (360)
  HIGHEST GUST SPEED    15   HIGHEST GUST DIRECTION     N (360)
  AVERAGE WIND SPEED     3.8


SKY COVER
  POSSIBLE SUNSHINE  MM
  AVERAGE SKY COVER 0.4


WEATHER CONDITIONS
 THE FOLLOWING WEATHER WAS RECORDED TODAY.
  NO SIGNIFICANT WEATHER WAS OBSERVED.


RELATIVE HUMIDITY (PERCENT)
 HIGHEST    83           500 AM
 LOWEST     31           300 PM
 AVERAGE    57

..........................................................


THE MEDFORD OR CLIMATE NORMALS FOR TOMORROW
                         NORMAL    RECORD    YEAR
 MAXIMUM TEMPERATURE (F)   76        98      1928
 MINIMUM TEMPERATURE (F)   48        31      1918


SUNRISE AND SUNSET
MAY 23 2016...........SUNRISE   542 AM PDT   SUNSET   835 PM PDT
MAY 24 2016...........SUNRISE   542 AM PDT   SUNSET   836 PM PDT


-  INDICATES NEGATIVE NUMBERS.
R  INDICATES RECORD WAS SET OR TIED.
MM INDICATES DATA IS MISSING.
T  INDICATES TRACE AMOUNT.




$$
