000
CDUS46 KMFR 240036
CLIMFR


CLIMATE REPORT
NATIONAL WEATHER SERVICE MEDFORD, OR
536 PM PDT TUE SEP 23 2014


...................................

...THE MEDFORD OR CLIMATE SUMMARY FOR SEPTEMBER 23 2014...
VALID TODAY AS OF 0500 PM LOCAL TIME.

CLIMATE NORMAL PERIOD 1981 TO 2010
CLIMATE RECORD PERIOD 1911 TO 2014


WEATHER ITEM   OBSERVED TIME   RECORD YEAR NORMAL DEPARTURE LAST
                VALUE   (LST)  VALUE       VALUE  FROM      YEAR
                                                  NORMAL
..................................................................
TEMPERATURE (F)
 TODAY
  MAXIMUM         87    249 PM 100    1943  81      6       69
  MINIMUM         59    445 AM  33    1913  48     11       56
  AVERAGE         73                        65      8       63

PRECIPITATION (IN)
  TODAY            0.00          1.93 1983   0.02  -0.02     0.06
  MONTH TO DATE    T                         0.41  -0.41     1.19
  SINCE SEP 1      T                         0.41  -0.41     1.19
  SINCE JAN 1     11.39                     10.55   0.84     5.74

SNOWFALL (IN)
  TODAY            0.0                       0.0    0.0      0.0
  MONTH TO DATE    0.0                       0.0    0.0      0.0
  SINCE JUL 1      0.0                       0.0    0.0      0.0
  SNOW DEPTH       0

DEGREE DAYS
 HEATING
  TODAY            0                         3     -3        2
  MONTH TO DATE    0                        35    -35       25
  SINCE SEP 1      0                        35    -35       25
  SINCE JUL 1      0                        45    -45       25

 COOLING
  TODAY            8                         3      5        0
  MONTH TO DATE  203                        99    104      142
  SINCE SEP 1    203                        99    104      142
  SINCE JAN 1   1217                       806    411     1057
..................................................................


WIND (MPH)
  HIGHEST WIND SPEED     8   HIGHEST WIND DIRECTION     N (360)
  HIGHEST GUST SPEED    14   HIGHEST GUST DIRECTION     N (10)
  AVERAGE WIND SPEED     2.0


SKY COVER
  POSSIBLE SUNSHINE  MM
  AVERAGE SKY COVER 0.4


WEATHER CONDITIONS
 THE FOLLOWING WEATHER WAS RECORDED TODAY.
  NO SIGNIFICANT WEATHER WAS OBSERVED.


RELATIVE HUMIDITY (PERCENT)
 HIGHEST    55           600 AM
 LOWEST     27           300 PM
 AVERAGE    41

..........................................................


THE MEDFORD OR CLIMATE NORMALS FOR TOMORROW
                         NORMAL    RECORD    YEAR
 MAXIMUM TEMPERATURE (F)   81        99      1991
 MINIMUM TEMPERATURE (F)   48        33      1970
                                             1961
                                             1929


SUNRISE AND SUNSET
SEPTEMBER 23 2014.....SUNRISE   700 AM PDT   SUNSET   707 PM PDT
SEPTEMBER 24 2014.....SUNRISE   701 AM PDT   SUNSET   705 PM PDT


-  INDICATES NEGATIVE NUMBERS.
R  INDICATES RECORD WAS SET OR TIED.
MM INDICATES DATA IS MISSING.
T  INDICATES TRACE AMOUNT.




$$
