000
CDUS46 KMFR 201211
CLIMFR

CLIMATE REPORT
NATIONAL WEATHER SERVICE MEDFORD, OR
137 AM PDT SUN APR 20 2014


...................................

...THE MEDFORD OR CLIMATE SUMMARY FOR APRIL 19 2014...

CLIMATE NORMAL PERIOD 1981 TO 2010
CLIMATE RECORD PERIOD 1911 TO 2014


WEATHER ITEM   OBSERVED TIME   RECORD YEAR NORMAL DEPARTURE LAST
                VALUE   (LST)  VALUE       VALUE  FROM      YEAR
                                                  NORMAL
..................................................................
TEMPERATURE (F)
 YESTERDAY
  MAXIMUM         67   1149 AM  90    1939  66      1       68
  MINIMUM         40    512 AM  26    1972  41     -1       46
                                      1927
  AVERAGE         54                        53      1       57

PRECIPITATION (IN)
  YESTERDAY        0.00          0.30 1925   0.04  -0.04     0.01
  MONTH TO DATE    0.36                      0.89  -0.53     1.04
  SINCE SEP 1     13.63                     15.25  -1.62    15.80
  SINCE JAN 1      9.19                      7.04   2.15     3.05

SNOWFALL (IN)
  YESTERDAY        0.0                       0.0    0.0      0.0
  MONTH TO DATE    0.0                       0.1   -0.1      0.0
  SINCE JUL 1      3.4                       4.2   -0.8      1.7
  SNOW DEPTH       0

DEGREE DAYS
 HEATING
  YESTERDAY       11                        12     -1        8
  MONTH TO DATE  153                       252    -99      252
  SINCE MAR 1    574                       770   -196      728
  SINCE JUL 1   3944                      3884     60     3803

 COOLING
  YESTERDAY        0                         0      0        0
  MONTH TO DATE    0                         0      0        0
  SINCE MAR 1      0                         0      0        0
  SINCE JAN 1      0                         0      0        0
..................................................................


WIND (MPH)
  HIGHEST WIND SPEED    23   HIGHEST WIND DIRECTION    NW (300)
  HIGHEST GUST SPEED    29   HIGHEST GUST DIRECTION    NW (310)
  AVERAGE WIND SPEED     6.4


SKY COVER
  POSSIBLE SUNSHINE  MM
  AVERAGE SKY COVER 0.3


WEATHER CONDITIONS
 THE FOLLOWING WEATHER WAS RECORDED YESTERDAY.

  NO SIGNIFICANT WEATHER WAS OBSERVED.


RELATIVE HUMIDITY (PERCENT)
 HIGHEST    83           400 AM
 LOWEST     28          1100 AM
 AVERAGE    56

..........................................................


THE MEDFORD OR CLIMATE NORMALS FOR TODAY
                         NORMAL    RECORD    YEAR
 MAXIMUM TEMPERATURE (F)   66        90      2009
 MINIMUM TEMPERATURE (F)   41        25      1963


SUNRISE AND SUNSET
APRIL 20 2014.........SUNRISE   623 AM PDT   SUNSET   759 PM PDT
APRIL 21 2014.........SUNRISE   621 AM PDT   SUNSET   800 PM PDT


-  INDICATES NEGATIVE NUMBERS.
R  INDICATES RECORD WAS SET OR TIED.
MM INDICATES DATA IS MISSING.
T  INDICATES TRACE AMOUNT.

&&

LOW SINCE MIDNIGHT....40
24-HOUR PRECIP........0

$$
