000
CDUS46 KMFR 291806
CLIMFR

CLIMATE REPORT
NATIONAL WEATHER SERVICE MEDFORD, OR
1105 AM PDT WED JUL 29 2015


...................................

...THE MEDFORD OR CLIMATE SUMMARY FOR JULY 28 2015...

CLIMATE NORMAL PERIOD 1981 TO 2010
CLIMATE RECORD PERIOD 1911 TO 2015


WEATHER ITEM   OBSERVED TIME   RECORD YEAR NORMAL DEPARTURE LAST
                VALUE   (LST)  VALUE       VALUE  FROM      YEAR
                                                  NORMAL
..................................................................
TEMPERATURE (F)
 YESTERDAY
  MAXIMUM         97    457 PM 108    2009  93      4      106
  MINIMUM         54    425 AM  45    1959  59     -5       64
                                      1948
  AVERAGE         76                        76      0       85

PRECIPITATION (IN)
  YESTERDAY        0.00          0.02 1975   0.01  -0.01     0.00
                                      1947
  MONTH TO DATE    0.29                      0.26   0.03     0.10
  SINCE OCT 1     14.28                     17.36  -3.08    12.44
  SINCE JAN 1      7.43                      9.72  -2.29    10.76

SNOWFALL (IN)
  YESTERDAY        0.0                       0.0    0.0      0.0
  MONTH TO DATE    0.0                       0.0    0.0      0.0
  SINCE JUL 1      0.0                       0.0    0.0      0.0
  SNOW DEPTH       0

DEGREE DAYS
 HEATING
  YESTERDAY        0                         0      0        0
  MONTH TO DATE    0                         1     -1        0
  SINCE JUN 1     10                        55    -45       22
  SINCE JUL 1      0                         1     -1        0

 COOLING
  YESTERDAY       11                        11      0       20
  MONTH TO DATE  362                       255    107      411
  SINCE JUN 1    673                       363    310      522
  SINCE JAN 1    718                       401    317      578
..................................................................


WIND (MPH)
  HIGHEST WIND SPEED    16   HIGHEST WIND DIRECTION     N (350)
  HIGHEST GUST SPEED    20   HIGHEST GUST DIRECTION     N (360)
  AVERAGE WIND SPEED     4.2


SKY COVER
  POSSIBLE SUNSHINE  MM
  AVERAGE SKY COVER 0.0


WEATHER CONDITIONS
 THE FOLLOWING WEATHER WAS RECORDED YESTERDAY.
  NO SIGNIFICANT WEATHER WAS OBSERVED.


RELATIVE HUMIDITY (PERCENT)
 HIGHEST    66           400 AM
 LOWEST     11           500 PM
 AVERAGE    39

..........................................................


THE MEDFORD OR CLIMATE NORMALS FOR TODAY
                         NORMAL    RECORD    YEAR
 MAXIMUM TEMPERATURE (F)   93       109      2009
 MINIMUM TEMPERATURE (F)   59        44      1950
                                             1917


SUNRISE AND SUNSET
JULY 29 2015..........SUNRISE   601 AM PDT   SUNSET   834 PM PDT
JULY 30 2015..........SUNRISE   602 AM PDT   SUNSET   833 PM PDT


-  INDICATES NEGATIVE NUMBERS.
R  INDICATES RECORD WAS SET OR TIED.
MM INDICATES DATA IS MISSING.
T  INDICATES TRACE AMOUNT.

&&

LOW TEMPERATURE THIS MORNING....59
24-HOUR PRECIPITATION.........NONE

$$
