000
CDUS46 KMFR 310838
CLIMFR


CLIMATE REPORT
NATIONAL WEATHER SERVICE MEDFORD, OR
138 AM PDT FRI OCT 31 2014


...................................

...THE MEDFORD OR CLIMATE SUMMARY FOR OCTOBER 30 2014...

CLIMATE NORMAL PERIOD 1981 TO 2010
CLIMATE RECORD PERIOD 1911 TO 2014


WEATHER ITEM   OBSERVED TIME   RECORD YEAR NORMAL DEPARTURE LAST
                VALUE   (LST)  VALUE       VALUE  FROM      YEAR
                                                  NORMAL
..................................................................
TEMPERATURE (F)
 YESTERDAY
  MAXIMUM         65    425 PM  80    1949  61      4       64
  MINIMUM         52   1228 AM  24    2002  39     13       37
                                      1959
  AVERAGE         59                        50      9       51

PRECIPITATION (IN)
  YESTERDAY        0.56          0.85 1937   0.07   0.49     0.00
  MONTH TO DATE    2.43                      1.07   1.36     0.20
  SINCE SEP 1      4.47                      1.64   2.83     2.96
  SINCE JAN 1     15.86                     11.78   4.08     7.51

SNOWFALL (IN)
  YESTERDAY        0.0                       0.0    0.0      0.0
  MONTH TO DATE    0.0                       0.0    0.0      0.0
  SINCE JUL 1      0.0                       0.0    0.0      0.0
  SNOW DEPTH       0

DEGREE DAYS
 HEATING
  YESTERDAY        6                        15     -9       14
  MONTH TO DATE  145                       276   -131      347
  SINCE SEP 1    157                       335   -178      431
  SINCE JUL 1    157                       345   -188      431

 COOLING
  YESTERDAY        0                         0      0        0
  MONTH TO DATE   21                         8     13        0
  SINCE SEP 1    224                       120    104      142
  SINCE JAN 1   1238                       827    411     1057
..................................................................


WIND (MPH)
  HIGHEST WIND SPEED    13   HIGHEST WIND DIRECTION    NW (320)
  HIGHEST GUST SPEED    19   HIGHEST GUST DIRECTION    SE (120)
  AVERAGE WIND SPEED     3.8


SKY COVER
  POSSIBLE SUNSHINE  MM
  AVERAGE SKY COVER 1.0


WEATHER CONDITIONS
 THE FOLLOWING WEATHER WAS RECORDED YESTERDAY.
  HEAVY RAIN
  RAIN
  LIGHT RAIN
  FOG
  HAZE


RELATIVE HUMIDITY (PERCENT)
 HIGHEST   100
 LOWEST     67           200 PM
 AVERAGE    84

..........................................................


THE MEDFORD OR CLIMATE NORMALS FOR TODAY
                         NORMAL    RECORD    YEAR
 MAXIMUM TEMPERATURE (F)   61        75      1949
 MINIMUM TEMPERATURE (F)   39        19      2002


SUNRISE AND SUNSET
OCTOBER 31 2014.......SUNRISE   744 AM PDT   SUNSET   606 PM PDT
NOVEMBER  1 2014......SUNRISE   745 AM PDT   SUNSET   605 PM PDT


-  INDICATES NEGATIVE NUMBERS.
R  INDICATES RECORD WAS SET OR TIED.
MM INDICATES DATA IS MISSING.
T  INDICATES TRACE AMOUNT.




$$
