000
CDUS46 KMFR 041206
CLIMFR

CLIMATE REPORT
NATIONAL WEATHER SERVICE MEDFORD, OR
505 AM PDT FRI SEP 4 2015


...................................

...THE MEDFORD OR CLIMATE SUMMARY FOR SEPTEMBER 3 2015...

CLIMATE NORMAL PERIOD 1981 TO 2010
CLIMATE RECORD PERIOD 1911 TO 2015


WEATHER ITEM   OBSERVED TIME   RECORD YEAR NORMAL DEPARTURE LAST
                VALUE   (LST)  VALUE       VALUE  FROM      YEAR
                                                  NORMAL
..................................................................
TEMPERATURE (F)
 YESTERDAY
  MAXIMUM         75    335 PM 106    1988  87    -12       86
  MINIMUM         52    650 AM  39    1964  53     -1       54
  AVERAGE         64                        70     -6       70

PRECIPITATION (IN)
  YESTERDAY        0.00          0.26 1924   0.01  -0.01     0.00
  MONTH TO DATE    0.00                      0.04  -0.04     0.00
  SINCE OCT 1     14.32                     17.82  -3.50    13.07
  SINCE JAN 1      7.47                     10.18  -2.71    11.39

SNOWFALL (IN)
  YESTERDAY        0.0                       0.0    0.0      0.0
  MONTH TO DATE    0.0                       0.0    0.0      0.0
  SINCE JUL 1      0.0                       0.0    0.0      0.0
  SNOW DEPTH       0

DEGREE DAYS
 HEATING
  YESTERDAY        1                         1      0        0
  MONTH TO DATE    1                         3     -2        0
  SINCE SEP 1      1                         3     -2        0
  SINCE JUL 1      1                        13    -12        0

 COOLING
  YESTERDAY        0                         6     -6        5
  MONTH TO DATE    7                        18    -11       22
  SINCE SEP 1      7                        18    -11       22
  SINCE JAN 1   1137                       725    412     1036
..................................................................


WIND (MPH)
  HIGHEST WIND SPEED    15   HIGHEST WIND DIRECTION     N (350)
  HIGHEST GUST SPEED    22   HIGHEST GUST DIRECTION     N (360)
  AVERAGE WIND SPEED     4.9


SKY COVER
  POSSIBLE SUNSHINE  MM
  AVERAGE SKY COVER 0.3


WEATHER CONDITIONS
 THE FOLLOWING WEATHER WAS RECORDED YESTERDAY.
  NO SIGNIFICANT WEATHER WAS OBSERVED.


RELATIVE HUMIDITY (PERCENT)
 HIGHEST    71           700 AM
 LOWEST     20           500 PM
 AVERAGE    46

..........................................................


THE MEDFORD OR CLIMATE NORMALS FOR TODAY
                         NORMAL    RECORD    YEAR
 MAXIMUM TEMPERATURE (F)   87       107      1955
 MINIMUM TEMPERATURE (F)   53        39      1921


SUNRISE AND SUNSET
SEPTEMBER  4 2015.....SUNRISE   640 AM PDT   SUNSET   741 PM PDT
SEPTEMBER  5 2015.....SUNRISE   641 AM PDT   SUNSET   739 PM PDT


-  INDICATES NEGATIVE NUMBERS.
R  INDICATES RECORD WAS SET OR TIED.
MM INDICATES DATA IS MISSING.
T  INDICATES TRACE AMOUNT.

&&

LOW TEMPERATURE THIS MORNING...45 DEGREES
24-HOUR PRECIPITATION..........0

$$
