000
CDUS46 KMFR 271913
CLIMFR

CLIMATE REPORT
NATIONAL WEATHER SERVICE MEDFORD, OR
1100 AM PST SAT DEC 27 2014


...................................

...THE MEDFORD OR CLIMATE SUMMARY FOR DECEMBER 26 2014...

CLIMATE NORMAL PERIOD 1981 TO 2010
CLIMATE RECORD PERIOD 1911 TO 2014


WEATHER ITEM   OBSERVED TIME   RECORD YEAR NORMAL DEPARTURE LAST
                VALUE   (LST)  VALUE       VALUE  FROM      YEAR
                                                  NORMAL
..................................................................
TEMPERATURE (F)
 YESTERDAY
  MAXIMUM         47    352 PM  60    1980  45      2       34
  MINIMUM         31   1058 PM  12    1924  32     -1       30
  AVERAGE         39                        39      0       32

PRECIPITATION (IN)
  YESTERDAY        0.00          1.66 1931   0.11  -0.11     0.01
  MONTH TO DATE    2.17                      2.99  -0.82     0.36
  SINCE SEP 1      8.75                      7.71   1.04     4.44
  SINCE JAN 1     20.14                     17.85   2.29     8.99

SNOWFALL (IN)
  YESTERDAY        0.0                       0.1   -0.1       T
  MONTH TO DATE    0.0                       1.2   -1.2      3.4
  SINCE JUL 1      0.0                       1.4   -1.4      3.4
  SNOW DEPTH       0

DEGREE DAYS
 HEATING
  YESTERDAY       26                        26      0       33
  MONTH TO DATE  450                       664   -214      880
  SINCE DEC 1    450                       664   -214      880
  SINCE JUL 1   1124                      1633   -509     1931

 COOLING
  YESTERDAY        0                         0      0        0
  MONTH TO DATE    0                         0      0        0
  SINCE DEC 1      0                         0      0        0
  SINCE JAN 1   1238                       829    409     1057
..................................................................


WIND (MPH)
  HIGHEST WIND SPEED     6   HIGHEST WIND DIRECTION     S (190)
  HIGHEST GUST SPEED     7   HIGHEST GUST DIRECTION     N (340)
  AVERAGE WIND SPEED     0.7


SKY COVER
  POSSIBLE SUNSHINE  MM
  AVERAGE SKY COVER 0.6


WEATHER CONDITIONS
 THE FOLLOWING WEATHER WAS RECORDED YESTERDAY.
  FOG
  FOG W/VISIBILITY <= 1/4 MILE
  HAZE


RELATIVE HUMIDITY (PERCENT)
 HIGHEST   100           600 AM
 LOWEST     65           300 PM
 AVERAGE    83

..........................................................


THE MEDFORD OR CLIMATE NORMALS FOR TODAY
                         NORMAL    RECORD    YEAR
 MAXIMUM TEMPERATURE (F)   45        63      1991
 MINIMUM TEMPERATURE (F)   32        16      1954


SUNRISE AND SUNSET
DECEMBER 27 2014......SUNRISE   740 AM PST   SUNSET   446 PM PST
DECEMBER 28 2014......SUNRISE   740 AM PST   SUNSET   446 PM PST


-  INDICATES NEGATIVE NUMBERS.
R  INDICATES RECORD WAS SET OR TIED.
MM INDICATES DATA IS MISSING.
T  INDICATES TRACE AMOUNT.

&&

LOW TEMPERATURE SINCE MIDNIGHT...33 DEGREES
24-HOUR PRECIPITATION............0

$$
