000
CDUS46 KMFR 010841
CLIMFR


CLIMATE REPORT
NATIONAL WEATHER SERVICE MEDFORD, OR
141 AM PDT WED OCT 1 2014


...................................

...THE MEDFORD OR CLIMATE SUMMARY FOR SEPTEMBER 30 2014...

CLIMATE NORMAL PERIOD 1981 TO 2010
CLIMATE RECORD PERIOD 1911 TO 2014


WEATHER ITEM   OBSERVED TIME   RECORD YEAR NORMAL DEPARTURE LAST
                VALUE   (LST)  VALUE       VALUE  FROM      YEAR
                                                  NORMAL
..................................................................
TEMPERATURE (F)
 YESTERDAY
  MAXIMUM         70    348 PM  98    1988  79     -9       65
                                      1987
  MINIMUM         49    628 AM  29    1950  46      3       52
  AVERAGE         60                        62     -2       59

PRECIPITATION (IN)
  YESTERDAY        0.00          0.24 2013   0.02  -0.02     0.24
  MONTH TO DATE    2.04                      0.57   1.47     2.76
  SINCE SEP 1      2.04                      0.57   1.47     2.76
  SINCE JAN 1     13.43                     10.71   2.72     7.31

SNOWFALL (IN)
  YESTERDAY        0.0                       0.0    0.0      0.0
  MONTH TO DATE    0.0                       0.0    0.0      0.0
  SINCE JUL 1      0.0                       0.0    0.0      0.0
  SNOW DEPTH       0

DEGREE DAYS
 HEATING
  YESTERDAY        5                         4      1        6
  MONTH TO DATE   12                        60    -48       84
  SINCE SEP 1     12                        59    -47       84
  SINCE JUL 1     12                        69    -57       84

 COOLING
  YESTERDAY        0                         1     -1        0
  MONTH TO DATE  203                       112     91      142
  SINCE SEP 1    203                       112     91      142
  SINCE JAN 1   1217                       819    398     1057
..................................................................


WIND (MPH)
  HIGHEST WIND SPEED    15   HIGHEST WIND DIRECTION     N (360)
  HIGHEST GUST SPEED    21   HIGHEST GUST DIRECTION     N (360)
  AVERAGE WIND SPEED     4.2


SKY COVER
  POSSIBLE SUNSHINE  MM
  AVERAGE SKY COVER 0.5


WEATHER CONDITIONS
 THE FOLLOWING WEATHER WAS RECORDED YESTERDAY.
  NO SIGNIFICANT WEATHER WAS OBSERVED.


RELATIVE HUMIDITY (PERCENT)
 HIGHEST    89           700 AM
 LOWEST     35           400 PM
 AVERAGE    62

..........................................................


THE MEDFORD OR CLIMATE NORMALS FOR TODAY
                         NORMAL    RECORD    YEAR
 MAXIMUM TEMPERATURE (F)   78        98      1988
 MINIMUM TEMPERATURE (F)   46        29      1950


SUNRISE AND SUNSET
OCTOBER  1 2014.......SUNRISE   709 AM PDT   SUNSET   653 PM PDT
OCTOBER  2 2014.......SUNRISE   710 AM PDT   SUNSET   651 PM PDT


-  INDICATES NEGATIVE NUMBERS.
R  INDICATES RECORD WAS SET OR TIED.
MM INDICATES DATA IS MISSING.
T  INDICATES TRACE AMOUNT.




$$
