000
CDUS46 KMFR 210837
CLIMFR


CLIMATE REPORT
NATIONAL WEATHER SERVICE MEDFORD, OR
1237 AM PST TUE NOV 21 2017


...................................

...THE MEDFORD OR CLIMATE SUMMARY FOR NOVEMBER 20 2017...

CLIMATE NORMAL PERIOD 1981 TO 2010
CLIMATE RECORD PERIOD 1911 TO 2017


WEATHER ITEM   OBSERVED TIME   RECORD YEAR NORMAL DEPARTURE LAST
                VALUE   (LST)  VALUE       VALUE  FROM      YEAR
                                                  NORMAL
..................................................................
TEMPERATURE (F)
 YESTERDAY
  MAXIMUM         49   1151 PM  66    2002  51     -2       56
                                      1926
  MINIMUM         37    400 AM  15    1977  36      1       40
  AVERAGE         43                        43      0       48

PRECIPITATION (IN)
  YESTERDAY        0.49          1.42 1937   0.11   0.38     0.10
  MONTH TO DATE    2.21                      1.87   0.34     0.92
  SINCE OCT 1      3.10                      3.00   0.10     6.41
  SINCE JAN 1     16.62                     13.71   2.91    16.43

SNOWFALL (IN)
  YESTERDAY        0.0                       0.0    0.0      0.0
  MONTH TO DATE    0.0                       0.1   -0.1      0.0
  SINCE JUL 1      0.0                       0.1   -0.1      0.0
  SNOW DEPTH       0

DEGREE DAYS
 HEATING
  YESTERDAY       22                        22      0       17
  MONTH TO DATE  399                       378     21      256
  SINCE SEP 1    770                       728     42      582
  SINCE JUL 1    770                       738     32      584

 COOLING
  YESTERDAY        0                         0      0        0
  MONTH TO DATE    0                         0      0        0
  SINCE SEP 1    156                       122     34      113
  SINCE JAN 1   1281                       829    452     1058
..................................................................


WIND (MPH)
  HIGHEST WIND SPEED     9   HIGHEST WIND DIRECTION     N (360)
  HIGHEST GUST SPEED    11   HIGHEST GUST DIRECTION    NW (300)
  AVERAGE WIND SPEED     1.9


SKY COVER
  POSSIBLE SUNSHINE  MM
  AVERAGE SKY COVER 1.0


WEATHER CONDITIONS
 THE FOLLOWING WEATHER WAS RECORDED YESTERDAY.
  RAIN
  LIGHT RAIN
  FOG


RELATIVE HUMIDITY (PERCENT)
 HIGHEST   100           100 AM
 LOWEST     92          1200 AM
 AVERAGE    96

..........................................................


THE MEDFORD OR CLIMATE NORMALS FOR TODAY
                         NORMAL    RECORD    YEAR
 MAXIMUM TEMPERATURE (F)   50        67      1974
                                             1924
 MINIMUM TEMPERATURE (F)   36        16      1929


SUNRISE AND SUNSET
NOVEMBER 21 2017......SUNRISE   710 AM PST   SUNSET   444 PM PST
NOVEMBER 22 2017......SUNRISE   711 AM PST   SUNSET   444 PM PST


-  INDICATES NEGATIVE NUMBERS.
R  INDICATES RECORD WAS SET OR TIED.
MM INDICATES DATA IS MISSING.
T  INDICATES TRACE AMOUNT.




$$
