000
CDUS46 KMFR 191242
CLIMFR

CLIMATE REPORT
NATIONAL WEATHER SERVICE MEDFORD, OR
445 AM PST SUN FEB 19 2017


...................................

...THE MEDFORD OR CLIMATE SUMMARY FOR FEBRUARY 18 2017...

CLIMATE NORMAL PERIOD 1981 TO 2010
CLIMATE RECORD PERIOD 1911 TO 2017


WEATHER ITEM   OBSERVED TIME   RECORD YEAR NORMAL DEPARTURE LAST
                VALUE   (LST)  VALUE       VALUE  FROM      YEAR
                                                  NORMAL
..................................................................
TEMPERATURE (F)
 YESTERDAY
  MAXIMUM         52    411 PM  72    1916  55     -3       53
  MINIMUM         41   1154 PM  20    1955  34      7       40
  AVERAGE         47                        45      2       47

PRECIPITATION (IN)
  YESTERDAY        0.23          0.62 1927   0.08   0.15     0.05
  MONTH TO DATE    2.92                      1.30   1.62     0.65
  SINCE OCT 1     19.50                     11.37   8.13    14.63
  SINCE JAN 1      7.81                      3.73   4.08     4.87

SNOWFALL (IN)
  YESTERDAY        0.0                       0.0    0.0      0.0
  MONTH TO DATE    0.0                       0.4   -0.4      1.2
  SINCE JUL 1     11.8                       3.4    8.4      1.9
  SNOW DEPTH       0

DEGREE DAYS
 HEATING
  YESTERDAY       18                        20     -2       18
  MONTH TO DATE  313                       387    -74      295
  SINCE DEC 1   2038                      1950     88     1668
  SINCE JUL 1   2811                      2919   -108     2472

 COOLING
  YESTERDAY        0                         0      0        0
  MONTH TO DATE    0                         0      0        0
  SINCE DEC 1      0                         0      0        0
  SINCE JAN 1      0                         0      0        0
..................................................................


WIND (MPH)
  HIGHEST WIND SPEED    15   HIGHEST WIND DIRECTION    SE (150)
  HIGHEST GUST SPEED    19   HIGHEST GUST DIRECTION     S (160)
  AVERAGE WIND SPEED     3.5


SKY COVER
  POSSIBLE SUNSHINE  MM
  AVERAGE SKY COVER 0.8


WEATHER CONDITIONS
 THE FOLLOWING WEATHER WAS RECORDED YESTERDAY.
  LIGHT RAIN
  FOG


RELATIVE HUMIDITY (PERCENT)
 HIGHEST   100           200 AM
 LOWEST     63           500 PM
 AVERAGE    82

..........................................................


THE MEDFORD OR CLIMATE NORMALS FOR TODAY
                         NORMAL    RECORD    YEAR
 MAXIMUM TEMPERATURE (F)   55        72      1995
 MINIMUM TEMPERATURE (F)   34        20      1990
                                             1955


SUNRISE AND SUNSET
FEBRUARY 19 2017......SUNRISE   702 AM PST   SUNSET   549 PM PST
FEBRUARY 20 2017......SUNRISE   700 AM PST   SUNSET   551 PM PST


-  INDICATES NEGATIVE NUMBERS.
R  INDICATES RECORD WAS SET OR TIED.
MM INDICATES DATA IS MISSING.
T  INDICATES TRACE AMOUNT.



&&

LOW TEMPERATURE THIS MORNING...40 DEGREES
24-HOUR PRECIPITATION........0.22 INCHES

$$
