000
CDUS46 KMFR 200954
CLIMFR


CLIMATE REPORT
NATIONAL WEATHER SERVICE MEDFORD, OR
154 AM PST TUE FEB 20 2018


...................................

...THE MEDFORD OR CLIMATE SUMMARY FOR FEBRUARY 19 2018...

CLIMATE NORMAL PERIOD 1981 TO 2010
CLIMATE RECORD PERIOD 1911 TO 2018


WEATHER ITEM   OBSERVED TIME   RECORD YEAR NORMAL DEPARTURE LAST
                VALUE   (LST)  VALUE       VALUE  FROM      YEAR
                                                  NORMAL
..................................................................
TEMPERATURE (F)
 YESTERDAY
  MAXIMUM         40    346 PM  72    1995  55    -15       50
  MINIMUM         26   1032 PM  20    1990  34     -8       39
                                      1955
  AVERAGE         33                        45    -12       45

PRECIPITATION (IN)
  YESTERDAY        T             0.86 1986   0.07  -0.07     0.17
  MONTH TO DATE    0.13                      1.37  -1.24     3.09
  SINCE OCT 1      6.34                     11.44  -5.10    19.67
  SINCE JAN 1      1.73                      3.80  -2.07     7.98

SNOWFALL (IN)
  YESTERDAY        T                         0.0    0.0      0.0
  MONTH TO DATE    0.6                       0.4    0.2      0.0
  SINCE JUL 1      0.6                       3.4   -2.8     11.8
  SNOW DEPTH       0

DEGREE DAYS
 HEATING
  YESTERDAY       32                        20     12       20
  MONTH TO DATE  403                       407     -4      333
  SINCE DEC 1   1902                      1970    -68     2058
  SINCE JUL 1   2837                      2939   -102     2831

 COOLING
  YESTERDAY        0                         0      0        0
  MONTH TO DATE    0                         0      0        0
  SINCE DEC 1      0                         0      0        0
  SINCE JAN 1      0                         0      0        0
..................................................................


WIND (MPH)
  HIGHEST WIND SPEED    17   HIGHEST WIND DIRECTION    NW (310)
  HIGHEST GUST SPEED    23   HIGHEST GUST DIRECTION    NW (320)
  AVERAGE WIND SPEED     5.8


SKY COVER
  POSSIBLE SUNSHINE  MM
  AVERAGE SKY COVER 0.7


WEATHER CONDITIONS
 THE FOLLOWING WEATHER WAS RECORDED YESTERDAY.
  LIGHT SNOW
  FOG


RELATIVE HUMIDITY (PERCENT)
 HIGHEST   100           300 AM
 LOWEST     40           300 PM
 AVERAGE    70

..........................................................


THE MEDFORD OR CLIMATE NORMALS FOR TODAY
                         NORMAL    RECORD    YEAR
 MAXIMUM TEMPERATURE (F)   56        72      1982
 MINIMUM TEMPERATURE (F)   34        18      1920


SUNRISE AND SUNSET
FEBRUARY 20 2018......SUNRISE   701 AM PST   SUNSET   550 PM PST
FEBRUARY 21 2018......SUNRISE   659 AM PST   SUNSET   552 PM PST


-  INDICATES NEGATIVE NUMBERS.
R  INDICATES RECORD WAS SET OR TIED.
MM INDICATES DATA IS MISSING.
T  INDICATES TRACE AMOUNT.




$$
