000
CDUS46 KMFR 290841
CLIMFR


CLIMATE REPORT
NATIONAL WEATHER SERVICE MEDFORD, OR
140 AM PDT THU SEP 29 2016


...................................

...THE MEDFORD OR CLIMATE SUMMARY FOR SEPTEMBER 28 2016...

CLIMATE NORMAL PERIOD 1981 TO 2010
CLIMATE RECORD PERIOD 1911 TO 2016


WEATHER ITEM   OBSERVED TIME   RECORD YEAR NORMAL DEPARTURE LAST
                VALUE   (LST)  VALUE       VALUE  FROM      YEAR
                                                  NORMAL
..................................................................
TEMPERATURE (F)
 YESTERDAY
  MAXIMUM         89    438 PM  94    2003  80      9       90
                                      1996
                                      1992
  MINIMUM         55    633 AM  31    1929  47      8       47
  AVERAGE         72                        63      9       69

PRECIPITATION (IN)
  YESTERDAY        0.00          2.80 1977   0.02  -0.02     0.00
  MONTH TO DATE    0.01                      0.52  -0.51     0.25
  SINCE OCT 1     19.78                     18.30   1.48    14.57
  SINCE JAN 1     10.02                     10.66  -0.64     7.72

SNOWFALL (IN)
  YESTERDAY        0.0                       0.0    0.0      0.0
  MONTH TO DATE    0.0                       0.0    0.0      0.0
  SINCE JUL 1      0.0                       0.0    0.0      0.0
  SNOW DEPTH       0

DEGREE DAYS
 HEATING
  YESTERDAY        0                         4     -4        0
  MONTH TO DATE   34                        52    -18       40
  SINCE SEP 1     34                        52    -18       40
  SINCE JUL 1     36                        62    -26       40

 COOLING
  YESTERDAY        7                         2      5        4
  MONTH TO DATE  107                       109     -2      124
  SINCE SEP 1    107                       109     -2      124
  SINCE JAN 1   1052                       816    236     1254
..................................................................


WIND (MPH)
  HIGHEST WIND SPEED    12   HIGHEST WIND DIRECTION    NE (30)
  HIGHEST GUST SPEED    13   HIGHEST GUST DIRECTION     N (360)
  AVERAGE WIND SPEED     2.5


SKY COVER
  POSSIBLE SUNSHINE  MM
  AVERAGE SKY COVER 0.0


WEATHER CONDITIONS
 THE FOLLOWING WEATHER WAS RECORDED YESTERDAY.
  NO SIGNIFICANT WEATHER WAS OBSERVED.


RELATIVE HUMIDITY (PERCENT)
 HIGHEST    83           600 AM
 LOWEST     18           500 PM
 AVERAGE    51

..........................................................


THE MEDFORD OR CLIMATE NORMALS FOR TODAY
                         NORMAL    RECORD    YEAR
 MAXIMUM TEMPERATURE (F)   79        96      1987
 MINIMUM TEMPERATURE (F)   46        31      1961


SUNRISE AND SUNSET
SEPTEMBER 29 2016.....SUNRISE   707 AM PDT   SUNSET   655 PM PDT
SEPTEMBER 30 2016.....SUNRISE   708 AM PDT   SUNSET   654 PM PDT


-  INDICATES NEGATIVE NUMBERS.
R  INDICATES RECORD WAS SET OR TIED.
MM INDICATES DATA IS MISSING.
T  INDICATES TRACE AMOUNT.




$$
