000
CDUS46 KMFR 031207
CLIMFR

CLIMATE REPORT
NATIONAL WEATHER SERVICE MEDFORD, OR
507 AM PDT TUE MAY 3 2016


...................................

...THE MEDFORD OR CLIMATE SUMMARY FOR MAY 2 2016...

CLIMATE NORMAL PERIOD 1981 TO 2010
CLIMATE RECORD PERIOD 1911 TO 2016


WEATHER ITEM   OBSERVED TIME   RECORD YEAR NORMAL DEPARTURE LAST
                VALUE   (LST)  VALUE       VALUE  FROM      YEAR
                                                  NORMAL
..................................................................
TEMPERATURE (F)
 YESTERDAY
  MAXIMUM         84    333 PM  91    1946  69     15       82
                                      1945
  MINIMUM         51    626 AM  28    1913  43      8       47
  AVERAGE         68                        56     12       65

PRECIPITATION (IN)
  YESTERDAY        0.00          0.46 1964   0.05  -0.05     0.00
  MONTH TO DATE    0.00                      0.09  -0.09     0.00
  SINCE OCT 1     18.42                     15.26   3.16    13.35
  SINCE JAN 1      8.66                      7.62   1.04     6.50

SNOWFALL (IN)
  YESTERDAY        0.0                       0.0    0.0      0.0
  MONTH TO DATE    0.0                       0.0    0.0      0.0
  SINCE JUL 1      1.9                       4.1   -2.2       T
  SNOW DEPTH       0

DEGREE DAYS
 HEATING
  YESTERDAY        0                         9     -9        0
  MONTH TO DATE    4                        18    -14        0
  SINCE MAR 1    659                       903   -244      689
  SINCE JUL 1   3333                      4017   -684     3129

 COOLING
  YESTERDAY        3                         1      2        0
  MONTH TO DATE    3                         1      2        1
  SINCE MAR 1     20                         4     16        1
  SINCE JAN 1     20                         4     16        1
..................................................................


WIND (MPH)
  HIGHEST WIND SPEED    13   HIGHEST WIND DIRECTION    NW (310)
  HIGHEST GUST SPEED    16   HIGHEST GUST DIRECTION     W (280)
  AVERAGE WIND SPEED     3.7


SKY COVER
  POSSIBLE SUNSHINE  MM
  AVERAGE SKY COVER 0.1


WEATHER CONDITIONS
 THE FOLLOWING WEATHER WAS RECORDED YESTERDAY.
  NO SIGNIFICANT WEATHER WAS OBSERVED.


RELATIVE HUMIDITY (PERCENT)
 HIGHEST    71           500 AM
 LOWEST     23           200 PM
 AVERAGE    47

..........................................................


THE MEDFORD OR CLIMATE NORMALS FOR TODAY
                         NORMAL    RECORD    YEAR
 MAXIMUM TEMPERATURE (F)   70        95      1992
 MINIMUM TEMPERATURE (F)   44        31      1928
                                             1920


SUNRISE AND SUNSET
MAY  3 2016...........SUNRISE   603 AM PDT   SUNSET   814 PM PDT
MAY  4 2016...........SUNRISE   602 AM PDT   SUNSET   815 PM PDT


-  INDICATES NEGATIVE NUMBERS.
R  INDICATES RECORD WAS SET OR TIED.
MM INDICATES DATA IS MISSING.
T  INDICATES TRACE AMOUNT.

&&

LOW TEMPERATURE THIS MORNING.....51 DEGREES
24-HOUR PRECIPITATION............NONE

$$
