000
CDUS46 KMFR 240836
CLIMFR


CLIMATE REPORT
NATIONAL WEATHER SERVICE MEDFORD, OR
136 AM PDT SAT JUN 24 2017


...................................

...THE MEDFORD OR CLIMATE SUMMARY FOR JUNE 23 2017...

CLIMATE NORMAL PERIOD 1981 TO 2010
CLIMATE RECORD PERIOD 1911 TO 2017


WEATHER ITEM   OBSERVED TIME   RECORD YEAR NORMAL DEPARTURE LAST
                VALUE   (LST)  VALUE       VALUE  FROM      YEAR
                                                  NORMAL
..................................................................
TEMPERATURE (F)
 YESTERDAY
  MAXIMUM        102    503 PM 104    1926  84     18       79
  MINIMUM         59    531 AM  39    1920  53      6       52
  AVERAGE         81                        69     12       66

PRECIPITATION (IN)
  YESTERDAY        0.00          0.61 1911   0.01  -0.01     0.00
  MONTH TO DATE    0.37                      0.53  -0.16     0.57
  SINCE OCT 1     24.64                     17.01   7.63    19.32
  SINCE JAN 1     12.95                      9.37   3.58     9.56

SNOWFALL (IN)
  YESTERDAY        0.0                       0.0    0.0      0.0
  MONTH TO DATE    0.0                       0.0    0.0      0.0
  SINCE JUL 1     11.8                       4.1    7.7      1.9
  SNOW DEPTH       0

DEGREE DAYS
 HEATING
  YESTERDAY        0                         1     -1        0
  MONTH TO DATE   45                        48     -3       40
  SINCE JUN 1     45                        48     -3       40
  SINCE JUL 1   4063                      4245   -182     3460

 COOLING
  YESTERDAY       16                         5     11        1
  MONTH TO DATE  119                        68     51      131
  SINCE JUN 1    119                        68     51      131
  SINCE JAN 1    206                       106    100      192
..................................................................


WIND (MPH)
  HIGHEST WIND SPEED    10   HIGHEST WIND DIRECTION     N (20)
  HIGHEST GUST SPEED    15   HIGHEST GUST DIRECTION    NW (310)
  AVERAGE WIND SPEED     3.4


SKY COVER
  POSSIBLE SUNSHINE  MM
  AVERAGE SKY COVER 0.0


WEATHER CONDITIONS
 THE FOLLOWING WEATHER WAS RECORDED YESTERDAY.
  HAZE


RELATIVE HUMIDITY (PERCENT)
 HIGHEST    75           300 AM
 LOWEST     11           500 PM
 AVERAGE    43

..........................................................


THE MEDFORD OR CLIMATE NORMALS FOR TODAY
                         NORMAL    RECORD    YEAR
 MAXIMUM TEMPERATURE (F)   84       109      1925
 MINIMUM TEMPERATURE (F)   54        38      1920


SUNRISE AND SUNSET
JUNE 24 2017..........SUNRISE   536 AM PDT   SUNSET   852 PM PDT
JUNE 25 2017..........SUNRISE   536 AM PDT   SUNSET   852 PM PDT


-  INDICATES NEGATIVE NUMBERS.
R  INDICATES RECORD WAS SET OR TIED.
MM INDICATES DATA IS MISSING.
T  INDICATES TRACE AMOUNT.




$$
