000
CDUS46 KMFR 210035
CLIMFR


CLIMATE REPORT
NATIONAL WEATHER SERVICE MEDFORD, OR
535 PM PDT WED AUG 20 2014


...................................

...THE MEDFORD OR CLIMATE SUMMARY FOR AUGUST 20 2014...
VALID TODAY AS OF 0500 PM LOCAL TIME.

CLIMATE NORMAL PERIOD 1981 TO 2010
CLIMATE RECORD PERIOD 1911 TO 2014


WEATHER ITEM   OBSERVED TIME   RECORD YEAR NORMAL DEPARTURE LAST
                VALUE   (LST)  VALUE       VALUE  FROM      YEAR
                                                  NORMAL
..................................................................
TEMPERATURE (F)
 TODAY
  MAXIMUM         87    218 PM 103    1961  90     -3       96
  MINIMUM         61    550 AM  40    1918  56      5       60
  AVERAGE         74                        73      1       78

PRECIPITATION (IN)
  TODAY            0.00          0.47 1997   0.02  -0.02     0.00
  MONTH TO DATE    0.63                      0.24   0.39     0.03
  SINCE SEP 1     15.83                     18.19  -2.36    16.91
  SINCE JAN 1     11.39                      9.98   1.41     4.16

SNOWFALL (IN)
  TODAY            0.0                       0.0    0.0      0.0
  MONTH TO DATE    0.0                       0.0    0.0      0.0
  SINCE JUL 1      0.0                       0.0    0.0      0.0
  SNOW DEPTH       0

DEGREE DAYS
 HEATING
  TODAY            0                         0      0        0
  MONTH TO DATE    0                         0      0        0
  SINCE JUN 1     22                        60    -38       35
  SINCE JUL 1      0                         6     -6        0

 COOLING
  TODAY            9                         8      1       13
  MONTH TO DATE  265                       197     68      202
  SINCE JUN 1    847                       591    256      785
  SINCE JAN 1    903                       629    274      820
..................................................................


WIND (MPH)
  HIGHEST WIND SPEED    20   HIGHEST WIND DIRECTION     N (360)
  HIGHEST GUST SPEED    25   HIGHEST GUST DIRECTION     N (350)
  AVERAGE WIND SPEED     4.6


SKY COVER
  POSSIBLE SUNSHINE  MM
  AVERAGE SKY COVER 0.2


WEATHER CONDITIONS
 THE FOLLOWING WEATHER WAS RECORDED TODAY.
  NO SIGNIFICANT WEATHER WAS OBSERVED.


RELATIVE HUMIDITY (PERCENT)
 HIGHEST    78           600 AM
 LOWEST     32           400 PM
 AVERAGE    55

..........................................................


THE MEDFORD OR CLIMATE NORMALS FOR TOMORROW
                         NORMAL    RECORD    YEAR
 MAXIMUM TEMPERATURE (F)   90       104      1961
 MINIMUM TEMPERATURE (F)   56        44      1947
                                             1918
                                             1911


SUNRISE AND SUNSET
AUGUST 20 2014........SUNRISE   624 AM PDT   SUNSET   805 PM PDT
AUGUST 21 2014........SUNRISE   625 AM PDT   SUNSET   803 PM PDT


-  INDICATES NEGATIVE NUMBERS.
R  INDICATES RECORD WAS SET OR TIED.
MM INDICATES DATA IS MISSING.
T  INDICATES TRACE AMOUNT.




$$
