000
CDUS44 KBMX 030033
CLIMGM


CLIMATE REPORT
NATIONAL WEATHER SERVICE BIRMINGHAM, AL
733 PM CDT SUN AUG 2 2015


...................................

...THE MONTGOMERY CLIMATE SUMMARY FOR AUGUST 2 2015...
VALID TODAY AS OF 0700 PM LOCAL TIME.

CLIMATE NORMAL PERIOD 1981 TO 2010
CLIMATE RECORD PERIOD 1994 TO 2015


WEATHER ITEM   OBSERVED TIME   RECORD YEAR NORMAL DEPARTURE LAST
                VALUE   (LST)  VALUE       VALUE  FROM      YEAR
                                                  NORMAL
..................................................................
TEMPERATURE (F)
 TODAY
  MAXIMUM         97    403 PM 100    2010  92      5       91
                                      1897
  MINIMUM         74    525 AM  66    1992  72      2       73
                                      1925
  AVERAGE         86                        82      4       82

PRECIPITATION (IN)
  TODAY            0.00          5.38 1984   0.14  -0.14     0.00
  MONTH TO DATE    0.00                      0.28  -0.28     0.00
  SINCE JUN 1      8.96                      9.59  -0.63     7.45
  SINCE JAN 1     29.46                     33.03  -3.57    36.34

DEGREE DAYS
 COOLING
  TODAY           21                        17      4       17
  MONTH TO DATE   40                        34      6       33
  SINCE JUN 1   1155                       974    181     1013
  SINCE JAN 1   1693                      1313    380     1379
..................................................................


WIND (MPH)
  HIGHEST WIND SPEED    10   HIGHEST WIND DIRECTION    NW (310)
  HIGHEST GUST SPEED    13   HIGHEST GUST DIRECTION    NW (310)
  AVERAGE WIND SPEED     4.7


SKY COVER
  AVERAGE SKY COVER 0.0


WEATHER CONDITIONS
 THE FOLLOWING WEATHER WAS RECORDED TODAY.
  NO SIGNIFICANT WEATHER WAS OBSERVED.


RELATIVE HUMIDITY (PERCENT)
 HIGHEST    93           400 AM
 LOWEST     30           400 PM
 AVERAGE    62

..........................................................


THE MONTGOMERY CLIMATE NORMALS FOR TOMORROW
                         NORMAL    RECORD    YEAR
 MAXIMUM TEMPERATURE (F)   92       102      1897
 MINIMUM TEMPERATURE (F)   72        65      1998
                                             1965
                                             1875


SUNRISE AND SUNSET
AUGUST  2 2015........SUNRISE   601 AM CDT   SUNSET   742 PM CDT
AUGUST  3 2015........SUNRISE   602 AM CDT   SUNSET   742 PM CDT


-  INDICATES NEGATIVE NUMBERS.
R  INDICATES RECORD WAS SET OR TIED.
MM INDICATES DATA IS MISSING.
T  INDICATES TRACE AMOUNT.




$$
