000
CDUS44 KBMX 262154
CLIMGM


CLIMATE REPORT
NATIONAL WEATHER SERVICE BIRMINGHAM, AL
454 PM CDT TUE SEP 26 2017


...................................

...THE MONTGOMERY CLIMATE SUMMARY FOR SEPTEMBER 26 2017...
VALID TODAY AS OF 0400 PM LOCAL TIME.

CLIMATE NORMAL PERIOD 1981 TO 2010
CLIMATE RECORD PERIOD 1872 TO 2017


WEATHER ITEM   OBSERVED TIME   RECORD YEAR NORMAL DEPARTURE LAST
                VALUE   (LST)  VALUE       VALUE  FROM      YEAR
                                                  NORMAL
..................................................................
TEMPERATURE (F)
 TODAY
  MAXIMUM         93    159 PM  94    2016  84      9       94
                                      1984
                                      1954
  MINIMUM         68    441 AM  43    2001  62      6       71
  AVERAGE         81                        73      8       83

PRECIPITATION (IN)
  TODAY            0.00          8.72 1953   0.12  -0.12     0.00
  MONTH TO DATE    2.25                      3.49  -1.24     2.24
  SINCE SEP 1      2.25                      3.49  -1.24     2.24
  SINCE JAN 1     60.85                     40.20  20.65    35.28

DEGREE DAYS

 COOLING
  TODAY           16                         8      8       18
  MONTH TO DATE  330                       312     18      481
  SINCE SEP 1    330                       312     18      481
  SINCE JAN 1   2498                      2101    397     2710
..................................................................


WIND (MPH)
  HIGHEST WIND SPEED    12   HIGHEST WIND DIRECTION     N (350)
  HIGHEST GUST SPEED    16   HIGHEST GUST DIRECTION    NE (30)
  AVERAGE WIND SPEED     3.5


SKY COVER
  AVERAGE SKY COVER 0.0


WEATHER CONDITIONS
 THE FOLLOWING WEATHER WAS RECORDED TODAY.
  NO SIGNIFICANT WEATHER WAS OBSERVED.


RELATIVE HUMIDITY (PERCENT)
 HIGHEST    84           400 AM
 LOWEST     36          1200 PM
 AVERAGE    60

..........................................................


THE MONTGOMERY CLIMATE NORMALS FOR TOMORROW
                         NORMAL    RECORD    YEAR
 MAXIMUM TEMPERATURE (F)   84        96      1954
 MINIMUM TEMPERATURE (F)   61        43      2001


SUNRISE AND SUNSET
SEPTEMBER 26 2017.....SUNRISE   636 AM CDT   SUNSET   637 PM CDT
SEPTEMBER 27 2017.....SUNRISE   637 AM CDT   SUNSET   635 PM CDT


-  INDICATES NEGATIVE NUMBERS.
R  INDICATES RECORD WAS SET OR TIED.
MM INDICATES DATA IS MISSING.
T  INDICATES TRACE AMOUNT.




$$
