000
CDUS44 KBMX 310938
CLIMGM


CLIMATE REPORT
NATIONAL WEATHER SERVICE BIRMINGHAM, AL
437 AM CDT THU JUL 31 2014


...................................

...THE MONTGOMERY CLIMATE SUMMARY FOR JULY 30 2014...

CLIMATE NORMAL PERIOD 1981 TO 2010
CLIMATE RECORD PERIOD 1872 TO 2014


WEATHER ITEM   OBSERVED TIME   RECORD YEAR NORMAL DEPARTURE LAST
                VALUE   (LST)  VALUE       VALUE  FROM      YEAR
                                                  NORMAL
..................................................................
TEMPERATURE (F)
 YESTERDAY
  MAXIMUM         87    338 PM 102    2012  92     -5       94
  MINIMUM         59R   525 AM  66    1889  72    -13       72
  AVERAGE         73                        82     -9       83

PRECIPITATION (IN)
  YESTERDAY        0.00          3.30 1972   0.15  -0.15     1.07
  MONTH TO DATE    2.28                      5.10  -2.82     9.33
  SINCE JUN 1      7.45                      9.17  -1.72    13.18
  SINCE JAN 1     36.34                     32.61   3.73    38.89

DEGREE DAYS
 COOLING
  YESTERDAY        8                        17     -9       18
  MONTH TO DATE  495                       504     -9      458
  SINCE JUN 1    967                       923     44      949
  SINCE JAN 1   1333                      1262     71     1308
..................................................................


WIND (MPH)
  HIGHEST WIND SPEED    14   HIGHEST WIND DIRECTION    NE (30)
  HIGHEST GUST SPEED    18   HIGHEST GUST DIRECTION    NW (320)
  AVERAGE WIND SPEED     4.1


SKY COVER
  AVERAGE SKY COVER 0.0


WEATHER CONDITIONS
 THE FOLLOWING WEATHER WAS RECORDED YESTERDAY.
  NO SIGNIFICANT WEATHER WAS OBSERVED.


RELATIVE HUMIDITY (PERCENT)
 HIGHEST    87           400 AM
 LOWEST     31           200 PM
 AVERAGE    59

..........................................................


THE MONTGOMERY CLIMATE NORMALS FOR TODAY
                         NORMAL    RECORD    YEAR
 MAXIMUM TEMPERATURE (F)   92       101      1896
 MINIMUM TEMPERATURE (F)   72        62      1936


SUNRISE AND SUNSET
JULY 31 2014..........SUNRISE   600 AM CDT   SUNSET   744 PM CDT
AUGUST  1 2014........SUNRISE   600 AM CDT   SUNSET   743 PM CDT


-  INDICATES NEGATIVE NUMBERS.
R  INDICATES RECORD WAS SET OR TIED.
MM INDICATES DATA IS MISSING.
T  INDICATES TRACE AMOUNT.




$$
