000
CDUS44 KBMX 290753
CLIMGM


CLIMATE REPORT
NATIONAL WEATHER SERVICE BIRMINGHAM, AL
252 AM CDT MON AUG 29 2016


...................................

...THE MONTGOMERY CLIMATE SUMMARY FOR AUGUST 28 2016...

CLIMATE NORMAL PERIOD 1981 TO 2010
CLIMATE RECORD PERIOD 1872 TO 2016


WEATHER ITEM   OBSERVED TIME   RECORD YEAR NORMAL DEPARTURE LAST
                VALUE   (LST)  VALUE       VALUE  FROM      YEAR
                                                  NORMAL
..................................................................
TEMPERATURE (F)
 YESTERDAY
  MAXIMUM         96    322 PM 104    1954  91      5       94
  MINIMUM         74    246 AM  59    1952  70      4       71
  AVERAGE         85                        81      4       83

PRECIPITATION (IN)
  YESTERDAY        0.00          1.29 1923   0.13  -0.13     0.10
  MONTH TO DATE    2.47                      3.58  -1.11     1.58
  SINCE JUN 1     10.81                     12.89  -2.08    10.54
  SINCE JAN 1     33.04                     36.33  -3.29    31.04

DEGREE DAYS
 COOLING
  YESTERDAY       20                        16      4       18
  MONTH TO DATE  566                       466    100      519
  SINCE JUN 1   1707                      1406    301     1634
  SINCE JAN 1   2168                      1745    423     2172
..................................................................


WIND (MPH)
  HIGHEST WIND SPEED    17   HIGHEST WIND DIRECTION     E (100)
  HIGHEST GUST SPEED    26   HIGHEST GUST DIRECTION     E (80)
  AVERAGE WIND SPEED     7.3


SKY COVER
  AVERAGE SKY COVER 0.1


WEATHER CONDITIONS
 THE FOLLOWING WEATHER WAS RECORDED YESTERDAY.
  NO SIGNIFICANT WEATHER WAS OBSERVED.


RELATIVE HUMIDITY (PERCENT)
 HIGHEST    82           400 AM
 LOWEST     36           300 PM
 AVERAGE    59

..........................................................


THE MONTGOMERY CLIMATE NORMALS FOR TODAY
                         NORMAL    RECORD    YEAR
 MAXIMUM TEMPERATURE (F)   91       102      1951
 MINIMUM TEMPERATURE (F)   70        56      1992


SUNRISE AND SUNSET
AUGUST 29 2016........SUNRISE   619 AM CDT   SUNSET   713 PM CDT
AUGUST 30 2016........SUNRISE   620 AM CDT   SUNSET   712 PM CDT


-  INDICATES NEGATIVE NUMBERS.
R  INDICATES RECORD WAS SET OR TIED.
MM INDICATES DATA IS MISSING.
T  INDICATES TRACE AMOUNT.




$$
