000
CDUS44 KBMX 300040
CLIMGM


CLIMATE REPORT
NATIONAL WEATHER SERVICE BIRMINGHAM, AL
740 PM CDT THU SEP 29 2016


...................................

...THE MONTGOMERY CLIMATE SUMMARY FOR SEPTEMBER 29 2016...
VALID TODAY AS OF 0700 PM LOCAL TIME.

CLIMATE NORMAL PERIOD 1981 TO 2010
CLIMATE RECORD PERIOD 1872 TO 2016


WEATHER ITEM   OBSERVED TIME   RECORD YEAR NORMAL DEPARTURE LAST
                VALUE   (LST)  VALUE       VALUE  FROM      YEAR
                                                  NORMAL
..................................................................
TEMPERATURE (F)
 TODAY
  MAXIMUM         83    154 PM  96    1904  84     -1       86
  MINIMUM         61    558 AM  42    1967  60      1       72
  AVERAGE         72                        72      0       79

PRECIPITATION (IN)
  TODAY            0.00          4.87 1950   0.12  -0.12     0.00
  MONTH TO DATE    2.24                      3.85  -1.61     3.19
  SINCE SEP 1      2.24                      3.85  -1.61     3.19
  SINCE JAN 1     35.28                     40.56  -5.28    34.29

DEGREE DAYS

 COOLING
  TODAY            7                         7      0       14
  MONTH TO DATE  518                       335    183      345
  SINCE SEP 1    518                       335    183      345
  SINCE JAN 1   2747                      2124    623     2566
..................................................................


WIND (MPH)
  HIGHEST WIND SPEED    18   HIGHEST WIND DIRECTION     W (280)
  HIGHEST GUST SPEED    25   HIGHEST GUST DIRECTION     W (290)
  AVERAGE WIND SPEED     7.8


SKY COVER
  AVERAGE SKY COVER 0.0


WEATHER CONDITIONS
 THE FOLLOWING WEATHER WAS RECORDED TODAY.
  NO SIGNIFICANT WEATHER WAS OBSERVED.


RELATIVE HUMIDITY (PERCENT)
 HIGHEST    84           600 AM
 LOWEST     26           300 PM
 AVERAGE    55

..........................................................


THE MONTGOMERY CLIMATE NORMALS FOR TOMORROW
                         NORMAL    RECORD    YEAR
 MAXIMUM TEMPERATURE (F)   83        97      1904
 MINIMUM TEMPERATURE (F)   60        39      1967


SUNRISE AND SUNSET
SEPTEMBER 29 2016.....SUNRISE   639 AM CDT   SUNSET   632 PM CDT
SEPTEMBER 30 2016.....SUNRISE   639 AM CDT   SUNSET   631 PM CDT


-  INDICATES NEGATIVE NUMBERS.
R  INDICATES RECORD WAS SET OR TIED.
MM INDICATES DATA IS MISSING.
T  INDICATES TRACE AMOUNT.




$$
