000
CDUS44 KBMX 290702
CLIMGM


CLIMATE REPORT
NATIONAL WEATHER SERVICE BIRMINGHAM, AL
200 AM CDT FRI MAY 29 2015


...................................

...THE MONTGOMERY CLIMATE SUMMARY FOR MAY 28 2015...

CLIMATE NORMAL PERIOD 1981 TO 2010
CLIMATE RECORD PERIOD 1994 TO 2015


WEATHER ITEM   OBSERVED TIME   RECORD YEAR NORMAL DEPARTURE LAST
                VALUE   (LST)  VALUE       VALUE  FROM      YEAR
                                                  NORMAL
..................................................................
TEMPERATURE (F)
 YESTERDAY
  MAXIMUM         90    256 PM  97    1916  87      3       88
  MINIMUM         69   1159 PM  43    1961  64      5       67
  AVERAGE         80                        76      4       78

PRECIPITATION (IN)
  YESTERDAY        0.44          4.06 1996   0.11   0.33     0.49
  MONTH TO DATE    3.85                      3.20   0.65     5.26
  SINCE MAR 1     12.35                     13.17  -0.82    20.93
  SINCE JAN 1     20.01                     23.10  -3.09    28.60

DEGREE DAYS
 COOLING
  YESTERDAY       15                        11      4       13
  MONTH TO DATE  277                       204     73      230
  SINCE MAR 1    498                       299    199      322
  SINCE JAN 1    498                       305    193      329
..................................................................


WIND (MPH)
  HIGHEST WIND SPEED    26   HIGHEST WIND DIRECTION     E (110)
  HIGHEST GUST SPEED    36   HIGHEST GUST DIRECTION     E (100)
  AVERAGE WIND SPEED     4.4


SKY COVER
  AVERAGE SKY COVER 0.6


WEATHER CONDITIONS
 THE FOLLOWING WEATHER WAS RECORDED YESTERDAY.
  THUNDERSTORM
  RAIN
  LIGHT RAIN
  FOG


RELATIVE HUMIDITY (PERCENT)
 HIGHEST    93           900 PM
 LOWEST     47           300 PM
 AVERAGE    70

..........................................................


THE MONTGOMERY CLIMATE NORMALS FOR TODAY
                         NORMAL    RECORD    YEAR
 MAXIMUM TEMPERATURE (F)   87        96      1962
                                             1937
 MINIMUM TEMPERATURE (F)   64        51      1961


SUNRISE AND SUNSET
MAY 29 2015...........SUNRISE   541 AM CDT   SUNSET   746 PM CDT
MAY 30 2015...........SUNRISE   540 AM CDT   SUNSET   746 PM CDT


-  INDICATES NEGATIVE NUMBERS.
R  INDICATES RECORD WAS SET OR TIED.
MM INDICATES DATA IS MISSING.
T  INDICATES TRACE AMOUNT.




$$
