000
CDUS44 KBMX 232117
CLIMGM


CLIMATE REPORT
NATIONAL WEATHER SERVICE BIRMINGHAM, AL
417 PM CDT TUE SEP 23 2014


...................................

...THE MONTGOMERY CLIMATE SUMMARY FOR SEPTEMBER 23 2014...
VALID AS OF 0400 PM LOCAL TIME.

CLIMATE NORMAL PERIOD 1981 TO 2010
CLIMATE RECORD PERIOD 1872 TO 2014


WEATHER ITEM   OBSERVED TIME   RECORD YEAR NORMAL DEPARTURE LAST
                VALUE   (LST)  VALUE       VALUE  FROM      YEAR
                                                  NORMAL
..................................................................
TEMPERATURE (F)
 TODAY
  MAXIMUM         85    255 PM  97    1931  85      0       83
  MINIMUM         56    312 AM  43    1999  63     -7       65
  AVERAGE         71                        74     -3       74

PRECIPITATION (IN)
  TODAY            0.00          3.95 1975   0.13  -0.13      T
  MONTH TO DATE    0.53                      3.11  -2.58     1.10
  SINCE SEP 1      0.53                      3.11  -2.58     1.10
  SINCE JAN 1     40.28                     39.82   0.46    44.11

DEGREE DAYS

 COOLING
  TODAY            6                         9     -3        9
  MONTH TO DATE  376                       286     90      343
  SINCE SEP 1    376                       286     90      343
  SINCE JAN 1   2275                      2075    200     2165
..................................................................


WIND (MPH)
  HIGHEST WIND SPEED    18   HIGHEST WIND DIRECTION    NE (60)
  HIGHEST GUST SPEED    24   HIGHEST GUST DIRECTION     E (70)
  AVERAGE WIND SPEED     7.9


SKY COVER
  AVERAGE SKY COVER 0.1


WEATHER CONDITIONS
 THE FOLLOWING WEATHER WAS RECORDED TODAY.
  NO SIGNIFICANT WEATHER WAS OBSERVED.


RELATIVE HUMIDITY (PERCENT)
 HIGHEST    86           600 AM
 LOWEST     40           200 PM
 AVERAGE    63

..........................................................


THE MONTGOMERY CLIMATE NORMALS FOR TOMORROW
                         NORMAL    RECORD    YEAR
 MAXIMUM TEMPERATURE (F)   85        98      1931
 MINIMUM TEMPERATURE (F)   62        47      1990
                                             1982


SUNRISE AND SUNSET
SEPTEMBER 23 2014.....SUNRISE   634 AM CDT   SUNSET   641 PM CDT
SEPTEMBER 24 2014.....SUNRISE   635 AM CDT   SUNSET   640 PM CDT


-  INDICATES NEGATIVE NUMBERS.
R  INDICATES RECORD WAS SET OR TIED.
MM INDICATES DATA IS MISSING.
T  INDICATES TRACE AMOUNT.




$$
