000
CDUS44 KBMX 022118
CLIMGM


CLIMATE REPORT
NATIONAL WEATHER SERVICE BIRMINGHAM, AL
418 PM CDT TUE SEP 2 2014


...................................

...THE MONTGOMERY CLIMATE SUMMARY FOR SEPTEMBER 2 2014...
VALID AS OF 0400 PM LOCAL TIME.

CLIMATE NORMAL PERIOD 1981 TO 2010
CLIMATE RECORD PERIOD 1872 TO 2014


WEATHER ITEM   OBSERVED TIME   RECORD YEAR NORMAL DEPARTURE LAST
                VALUE   (LST)  VALUE       VALUE  FROM      YEAR
                                                  NORMAL
..................................................................
TEMPERATURE (F)
 TODAY
  MAXIMUM         96    258 PM  98    1907  91      5       92
  MINIMUM         73    538 AM  57    1887  69      4       73
  AVERAGE         85                        80      5       83

PRECIPITATION (IN)
  TODAY            0.00          2.64 1996   0.14  -0.14     0.00
  MONTH TO DATE    0.00                      0.27  -0.27     0.00
  SINCE SEP 1      0.00                      0.27  -0.27     0.00
  SINCE JAN 1     39.75                     36.98   2.77    43.01

DEGREE DAYS

 COOLING
  TODAY           20                        15      5       18
  MONTH TO DATE   39                        30      9       36
  SINCE SEP 1     39                        30      9       36
  SINCE JAN 1   1938                      1819    119     1858
..................................................................


WIND (MPH)
  HIGHEST WIND SPEED     8   HIGHEST WIND DIRECTION    SW (240)
  HIGHEST GUST SPEED    12   HIGHEST GUST DIRECTION    SW (210)
  AVERAGE WIND SPEED     1.7


SKY COVER
  AVERAGE SKY COVER 0.1


WEATHER CONDITIONS
 THE FOLLOWING WEATHER WAS RECORDED TODAY.
  NO SIGNIFICANT WEATHER WAS OBSERVED.


RELATIVE HUMIDITY (PERCENT)
 HIGHEST    93           400 AM
 LOWEST     39           300 PM
 AVERAGE    66

..........................................................


THE MONTGOMERY CLIMATE NORMALS FOR TOMORROW
                         NORMAL    RECORD    YEAR
 MAXIMUM TEMPERATURE (F)   90        99      1990
                                             1951
                                             1925
 MINIMUM TEMPERATURE (F)   69        60      1967
                                             1952
                                             1915


SUNRISE AND SUNSET
SEPTEMBER  2 2014.....SUNRISE   621 AM CDT   SUNSET   709 PM CDT
SEPTEMBER  3 2014.....SUNRISE   622 AM CDT   SUNSET   707 PM CDT


-  INDICATES NEGATIVE NUMBERS.
R  INDICATES RECORD WAS SET OR TIED.
MM INDICATES DATA IS MISSING.
T  INDICATES TRACE AMOUNT.




$$
