000
CDUS44 KBMX 270740
CLIMGM


CLIMATE REPORT
NATIONAL WEATHER SERVICE BIRMINGHAM, AL
240 AM CDT THU APR 27 2017


...................................

...THE MONTGOMERY CLIMATE SUMMARY FOR APRIL 26 2017...

CLIMATE NORMAL PERIOD 1981 TO 2010
CLIMATE RECORD PERIOD 1872 TO 2017


WEATHER ITEM   OBSERVED TIME   RECORD YEAR NORMAL DEPARTURE LAST
                VALUE   (LST)  VALUE       VALUE  FROM      YEAR
                                                  NORMAL
..................................................................
TEMPERATURE (F)
 YESTERDAY
  MAXIMUM         85    403 PM  88    2015  79      6       85
                                      1989
                                      1985
  MINIMUM         57    539 AM  36    1910  55      2       60
  AVERAGE         71                        67      4       73

PRECIPITATION (IN)
  YESTERDAY        0.00          3.87 1908   0.11  -0.11     0.00
  MONTH TO DATE    1.50                      3.58  -2.08     5.31
  SINCE MAR 1      5.22                      9.53  -4.31     9.53
  SINCE JAN 1     19.92                     19.46   0.46    20.19

SNOWFALL (IN)
  YESTERDAY        0.0                       0.0    0.0      0.0
  MONTH TO DATE    0.0                       0.0    0.0      0.0
  SINCE MAR 1      0.0                       0.3   -0.3      0.0
  SINCE JUL 1      0.0                       0.4   -0.4       T
  SNOW DEPTH       0

DEGREE DAYS
 HEATING
  YESTERDAY        0                         2     -2        0
  MONTH TO DATE   26                        93    -67       37
  SINCE MAR 1    195                       348   -153      159
  SINCE JUL 1   1192                      2220  -1028     1484

 COOLING
  YESTERDAY        6                         3      3        8
  MONTH TO DATE  132                        56     76       56
  SINCE MAR 1    213                        79    134      129
  SINCE JAN 1    259                        85    174      142
..................................................................


WIND (MPH)
  HIGHEST WIND SPEED    16   HIGHEST WIND DIRECTION     S (160)
  HIGHEST GUST SPEED    21   HIGHEST GUST DIRECTION    SE (140)
  AVERAGE WIND SPEED     6.9


SKY COVER
  AVERAGE SKY COVER 0.1


WEATHER CONDITIONS
 THE FOLLOWING WEATHER WAS RECORDED YESTERDAY.
  FOG


RELATIVE HUMIDITY (PERCENT)
 HIGHEST    86           300 AM
 LOWEST     37           400 PM
 AVERAGE    62

..........................................................


THE MONTGOMERY CLIMATE NORMALS FOR TODAY
                         NORMAL    RECORD    YEAR
 MAXIMUM TEMPERATURE (F)   79        90      1899
 MINIMUM TEMPERATURE (F)   55        41      1992
                                             1976


SUNRISE AND SUNSET
APRIL 27 2017.........SUNRISE   603 AM CDT   SUNSET   724 PM CDT
APRIL 28 2017.........SUNRISE   602 AM CDT   SUNSET   725 PM CDT


-  INDICATES NEGATIVE NUMBERS.
R  INDICATES RECORD WAS SET OR TIED.
MM INDICATES DATA IS MISSING.
T  INDICATES TRACE AMOUNT.




$$
