000
CDUS44 KBMX 012139
CLIMGM


CLIMATE REPORT
NATIONAL WEATHER SERVICE BIRMINGHAM, AL
418 PM CDT WED OCT 1 2014


...................................

...THE MONTGOMERY CLIMATE SUMMARY FOR OCTOBER 1 2014...
VALID AS OF 0400 PM LOCAL TIME.

CLIMATE NORMAL PERIOD 1981 TO 2010
CLIMATE RECORD PERIOD 1872 TO 2014


WEATHER ITEM   OBSERVED TIME   RECORD YEAR NORMAL DEPARTURE LAST
                VALUE   (LST)  VALUE       VALUE  FROM      YEAR
                                                  NORMAL
..................................................................
TEMPERATURE (F)
 TODAY
  MAXIMUM         88    213 PM  95    1954  83      5       88
  MINIMUM         62    549 AM  44    1999  59      3       67
                                      1967
                                      1924
  AVERAGE         75                        71      4       78

PRECIPITATION (IN)
  TODAY            0.00          2.90 1956   0.10  -0.10     0.00
  MONTH TO DATE    0.00                      0.10  -0.10     0.00
  SINCE SEP 1      0.62                      4.07  -3.45     1.48
  SINCE JAN 1     40.37                     40.78  -0.41    44.49

DEGREE DAYS

 COOLING
  TODAY           10                         7      3       13
  MONTH TO DATE   10                         7      3       13
  SINCE SEP 1    455                       348    107      415
  SINCE JAN 1   2354                      2137    217     2237
..................................................................


WIND (MPH)
  HIGHEST WIND SPEED     9   HIGHEST WIND DIRECTION    SE (120)
  HIGHEST GUST SPEED    15   HIGHEST GUST DIRECTION     E (70)
  AVERAGE WIND SPEED     1.5


SKY COVER
  AVERAGE SKY COVER 0.2


WEATHER CONDITIONS
 THE FOLLOWING WEATHER WAS RECORDED TODAY.
  FOG


RELATIVE HUMIDITY (PERCENT)
 HIGHEST    93          1200 AM
 LOWEST     44           200 PM
 AVERAGE    69

..........................................................


THE MONTGOMERY CLIMATE NORMALS FOR TOMORROW
                         NORMAL    RECORD    YEAR
 MAXIMUM TEMPERATURE (F)   83        95      1904
 MINIMUM TEMPERATURE (F)   59        40      1984


SUNRISE AND SUNSET
OCTOBER  1 2014.......SUNRISE   640 AM CDT   SUNSET   630 PM CDT
OCTOBER  2 2014.......SUNRISE   640 AM CDT   SUNSET   629 PM CDT


-  INDICATES NEGATIVE NUMBERS.
R  INDICATES RECORD WAS SET OR TIED.
MM INDICATES DATA IS MISSING.
T  INDICATES TRACE AMOUNT.




$$
