000
CDUS44 KBMX 300833
CLIMGM


CLIMATE REPORT
NATIONAL WEATHER SERVICE BIRMINGHAM, AL
333 AM CDT SAT JUL 30 2016


...................................

...THE MONTGOMERY CLIMATE SUMMARY FOR JULY 29 2016...

CLIMATE NORMAL PERIOD 1981 TO 2010
CLIMATE RECORD PERIOD 1872 TO 2016


WEATHER ITEM   OBSERVED TIME   RECORD YEAR NORMAL DEPARTURE LAST
                VALUE   (LST)  VALUE       VALUE  FROM      YEAR
                                                  NORMAL
..................................................................
TEMPERATURE (F)
 YESTERDAY
  MAXIMUM         96    238 PM 100    2012  92      4       96
                                      1987
                                      1959
  MINIMUM         74    537 AM  65    2014  72      2       76
                                      1994
                                      1911
  AVERAGE         85                        82      3       86

PRECIPITATION (IN)
  YESTERDAY        0.00          2.11 1977   0.15  -0.15     0.35
  MONTH TO DATE    5.61                      4.95   0.66     4.85
  SINCE JUN 1      8.34                      9.02  -0.68     8.84
  SINCE JAN 1     30.57                     32.46  -1.89    29.34

DEGREE DAYS
 COOLING
  YESTERDAY       20                        17      3       21
  MONTH TO DATE  579                       487     92      573
  SINCE JUN 1   1097                       906    191     1070
  SINCE JAN 1   1558                      1245    313     1608
..................................................................


WIND (MPH)
  HIGHEST WIND SPEED    14   HIGHEST WIND DIRECTION     W (290)
  HIGHEST GUST SPEED    17   HIGHEST GUST DIRECTION     W (290)
  AVERAGE WIND SPEED     5.5


SKY COVER
  AVERAGE SKY COVER 0.3


WEATHER CONDITIONS
 THE FOLLOWING WEATHER WAS RECORDED YESTERDAY.
  NO SIGNIFICANT WEATHER WAS OBSERVED.


RELATIVE HUMIDITY (PERCENT)
 HIGHEST    87          1200 AM
 LOWEST     46           200 PM
 AVERAGE    67

..........................................................


THE MONTGOMERY CLIMATE NORMALS FOR TODAY
                         NORMAL    RECORD    YEAR
 MAXIMUM TEMPERATURE (F)   92       102      2012
 MINIMUM TEMPERATURE (F)   72        59      2014


SUNRISE AND SUNSET
JULY 30 2016..........SUNRISE   559 AM CDT   SUNSET   744 PM CDT
JULY 31 2016..........SUNRISE   600 AM CDT   SUNSET   743 PM CDT


-  INDICATES NEGATIVE NUMBERS.
R  INDICATES RECORD WAS SET OR TIED.
MM INDICATES DATA IS MISSING.
T  INDICATES TRACE AMOUNT.




$$
