000
CDUS41 KPBZ 252140
CLIMGW


CLIMATE REPORT
NATIONAL WEATHER SERVICE PITTSBURGH PA
540 PM EDT TUE APR 25 2017


...................................

...THE MORGANTOWN WV CLIMATE SUMMARY FOR APRIL 25 2017...
VALID TODAY AS OF 0500 PM LOCAL TIME.

CLIMATE NORMAL PERIOD 1981 TO 2010
CLIMATE RECORD PERIOD 1948 TO 2017


WEATHER ITEM   OBSERVED TIME   RECORD YEAR NORMAL DEPARTURE LAST
                VALUE   (LST)  VALUE       VALUE  FROM      YEAR
                                                  NORMAL
..................................................................
TEMPERATURE (F)
 TODAY
  MAXIMUM         64    312 PM  88    2009  67     -3       81
  MINIMUM         51    449 AM  26    1956  44      7       45
  AVERAGE         58                        56      2       63

PRECIPITATION (IN)
  TODAY            0.01         MM      MM   0.12  -0.11     0.00
  MONTH TO DATE    4.53                      2.93   1.60     2.34
  SINCE JUN 1     46.12                     36.63   9.49    33.10
  SINCE JAN 1     16.71                     11.99   4.72     9.56

DEGREE DAYS
 HEATING
  TODAY            7                        10     -3        2
  MONTH TO DATE  194                       335   -141      307
  SINCE MAR 1    852                      1047   -195      755
  SINCE JUL 1   3865                      4936  -1071     3849

 COOLING
  TODAY            0                         1     -1        0
  MONTH TO DATE   18                         7     11        4
  SINCE MAR 1     20                         9     11        5
  SINCE JAN 1     23                         9     14        5
..................................................................


WIND (MPH)
  RESULTANT WIND SPEED   7   RESULTANT WIND DIRECTION   E (70)
  HIGHEST WIND SPEED    13   HIGHEST WIND DIRECTION     E (90)
  HIGHEST GUST SPEED    20   HIGHEST GUST DIRECTION     E (90)
  AVERAGE WIND SPEED     7.3


SKY COVER
  POSSIBLE SUNSHINE  MM
  AVERAGE SKY COVER 0.9


WEATHER CONDITIONS
 THE FOLLOWING WEATHER WAS RECORDED TODAY.
  LIGHT RAIN


RELATIVE HUMIDITY (PERCENT)
 HIGHEST    77          1200 AM
 LOWEST     63           200 PM
 AVERAGE    70

..........................................................


THE MORGANTOWN WV CLIMATE NORMALS FOR TOMORROW
                         NORMAL    RECORD    YEAR
 MAXIMUM TEMPERATURE (F)   68        87      2009
                                             1990
 MINIMUM TEMPERATURE (F)   45        25      1972


SUNRISE AND SUNSET
APRIL 25 2017.........SUNRISE   628 AM EDT   SUNSET   808 PM EDT
APRIL 26 2017.........SUNRISE   626 AM EDT   SUNSET   809 PM EDT


-  INDICATES NEGATIVE NUMBERS.
R  INDICATES RECORD WAS SET OR TIED.
MM INDICATES DATA IS MISSING.
T  INDICATES TRACE AMOUNT.




$$
