000
CDUS41 KPBZ 222113
CLIMGW


CLIMATE REPORT
NATIONAL WEATHER SERVICE PITTSBURGH PA
511 PM EDT SUN OCT 22 2017


...................................

...THE MORGANTOWN WV CLIMATE SUMMARY FOR OCTOBER 22 2017...
VALID TODAY AS OF 0500 PM LOCAL TIME.

CLIMATE NORMAL PERIOD 1981 TO 2010
CLIMATE RECORD PERIOD 1872 TO 2017


WEATHER ITEM   OBSERVED TIME   RECORD YEAR NORMAL DEPARTURE LAST
                VALUE   (LST)  VALUE       VALUE  FROM      YEAR
                                                  NORMAL
..................................................................
TEMPERATURE (F)
 TODAY
  MAXIMUM         80    343 PM  87    1894  63     17       50
  MINIMUM         49    653 AM  19    1930  42      7       43
  AVERAGE         65                        52     13       47

PRECIPITATION (IN)
  TODAY            0.00          0.88 1910   0.09  -0.09     0.09
  MONTH TO DATE    1.26                      1.96  -0.70     4.81
  SINCE JUN 1     18.63                     17.45   1.18    23.40
  SINCE JAN 1     41.72                     34.64   7.08    39.44

DEGREE DAYS
 HEATING
  TODAY            0                        13    -13       18
  MONTH TO DATE   75                       218   -143       95
  SINCE SEP 1    140                       304   -164       99
  SINCE JUL 1    142                       315   -173       99

 COOLING
  TODAY            0                         0      0        0
  MONTH TO DATE   54                        10     44       45
  SINCE SEP 1    166                       102     64      267
  SINCE JAN 1    919                       811    108     1278
..................................................................


WIND (MPH)
  RESULTANT WIND SPEED   2   RESULTANT WIND DIRECTION   S (180)
  HIGHEST WIND SPEED     9   HIGHEST WIND DIRECTION    SE (130)
  HIGHEST GUST SPEED    14   HIGHEST GUST DIRECTION    SE (150)
  AVERAGE WIND SPEED     1.8


SKY COVER
  POSSIBLE SUNSHINE  MM
  AVERAGE SKY COVER 0.0


WEATHER CONDITIONS
 THE FOLLOWING WEATHER WAS RECORDED TODAY.
  NO SIGNIFICANT WEATHER WAS OBSERVED.


RELATIVE HUMIDITY (PERCENT)
 HIGHEST    93           700 AM
 LOWEST     31           100 PM
 AVERAGE    62

..........................................................


THE MORGANTOWN WV CLIMATE NORMALS FOR TOMORROW
                         NORMAL    RECORD    YEAR
 MAXIMUM TEMPERATURE (F)   63        83      1920
 MINIMUM TEMPERATURE (F)   42        23      1969


SUNRISE AND SUNSET
OCTOBER 22 2017.......SUNRISE   737 AM EDT   SUNSET   630 PM EDT
OCTOBER 23 2017.......SUNRISE   738 AM EDT   SUNSET   629 PM EDT


-  INDICATES NEGATIVE NUMBERS.
R  INDICATES RECORD WAS SET OR TIED.
MM INDICATES DATA IS MISSING.
T  INDICATES TRACE AMOUNT.




$$
