000
CDUS41 KPBZ 220701
CLIMGW


CLIMATE REPORT
NATIONAL WEATHER SERVICE PITTSBURGH PA
301 AM EDT TUE AUG 22 2017


...................................

...THE MORGANTOWN WV CLIMATE SUMMARY FOR AUGUST 21 2017...

CLIMATE NORMAL PERIOD 1981 TO 2010
CLIMATE RECORD PERIOD 1872 TO 2017


WEATHER ITEM   OBSERVED TIME   RECORD YEAR NORMAL DEPARTURE LAST
                VALUE   (LST)  VALUE       VALUE  FROM      YEAR
                                                  NORMAL
..................................................................
TEMPERATURE (F)
 YESTERDAY
  MAXIMUM         86    450 PM  97    1936  82      4       79
  MINIMUM         64    453 AM  43    1922  61      3       61
  AVERAGE         75                        72      3       70

PRECIPITATION (IN)
  YESTERDAY        0.00          1.62 1971   0.11  -0.11     0.16
  MONTH TO DATE    2.20                      2.46  -0.26     3.37
  SINCE JUN 1     15.19                     11.19   4.00    14.74
  SINCE JAN 1     38.28                     28.38   9.90    30.78

DEGREE DAYS
 HEATING
  YESTERDAY        0                         0      0        0
  MONTH TO DATE    0                         0      0        0
  SINCE JUN 1     19                        34    -15       10
  SINCE JUL 1      1                         3     -2        0

 COOLING
  YESTERDAY       10                         7      3        5
  MONTH TO DATE  147                       161    -14      263
  SINCE JUN 1    613                       578     35      828
  SINCE JAN 1    720                       645     75      902
..................................................................


WIND (MPH)
  HIGHEST WIND SPEED    12   HIGHEST WIND DIRECTION    SW (210)
  HIGHEST GUST SPEED    16   HIGHEST GUST DIRECTION    SW (230)
  AVERAGE WIND SPEED     3.2


SKY COVER
  POSSIBLE SUNSHINE  MM
  AVERAGE SKY COVER 0.1


WEATHER CONDITIONS
 THE FOLLOWING WEATHER WAS RECORDED YESTERDAY.
  FOG


RELATIVE HUMIDITY (PERCENT)
 HIGHEST    93           500 AM
 LOWEST     55          1100 AM
 AVERAGE    74

..........................................................


THE MORGANTOWN WV CLIMATE NORMALS FOR TODAY
                         NORMAL    RECORD    YEAR
 MAXIMUM TEMPERATURE (F)   82       100      1893
 MINIMUM TEMPERATURE (F)   61        42      1982


SUNRISE AND SUNSET
AUGUST 22 2017........SUNRISE   639 AM EDT   SUNSET   805 PM EDT
AUGUST 23 2017........SUNRISE   640 AM EDT   SUNSET   804 PM EDT


-  INDICATES NEGATIVE NUMBERS.
R  INDICATES RECORD WAS SET OR TIED.
MM INDICATES DATA IS MISSING.
T  INDICATES TRACE AMOUNT.




$$
