000
CDUS41 KPBZ 162212
CLIMGW


CLIMATE REPORT
NATIONAL WEATHER SERVICE PITTSBURGH PA
511 PM EST TUE JAN 16 2018


...................................

...THE MORGANTOWN WV CLIMATE SUMMARY FOR JANUARY 16 2018...
VALID TODAY AS OF 0500 PM LOCAL TIME.

CLIMATE NORMAL PERIOD 1981 TO 2010
CLIMATE RECORD PERIOD 1872 TO 2018


WEATHER ITEM   OBSERVED TIME   RECORD YEAR NORMAL DEPARTURE LAST
                VALUE   (LST)  VALUE       VALUE  FROM      YEAR
                                                  NORMAL
..................................................................
TEMPERATURE (F)
 TODAY
  MAXIMUM         35   1255 AM  62    1949  39     -4       46
                                      1932
  MINIMUM         24    359 PM -20    1972  24      0       29
  AVERAGE         30                        31     -1       38

PRECIPITATION (IN)
  TODAY            0.07          0.74 1991   0.09  -0.02     0.01
  MONTH TO DATE    1.81                      1.44   0.37     2.30
  SINCE JUN 1     28.14                     26.08   2.06    31.71
  SINCE JAN 1      1.81                      1.44   0.37     2.30

DEGREE DAYS
 HEATING
  TODAY           35                        34      1       27
  MONTH TO DATE  664                       541    123      489
  SINCE DEC 1   1668                      1477    191     1365
  SINCE JUL 1   2563                      2525     38     2051

 COOLING
  TODAY            0                         0      0        0
  MONTH TO DATE    0                         0      0        0
  SINCE DEC 1      0                         0      0        0
  SINCE JAN 1      0                         0      0        0
..................................................................


WIND (MPH)
  RESULTANT WIND SPEED   2   RESULTANT WIND DIRECTION   S (200)
  HIGHEST WIND SPEED    10   HIGHEST WIND DIRECTION    NW (300)
  HIGHEST GUST SPEED    14   HIGHEST GUST DIRECTION     W (290)
  AVERAGE WIND SPEED     3.0


SKY COVER
  POSSIBLE SUNSHINE  MM
  AVERAGE SKY COVER 1.0


WEATHER CONDITIONS
 THE FOLLOWING WEATHER WAS RECORDED TODAY.
  LIGHT SNOW
  FOG


RELATIVE HUMIDITY (PERCENT)
 HIGHEST    92           500 AM
 LOWEST     56          1200 AM
 AVERAGE    74

..........................................................


THE MORGANTOWN WV CLIMATE NORMALS FOR TOMORROW
                         NORMAL    RECORD    YEAR
 MAXIMUM TEMPERATURE (F)   39        67      1932
 MINIMUM TEMPERATURE (F)   24       -16      1982


SUNRISE AND SUNSET
JANUARY 16 2018.......SUNRISE   738 AM EST   SUNSET   521 PM EST
JANUARY 17 2018.......SUNRISE   738 AM EST   SUNSET   522 PM EST


-  INDICATES NEGATIVE NUMBERS.
R  INDICATES RECORD WAS SET OR TIED.
MM INDICATES DATA IS MISSING.
T  INDICATES TRACE AMOUNT.




$$
