000
CDUS41 KPBZ 200702
CLIMGW


CLIMATE REPORT
NATIONAL WEATHER SERVICE PITTSBURGH PA
301 AM EDT SUN APR 20 2014


...................................

...THE MORGANTOWN WV CLIMATE SUMMARY FOR APRIL 19 2014...

CLIMATE NORMAL PERIOD 1981 TO 2010
CLIMATE RECORD PERIOD 1948 TO 2014


WEATHER ITEM   OBSERVED TIME   RECORD YEAR NORMAL DEPARTURE LAST
                VALUE   (LST)  VALUE       VALUE  FROM      YEAR
                                                  NORMAL
..................................................................
TEMPERATURE (F)
 YESTERDAY
  MAXIMUM         66    239 PM  88    2002  65      1       75
  MINIMUM         45    441 AM  23    1983  43      2       46
  AVERAGE         56                        54      2       61

PRECIPITATION (IN)
  YESTERDAY        0.00         MM      MM   0.12  -0.12     0.20
  MONTH TO DATE    2.02                      2.22  -0.20     1.41
  SINCE JUN 1     38.38                     35.92   2.46    31.38
  SINCE JAN 1      9.95                     11.28  -1.33     8.36

DEGREE DAYS
 HEATING
  YESTERDAY        9                        11     -2        4
  MONTH TO DATE  213                       272    -59      175
  SINCE MAR 1   1076                       984     92      956
  SINCE JUL 1   5202                      4873    329     4647

 COOLING
  YESTERDAY        0                         1     -1        0
  MONTH TO DATE   18                         1     17       36
  SINCE MAR 1     18                         3     15       36
  SINCE JAN 1     18                         3     15       36
..................................................................


WIND (MPH)
  HIGHEST WIND SPEED    18   HIGHEST WIND DIRECTION     N (360)
  HIGHEST GUST SPEED    24   HIGHEST GUST DIRECTION     N (10)
  AVERAGE WIND SPEED     6.3


SKY COVER
  POSSIBLE SUNSHINE  MM
  AVERAGE SKY COVER 0.0


WEATHER CONDITIONS
 THE FOLLOWING WEATHER WAS RECORDED YESTERDAY.
  NO SIGNIFICANT WEATHER WAS OBSERVED.


RELATIVE HUMIDITY (PERCENT)
 HIGHEST    71           400 AM
 LOWEST     25           500 PM
 AVERAGE    48

..........................................................


THE MORGANTOWN WV CLIMATE NORMALS FOR TODAY
                         NORMAL    RECORD    YEAR
 MAXIMUM TEMPERATURE (F)   66        90      1976
 MINIMUM TEMPERATURE (F)   43        28      1997


SUNRISE AND SUNSET
APRIL 20 2014.........SUNRISE   635 AM EDT   SUNSET   803 PM EDT
APRIL 21 2014.........SUNRISE   634 AM EDT   SUNSET   804 PM EDT


-  INDICATES NEGATIVE NUMBERS.
R  INDICATES RECORD WAS SET OR TIED.
MM INDICATES DATA IS MISSING.
T  INDICATES TRACE AMOUNT.




$$
