000
CDUS41 KPBZ 252211
CLIMGW


CLIMATE REPORT
NATIONAL WEATHER SERVICE PITTSBURGH PA
511 PM EST SUN JAN 25 2015


...................................

...THE MORGANTOWN WV CLIMATE SUMMARY FOR JANUARY 25 2015...
VALID TODAY AS OF 0500 PM LOCAL TIME.

CLIMATE NORMAL PERIOD 1981 TO 2010
CLIMATE RECORD PERIOD 1948 TO 2015


WEATHER ITEM   OBSERVED TIME   RECORD YEAR NORMAL DEPARTURE LAST
                VALUE   (LST)  VALUE       VALUE  FROM      YEAR
                                                  NORMAL
..................................................................
TEMPERATURE (F)
 TODAY
  MAXIMUM         37    359 PM  75    1950  39     -2       26
  MINIMUM         32    525 AM  -7    1961  24      8       16
  AVERAGE         35                        32      3       21

PRECIPITATION (IN)
  TODAY            0.02         MM      MM   0.09  -0.07     0.08
  MONTH TO DATE    2.07                      2.26  -0.19     1.67
  SINCE JUN 1     28.30                     26.90   1.40    30.10
  SINCE JAN 1      2.07                      2.26  -0.19     1.67

DEGREE DAYS
 HEATING
  TODAY           30                        34     -4       44
  MONTH TO DATE  885                       847     38      877
  SINCE DEC 1   1712                      1783    -71     1714
  SINCE JUL 1   2742                      2831    -89     2831

 COOLING
  TODAY            0                         0      0        0
  MONTH TO DATE    0                         0      0        0
  SINCE DEC 1      0                         0      0        1
  SINCE JAN 1      0                         0      0        0
..................................................................


WIND (MPH)
  RESULTANT WIND SPEED   3   RESULTANT WIND DIRECTION   S (200)
  HIGHEST WIND SPEED    10   HIGHEST WIND DIRECTION    SW (220)
  HIGHEST GUST SPEED    16   HIGHEST GUST DIRECTION     W (260)
  AVERAGE WIND SPEED     5.1


SKY COVER
  POSSIBLE SUNSHINE  MM
  AVERAGE SKY COVER 1.0


WEATHER CONDITIONS
 THE FOLLOWING WEATHER WAS RECORDED TODAY.
  LIGHT RAIN
  FOG
  HAZE


RELATIVE HUMIDITY (PERCENT)
 HIGHEST    85           300 AM
 LOWEST     75          1000 AM
 AVERAGE    80

..........................................................


THE MORGANTOWN WV CLIMATE NORMALS FOR TOMORROW
                         NORMAL    RECORD    YEAR
 MAXIMUM TEMPERATURE (F)   39        68      1950
 MINIMUM TEMPERATURE (F)   24        -4      1948


SUNRISE AND SUNSET
JANUARY 25 2015.......SUNRISE   733 AM EST   SUNSET   531 PM EST
JANUARY 26 2015.......SUNRISE   733 AM EST   SUNSET   532 PM EST


-  INDICATES NEGATIVE NUMBERS.
R  INDICATES RECORD WAS SET OR TIED.
MM INDICATES DATA IS MISSING.
T  INDICATES TRACE AMOUNT.




$$
