000
CDUS41 KPBZ 260701
CLIMGW


CLIMATE REPORT
NATIONAL WEATHER SERVICE PITTSBURGH PA
300 AM EDT THU MAY 26 2016


...................................

...THE MORGANTOWN WV CLIMATE SUMMARY FOR MAY 25 2016...

CLIMATE NORMAL PERIOD 1981 TO 2010
CLIMATE RECORD PERIOD 1948 TO 2016


WEATHER ITEM   OBSERVED TIME   RECORD YEAR NORMAL DEPARTURE LAST
                VALUE   (LST)  VALUE       VALUE  FROM      YEAR
                                                  NORMAL
..................................................................
TEMPERATURE (F)
 YESTERDAY
  MAXIMUM         85    239 PM  89    1991  74     11       86
  MINIMUM         52    525 AM  32    2013  53     -1       60
  AVERAGE         69                        63      6       73

PRECIPITATION (IN)
  YESTERDAY        0.00         MM      MM   0.15  -0.15     0.00
  MONTH TO DATE    5.20                      3.68   1.52     0.99
  SINCE JUN 1     39.57                     40.90  -1.33    43.25
  SINCE JAN 1     16.03                     16.26  -0.23    17.02

DEGREE DAYS
 HEATING
  YESTERDAY        0                         4     -4        0
  MONTH TO DATE  171                       150     21       84
  SINCE MAR 1    942                      1244   -302     1158
  SINCE JUL 1   4036                      5133  -1097     5282

 COOLING
  YESTERDAY        4                         2      2        8
  MONTH TO DATE   14                        36    -22      115
  SINCE MAR 1     20                        52    -32      123
  SINCE JAN 1     20                        52    -32      123
..................................................................


WIND (MPH)
  HIGHEST WIND SPEED    12   HIGHEST WIND DIRECTION     W (270)
  HIGHEST GUST SPEED    20   HIGHEST GUST DIRECTION    SW (210)
  AVERAGE WIND SPEED     2.9


SKY COVER
  POSSIBLE SUNSHINE  MM
  AVERAGE SKY COVER 0.0


WEATHER CONDITIONS
 THE FOLLOWING WEATHER WAS RECORDED YESTERDAY.
  NO SIGNIFICANT WEATHER WAS OBSERVED.


RELATIVE HUMIDITY (PERCENT)
 HIGHEST    83           200 AM
 LOWEST     28           300 PM
 AVERAGE    56

..........................................................


THE MORGANTOWN WV CLIMATE NORMALS FOR TODAY
                         NORMAL    RECORD    YEAR
 MAXIMUM TEMPERATURE (F)   74        91      1991
 MINIMUM TEMPERATURE (F)   53        34      1988


SUNRISE AND SUNSET
MAY 26 2016...........SUNRISE   557 AM EDT   SUNSET   837 PM EDT
MAY 27 2016...........SUNRISE   556 AM EDT   SUNSET   838 PM EDT


-  INDICATES NEGATIVE NUMBERS.
R  INDICATES RECORD WAS SET OR TIED.
MM INDICATES DATA IS MISSING.
T  INDICATES TRACE AMOUNT.




$$
