000
CDUS41 KPBZ 282120
CLIMGW


CLIMATE REPORT
NATIONAL WEATHER SERVICE PITTSBURGH PA
518 PM EDT THU JUL 28 2016


...................................

...THE MORGANTOWN WV CLIMATE SUMMARY FOR JULY 28 2016...
VALID TODAY AS OF 0500 PM LOCAL TIME.

CLIMATE NORMAL PERIOD 1981 TO 2010
CLIMATE RECORD PERIOD 1948 TO 2016


WEATHER ITEM   OBSERVED TIME   RECORD YEAR NORMAL DEPARTURE LAST
                VALUE   (LST)  VALUE       VALUE  FROM      YEAR
                                                  NORMAL
..................................................................
TEMPERATURE (F)
 TODAY
  MAXIMUM         75    832 AM  96    1952  83     -8       91
  MINIMUM         70    359 PM  52    1962  63      7       70
  AVERAGE         73                        73      0       81

PRECIPITATION (IN)
  TODAY            0.97         MM      MM   0.14   0.83     0.02
  MONTH TO DATE    4.84                      4.23   0.61     3.39
  SINCE JUN 1      9.32                      8.34   0.98     9.54
  SINCE JAN 1     25.36                     25.53  -0.17    26.79

DEGREE DAYS
 HEATING
  TODAY            0                         0      0        0
  MONTH TO DATE    0                         0      0        0
  SINCE JUN 1     10                        31    -21       13
  SINCE JUL 1      0                         0      0        0

 COOLING
  TODAY            8                         8      0       16
  MONTH TO DATE  311                       224     87      291
  SINCE JUN 1    533                       386    147      513
  SINCE JAN 1    607                       453    154      697
..................................................................


WIND (MPH)
  RESULTANT WIND SPEED   2   RESULTANT WIND DIRECTION   S (170)
  HIGHEST WIND SPEED     9   HIGHEST WIND DIRECTION    SW (210)
  HIGHEST GUST SPEED    14   HIGHEST GUST DIRECTION    SW (210)
  AVERAGE WIND SPEED     3.4


SKY COVER
  POSSIBLE SUNSHINE  MM
  AVERAGE SKY COVER 0.5


WEATHER CONDITIONS
 THE FOLLOWING WEATHER WAS RECORDED TODAY.
  THUNDERSTORM
  HEAVY RAIN
  RAIN
  LIGHT RAIN
  FOG


RELATIVE HUMIDITY (PERCENT)
 HIGHEST    97           400 PM
 LOWEST     87           100 AM
 AVERAGE    92

..........................................................


THE MORGANTOWN WV CLIMATE NORMALS FOR TOMORROW
                         NORMAL    RECORD    YEAR
 MAXIMUM TEMPERATURE (F)   83        94      1953
 MINIMUM TEMPERATURE (F)   63        50      1965


SUNRISE AND SUNSET
JULY 28 2016..........SUNRISE   616 AM EDT   SUNSET   836 PM EDT
JULY 29 2016..........SUNRISE   617 AM EDT   SUNSET   835 PM EDT


-  INDICATES NEGATIVE NUMBERS.
R  INDICATES RECORD WAS SET OR TIED.
MM INDICATES DATA IS MISSING.
T  INDICATES TRACE AMOUNT.




$$
