000
CDUS41 KPBZ 190730
CLIMGW


CLIMATE REPORT
NATIONAL WEATHER SERVICE PITTSBURGH PA
330 AM EDT FRI SEP 19 2014


...................................

...THE MORGANTOWN WV CLIMATE SUMMARY FOR SEPTEMBER 18 2014...

CLIMATE NORMAL PERIOD 1981 TO 2010
CLIMATE RECORD PERIOD 1948 TO 2014


WEATHER ITEM   OBSERVED TIME   RECORD YEAR NORMAL DEPARTURE LAST
                VALUE   (LST)  VALUE       VALUE  FROM      YEAR
                                                  NORMAL
..................................................................
TEMPERATURE (F)
 YESTERDAY
  MAXIMUM         72    343 PM  89    1965  75     -3       70
  MINIMUM         50   1159 PM  33    1959  54     -4       49
  AVERAGE         61                        64     -3       60

PRECIPITATION (IN)
  YESTERDAY        0.00         MM      MM   0.11  -0.11     0.00
  MONTH TO DATE    1.44                      1.91  -0.47     0.73
  SINCE JUN 1     16.42                     14.19   2.23    17.28
  SINCE JAN 1     31.91                     31.38   0.53    29.92

DEGREE DAYS
 HEATING
  YESTERDAY        4                         3      1        5
  MONTH TO DATE   36                        29      7       35
  SINCE SEP 1     36                        29      7       35
  SINCE JUL 1     42                        40      2       44

 COOLING
  YESTERDAY        0                         3     -3        0
  MONTH TO DATE  108                        72     36       75
  SINCE SEP 1    108                        72     36       75
  SINCE JAN 1    941                       781    160      861
..................................................................


WIND (MPH)
  HIGHEST WIND SPEED    12   HIGHEST WIND DIRECTION     N (360)
  HIGHEST GUST SPEED    15   HIGHEST GUST DIRECTION    NW (320)
  AVERAGE WIND SPEED     4.0


SKY COVER
  POSSIBLE SUNSHINE  MM
  AVERAGE SKY COVER 0.3


WEATHER CONDITIONS
 THE FOLLOWING WEATHER WAS RECORDED YESTERDAY.
  FOG
  FOG W/VISIBILITY <= 1/4 MILE
  HAZE


RELATIVE HUMIDITY (PERCENT)
 HIGHEST    93           700 AM
 LOWEST     38           400 PM
 AVERAGE    66

..........................................................


THE MORGANTOWN WV CLIMATE NORMALS FOR TODAY
                         NORMAL    RECORD    YEAR
 MAXIMUM TEMPERATURE (F)   75        91      1965
 MINIMUM TEMPERATURE (F)   54        39      1956


SUNRISE AND SUNSET
SEPTEMBER 19 2014.....SUNRISE   704 AM EDT   SUNSET   722 PM EDT
SEPTEMBER 20 2014.....SUNRISE   705 AM EDT   SUNSET   720 PM EDT


-  INDICATES NEGATIVE NUMBERS.
R  INDICATES RECORD WAS SET OR TIED.
MM INDICATES DATA IS MISSING.
T  INDICATES TRACE AMOUNT.




$$
