000
CDUS41 KPBZ 270814
CLIMGW


CLIMATE REPORT
NATIONAL WEATHER SERVICE PITTSBURGH PA
313 AM EST MON FEB 27 2017


...................................

...THE MORGANTOWN WV CLIMATE SUMMARY FOR FEBRUARY 26 2017...

CLIMATE NORMAL PERIOD 1981 TO 2010
CLIMATE RECORD PERIOD 1948 TO 2017


WEATHER ITEM   OBSERVED TIME   RECORD YEAR NORMAL DEPARTURE LAST
                VALUE   (LST)  VALUE       VALUE  FROM      YEAR
                                                  NORMAL
..................................................................
TEMPERATURE (F)
 YESTERDAY
  MAXIMUM         42    512 PM  77    2000  46     -4       32
  MINIMUM         28    556 AM  -5    1963  27      1       24
  AVERAGE         35                        36     -1       28

PRECIPITATION (IN)
  YESTERDAY        0.00         MM      MM   0.10  -0.10     0.03
  MONTH TO DATE    2.16                      2.40  -0.24     1.97
  SINCE JUN 1     35.62                     29.85   5.77    27.55
  SINCE JAN 1      6.21                      5.21   1.00     4.01

DEGREE DAYS
 HEATING
  YESTERDAY       30                        28      2       37
  MONTH TO DATE  566                       806   -240      683
  SINCE DEC 1   2285                      2785   -500     2318
  SINCE JUL 1   2971                      3833   -862     3037

 COOLING
  YESTERDAY        0                         0      0        0
  MONTH TO DATE    3                         0      3        0
  SINCE DEC 1      3                         0      3        0
  SINCE JAN 1      3                         0      3        0
..................................................................


WIND (MPH)
  HIGHEST WIND SPEED    15   HIGHEST WIND DIRECTION    SW (230)
  HIGHEST GUST SPEED    24   HIGHEST GUST DIRECTION     W (280)
  AVERAGE WIND SPEED     5.8


SKY COVER
  POSSIBLE SUNSHINE  MM
  AVERAGE SKY COVER 0.6


WEATHER CONDITIONS
 THE FOLLOWING WEATHER WAS RECORDED YESTERDAY.
  NO SIGNIFICANT WEATHER WAS OBSERVED.


RELATIVE HUMIDITY (PERCENT)
 HIGHEST    63           500 AM
 LOWEST     28           400 PM
 AVERAGE    46

..........................................................


THE MORGANTOWN WV CLIMATE NORMALS FOR TODAY
                         NORMAL    RECORD    YEAR
 MAXIMUM TEMPERATURE (F)   46        73      1997
 MINIMUM TEMPERATURE (F)   28        -6      1963


SUNRISE AND SUNSET
FEBRUARY 27 2017......SUNRISE   655 AM EST   SUNSET   610 PM EST
FEBRUARY 28 2017......SUNRISE   654 AM EST   SUNSET   611 PM EST


-  INDICATES NEGATIVE NUMBERS.
R  INDICATES RECORD WAS SET OR TIED.
MM INDICATES DATA IS MISSING.
T  INDICATES TRACE AMOUNT.




$$
