219
CDUS41 KPBZ 081330
CLIMGW


CLIMATE REPORT
NATIONAL WEATHER SERVICE PITTSBURGH PA
830 AM EST MON FEB 8 2016


...................................

...THE MORGANTOWN WV CLIMATE SUMMARY FOR FEBRUARY 8 2016...
VALID AS OF 0800 AM LOCAL TIME.

CLIMATE NORMAL PERIOD 1981 TO 2010
CLIMATE RECORD PERIOD 1948 TO 2016


WEATHER ITEM   OBSERVED TIME   RECORD YEAR NORMAL DEPARTURE LAST
                VALUE   (LST)  VALUE       VALUE  FROM      YEAR
                                                  NORMAL
..................................................................
TEMPERATURE (F)
 TODAY
  MAXIMUM         36    616 AM  66    2001
  MINIMUM         28    520 AM  -8    1972  25      3       45

PRECIPITATION (IN)
  TODAY            0.00         MM      MM   0.09  -0.09      T
  MONTH TO DATE    0.49                      0.72  -0.23     0.74
  SINCE JUN 1     26.07                     28.17  -2.10    29.53
  SINCE JAN 1      2.53                      3.53  -1.00     3.30

DEGREE DAYS
 HEATING
  TODAY           33

 COOLING
  TODAY            0
..................................................................





WEATHER CONDITIONS
 THE FOLLOWING WEATHER WAS RECORDED TODAY.
  NO SIGNIFICANT WEATHER WAS OBSERVED.


RELATIVE HUMIDITY (PERCENT)
 HIGHEST    75           500 AM

..........................................................


THE MORGANTOWN WV CLIMATE NORMALS FOR TOMORROW
                         NORMAL    RECORD    YEAR
 MAXIMUM TEMPERATURE (F)   42        72      2001
 MINIMUM TEMPERATURE (F)   25        -1      1948


SUNRISE AND SUNSET
FEBRUARY  8 2016......SUNRISE   721 AM EST   SUNSET   547 PM EST
FEBRUARY  9 2016......SUNRISE   720 AM EST   SUNSET   548 PM EST


-  INDICATES NEGATIVE NUMBERS.
R  INDICATES RECORD WAS SET OR TIED.
MM INDICATES DATA IS MISSING.
T  INDICATES TRACE AMOUNT.




$$
