000
CDUS43 KFSD 210635
CLIMHE


CLIMATE REPORT
NATIONAL WEATHER SERVICE SIOUX FALLS SD
1233 AM CST WED FEB 21 2018


...................................

...THE MITCHELL SD CLIMATE SUMMARY FOR FEBRUARY 20 2018...

CLIMATE NORMAL PERIOD 1981 TO 2010
CLIMATE RECORD PERIOD 1893 TO 2018


WEATHER ITEM   OBSERVED TIME   RECORD YEAR NORMAL DEPARTURE LAST
                VALUE   (LST)  VALUE       VALUE  FROM      YEAR
                                                  NORMAL
..................................................................
TEMPERATURE (F)
 YESTERDAY
  MAXIMUM         12    435 PM  67    1996  35    -23       58
  MINIMUM          0   1159 PM -21    1918  16    -16       34
  AVERAGE          6                        25    -19       46

PRECIPITATION (IN)
  YESTERDAY        0.08          0.59 2012   0.01   0.07      T
  MONTH TO DATE    0.44                      0.24   0.20     0.18
  SINCE DEC 1      1.22                      0.91   0.31     2.05
  SINCE JAN 1      0.60                      0.46   0.14     0.94

SNOWFALL (IN)
  YESTERDAY        2.0          16.0  1953  MM     MM        0.0
  MONTH TO DATE    7.3                      MM     MM         T
  SINCE DEC 1     19.8                      MM     MM       17.5
  SINCE JUL 1     21.0                      MM     MM       23.0
  SNOW DEPTH       4

DEGREE DAYS
 HEATING
  YESTERDAY       59                        40     19       19
  MONTH TO DATE 1048                       850    198      646
  SINCE DEC 1   3779                      3649    130     3401
  SINCE JUL 1   5168                      5217    -49     4495

 COOLING
  YESTERDAY        0                         0      0        0
  MONTH TO DATE    0                         0      0        0
  SINCE DEC 1      0                         0      0        0
  SINCE JAN 1      0                         0      0        0
..................................................................


WIND (MPH)
  HIGHEST WIND SPEED    24   HIGHEST WIND DIRECTION    NW (320)
  HIGHEST GUST SPEED    27   HIGHEST GUST DIRECTION    NW (310)
  AVERAGE WIND SPEED    15.2


SKY COVER
  POSSIBLE SUNSHINE  MM
  AVERAGE SKY COVER 0.6


WEATHER CONDITIONS
 THE FOLLOWING WEATHER WAS RECORDED YESTERDAY.
  SNOW
  LIGHT SNOW
  FOG
  HAZE


RELATIVE HUMIDITY (PERCENT)
 HIGHEST    88           200 AM
 LOWEST     67           300 PM
 AVERAGE    78

..........................................................


THE MITCHELL SD CLIMATE NORMALS FOR TODAY
                         NORMAL    RECORD    YEAR
 MAXIMUM TEMPERATURE (F)   35        72      2000
 MINIMUM TEMPERATURE (F)   16       -22      1918


SUNRISE AND SUNSET
FEBRUARY 21 2018......SUNRISE   722 AM CST   SUNSET   610 PM CST
FEBRUARY 22 2018......SUNRISE   720 AM CST   SUNSET   612 PM CST


-  INDICATES NEGATIVE NUMBERS.
R  INDICATES RECORD WAS SET OR TIED.
MM INDICATES DATA IS MISSING.
T  INDICATES TRACE AMOUNT.




$$
