000
CDUS43 KFSD 250044
CLIMHE


CLIMATE REPORT
NATIONAL WEATHER SERVICE SIOUX FALLS SD
744 PM CDT THU APR 24 2014


...................................

...THE MITCHELL SD CLIMATE SUMMARY FOR APRIL 24 2014...
VALID AS OF 0700 PM LOCAL TIME.

CLIMATE NORMAL PERIOD 1981 TO 2010
CLIMATE RECORD PERIOD 1893 TO 2014


WEATHER ITEM   OBSERVED TIME   RECORD YEAR NORMAL DEPARTURE LAST
                VALUE   (LST)  VALUE       VALUE  FROM      YEAR
                                                  NORMAL
..................................................................
TEMPERATURE (F)
 TODAY
  MAXIMUM         71    331 PM  91    1906  65      6       48
  MINIMUM         45    707 AM  23    1919  39      6       28
  AVERAGE         58                        52      6       38

PRECIPITATION (IN)
  TODAY            0.02          1.30 1929   0.10  -0.08     0.02
  MONTH TO DATE    0.14                      1.59  -1.45     2.66
  SINCE MAR 1      1.18                      2.65  -1.47     3.46
  SINCE JAN 1      1.68                      3.21  -1.53     5.03

SNOWFALL (IN)
  TODAY            0.0           2.0  1937  MM     MM         T
  MONTH TO DATE    T                        MM     MM       23.2
  SINCE MAR 1      8.6                      MM     MM       26.6
  SINCE JUL 1     30.8                      MM     MM       54.5
  SNOW DEPTH       0

DEGREE DAYS
 HEATING
  TODAY            7                        13     -6       27
  MONTH TO DATE  448                       446      2      712
  SINCE MAR 1   1494                      1404     90     1851
  SINCE JUL 1   7444                      6926    518     7316

 COOLING
  TODAY            0                         0      0        0
  MONTH TO DATE    0                         0      0        0
  SINCE MAR 1      0                         0      0        0
  SINCE JAN 1      0                         0      0        0
..................................................................


WIND (MPH)
  HIGHEST WIND SPEED    36   HIGHEST WIND DIRECTION    NW (320)
  HIGHEST GUST SPEED    45   HIGHEST GUST DIRECTION    NW (330)
  AVERAGE WIND SPEED    17.3


SKY COVER
  POSSIBLE SUNSHINE  MM
  AVERAGE SKY COVER 0.4


WEATHER CONDITIONS
 THE FOLLOWING WEATHER WAS RECORDED TODAY.
  LIGHT RAIN
  FOG


RELATIVE HUMIDITY (PERCENT)
 HIGHEST    MM
 LOWEST     MM
 AVERAGE    MM

..........................................................


THE MITCHELL SD CLIMATE NORMALS FOR TOMORROW
                         NORMAL    RECORD    YEAR
 MAXIMUM TEMPERATURE (F)   65        97      1962
 MINIMUM TEMPERATURE (F)   40        23      1907


SUNRISE AND SUNSET
APRIL 24 2014.........SUNRISE   635 AM CDT   SUNSET   827 PM CDT
APRIL 25 2014.........SUNRISE   633 AM CDT   SUNSET   828 PM CDT


-  INDICATES NEGATIVE NUMBERS.
R  INDICATES RECORD WAS SET OR TIED.
MM INDICATES DATA IS MISSING.
T  INDICATES TRACE AMOUNT.

$$
