000
CDUS43 KFSD 300638
CLIMHE


CLIMATE REPORT
NATIONAL WEATHER SERVICE SIOUX FALLS SD
137 AM CDT THU JUL 30 2015


...................................

...THE MITCHELL SD CLIMATE SUMMARY FOR JULY 29 2015...

CLIMATE NORMAL PERIOD 1981 TO 2010
CLIMATE RECORD PERIOD 1893 TO 2015


WEATHER ITEM   OBSERVED TIME   RECORD YEAR NORMAL DEPARTURE LAST
                VALUE   (LST)  VALUE       VALUE  FROM      YEAR
                                                  NORMAL
..................................................................
TEMPERATURE (F)
 YESTERDAY
  MAXIMUM         87    335 PM 108    2006  86      1       79
                                      1935
  MINIMUM         60    548 AM  45    1899  63     -3       50
  AVERAGE         74                        74      0       65

PRECIPITATION (IN)
  YESTERDAY        0.00          3.03 2010   0.09  -0.09     0.00
  MONTH TO DATE    2.26                      2.92  -0.66     1.22
  SINCE JUN 1      6.17                      7.05  -0.88     5.41
  SINCE JAN 1     13.26                     13.78  -0.52    10.14

SNOWFALL (IN)
  YESTERDAY        0.0           0.0    MM  MM     MM        0.0
  MONTH TO DATE    0.0                      MM     MM        0.0
  SINCE JUN 1      0.0                      MM     MM        0.0
  SINCE JUL 1      0.0                      MM     MM        0.0
  SNOW DEPTH       0

DEGREE DAYS
 HEATING
  YESTERDAY        0                         0      0        0
  MONTH TO DATE    2                         0      2        9
  SINCE JUN 1      5                        35    -30       35
  SINCE JUL 1      2                         0      2        9

 COOLING
  YESTERDAY        9                         9      0        0
  MONTH TO DATE  276                       286    -10      205
  SINCE JUN 1    473                       456     17      363
  SINCE JAN 1    504                       496      8      441
..................................................................


WIND (MPH)
  HIGHEST WIND SPEED    23   HIGHEST WIND DIRECTION    NW (300)
  HIGHEST GUST SPEED    31   HIGHEST GUST DIRECTION     W (250)
  AVERAGE WIND SPEED    11.1


SKY COVER
  POSSIBLE SUNSHINE  MM
  AVERAGE SKY COVER 0.0


WEATHER CONDITIONS
 THE FOLLOWING WEATHER WAS RECORDED YESTERDAY.
  NO SIGNIFICANT WEATHER WAS OBSERVED.


RELATIVE HUMIDITY (PERCENT)
 HIGHEST    78          1100 PM
 LOWEST     25           300 PM
 AVERAGE    52

..........................................................


THE MITCHELL SD CLIMATE NORMALS FOR TODAY
                         NORMAL    RECORD    YEAR
 MAXIMUM TEMPERATURE (F)   86       106      2006
                                             1955
 MINIMUM TEMPERATURE (F)   63        39      1971


SUNRISE AND SUNSET
JULY 30 2015..........SUNRISE   619 AM CDT   SUNSET   858 PM CDT
JULY 31 2015..........SUNRISE   620 AM CDT   SUNSET   857 PM CDT


-  INDICATES NEGATIVE NUMBERS.
R  INDICATES RECORD WAS SET OR TIED.
MM INDICATES DATA IS MISSING.
T  INDICATES TRACE AMOUNT.




$$
