000
CDUS43 KTOP 252133
CLIMHK


CLIMATE REPORT
NATIONAL WEATHER SERVICE TOPEKA KS
433 PM CDT SAT OCT 25 2014


...................................

...THE MANHATTAN KS CLIMATE SUMMARY FOR OCTOBER 25 2014...
VALID TODAY AS OF 0400 PM LOCAL TIME.

CLIMATE NORMAL PERIOD 1981 TO 2010
CLIMATE RECORD PERIOD 9999 TO 9999


WEATHER ITEM   OBSERVED NORMAL DEPARTURE LAST
                VALUE   VALUE  FROM      YEAR
                               NORMAL
...............................................
TEMPERATURE (F)
 TODAY
  MAXIMUM         86     65     21       60
  MINIMUM         50     39     11       26
  AVERAGE         68     52     16       43

PRECIPITATION (IN)
  TODAY            0.00   0.07  -0.07     0.00
  MONTH TO DATE    2.45   1.86   0.59     2.63
  SINCE SEP 1      3.72   5.03  -1.31     5.73
  SINCE JAN 1     20.62  29.57  -8.95    26.95

DEGREE DAYS
 HEATING
  TODAY            0     13    -13       22
  MONTH TO DATE  176    239    -63      251
  SINCE SEP 1    232    306    -74      268
  SINCE JUL 1    233    309    -76      271

 COOLING
  TODAY            3      0      3        0
  MONTH TO DATE   20     21     -1       33
  SINCE SEP 1    195    175     20      285
  SINCE JAN 1   1573   1358    215     1513
...............................................


WIND (MPH)
  HIGHEST WIND SPEED    10   HIGHEST WIND DIRECTION    NE (40)
  HIGHEST GUST SPEED    15   HIGHEST GUST DIRECTION    NE (40)
  AVERAGE WIND SPEED     2.7



WEATHER CONDITIONS
 THE FOLLOWING WEATHER WAS RECORDED TODAY.
  FOG
  FOG W/VISIBILITY <= 1/4 MILE


RELATIVE HUMIDITY (PERCENT)
 HIGHEST   100
 LOWEST     51
 AVERAGE    76

..........................................................


THE MANHATTAN KS CLIMATE NORMALS FOR TOMORROW
                         NORMAL
 MAXIMUM TEMPERATURE (F)   64
 MINIMUM TEMPERATURE (F)   38


SUNRISE AND SUNSET
OCTOBER 25 2014.......SUNRISE   747 AM CDT   SUNSET   634 PM CDT
OCTOBER 26 2014.......SUNRISE   748 AM CDT   SUNSET   633 PM CDT


-  INDICATES NEGATIVE NUMBERS.
R  INDICATES RECORD WAS SET OR TIED.
MM INDICATES DATA IS MISSING.
T  INDICATES TRACE AMOUNT.




$$
