000
CDUS43 KTOP 250636
CLIMHK


CLIMATE REPORT
NATIONAL WEATHER SERVICE TOPEKA KS
1234 AM CST THU DEC 25 2014


...................................

...THE MANHATTAN KS CLIMATE SUMMARY FOR DECEMBER 24 2014...

CLIMATE NORMAL PERIOD 1981 TO 2010
CLIMATE RECORD PERIOD 9999 TO 9999


WEATHER ITEM   OBSERVED NORMAL DEPARTURE LAST
                VALUE   VALUE  FROM      YEAR
                               NORMAL
...............................................
TEMPERATURE (F)
 YESTERDAY
  MAXIMUM         36     40     -4       30
  MINIMUM         23     17      6        1
  AVERAGE         30     29      1       16

PRECIPITATION (IN)
  YESTERDAY        T      0.03  -0.03     0.00
  MONTH TO DATE    2.22   0.83   1.39     0.59
  SINCE DEC 1      2.22   0.83   1.39     0.59
  SINCE JAN 1     22.95  32.36  -9.41    29.19

DEGREE DAYS
 HEATING
  YESTERDAY       35     36     -1       49
  MONTH TO DATE  664    808   -144      925
  SINCE DEC 1    664    808   -144      925
  SINCE JUL 1   1801   1883    -82     2012

 COOLING
  YESTERDAY        0      0      0        0
  MONTH TO DATE    0      0      0        0
  SINCE DEC 1      0      0      0        0
  SINCE JAN 1   1581   1362    219     1513
...............................................


WIND (MPH)
  HIGHEST WIND SPEED    14   HIGHEST WIND DIRECTION     N (340)
  HIGHEST GUST SPEED    23   HIGHEST GUST DIRECTION    NW (320)
  AVERAGE WIND SPEED     5.8


SKY COVER
  AVERAGE SKY COVER 0.7


WEATHER CONDITIONS
 THE FOLLOWING WEATHER WAS RECORDED YESTERDAY.
  LIGHT SNOW
  FOG


RELATIVE HUMIDITY (PERCENT)
 HIGHEST    92
 LOWEST     75
 AVERAGE    84

..........................................................


THE MANHATTAN KS CLIMATE NORMALS FOR TODAY
                         NORMAL
 MAXIMUM TEMPERATURE (F)   40
 MINIMUM TEMPERATURE (F)   17


SUNRISE AND SUNSET
DECEMBER 25 2014......SUNRISE   744 AM CST   SUNSET   510 PM CST
DECEMBER 26 2014......SUNRISE   745 AM CST   SUNSET   510 PM CST


-  INDICATES NEGATIVE NUMBERS.
R  INDICATES RECORD WAS SET OR TIED.
MM INDICATES DATA IS MISSING.
T  INDICATES TRACE AMOUNT.




$$
