000
CDUS43 KTOP 260634
CLIMHK


CLIMATE REPORT
NATIONAL WEATHER SERVICE TOPEKA KS
133 AM CDT WED APR 26 2017


...................................

...THE MANHATTAN KS CLIMATE SUMMARY FOR APRIL 25 2017...

CLIMATE NORMAL PERIOD 1981 TO 2010
CLIMATE RECORD PERIOD 9999 TO 9999


WEATHER ITEM   OBSERVED NORMAL DEPARTURE LAST
                VALUE   VALUE  FROM      YEAR
                               NORMAL
...............................................
TEMPERATURE (F)
 YESTERDAY
  MAXIMUM         69     70     -1       78
  MINIMUM         45     44      1       56
  AVERAGE         57     57      0       67

PRECIPITATION (IN)
  YESTERDAY        T      0.11  -0.11     0.00
  MONTH TO DATE    3.15   2.12   1.03     4.15
  SINCE MAR 1      7.22   4.32   2.90     4.65
  SINCE JAN 1      9.02   6.04   2.98     5.63

DEGREE DAYS
 HEATING
  YESTERDAY        8      9     -1        0
  MONTH TO DATE  197    307   -110      187
  SINCE MAR 1    706    983   -277      660
  SINCE JUL 1   3990   5143  -1153     3957

 COOLING
  YESTERDAY        0      1     -1        2
  MONTH TO DATE   38     14     24       14
  SINCE MAR 1     44     16     28       23
  SINCE JAN 1     44     16     28       23
...............................................


WIND (MPH)
  HIGHEST WIND SPEED    14   HIGHEST WIND DIRECTION     N (20)
  HIGHEST GUST SPEED    22   HIGHEST GUST DIRECTION     N (10)
  AVERAGE WIND SPEED     6.9


SKY COVER
  AVERAGE SKY COVER 0.6


WEATHER CONDITIONS
 THE FOLLOWING WEATHER WAS RECORDED YESTERDAY.
  LIGHT RAIN


RELATIVE HUMIDITY (PERCENT)
 HIGHEST    86
 LOWEST     56
 AVERAGE    71

..........................................................


THE MANHATTAN KS CLIMATE NORMALS FOR TODAY
                         NORMAL
 MAXIMUM TEMPERATURE (F)   70
 MINIMUM TEMPERATURE (F)   45


SUNRISE AND SUNSET
APRIL 26 2017.........SUNRISE   634 AM CDT   SUNSET   815 PM CDT
APRIL 27 2017.........SUNRISE   633 AM CDT   SUNSET   816 PM CDT


-  INDICATES NEGATIVE NUMBERS.
R  INDICATES RECORD WAS SET OR TIED.
MM INDICATES DATA IS MISSING.
T  INDICATES TRACE AMOUNT.




$$
