000
CDUS43 KTOP 170634
CLIMHK


CLIMATE REPORT
NATIONAL WEATHER SERVICE TOPEKA KS
133 AM CDT THU APR 17 2014


...................................

...THE MANHATTAN KS CLIMATE SUMMARY FOR APRIL 16 2014...

CLIMATE NORMAL PERIOD 1981 TO 2010
CLIMATE RECORD PERIOD 9999 TO 9999


WEATHER ITEM   OBSERVED NORMAL DEPARTURE LAST
                VALUE   VALUE  FROM      YEAR
                               NORMAL
...............................................
TEMPERATURE (F)
 YESTERDAY
  MAXIMUM         72     67      5       49
  MINIMUM         40     42     -2       39
  AVERAGE         56     54      2       44

PRECIPITATION (IN)
  YESTERDAY        0.00   0.10  -0.10     0.01
  MONTH TO DATE    0.63   1.17  -0.54     1.05
  SINCE MAR 1      1.16   3.37  -2.21     2.12
  SINCE JAN 1      2.38   5.09  -2.71     3.83

DEGREE DAYS
 HEATING
  YESTERDAY        9     11     -2       21
  MONTH TO DATE  244    218     26      272
  SINCE MAR 1    994    894    100     1052
  SINCE JUL 1   5525   5054    471     4809

 COOLING
  YESTERDAY        0      1     -1        0
  MONTH TO DATE    9      5      4        2
  SINCE MAR 1      9      7      2        2
  SINCE JAN 1      9      7      2        2
...............................................


WIND (MPH)
  HIGHEST WIND SPEED    38   HIGHEST WIND DIRECTION    SW (210)
  HIGHEST GUST SPEED    50   HIGHEST GUST DIRECTION     S (200)
  AVERAGE WIND SPEED    18.1


SKY COVER
  AVERAGE SKY COVER 0.1


WEATHER CONDITIONS
 THE FOLLOWING WEATHER WAS RECORDED YESTERDAY.
  NO SIGNIFICANT WEATHER WAS OBSERVED.


RELATIVE HUMIDITY (PERCENT)
 HIGHEST    62
 LOWEST     22
 AVERAGE    42

..........................................................


THE MANHATTAN KS CLIMATE NORMALS FOR TODAY
                         NORMAL
 MAXIMUM TEMPERATURE (F)   67
 MINIMUM TEMPERATURE (F)   42


SUNRISE AND SUNSET
APRIL 17 2014.........SUNRISE   647 AM CDT   SUNSET   806 PM CDT
APRIL 18 2014.........SUNRISE   646 AM CDT   SUNSET   807 PM CDT


-  INDICATES NEGATIVE NUMBERS.
R  INDICATES RECORD WAS SET OR TIED.
MM INDICATES DATA IS MISSING.
T  INDICATES TRACE AMOUNT.




$$
