000
CDUS43 KTOP 210631
CLIMHK


CLIMATE REPORT
NATIONAL WEATHER SERVICE TOPEKA KS
131 AM CDT TUE OCT 21 2014


...................................

...THE MANHATTAN KS CLIMATE SUMMARY FOR OCTOBER 20 2014...

CLIMATE NORMAL PERIOD 1981 TO 2010
CLIMATE RECORD PERIOD 9999 TO 9999


WEATHER ITEM   OBSERVED NORMAL DEPARTURE LAST
                VALUE   VALUE  FROM      YEAR
                               NORMAL
...............................................
TEMPERATURE (F)
 YESTERDAY
  MAXIMUM         77     67     10       69
  MINIMUM         41     41      0       36
  AVERAGE         59     54      5       53

PRECIPITATION (IN)
  YESTERDAY        0.00   0.07  -0.07     0.00
  MONTH TO DATE    2.13   1.54   0.59     2.63
  SINCE SEP 1      3.40   4.71  -1.31     5.73
  SINCE JAN 1     20.30  29.25  -8.95    26.95

DEGREE DAYS
 HEATING
  YESTERDAY        6     12     -6       12
  MONTH TO DATE  169    176     -7      157
  SINCE SEP 1    225    243    -18      174
  SINCE JUL 1    226    246    -20      177

 COOLING
  YESTERDAY        0      0      0        0
  MONTH TO DATE   11     21    -10       33
  SINCE SEP 1    186    175     11      285
  SINCE JAN 1   1564   1358    206     1513
...............................................


WIND (MPH)
  HIGHEST WIND SPEED    12   HIGHEST WIND DIRECTION    NE (50)
  HIGHEST GUST SPEED    15   HIGHEST GUST DIRECTION    NE (40)
  AVERAGE WIND SPEED     2.1


SKY COVER
  AVERAGE SKY COVER 0.0


WEATHER CONDITIONS
 THE FOLLOWING WEATHER WAS RECORDED YESTERDAY.
  FOG
  FOG W/VISIBILITY <= 1/4 MILE


RELATIVE HUMIDITY (PERCENT)
 HIGHEST   100
 LOWEST     28
 AVERAGE    64

..........................................................


THE MANHATTAN KS CLIMATE NORMALS FOR TODAY
                         NORMAL
 MAXIMUM TEMPERATURE (F)   66
 MINIMUM TEMPERATURE (F)   40


SUNRISE AND SUNSET
OCTOBER 21 2014.......SUNRISE   742 AM CDT   SUNSET   639 PM CDT
OCTOBER 22 2014.......SUNRISE   744 AM CDT   SUNSET   638 PM CDT


-  INDICATES NEGATIVE NUMBERS.
R  INDICATES RECORD WAS SET OR TIED.
MM INDICATES DATA IS MISSING.
T  INDICATES TRACE AMOUNT.




$$
