000
CDUS43 KTOP 300636
CLIMHK


CLIMATE REPORT
NATIONAL WEATHER SERVICE TOPEKA KS
135 AM CDT MON MAY 30 2016


...................................

...THE MANHATTAN KS CLIMATE SUMMARY FOR MAY 29 2016...

CLIMATE NORMAL PERIOD 1981 TO 2010
CLIMATE RECORD PERIOD 9999 TO 9999


WEATHER ITEM   OBSERVED NORMAL DEPARTURE LAST
                VALUE   VALUE  FROM      YEAR
                               NORMAL
...............................................
TEMPERATURE (F)
 YESTERDAY
  MAXIMUM         88     80      8       78
  MINIMUM         55     56     -1       60
  AVERAGE         72     68      4       69

PRECIPITATION (IN)
  YESTERDAY        0.12   0.17  -0.05     0.06
  MONTH TO DATE    5.88   4.12   1.76     9.98
  SINCE MAR 1     14.30   9.12   5.18    12.76
  SINCE JAN 1     15.28  10.84   4.44    14.22

DEGREE DAYS
 HEATING
  YESTERDAY        0      2     -2        0
  MONTH TO DATE  114    122     -8      101
  SINCE MAR 1    818   1143   -325      926
  SINCE JUL 1   4115   5303  -1188     5120

 COOLING
  YESTERDAY        7      5      2        4
  MONTH TO DATE   69     73     -4       73
  SINCE MAR 1     97     90      7       81
  SINCE JAN 1     97     90      7       81
...............................................


WIND (MPH)
  HIGHEST WIND SPEED    24   HIGHEST WIND DIRECTION    SW (220)
  HIGHEST GUST SPEED    29   HIGHEST GUST DIRECTION    SW (220)
  AVERAGE WIND SPEED     2.5


SKY COVER
  AVERAGE SKY COVER 0.0


WEATHER CONDITIONS
 THE FOLLOWING WEATHER WAS RECORDED YESTERDAY.
  THUNDERSTORM
  LIGHT RAIN
  FOG


RELATIVE HUMIDITY (PERCENT)
 HIGHEST    93
 LOWEST     40
 AVERAGE    67

..........................................................


THE MANHATTAN KS CLIMATE NORMALS FOR TODAY
                         NORMAL
 MAXIMUM TEMPERATURE (F)   81
 MINIMUM TEMPERATURE (F)   56


SUNRISE AND SUNSET
MAY 30 2016...........SUNRISE   603 AM CDT   SUNSET   846 PM CDT
MAY 31 2016...........SUNRISE   603 AM CDT   SUNSET   847 PM CDT


-  INDICATES NEGATIVE NUMBERS.
R  INDICATES RECORD WAS SET OR TIED.
MM INDICATES DATA IS MISSING.
T  INDICATES TRACE AMOUNT.




$$
