000
CDUS46 KMFR 241821
CLIMHS


CLIMATE REPORT
NATIONAL WEATHER SERVICE MEDFORD, OR
1021 AM PST FRI FEB 24 2017


...................................

...THE MT SHASTA CITY CA CLIMATE SUMMARY FOR FEBRUARY 23 2017...

CLIMATE NORMAL PERIOD 1981 TO 2010
CLIMATE RECORD PERIOD 1908 TO 2017


WEATHER ITEM   OBSERVED TIME   RECORD YEAR NORMAL DEPARTURE LAST
                VALUE   (LST)  VALUE       VALUE  FROM      YEAR
                                                  NORMAL
..................................................................
TEMPERATURE (F)
 YESTERDAY
  MAXIMUM         38    332 PM  70    1995  50    -12       61
  MINIMUM         24   1159 PM  15    1920  29     -5       26
  AVERAGE         31                        39     -8       44

PRECIPITATION (IN)
  YESTERDAY        T             3.09 1957   0.27  -0.27     0.00
  MONTH TO DATE   10.97                      5.87   5.10     2.87
  SINCE OCT 1     43.23                     28.14  15.09    25.36
  SINCE JAN 1     22.07                     12.93   9.14    15.87

SNOWFALL (IN)
  YESTERDAY       MM                         0.7   MM       MM
  MONTH TO DATE   MM                        16.1   MM       MM
  SINCE JUL 1     MM                        69.4   MM       MM
  SNOW DEPTH      MM

DEGREE DAYS
 HEATING
  YESTERDAY       34                        26      8       21
  MONTH TO DATE  552                       623    -71      493
  SINCE DEC 1   2542                      2452     90     2265
  SINCE JUL 1   3727                      3849   -122     3397

 COOLING
  YESTERDAY        0                         0      0        0
  MONTH TO DATE    0                         0      0        0
  SINCE DEC 1      0                         0      0        0
  SINCE JAN 1      0                         0      0        0
..................................................................


WIND (MPH)
  HIGHEST WIND SPEED    12   HIGHEST WIND DIRECTION     N (350)
  HIGHEST GUST SPEED    20   HIGHEST GUST DIRECTION     N (350)
  AVERAGE WIND SPEED     5.7


SKY COVER
  POSSIBLE SUNSHINE  MM
  AVERAGE SKY COVER 0.4


WEATHER CONDITIONS
 THE FOLLOWING WEATHER WAS RECORDED YESTERDAY.
  LIGHT SNOW


RELATIVE HUMIDITY (PERCENT)
 HIGHEST    78           100 AM
 LOWEST     37           300 PM

..........................................................


THE MT SHASTA CITY CA CLIMATE NORMALS FOR TODAY
                         NORMAL    RECORD    YEAR
 MAXIMUM TEMPERATURE (F)   50        70      1995
 MINIMUM TEMPERATURE (F)   29         9      1956


SUNRISE AND SUNSET
FEBRUARY 24 2017......SUNRISE   651 AM PST   SUNSET   555 PM PST
FEBRUARY 25 2017......SUNRISE   649 AM PST   SUNSET   556 PM PST


-  INDICATES NEGATIVE NUMBERS.
R  INDICATES RECORD WAS SET OR TIED.
MM INDICATES DATA IS MISSING.
T  INDICATES TRACE AMOUNT.




$$
