000
CDUS46 KMFR 130836
CLIMHS


CLIMATE REPORT
NATIONAL WEATHER SERVICE MEDFORD, OR
135 AM PDT SUN JUL 13 2014


...................................

...THE MT SHASTA CITY CA CLIMATE SUMMARY FOR JULY 12 2014...

CLIMATE NORMAL PERIOD 1981 TO 2010
CLIMATE RECORD PERIOD 1908 TO 2014


WEATHER ITEM   OBSERVED TIME   RECORD YEAR NORMAL DEPARTURE LAST
                VALUE   (LST)  VALUE       VALUE  FROM      YEAR
                                                  NORMAL
..................................................................
TEMPERATURE (F)
 YESTERDAY
  MAXIMUM         96    328 PM  98    1961  85     11       85
  MINIMUM         50    507 AM  37    1913  50      0       47
  AVERAGE         73                        68      5       66

PRECIPITATION (IN)
  YESTERDAY        0.00          0.64 1961   0.01  -0.01     0.00
  MONTH TO DATE    0.06                      0.20  -0.14     0.05
  SINCE SEP 1     14.71                     42.68 -27.97    27.83
  SINCE JAN 1     11.89                     26.80 -14.91     7.13

SNOWFALL (IN)
  YESTERDAY       MM                         0.0   MM       MM
  MONTH TO DATE   MM                         0.0   MM       MM
  SINCE JUL 1     MM                         0.0   MM       MM
  SNOW DEPTH      MM

DEGREE DAYS
 HEATING
  YESTERDAY        0                         1     -1        0
  MONTH TO DATE    0                        18    -18        0
  SINCE JUN 1     56                       160   -104       87
  SINCE JUL 1      0                        18    -18        0

 COOLING
  YESTERDAY        8                         4      4        1
  MONTH TO DATE  112                        39     73       89
  SINCE JUN 1    170                        76     94      188
  SINCE JAN 1    179                        84     95      197
..................................................................


WIND (MPH)
  HIGHEST WIND SPEED     9   HIGHEST WIND DIRECTION    NW (320)
  HIGHEST GUST SPEED    19   HIGHEST GUST DIRECTION    NW (310)
  AVERAGE WIND SPEED     1.0


SKY COVER
  POSSIBLE SUNSHINE  MM
  AVERAGE SKY COVER 0.0


WEATHER CONDITIONS
 THE FOLLOWING WEATHER WAS RECORDED YESTERDAY.
  NO SIGNIFICANT WEATHER WAS OBSERVED.


RELATIVE HUMIDITY (PERCENT)
 HIGHEST    77           100 AM
 LOWEST     15           400 PM

..........................................................


THE MT SHASTA CITY CA CLIMATE NORMALS FOR TODAY
                         NORMAL    RECORD    YEAR
 MAXIMUM TEMPERATURE (F)   86        97      1987
 MINIMUM TEMPERATURE (F)   50        38      1936


SUNRISE AND SUNSET
JULY 13 2014..........SUNRISE   548 AM PDT   SUNSET   842 PM PDT
JULY 14 2014..........SUNRISE   548 AM PDT   SUNSET   841 PM PDT


-  INDICATES NEGATIVE NUMBERS.
R  INDICATES RECORD WAS SET OR TIED.
MM INDICATES DATA IS MISSING.
T  INDICATES TRACE AMOUNT.




$$
