000
CDUS46 KMFR 060843
CLIMHS


CLIMATE REPORT
NATIONAL WEATHER SERVICE MEDFORD, OR
1243 AM PST FRI MAR 6 2015


...................................

...THE MT SHASTA CITY CA CLIMATE SUMMARY FOR MARCH 5 2015...

CLIMATE NORMAL PERIOD 1981 TO 2010
CLIMATE RECORD PERIOD 1908 TO 2015


WEATHER ITEM   OBSERVED TIME   RECORD YEAR NORMAL DEPARTURE LAST
                VALUE   (LST)  VALUE       VALUE  FROM      YEAR
                                                  NORMAL
..................................................................
TEMPERATURE (F)
 YESTERDAY
  MAXIMUM         66    254 PM  68    1972  52     14       50
  MINIMUM         25    648 AM  10    1918  29     -4       45
  AVERAGE         46                        41      5       48

PRECIPITATION (IN)
  YESTERDAY        0.00          3.58 1987   0.24  -0.24     0.83
  MONTH TO DATE    0.00                      1.27  -1.27     1.83
  SINCE OCT 1     30.16                     30.77  -0.61     8.98
  SINCE JAN 1     10.64                     15.56  -4.92     7.87

SNOWFALL (IN)
  YESTERDAY       MM                         0.5   MM       MM
  MONTH TO DATE   MM                         2.8   MM       MM
  SINCE JUL 1     MM                        75.7   MM        0.0
  SNOW DEPTH      MM

DEGREE DAYS
 HEATING
  YESTERDAY       19                        24     -5       17
  MONTH TO DATE  112                       123    -11       99
  SINCE MAR 1    112                       123    -11       99
  SINCE JUL 1   3078                      4098  -1020     3715

 COOLING
  YESTERDAY        0                         0      0        0
  MONTH TO DATE    0                         0      0        0
  SINCE MAR 1      0                         0      0        0
  SINCE JAN 1      0                         0      0        0
..................................................................


WIND (MPH)
  HIGHEST WIND SPEED     6   HIGHEST WIND DIRECTION     E (110)
  HIGHEST GUST SPEED    10   HIGHEST GUST DIRECTION    SE (130)
  AVERAGE WIND SPEED     0.6


SKY COVER
  POSSIBLE SUNSHINE  MM
  AVERAGE SKY COVER 0.0


WEATHER CONDITIONS
 THE FOLLOWING WEATHER WAS RECORDED YESTERDAY.
  HAZE


RELATIVE HUMIDITY (PERCENT)
 HIGHEST    75           400 AM
 LOWEST     16           200 PM

..........................................................


THE MT SHASTA CITY CA CLIMATE NORMALS FOR TODAY
                         NORMAL    RECORD    YEAR
 MAXIMUM TEMPERATURE (F)   52        69      1979
 MINIMUM TEMPERATURE (F)   29        14      1995


SUNRISE AND SUNSET
MARCH  6 2015.........SUNRISE   636 AM PST   SUNSET   606 PM PST
MARCH  7 2015.........SUNRISE   634 AM PST   SUNSET   607 PM PST


-  INDICATES NEGATIVE NUMBERS.
R  INDICATES RECORD WAS SET OR TIED.
MM INDICATES DATA IS MISSING.
T  INDICATES TRACE AMOUNT.




$$
