000
CDUS46 KMFR 250836
CLIMHS


CLIMATE REPORT
NATIONAL WEATHER SERVICE MEDFORD, OR
135 AM PDT THU MAY 25 2017


...................................

...THE MT SHASTA CITY CA CLIMATE SUMMARY FOR MAY 24 2017...

CLIMATE NORMAL PERIOD 1981 TO 2010
CLIMATE RECORD PERIOD 1908 TO 2017


WEATHER ITEM   OBSERVED TIME   RECORD YEAR NORMAL DEPARTURE LAST
                VALUE   (LST)  VALUE       VALUE  FROM      YEAR
                                                  NORMAL
..................................................................
TEMPERATURE (F)
 YESTERDAY
  MAXIMUM         80    211 PM  90    1992  71      9       72
  MINIMUM         50   1159 PM  26    1953  42      8       47
  AVERAGE         65                        56      9       60

PRECIPITATION (IN)
  YESTERDAY        0.00          0.94 1960   0.07  -0.07     0.05
  MONTH TO DATE    0.17                      1.73  -1.56     1.28
  SINCE OCT 1     58.11                     40.12  17.99    39.91
  SINCE JAN 1     36.95                     24.91  12.04    30.42

SNOWFALL (IN)
  YESTERDAY       MM                         0.0   MM       MM
  MONTH TO DATE   MM                         0.3   MM       MM
  SINCE JUL 1     MM                        91.8   MM       MM
  SNOW DEPTH      MM

DEGREE DAYS
 HEATING
  YESTERDAY        0                         9     -9        5
  MONTH TO DATE  213                       278    -65      196
  SINCE MAR 1   1393                      1518   -125     1186
  SINCE JUL 1   5290                      5493   -203     4701

 COOLING
  YESTERDAY        0                         0      0        0
  MONTH TO DATE   10                         0     10        4
  SINCE MAR 1     10                         0     10        4
  SINCE JAN 1     10                         0     10        4
..................................................................


WIND (MPH)
  HIGHEST WIND SPEED    12   HIGHEST WIND DIRECTION    NW (320)
  HIGHEST GUST SPEED    23   HIGHEST GUST DIRECTION    NW (330)
  AVERAGE WIND SPEED     4.8


SKY COVER
  POSSIBLE SUNSHINE  MM
  AVERAGE SKY COVER 0.0


WEATHER CONDITIONS
 THE FOLLOWING WEATHER WAS RECORDED YESTERDAY.
  NO SIGNIFICANT WEATHER WAS OBSERVED.


RELATIVE HUMIDITY (PERCENT)
 HIGHEST    77           200 AM
 LOWEST     22           600 PM

..........................................................


THE MT SHASTA CITY CA CLIMATE NORMALS FOR TODAY
                         NORMAL    RECORD    YEAR
 MAXIMUM TEMPERATURE (F)   72        89      1982
 MINIMUM TEMPERATURE (F)   42        30      1945


SUNRISE AND SUNSET
MAY 25 2017...........SUNRISE   542 AM PDT   SUNSET   831 PM PDT
MAY 26 2017...........SUNRISE   541 AM PDT   SUNSET   832 PM PDT


-  INDICATES NEGATIVE NUMBERS.
R  INDICATES RECORD WAS SET OR TIED.
MM INDICATES DATA IS MISSING.
T  INDICATES TRACE AMOUNT.




$$
