000
CDUS46 KMFR 260852
CLIMHS


CLIMATE REPORT
NATIONAL WEATHER SERVICE MEDFORD, OR
1252 AM PST WED NOV 26 2014


...................................

...THE MT SHASTA CITY CA CLIMATE SUMMARY FOR NOVEMBER 25 2014...

CLIMATE NORMAL PERIOD 1981 TO 2010
CLIMATE RECORD PERIOD 1908 TO 2014


WEATHER ITEM   OBSERVED TIME   RECORD YEAR NORMAL DEPARTURE LAST
                VALUE   (LST)  VALUE       VALUE  FROM      YEAR
                                                  NORMAL
..................................................................
TEMPERATURE (F)
 YESTERDAY
  MAXIMUM         61    212 PM  68    1950  48     13       59
  MINIMUM         31    747 AM   6    1993  28      3       23
  AVERAGE         46                        38      8       41

PRECIPITATION (IN)
  YESTERDAY        0.00          2.00 1926   0.19  -0.19     0.00
  MONTH TO DATE    1.48                      4.06  -2.58     0.22
  SINCE SEP 1      8.87                      7.01   1.86     2.58
  SINCE JAN 1     21.15                     34.34 -13.19     9.76

SNOWFALL (IN)
  YESTERDAY       MM                         0.4   MM       MM
  MONTH TO DATE   MM                         5.6   MM       MM
  SINCE JUL 1     MM                         5.8   MM        0.0
  SNOW DEPTH      MM

DEGREE DAYS
 HEATING
  YESTERDAY       19                        27     -8       24
  MONTH TO DATE  507                       594    -87      500
  SINCE SEP 1    909                      1183   -274     1127
  SINCE JUL 1    914                      1258   -344     1139

 COOLING
  YESTERDAY        0                         0      0        0
  MONTH TO DATE    0                         0      0        0
  SINCE SEP 1     49                        28     21       47
  SINCE JAN 1    547                       288    259      474
..................................................................


WIND (MPH)
  HIGHEST WIND SPEED     5   HIGHEST WIND DIRECTION    SE (130)
  HIGHEST GUST SPEED     9   HIGHEST GUST DIRECTION    SE (140)
  AVERAGE WIND SPEED     0.4


SKY COVER
  POSSIBLE SUNSHINE  MM
  AVERAGE SKY COVER 0.0


WEATHER CONDITIONS
 THE FOLLOWING WEATHER WAS RECORDED YESTERDAY.
  FOG
  HAZE


RELATIVE HUMIDITY (PERCENT)
 HIGHEST    92           700 AM
 LOWEST     49           200 PM

..........................................................


THE MT SHASTA CITY CA CLIMATE NORMALS FOR TODAY
                         NORMAL    RECORD    YEAR
 MAXIMUM TEMPERATURE (F)   47        68      1915
 MINIMUM TEMPERATURE (F)   28        12      1993


SUNRISE AND SUNSET
NOVEMBER 26 2014......SUNRISE   710 AM PST   SUNSET   443 PM PST
NOVEMBER 27 2014......SUNRISE   711 AM PST   SUNSET   442 PM PST


-  INDICATES NEGATIVE NUMBERS.
R  INDICATES RECORD WAS SET OR TIED.
MM INDICATES DATA IS MISSING.
T  INDICATES TRACE AMOUNT.




$$
