000
CDUS46 KMFR 210048
CLIMHS


CLIMATE REPORT
NATIONAL WEATHER SERVICE MEDFORD, OR
548 PM PDT WED SEP 20 2017


...................................

...THE MT SHASTA CITY CA CLIMATE SUMMARY FOR SEPTEMBER 20 2017...
VALID TODAY AS OF 0500 PM LOCAL TIME.

CLIMATE NORMAL PERIOD 1981 TO 2010
CLIMATE RECORD PERIOD 1908 TO 2017


WEATHER ITEM   OBSERVED TIME   RECORD YEAR NORMAL DEPARTURE LAST
                VALUE   (LST)  VALUE       VALUE  FROM      YEAR
                                                  NORMAL
..................................................................
TEMPERATURE (F)
 TODAY
  MAXIMUM         65        MM  93    1952  77    -12       82
  MINIMUM         MM        MM  31    1972  42     MM       46
  AVERAGE         MM                        60     MM       64

PRECIPITATION (IN)
  TODAY            T             0.35 2013   0.02  -0.02     0.00
  MONTH TO DATE    0.28                      0.40  -0.12     0.00
  SINCE OCT 1     60.15                     42.94  17.21    42.31
  SINCE JAN 1     38.99                     27.73  11.26    32.82

SNOWFALL (IN)
  TODAY           MM                         0.0   MM       MM
  MONTH TO DATE   MM                         0.0   MM       MM
  SINCE JUL 1     MM                         0.0   MM       MM
  SNOW DEPTH      MM

DEGREE DAYS
 HEATING
  TODAY           MM                         6     MM        1
  MONTH TO DATE   45                        88    -43       50
  SINCE SEP 1     45                        88    -43       50
  SINCE JUL 1     45                       163   -118       65

 COOLING
  TODAY           MM                         1     MM        0
  MONTH TO DATE  100                        21     79       21
  SINCE SEP 1    100                        21     79       21
  SINCE JAN 1    700                       281    419      499
..................................................................


WIND (MPH)
  HIGHEST WIND SPEED     6   HIGHEST WIND DIRECTION    SW (220)
  HIGHEST GUST SPEED    MM   HIGHEST GUST DIRECTION    MM
  AVERAGE WIND SPEED     1.4


SKY COVER
  POSSIBLE SUNSHINE  MM
  AVERAGE SKY COVER 0.8


WEATHER CONDITIONS
 THE FOLLOWING WEATHER WAS RECORDED TODAY.
  LIGHT RAIN


RELATIVE HUMIDITY (PERCENT)
 HIGHEST    93           500 AM
 LOWEST     28           300 PM

..........................................................


THE MT SHASTA CITY CA CLIMATE NORMALS FOR TOMORROW
                         NORMAL    RECORD    YEAR
 MAXIMUM TEMPERATURE (F)   77        94      1974
 MINIMUM TEMPERATURE (F)   42        28      1933


SUNRISE AND SUNSET
SEPTEMBER 20 2017.....SUNRISE   655 AM PDT   SUNSET   709 PM PDT
SEPTEMBER 21 2017.....SUNRISE   656 AM PDT   SUNSET   707 PM PDT


-  INDICATES NEGATIVE NUMBERS.
R  INDICATES RECORD WAS SET OR TIED.
MM INDICATES DATA IS MISSING.
T  INDICATES TRACE AMOUNT.




$$
