000
CDUS46 KMFR 210036
CLIMHS


CLIMATE REPORT
NATIONAL WEATHER SERVICE MEDFORD, OR
436 PM PST TUE FEB 20 2018


...................................

...THE MT SHASTA CITY CA CLIMATE SUMMARY FOR FEBRUARY 20 2018...
VALID TODAY AS OF 0400 PM LOCAL TIME.

CLIMATE NORMAL PERIOD 1981 TO 2010
CLIMATE RECORD PERIOD 1908 TO 2018


WEATHER ITEM   OBSERVED TIME   RECORD YEAR NORMAL DEPARTURE LAST
                VALUE   (LST)  VALUE       VALUE  FROM      YEAR
                                                  NORMAL
..................................................................
TEMPERATURE (F)
 TODAY
  MAXIMUM         38    234 PM  70    1988  49    -11       48
  MINIMUM         16    744 AM  12    1918  28    -12       38
                                      1990
  AVERAGE         27                        39    -12       43

PRECIPITATION (IN)
  TODAY            0.00          2.40 1914   0.28  -0.28     1.39
  MONTH TO DATE    0.09                      5.06  -4.97    10.62
  SINCE OCT 1     10.20                     27.33 -17.13    42.88
  SINCE JAN 1      4.37                     12.12  -7.75    21.72

SNOWFALL (IN)
  TODAY           MM                         0.7   MM       MM
  MONTH TO DATE   MM                        13.9   MM       MM
  SINCE JUL 1     MM                        67.2   MM       MM
  SNOW DEPTH      MM

DEGREE DAYS
 HEATING
  TODAY           38                        26     12       22
  MONTH TO DATE  466                       545    -79      463
  SINCE DEC 1   2078                      2374   -296     2453
  SINCE JUL 1   3329                      3771   -442     3638

 COOLING
  TODAY            0                         0      0        0
  MONTH TO DATE    0                         0      0        0
  SINCE DEC 1      0                         0      0        0
  SINCE JAN 1      0                         0      0        0
..................................................................


WIND (MPH)
  HIGHEST WIND SPEED     9   HIGHEST WIND DIRECTION    NW (300)
  HIGHEST GUST SPEED    14   HIGHEST GUST DIRECTION    NW (300)
  AVERAGE WIND SPEED     2.7


SKY COVER
  POSSIBLE SUNSHINE  MM
  AVERAGE SKY COVER 0.3


WEATHER CONDITIONS
 THE FOLLOWING WEATHER WAS RECORDED TODAY.
  HAZE


RELATIVE HUMIDITY (PERCENT)
 HIGHEST    80           700 AM
 LOWEST     32          1200 PM

..........................................................


THE MT SHASTA CITY CA CLIMATE NORMALS FOR TOMORROW
                         NORMAL    RECORD    YEAR
 MAXIMUM TEMPERATURE (F)   50        68      1995
 MINIMUM TEMPERATURE (F)   28         5      1915


SUNRISE AND SUNSET
FEBRUARY 20 2018......SUNRISE   657 AM PST   SUNSET   550 PM PST
FEBRUARY 21 2018......SUNRISE   656 AM PST   SUNSET   551 PM PST


-  INDICATES NEGATIVE NUMBERS.
R  INDICATES RECORD WAS SET OR TIED.
MM INDICATES DATA IS MISSING.
T  INDICATES TRACE AMOUNT.




$$
