000
CDUS42 KMFL 192116
CLIMIA


CLIMATE REPORT
NATIONAL WEATHER SERVICE MIAMI, FL
416 PM EST THU JAN 19 2017


...................................

...THE MIAMI CLIMATE SUMMARY FOR JANUARY 19 2017...
VALID TODAY AS OF 0400 PM LOCAL TIME.

CLIMATE NORMAL PERIOD 1981 TO 2010
CLIMATE RECORD PERIOD 1895 TO 2017


WEATHER ITEM   OBSERVED TIME   RECORD YEAR NORMAL DEPARTURE LAST
                VALUE   (LST)  VALUE       VALUE  FROM      YEAR
                                                  NORMAL
..................................................................
TEMPERATURE (F)
 TODAY
  MAXIMUM         84    145 PM  88    1987  76      8       64
  MINIMUM         66    723 AM  36    1977  60      6       53
                                      1901
  AVERAGE         75                        68      7       59

PRECIPITATION (IN)
  TODAY            0.00          1.44 1940   0.05  -0.05     0.00
  MONTH TO DATE    1.54                      0.95   0.59     3.94
  SINCE NOV 1      4.81                      6.26  -1.45    21.31
  SINCE JAN 1      1.54                      0.95   0.59     3.94

SNOWFALL (IN)
  TODAY            0.0
  MONTH TO DATE    0.0
  SINCE DEC 1      0.0
  SINCE JUL 1      0.0
  SNOW DEPTH      MM

DEGREE DAYS
 HEATING
  TODAY            0                         2     -2        6
  MONTH TO DATE    6                        38    -32       13
  SINCE DEC 1      6                        72    -66       13
  SINCE JUL 1      6                        75    -69       13

 COOLING
  TODAY           10                         5      5        0
  MONTH TO DATE  180                        95     85       91
  SINCE DEC 1    551                       298    253      479
  SINCE JAN 1    180                        95     85       91
..................................................................


WIND (MPH)
  HIGHEST WIND SPEED    12   HIGHEST WIND DIRECTION    SE (130)
  HIGHEST GUST SPEED    19   HIGHEST GUST DIRECTION    SE (130)
  AVERAGE WIND SPEED    MM


SKY COVER
  AVERAGE SKY COVER  MM


WEATHER CONDITIONS
 THE FOLLOWING WEATHER WAS RECORDED TODAY.
  NO SIGNIFICANT WEATHER WAS OBSERVED.


RELATIVE HUMIDITY (PERCENT)
 HIGHEST    MM
 LOWEST     MM
 AVERAGE    MM

..........................................................


THE MIAMI CLIMATE NORMALS FOR TOMORROW
                         NORMAL    RECORD    YEAR
 MAXIMUM TEMPERATURE (F)   76        87      1947
 MINIMUM TEMPERATURE (F)   60        31      1977


SUNRISE AND SUNSET
JANUARY 19 2017.......SUNRISE   709 AM EST   SUNSET   555 PM EST
JANUARY 20 2017.......SUNRISE   709 AM EST   SUNSET   556 PM EST


-  INDICATES NEGATIVE NUMBERS.
R  INDICATES RECORD WAS SET OR TIED.
MM INDICATES DATA IS MISSING.
T  INDICATES TRACE AMOUNT.




$$
