000
CDUS42 KMFL 110923
CLIMIA


CLIMATE REPORT
NATIONAL WEATHER SERVICE MIAMI, FL
421 AM EST MON DEC 11 2017


...................................

...THE MIAMI CLIMATE SUMMARY FOR DECEMBER 10 2017...

CLIMATE NORMAL PERIOD 1981 TO 2010
CLIMATE RECORD PERIOD 1895 TO 2017


WEATHER ITEM   OBSERVED TIME   RECORD YEAR NORMAL DEPARTURE LAST
                VALUE   (LST)  VALUE       VALUE  FROM      YEAR
                                                  NORMAL
..................................................................
TEMPERATURE (F)
 YESTERDAY
  MAXIMUM         64    344 PM  89    2009  79    -15       72
  MINIMUM         50    725 AM  37    1917  64    -14       62
  AVERAGE         57                        71    -14       67

PRECIPITATION (IN)
  YESTERDAY        0.00          5.06 2000   0.07  -0.07     0.80
  MONTH TO DATE    0.56                      0.70  -0.14     1.91
  SINCE NOV 1      4.97                      3.97   0.00     2.85
  SINCE JAN 1     83.02                     60.56  22.46    65.51

SNOWFALL (IN)
  YESTERDAY        0.0
  MONTH TO DATE    0.0
  SINCE DEC 1      0.0
  SINCE JUL 1      0.0
  SNOW DEPTH       0

DEGREE DAYS
 HEATING
  YESTERDAY        8                         1      7        0
  MONTH TO DATE    8                         6      2        0
  SINCE DEC 1      8                         6      2        0
  SINCE JUL 1      8                         9     -1        0

 COOLING
  YESTERDAY        0                         7     -7        2
  MONTH TO DATE   99                        75     24      119
  SINCE DEC 1     99                        75     24      119
  SINCE JAN 1   5150                      4447    703     4702
..................................................................


WIND (MPH)
  HIGHEST WIND SPEED    17   HIGHEST WIND DIRECTION    NW (330)
  HIGHEST GUST SPEED    32   HIGHEST GUST DIRECTION     N (10)
  AVERAGE WIND SPEED    10.4


SKY COVER
  POSSIBLE SUNSHINE  MM
  AVERAGE SKY COVER 0.2


WEATHER CONDITIONS
 THE FOLLOWING WEATHER WAS RECORDED YESTERDAY.
  NO SIGNIFICANT WEATHER WAS OBSERVED.


RELATIVE HUMIDITY (PERCENT)
 HIGHEST    72
 LOWEST     34
 AVERAGE    53

..........................................................


THE MIAMI CLIMATE NORMALS FOR TODAY
                         NORMAL    RECORD    YEAR
 MAXIMUM TEMPERATURE (F)   78        85      2012
                                             1997
                                             1986
 MINIMUM TEMPERATURE (F)   64        32      1934


SUNRISE AND SUNSET
DECEMBER 11 2017......SUNRISE   658 AM EST   SUNSET   531 PM EST
DECEMBER 12 2017......SUNRISE   658 AM EST   SUNSET   532 PM EST


-  INDICATES NEGATIVE NUMBERS.
R  INDICATES RECORD WAS SET OR TIED.
MM INDICATES DATA IS MISSING.
T  INDICATES TRACE AMOUNT.




$$
