000
CDUS42 KMFL 200926
CLIMIA


CLIMATE REPORT
NATIONAL WEATHER SERVICE MIAMI, FL
426 AM EST TUE FEB 20 2018


...................................

...THE MIAMI CLIMATE SUMMARY FOR FEBRUARY 19 2018...

CLIMATE NORMAL PERIOD 1981 TO 2010
CLIMATE RECORD PERIOD 1895 TO 2018


WEATHER ITEM   OBSERVED TIME   RECORD YEAR NORMAL DEPARTURE LAST
                VALUE   (LST)  VALUE       VALUE  FROM      YEAR
                                                  NORMAL
..................................................................
TEMPERATURE (F)
 YESTERDAY
  MAXIMUM         84    148 PM  87    2012  79      5       86
  MINIMUM         72    226 AM  30    1900  63      9       67
  AVERAGE         78                        71      7       77

PRECIPITATION (IN)
  YESTERDAY        0.10          2.61 1981   0.08   0.02      T
  MONTH TO DATE    0.26                      1.53  -1.27      T
  SINCE NOV 1      6.34                      8.46  -2.12     6.67
  SINCE JAN 1      1.27                      3.15  -1.88     3.40

SNOWFALL (IN)
  YESTERDAY        0.0
  MONTH TO DATE    0.0
  SINCE DEC 1      0.0
  SINCE JUL 1      0.0
  SNOW DEPTH       0

DEGREE DAYS
 HEATING
  YESTERDAY        0                         1     -1        0
  MONTH TO DATE    0                        19    -19        0
  SINCE DEC 1     78                       106    -28       14
  SINCE JUL 1     78                       109    -31       14

 COOLING
  YESTERDAY       13                         6      7       12
  MONTH TO DATE  216                       108    108      150
  SINCE DEC 1    610                       462    148      779
  SINCE JAN 1    368                       259    109      408
..................................................................


WIND (MPH)
  HIGHEST WIND SPEED    25   HIGHEST WIND DIRECTION     E (90)
  HIGHEST GUST SPEED    29   HIGHEST GUST DIRECTION     E (100)
  AVERAGE WIND SPEED    15.3


SKY COVER
  POSSIBLE SUNSHINE  MM
  AVERAGE SKY COVER 0.7


WEATHER CONDITIONS
 THE FOLLOWING WEATHER WAS RECORDED YESTERDAY.
  RAIN
  LIGHT RAIN
  FOG


RELATIVE HUMIDITY (PERCENT)
 HIGHEST    93
 LOWEST     62
 AVERAGE    78

..........................................................


THE MIAMI CLIMATE NORMALS FOR TODAY
                         NORMAL    RECORD    YEAR
 MAXIMUM TEMPERATURE (F)   79        87      1988
 MINIMUM TEMPERATURE (F)   63        42      2015
                                             1972


SUNRISE AND SUNSET
FEBRUARY 20 2018......SUNRISE   652 AM EST   SUNSET   618 PM EST
FEBRUARY 21 2018......SUNRISE   651 AM EST   SUNSET   618 PM EST


-  INDICATES NEGATIVE NUMBERS.
R  INDICATES RECORD WAS SET OR TIED.
MM INDICATES DATA IS MISSING.
T  INDICATES TRACE AMOUNT.




$$
