000
CDUS42 KMFL 100931
CLIMIA


CLIMATE REPORT
NATIONAL WEATHER SERVICE MIAMI, FL
431 AM EST WED FEB 10 2016


...................................

...THE MIAMI CLIMATE SUMMARY FOR FEBRUARY 9 2016...

CLIMATE NORMAL PERIOD 1981 TO 2010
CLIMATE RECORD PERIOD 1895 TO 2016


WEATHER ITEM   OBSERVED TIME   RECORD YEAR NORMAL DEPARTURE LAST
                VALUE   (LST)  VALUE       VALUE  FROM      YEAR
                                                  NORMAL
..................................................................
TEMPERATURE (F)
 YESTERDAY
  MAXIMUM         67    235 PM  88    1962  78    -11       79
                                      1901
  MINIMUM         60   1159 PM  37    1899  62     -2       63
  AVERAGE         64                        70     -6       71

PRECIPITATION (IN)
  YESTERDAY        0.00          1.33 2008   0.08  -0.08     0.04
  MONTH TO DATE    1.44                      0.70   0.74     0.67
  SINCE NOV 1     26.38                      7.63  18.75     5.60
  SINCE JAN 1      9.01                      2.32   6.69     1.62

SNOWFALL (IN)
  YESTERDAY        0.0
  MONTH TO DATE    0.0
  SINCE DEC 1      0.0
  SINCE JUL 1      0.0
  SNOW DEPTH       0

DEGREE DAYS
 HEATING
  YESTERDAY        1                         1      0        0
  MONTH TO DATE   13                         9      4        0
  SINCE DEC 1     53                        96    -43       30
  SINCE JUL 1     53                        99    -46       41

 COOLING
  YESTERDAY        0                         6     -6        6
  MONTH TO DATE   51                        48      3       44
  SINCE DEC 1    560                       402    158      466
  SINCE JAN 1    172                       199    -27      246
..................................................................


WIND (MPH)
  HIGHEST WIND SPEED    20   HIGHEST WIND DIRECTION     W (280)
  HIGHEST GUST SPEED    27   HIGHEST GUST DIRECTION     W (280)
  AVERAGE WIND SPEED     9.2


SKY COVER
  POSSIBLE SUNSHINE  MM
  AVERAGE SKY COVER 0.9


WEATHER CONDITIONS
 THE FOLLOWING WEATHER WAS RECORDED YESTERDAY.
  NO SIGNIFICANT WEATHER WAS OBSERVED.


RELATIVE HUMIDITY (PERCENT)
 HIGHEST    84
 LOWEST     48
 AVERAGE    66

..........................................................


THE MIAMI CLIMATE NORMALS FOR TODAY
                         NORMAL    RECORD    YEAR
 MAXIMUM TEMPERATURE (F)   78        89      1982
 MINIMUM TEMPERATURE (F)   62        40      1947


SUNRISE AND SUNSET
FEBRUARY 10 2016......SUNRISE   700 AM EST   SUNSET   611 PM EST
FEBRUARY 11 2016......SUNRISE   659 AM EST   SUNSET   612 PM EST


-  INDICATES NEGATIVE NUMBERS.
R  INDICATES RECORD WAS SET OR TIED.
MM INDICATES DATA IS MISSING.
T  INDICATES TRACE AMOUNT.




$$
