000
CDUS43 KIND 270533
CLIMIE


CLIMATE REPORT
NATIONAL WEATHER SERVICE INDIANAPOLIS IN
131 AM EDT SAT AUG 27 2016


...................................

...THE MUNCIE IN CLIMATE SUMMARY FOR AUGUST 26 2016...

CLIMATE NORMAL PERIOD 1981 TO 2010
CLIMATE RECORD PERIOD 9999 TO 9999


WEATHER ITEM   OBSERVED TIME   NORMAL DEPARTURE LAST
                VALUE   (LST)  VALUE  FROM      YEAR
                                      NORMAL
......................................................
TEMPERATURE (F)
 YESTERDAY
  MAXIMUM         88    419 PM  82      6       71
  MINIMUM         70    641 AM  61      9       54
  AVERAGE         79            72      7       63

PRECIPITATION (IN)
  YESTERDAY        0.09          0.11  -0.02     0.00
  MONTH TO DATE    8.13          2.75   5.38     2.13
  SINCE JUN 1     14.08         11.79   2.29    16.68
  SINCE JAN 1     28.15         27.36   0.79    31.48

DEGREE DAYS
 HEATING
  YESTERDAY        0             0      0        2
  MONTH TO DATE    0             0      0       14
  SINCE JUN 1      6            27    -21       42
  SINCE JUL 1      3             3      0       14

 COOLING
  YESTERDAY       14             7      7        0
  MONTH TO DATE  309           206    103      114
  SINCE JUN 1    930           716    214      589
  SINCE JAN 1   1037           799    238      733
......................................................


WIND (MPH)
  HIGHEST WIND SPEED     9   HIGHEST WIND DIRECTION     E (70)
  HIGHEST GUST SPEED    15   HIGHEST GUST DIRECTION     E (80)
  AVERAGE WIND SPEED     2.9


SKY COVER
  AVERAGE SKY COVER 0.3


WEATHER CONDITIONS
 THE FOLLOWING WEATHER WAS RECORDED YESTERDAY.
  THUNDERSTORM
  RAIN
  LIGHT RAIN
  FOG
  HAZE


RELATIVE HUMIDITY (PERCENT)
 HIGHEST    97           600 AM
 LOWEST     63           200 PM
 AVERAGE    80

..........................................................


THE MUNCIE IN CLIMATE NORMALS FOR TODAY
                         NORMAL
 MAXIMUM TEMPERATURE (F)   82
 MINIMUM TEMPERATURE (F)   61


SUNRISE AND SUNSET
AUGUST 27 2016........SUNRISE   705 AM EDT   SUNSET   820 PM EDT
AUGUST 28 2016........SUNRISE   706 AM EDT   SUNSET   819 PM EDT


-  INDICATES NEGATIVE NUMBERS.
R  INDICATES RECORD WAS SET OR TIED.
MM INDICATES DATA IS MISSING.
T  INDICATES TRACE AMOUNT.




$$
