420
CDUS43 KIND 020538
CLIMIE


CLIMATE REPORT
NATIONAL WEATHER SERVICE INDIANAPOLIS IN
138 AM EDT MON MAY 2 2016


...................................

...THE MUNCIE IN CLIMATE SUMMARY FOR MAY 1 2016...

CLIMATE NORMAL PERIOD 1981 TO 2010
CLIMATE RECORD PERIOD 9999 TO 9999


WEATHER ITEM   OBSERVED TIME   NORMAL DEPARTURE LAST
                VALUE   (LST)  VALUE  FROM      YEAR
                                      NORMAL
......................................................
TEMPERATURE (F)
 YESTERDAY
  MAXIMUM         76    439 PM  67      9       72
  MINIMUM         56   1159 PM  47      9       38
  AVERAGE         66            57      9       55

PRECIPITATION (IN)
  YESTERDAY        0.38          0.12   0.26     0.00
  MONTH TO DATE    0.38          0.12   0.26     0.00
  SINCE MAR 1      8.64          6.74   1.90     7.16
  SINCE JAN 1     11.75         11.28   0.47    10.10

DEGREE DAYS
 HEATING
  YESTERDAY        0             9     -9       10
  MONTH TO DATE    0             9     -9       10
  SINCE MAR 1    880          1218   -338     1245
  SINCE JUL 1   4471          5601  -1130     6110

 COOLING
  YESTERDAY        1             1      0        0
  MONTH TO DATE    1             1      0        0
  SINCE MAR 1     11            16     -5        3
  SINCE JAN 1     11            16     -5        3
......................................................


WIND (MPH)
  HIGHEST WIND SPEED    21   HIGHEST WIND DIRECTION     E (70)
  HIGHEST GUST SPEED    25   HIGHEST GUST DIRECTION     E (80)
  AVERAGE WIND SPEED     8.0


SKY COVER
  AVERAGE SKY COVER 0.7


WEATHER CONDITIONS
 THE FOLLOWING WEATHER WAS RECORDED YESTERDAY.
  THUNDERSTORM
  HEAVY RAIN
  RAIN
  LIGHT RAIN
  FOG
  HAZE


RELATIVE HUMIDITY (PERCENT)
 HIGHEST    93           400 AM
 LOWEST     49           200 PM
 AVERAGE    71

..........................................................


THE MUNCIE IN CLIMATE NORMALS FOR TODAY
                         NORMAL
 MAXIMUM TEMPERATURE (F)   68
 MINIMUM TEMPERATURE (F)   47


SUNRISE AND SUNSET
MAY  2 2016...........SUNRISE   639 AM EDT   SUNSET   838 PM EDT
MAY  3 2016...........SUNRISE   638 AM EDT   SUNSET   839 PM EDT


-  INDICATES NEGATIVE NUMBERS.
R  INDICATES RECORD WAS SET OR TIED.
MM INDICATES DATA IS MISSING.
T  INDICATES TRACE AMOUNT.




$$
