000
CDUS43 KIND 300535
CLIMIE


CLIMATE REPORT
NATIONAL WEATHER SERVICE INDIANAPOLIS IN
133 AM EDT SUN APR 30 2017


...................................

...THE MUNCIE IN CLIMATE SUMMARY FOR APRIL 29 2017...

CLIMATE NORMAL PERIOD 1981 TO 2010
CLIMATE RECORD PERIOD 9999 TO 9999


WEATHER ITEM   OBSERVED TIME   NORMAL DEPARTURE LAST
                VALUE   (LST)  VALUE  FROM      YEAR
                                      NORMAL
......................................................
TEMPERATURE (F)
 YESTERDAY
  MAXIMUM         64    157 PM  67     -3       62
  MINIMUM         49   1159 PM  46      3       48
  AVERAGE         57            56      1       55

PRECIPITATION (IN)
  YESTERDAY        2.04          0.12   1.92     0.00
  MONTH TO DATE    4.89          3.54   1.35     2.58
  SINCE MAR 1      9.73          6.49   3.24     7.65
  SINCE JAN 1     15.44         11.03   4.41    10.76

DEGREE DAYS
 HEATING
  YESTERDAY        8             9     -1       10
  MONTH TO DATE  229           412   -183      367
  SINCE MAR 1    915          1199   -284      871
  SINCE JUL 1   4203          5582  -1379     4462

 COOLING
  YESTERDAY        0             1     -1        0
  MONTH TO DATE   32            12     20       10
  SINCE MAR 1     34            13     21       10
  SINCE JAN 1     34            13     21       10
......................................................


WIND (MPH)
  HIGHEST WIND SPEED    24   HIGHEST WIND DIRECTION     E (100)
  HIGHEST GUST SPEED    30   HIGHEST GUST DIRECTION     E (100)
  AVERAGE WIND SPEED    10.6


SKY COVER
  AVERAGE SKY COVER 1.0


WEATHER CONDITIONS
 THE FOLLOWING WEATHER WAS RECORDED YESTERDAY.
  THUNDERSTORM
  HEAVY RAIN
  RAIN
  LIGHT RAIN
  FOG


RELATIVE HUMIDITY (PERCENT)
 HIGHEST   100           800 PM
 LOWEST     87           200 PM
 AVERAGE    94

..........................................................


THE MUNCIE IN CLIMATE NORMALS FOR TODAY
                         NORMAL
 MAXIMUM TEMPERATURE (F)   67
 MINIMUM TEMPERATURE (F)   46


SUNRISE AND SUNSET
APRIL 30 2017.........SUNRISE   642 AM EDT   SUNSET   836 PM EDT
MAY  1 2017...........SUNRISE   641 AM EDT   SUNSET   837 PM EDT


-  INDICATES NEGATIVE NUMBERS.
R  INDICATES RECORD WAS SET OR TIED.
MM INDICATES DATA IS MISSING.
T  INDICATES TRACE AMOUNT.




$$
