000
CDUS43 KMKX 020652
CLIMKE


CLIMATE REPORT
NATIONAL WEATHER SERVICE IN MILWAUKEE
151 AM CDT THU OCT 2 2014


...................................

...THE MILWAUKEE WI CLIMATE SUMMARY FOR OCTOBER 1 2014...

CLIMATE NORMAL PERIOD 1981 TO 2010
CLIMATE RECORD PERIOD 1871 TO 2014


WEATHER ITEM   OBSERVED TIME   RECORD YEAR NORMAL DEPARTURE LAST
                VALUE   (LST)  VALUE       VALUE  FROM      YEAR
                                                  NORMAL
..................................................................
TEMPERATURE (F)
 YESTERDAY
  MAXIMUM         64   1115 PM  86    1971  65     -1       82
  MINIMUM         52   1204 AM  32    1958  48      4       57
                                      1947
                                      1886
  AVERAGE         58                        57      1       70

PRECIPITATION (IN)
  YESTERDAY        0.00          1.64 1926   0.09  -0.09     0.00
  MONTH TO DATE    0.00                      0.09  -0.09     0.00
  SINCE SEP 1      1.14                      3.27  -2.13     1.54
  SINCE JAN 1     26.43                     27.45  -1.02    31.67

SNOWFALL (IN)
  YESTERDAY        0.0           T    1974   0.0    0.0      0.0
  MONTH TO DATE    0.0                       0.0    0.0      0.0
  SINCE SEP 1      0.0                       0.0    0.0      0.0
  SINCE JUL 1      0.0                       0.0    0.0      0.0
  SNOW DEPTH       0

DEGREE DAYS
 HEATING
  YESTERDAY        7                         9     -2        0
  MONTH TO DATE    7                         9     -2        0
  SINCE SEP 1    156                       135     21      108
  SINCE JUL 1    182                       161     21      130

 COOLING
  YESTERDAY        0                         1     -1        5
  MONTH TO DATE    0                         1     -1        5
  SINCE SEP 1     59                        70    -11      106
  SINCE JAN 1    460                       635   -175      683
..................................................................


WIND (MPH)
  HIGHEST WIND SPEED    23   HIGHEST WIND DIRECTION    SE (140)
  HIGHEST GUST SPEED    27   HIGHEST GUST DIRECTION    SE (140)
  AVERAGE WIND SPEED    11.4


SKY COVER
  POSSIBLE SUNSHINE  MM
  AVERAGE SKY COVER 0.8


WEATHER CONDITIONS
 THE FOLLOWING WEATHER WAS RECORDED YESTERDAY.
  NO SIGNIFICANT WEATHER WAS OBSERVED.


RELATIVE HUMIDITY (PERCENT)
 HIGHEST    89          1200 AM
 LOWEST     64          1000 AM
 AVERAGE    77

..........................................................


THE MILWAUKEE WI CLIMATE NORMALS FOR TODAY
                         NORMAL    RECORD    YEAR
 MAXIMUM TEMPERATURE (F)   65        87      1891
 MINIMUM TEMPERATURE (F)   48        28      1974


SUNRISE AND SUNSET
OCTOBER  2 2014.......SUNRISE   650 AM CDT   SUNSET   631 PM CDT
OCTOBER  3 2014.......SUNRISE   651 AM CDT   SUNSET   629 PM CDT


-  INDICATES NEGATIVE NUMBERS.
R  INDICATES RECORD WAS SET OR TIED.
MM INDICATES DATA IS MISSING.
T  INDICATES TRACE AMOUNT.




$$
