982
CDUS43 KMKX 040654
CLIMKE


CLIMATE REPORT
NATIONAL WEATHER SERVICE IN MILWAUKEE
1250 AM CST SUN DEC 4 2016


...................................

...THE MILWAUKEE WI CLIMATE SUMMARY FOR DECEMBER 3 2016...

CLIMATE NORMAL PERIOD 1981 TO 2010
CLIMATE RECORD PERIOD 1871 TO 2016


WEATHER ITEM   OBSERVED TIME   RECORD YEAR NORMAL DEPARTURE LAST
                VALUE   (LST)  VALUE       VALUE  FROM      YEAR
                                                  NORMAL
..................................................................
TEMPERATURE (F)
 YESTERDAY
  MAXIMUM         34    446 PM  65    2012  37     -3       37
  MINIMUM         30   1159 PM  -9    1940  24      6       32
  AVERAGE         32                        31      1       35

PRECIPITATION (IN)
  YESTERDAY        0.00          1.14 1873   0.08  -0.08     0.00
  MONTH TO DATE    0.01                      0.24  -0.23     0.24
  SINCE DEC 1      0.01                      0.24  -0.23     0.24
  SINCE JAN 1     27.34                     32.96  -5.62    29.26

SNOWFALL (IN)
  YESTERDAY        0.0           7.2  1990   0.3   -0.3      0.0
  MONTH TO DATE    T                         0.9   -0.9      0.4
  SINCE DEC 1      T                         0.9   -0.9      0.4
  SINCE JUL 1      T                         3.6   -3.6      7.3
  SNOW DEPTH       0

DEGREE DAYS
 HEATING
  YESTERDAY       33                        34     -1       30
  MONTH TO DATE   87                       101    -14       87
  SINCE DEC 1     87                       101    -14       87
  SINCE JUL 1    917                      1466   -549     1126

 COOLING
  YESTERDAY        0                         0      0        0
  MONTH TO DATE    0                         0      0        0
  SINCE DEC 1      0                         0      0        0
  SINCE JAN 1    991                       641    350      622
..................................................................


WIND (MPH)
  HIGHEST WIND SPEED    13   HIGHEST WIND DIRECTION    NW (310)
  HIGHEST GUST SPEED    16   HIGHEST GUST DIRECTION    NW (330)
  AVERAGE WIND SPEED     5.8


SKY COVER
  POSSIBLE SUNSHINE  MM
  AVERAGE SKY COVER 1.0


WEATHER CONDITIONS
 THE FOLLOWING WEATHER WAS RECORDED YESTERDAY.
  NO SIGNIFICANT WEATHER WAS OBSERVED.


RELATIVE HUMIDITY (PERCENT)
 HIGHEST    69          1100 PM
 LOWEST     56           500 PM
 AVERAGE    63

..........................................................


THE MILWAUKEE WI CLIMATE NORMALS FOR TODAY
                         NORMAL    RECORD    YEAR
 MAXIMUM TEMPERATURE (F)   37        60      2001
                                             1961
 MINIMUM TEMPERATURE (F)   24        -8      1871


SUNRISE AND SUNSET
DECEMBER  4 2016......SUNRISE   707 AM CST   SUNSET   417 PM CST
DECEMBER  5 2016......SUNRISE   708 AM CST   SUNSET   417 PM CST


-  INDICATES NEGATIVE NUMBERS.
R  INDICATES RECORD WAS SET OR TIED.
MM INDICATES DATA IS MISSING.
T  INDICATES TRACE AMOUNT.




$$
