000
CDUS43 KGRR 100540
CLIMKG


CLIMATE REPORT
NATIONAL WEATHER SERVICE GRAND RAPIDS, MI
1239 AM EST SAT DEC 10 2016


...................................

...THE MUSKEGON MI CLIMATE SUMMARY FOR DECEMBER 9 2016...

CLIMATE NORMAL PERIOD 1981 TO 2010
CLIMATE RECORD PERIOD 1896 TO 2016


WEATHER ITEM   OBSERVED TIME   RECORD YEAR NORMAL DEPARTURE LAST
                VALUE   (LST)  VALUE       VALUE  FROM      YEAR
                                                  NORMAL
..................................................................
TEMPERATURE (F)
 YESTERDAY
  MAXIMUM         33   1259 AM  55    1946  37     -4       50
  MINIMUM         25    632 PM   1    1995  27     -2       36
  AVERAGE         29                        32     -3       43

PRECIPITATION (IN)
  YESTERDAY        0.03          0.69 2009   0.09  -0.06     0.00
  MONTH TO DATE    0.54                      0.85  -0.31     0.53
  SINCE DEC 1      0.54                      0.85  -0.31     0.53
  SINCE JAN 1     37.87                     31.79   6.08    32.02

SNOWFALL (IN)
  YESTERDAY        0.3          10.7  1995   0.9   -0.6      0.0
  MONTH TO DATE    2.1                       6.9   -4.8       T
  SINCE DEC 1      2.1                       6.9   -4.8       T
  SINCE JUL 1      3.1                      13.1  -10.0      3.9
  SNOW DEPTH       1

DEGREE DAYS
 HEATING
  YESTERDAY       36                        33      3       22
  MONTH TO DATE  267                       288    -21      230
  SINCE DEC 1    267                       288    -21      230
  SINCE JUL 1   1172                      1655   -483     1297

 COOLING
  YESTERDAY        0                         0      0        0
  MONTH TO DATE    0                         0      0        0
  SINCE DEC 1      0                         0      0        0
  SINCE JAN 1    774                       566    208      570
..................................................................


WIND (MPH)
  RESULTANT WIND SPEED  11   RESULTANT WIND DIRECTION  NW (310)
  HIGHEST WIND SPEED    21   HIGHEST WIND DIRECTION    NW (330)
  HIGHEST GUST SPEED    28   HIGHEST GUST DIRECTION    NW (320)
  AVERAGE WIND SPEED    12.0


SKY COVER
  AVERAGE SKY COVER 1.0


WEATHER CONDITIONS
 THE FOLLOWING WEATHER WAS RECORDED YESTERDAY.
  SNOW
  LIGHT SNOW
  FOG


RELATIVE HUMIDITY (PERCENT)
 HIGHEST    81           300 PM
 LOWEST     53           900 AM
 AVERAGE    67

..........................................................


THE MUSKEGON MI CLIMATE NORMALS FOR TODAY
                         NORMAL    RECORD    YEAR
 MAXIMUM TEMPERATURE (F)   36        61      1971
 MINIMUM TEMPERATURE (F)   27         6      1932


SUNRISE AND SUNSET
DECEMBER 10 2016......SUNRISE   806 AM EST   SUNSET   510 PM EST
DECEMBER 11 2016......SUNRISE   807 AM EST   SUNSET   510 PM EST


-  INDICATES NEGATIVE NUMBERS.
R  INDICATES RECORD WAS SET OR TIED.
MM INDICATES DATA IS MISSING.
T  INDICATES TRACE AMOUNT.




$$
