000
CDUS44 KMEG 220733
CLIMKL


CLIMATE REPORT
NATIONAL WEATHER SERVICE MEMPHIS TN
133 AM CST MON JAN 22 2018


...................................

...THE JACKSON CLIMATE SUMMARY FOR JANUARY 21 2018...

CLIMATE NORMAL PERIOD 1981 TO 2010
CLIMATE RECORD PERIOD 1948 TO 2018


WEATHER ITEM   OBSERVED TIME   RECORD YEAR NORMAL DEPARTURE LAST
                VALUE   (LST)  VALUE       VALUE  FROM      YEAR
                                                  NORMAL
..................................................................
TEMPERATURE (F)
 YESTERDAY
  MAXIMUM         69    335 PM  75    1986  48     21       71
  MINIMUM         53    803 AM  -8    1985  28     25       55
  AVERAGE         61                        38     23       63

PRECIPITATION (IN)
  YESTERDAY        0.00          3.21 1973   0.13  -0.13      T
  MONTH TO DATE    2.43                      2.69  -0.26     2.74
  SINCE DEC 1      9.04                      8.04   1.00     9.92
  SINCE JAN 1      2.43                      2.69  -0.26     2.74

DEGREE DAYS
 HEATING
  YESTERDAY        4                        27    -23        2
  MONTH TO DATE  707                       567    140      385
  SINCE DEC 1   1467                      1318    149     1097
  SINCE JUL 1   2068                      1985     83     1481

 COOLING
  YESTERDAY        0                         0      0        0
  MONTH TO DATE    0                         0      0        0
  SINCE DEC 1      0                         1     -1        2
  SINCE JAN 1      0                         0      0        0
..................................................................


WIND (MPH)
  HIGHEST WIND SPEED    18   HIGHEST WIND DIRECTION     S (200)
  HIGHEST GUST SPEED    26   HIGHEST GUST DIRECTION    SW (210)
  AVERAGE WIND SPEED    10.1


SKY COVER
  POSSIBLE SUNSHINE  MM
  AVERAGE SKY COVER 0.5


WEATHER CONDITIONS
 THE FOLLOWING WEATHER WAS RECORDED YESTERDAY.
  NO SIGNIFICANT WEATHER WAS OBSERVED.


RELATIVE HUMIDITY (PERCENT)
 HIGHEST    83           700 AM
 LOWEST     55           400 PM
 AVERAGE    69

..........................................................


THE JACKSON CLIMATE NORMALS FOR TODAY
                         NORMAL    RECORD    YEAR
 MAXIMUM TEMPERATURE (F)   48        71      1974
 MINIMUM TEMPERATURE (F)   28         1      1984


SUNRISE AND SUNSET
JANUARY 22 2018.......SUNRISE   702 AM CST   SUNSET   513 PM CST
JANUARY 23 2018.......SUNRISE   701 AM CST   SUNSET   514 PM CST


-  INDICATES NEGATIVE NUMBERS.
R  INDICATES RECORD WAS SET OR TIED.
MM INDICATES DATA IS MISSING.
T  INDICATES TRACE AMOUNT.




$$
