000
CDUS44 KMEG 220636
CLIMKL


CLIMATE REPORT
NATIONAL WEATHER SERVICE MEMPHIS TN
136 AM CDT MON SEP 22 2014


...................................

...THE JACKSON CLIMATE SUMMARY FOR SEPTEMBER 21 2014...

CLIMATE NORMAL PERIOD 1981 TO 2010
CLIMATE RECORD PERIOD 1948 TO 2014


WEATHER ITEM   OBSERVED TIME   RECORD YEAR NORMAL DEPARTURE LAST
                VALUE   (LST)  VALUE       VALUE  FROM      YEAR
                                                  NORMAL
..................................................................
TEMPERATURE (F)
 YESTERDAY
  MAXIMUM         87    223 PM  98    2010  82      5       76
                                      1955
  MINIMUM         59   1159 PM  40    1983  57      2       52
  AVERAGE         73                        69      4       64

PRECIPITATION (IN)
  YESTERDAY        0.00          1.28 1979   0.12  -0.12     0.20
  MONTH TO DATE    4.83                      2.22   2.61     2.16
  SINCE SEP 1      4.83                      2.22   2.61     2.16
  SINCE JAN 1     48.49                     38.09  10.40    47.25

SNOWFALL (IN)
  YESTERDAY        0.0           0.0  2002   0.0    0.0      0.0
                                      2001
  MONTH TO DATE    0.0                       0.0    0.0      0.0
  SINCE SEP 1      0.0                       0.0    0.0      0.0
  SINCE JUL 1      0.0                       0.0    0.0      0.0
  SNOW DEPTH       0

DEGREE DAYS
 HEATING
  YESTERDAY        0                         1     -1        1
  MONTH TO DATE    7                         6      1        4
  SINCE SEP 1      7                         6      1        4
  SINCE JUL 1      7                         6      1        4

 COOLING
  YESTERDAY        8                         6      2        0
  MONTH TO DATE  175                       180     -5      209
  SINCE SEP 1    175                       180     -5      209
  SINCE JAN 1   1492                      1603   -111     1493
..................................................................


WIND (MPH)
  HIGHEST WIND SPEED    15   HIGHEST WIND DIRECTION     W (250)
  HIGHEST GUST SPEED    18   HIGHEST GUST DIRECTION     N (350)
  AVERAGE WIND SPEED     7.4


SKY COVER
  POSSIBLE SUNSHINE  MM
  AVERAGE SKY COVER 0.2


WEATHER CONDITIONS
 THE FOLLOWING WEATHER WAS RECORDED YESTERDAY.
  NO SIGNIFICANT WEATHER WAS OBSERVED.


RELATIVE HUMIDITY (PERCENT)
 HIGHEST    93           600 AM
 LOWEST     53           700 PM
 AVERAGE    73

..........................................................


THE JACKSON CLIMATE NORMALS FOR TODAY
                         NORMAL    RECORD    YEAR
 MAXIMUM TEMPERATURE (F)   82        96      2010
 MINIMUM TEMPERATURE (F)   56        36      1983


SUNRISE AND SUNSET
SEPTEMBER 22 2014.....SUNRISE   644 AM CDT   SUNSET   652 PM CDT
SEPTEMBER 23 2014.....SUNRISE   644 AM CDT   SUNSET   651 PM CDT


-  INDICATES NEGATIVE NUMBERS.
R  INDICATES RECORD WAS SET OR TIED.
MM INDICATES DATA IS MISSING.
T  INDICATES TRACE AMOUNT.




$$
