000
CDUS44 KMEG 230634
CLIMKL


CLIMATE REPORT
NATIONAL WEATHER SERVICE MEMPHIS TN
134 AM CDT MON OCT 23 2017


...................................

...THE JACKSON CLIMATE SUMMARY FOR OCTOBER 22 2017...

CLIMATE NORMAL PERIOD 1981 TO 2010
CLIMATE RECORD PERIOD 1948 TO 2017


WEATHER ITEM   OBSERVED TIME   RECORD YEAR NORMAL DEPARTURE LAST
                VALUE   (LST)  VALUE       VALUE  FROM      YEAR
                                                  NORMAL
..................................................................
TEMPERATURE (F)
 YESTERDAY
  MAXIMUM         78    117 PM  90    1953  71      7       71
  MINIMUM         57   1159 PM  25    1952  46     11       36
  AVERAGE         68                        59      9       54

PRECIPITATION (IN)
  YESTERDAY        0.25          2.42 2007   0.12   0.13     0.00
  MONTH TO DATE    1.76                      2.65  -0.89     1.15
  SINCE SEP 1      3.62                      6.03  -2.41     2.84
  SINCE JAN 1     38.65                     41.90  -3.25    36.71

DEGREE DAYS
 HEATING
  YESTERDAY        0                         7     -7       11
  MONTH TO DATE   51                       109    -58       36
  SINCE SEP 1     58                       135    -77       41
  SINCE JUL 1     58                       135    -77       41

 COOLING
  YESTERDAY        3                         1      2        0
  MONTH TO DATE   91                        40     51       97
  SINCE SEP 1    311                       260     51      419
  SINCE JAN 1   1791                      1683    108     2048
..................................................................


WIND (MPH)
  HIGHEST WIND SPEED    20   HIGHEST WIND DIRECTION     W (250)
  HIGHEST GUST SPEED    31   HIGHEST GUST DIRECTION     S (180)
  AVERAGE WIND SPEED    10.5


SKY COVER
  POSSIBLE SUNSHINE  MM
  AVERAGE SKY COVER 0.6


WEATHER CONDITIONS
 THE FOLLOWING WEATHER WAS RECORDED YESTERDAY.
  RAIN
  LIGHT RAIN
  FOG


RELATIVE HUMIDITY (PERCENT)
 HIGHEST   100           800 PM
 LOWEST     64          1200 PM
 AVERAGE    82

..........................................................


THE JACKSON CLIMATE NORMALS FOR TODAY
                         NORMAL    RECORD    YEAR
 MAXIMUM TEMPERATURE (F)   71        85      2000
                                             1963
                                             1953
 MINIMUM TEMPERATURE (F)   46        28      1952


SUNRISE AND SUNSET
OCTOBER 23 2017.......SUNRISE   709 AM CDT   SUNSET   610 PM CDT
OCTOBER 24 2017.......SUNRISE   710 AM CDT   SUNSET   609 PM CDT


-  INDICATES NEGATIVE NUMBERS.
R  INDICATES RECORD WAS SET OR TIED.
MM INDICATES DATA IS MISSING.
T  INDICATES TRACE AMOUNT.




$$
