000
CDUS44 KMEG 312152
CLIMKL


CLIMATE REPORT
NATIONAL WEATHER SERVICE MEMPHIS TN
452 PM CDT FRI OCT 31 2014


...................................

...THE JACKSON CLIMATE SUMMARY FOR OCTOBER 31 2014...
VALID TODAY AS OF 0400 PM LOCAL TIME.

CLIMATE NORMAL PERIOD 1981 TO 2010
CLIMATE RECORD PERIOD 1948 TO 2014


WEATHER ITEM   OBSERVED TIME   RECORD YEAR NORMAL DEPARTURE LAST
                VALUE   (LST)  VALUE       VALUE  FROM      YEAR
                                                  NORMAL
..................................................................
TEMPERATURE (F)
 TODAY
  MAXIMUM         55   1138 AM  86    1984  68    -13       70
  MINIMUM         44    516 AM  27    1980  44      0       59
  AVERAGE         50                        56     -6       65

PRECIPITATION (IN)
  TODAY            0.03          2.03 1951   0.12  -0.09     1.55
  MONTH TO DATE    4.51                      3.77   0.74     3.79
  SINCE SEP 1      9.34                      7.15   2.19     6.65
  SINCE JAN 1     53.00                     43.02   9.98    51.74

SNOWFALL (IN)
  TODAY           MM

DEGREE DAYS
 HEATING
  TODAY           15                        10      5        0
  MONTH TO DATE  155                       188    -33      197
  SINCE SEP 1    165                       214    -49      205
  SINCE JUL 1    165                       214    -49      205

 COOLING
  TODAY            0                         1     -1        0
  MONTH TO DATE   76                        48     28       71
  SINCE SEP 1    291                       268     23      308
  SINCE JAN 1   1608                      1691    -83     1592
..................................................................


WIND (MPH)
  HIGHEST WIND SPEED    29   HIGHEST WIND DIRECTION    NW (330)
  HIGHEST GUST SPEED    39   HIGHEST GUST DIRECTION     N (350)
  AVERAGE WIND SPEED     8.7


SKY COVER
  POSSIBLE SUNSHINE  MM
  AVERAGE SKY COVER 0.7


WEATHER CONDITIONS
 THE FOLLOWING WEATHER WAS RECORDED TODAY.
  RAIN
  FOG
  FOG W/VISIBILITY <= 1/4 MILE


RELATIVE HUMIDITY (PERCENT)
 HIGHEST    93           200 AM
 LOWEST     41           300 PM
 AVERAGE    67

..........................................................


THE JACKSON CLIMATE NORMALS FOR TOMORROW
                         NORMAL    RECORD    YEAR
 MAXIMUM TEMPERATURE (F)   68        84      2000
                                             1987
                                             1971
 MINIMUM TEMPERATURE (F)   43        22      1993


SUNRISE AND SUNSET
OCTOBER 31 2014.......SUNRISE   717 AM CDT   SUNSET   601 PM CDT
NOVEMBER  1 2014......SUNRISE   718 AM CDT   SUNSET   600 PM CDT


-  INDICATES NEGATIVE NUMBERS.
R  INDICATES RECORD WAS SET OR TIED.
MM INDICATES DATA IS MISSING.
T  INDICATES TRACE AMOUNT.




$$
