000
CDUS44 KMEG 302202
CLIMKL


CLIMATE REPORT
NATIONAL WEATHER SERVICE MEMPHIS TN
500 PM CDT SAT JUL 30 2016


...................................

...THE JACKSON CLIMATE SUMMARY FOR JULY 30 2016...
VALID TODAY AS OF 0500 PM LOCAL TIME.

CLIMATE NORMAL PERIOD 1981 TO 2010
CLIMATE RECORD PERIOD 1948 TO 2016


WEATHER ITEM   OBSERVED TIME   RECORD YEAR NORMAL DEPARTURE LAST
                VALUE   (LST)  VALUE       VALUE  FROM      YEAR
                                                  NORMAL
..................................................................
TEMPERATURE (F)
 TODAY
  MAXIMUM         88    238 PM 101    1999  91     -3       92
  MINIMUM         71    212 AM  53    2014  68      3       67
  AVERAGE         80                        79      1       80

PRECIPITATION (IN)
  TODAY            0.02          1.96 1982   0.13  -0.11     0.00
  MONTH TO DATE    2.53                      4.36  -1.83     2.30
  SINCE JUN 1      4.83                      9.20  -4.37     5.06
  SINCE JAN 1     30.07                     32.74  -2.67    26.84

SNOWFALL (IN)
  TODAY            0.0

DEGREE DAYS
 HEATING
  TODAY            0                         0      0        0
  MONTH TO DATE    0                         0      0        0
  SINCE JUN 1      0                         2     -2        0
  SINCE JUL 1      0                         0      0        0

 COOLING
  TODAY           15                        14      1       15
  MONTH TO DATE  515                       440     75      525
  SINCE JUN 1    938                       779    159      946
  SINCE JAN 1   1122                       994    128     1177
..................................................................


WIND (MPH)
  HIGHEST WIND SPEED    10   HIGHEST WIND DIRECTION    SW (240)
  HIGHEST GUST SPEED    14   HIGHEST GUST DIRECTION    SW (240)
  AVERAGE WIND SPEED     4.6


SKY COVER
  POSSIBLE SUNSHINE  MM
  AVERAGE SKY COVER 0.6


WEATHER CONDITIONS
 THE FOLLOWING WEATHER WAS RECORDED TODAY.
  FOG


RELATIVE HUMIDITY (PERCENT)
 HIGHEST   100          1200 AM
 LOWEST     70           100 PM
 AVERAGE    85

..........................................................


THE JACKSON CLIMATE NORMALS FOR TOMORROW
                         NORMAL    RECORD    YEAR
 MAXIMUM TEMPERATURE (F)   91       102      1980
 MINIMUM TEMPERATURE (F)   68        54      1971


SUNRISE AND SUNSET
JULY 30 2016..........SUNRISE   603 AM CDT   SUNSET   801 PM CDT
JULY 31 2016..........SUNRISE   603 AM CDT   SUNSET   800 PM CDT


-  INDICATES NEGATIVE NUMBERS.
R  INDICATES RECORD WAS SET OR TIED.
MM INDICATES DATA IS MISSING.
T  INDICATES TRACE AMOUNT.




$$
