000
CDUS44 KMEG 280632
CLIMKL


CLIMATE REPORT
NATIONAL WEATHER SERVICE MEMPHIS TN
132 AM CDT FRI AUG 28 2015


...................................

...THE JACKSON CLIMATE SUMMARY FOR AUGUST 27 2015...

CLIMATE NORMAL PERIOD 1981 TO 2010
CLIMATE RECORD PERIOD 1948 TO 2015


WEATHER ITEM   OBSERVED TIME   RECORD YEAR NORMAL DEPARTURE LAST
                VALUE   (LST)  VALUE       VALUE  FROM      YEAR
                                                  NORMAL
..................................................................
TEMPERATURE (F)
 YESTERDAY
  MAXIMUM         83    338 PM 102    1990  89     -6       90
  MINIMUM         56    526 AM  54    1958  66    -10       68
  AVERAGE         70                        78     -8       79

PRECIPITATION (IN)
  YESTERDAY        0.00          0.88 1992   0.08  -0.08     0.00
  MONTH TO DATE    3.72                      2.68   1.04     4.81
  SINCE JUN 1      8.78                     12.01  -3.23    21.17
  SINCE JAN 1     30.56                     35.55  -4.99    43.18

SNOWFALL (IN)
  YESTERDAY        0.0          MM      MM   0.0    0.0      0.0
  MONTH TO DATE    0.0                       0.0    0.0      0.0
  SINCE JUN 1      0.0                       0.0    0.0      0.0
  SINCE JUL 1      0.0                       0.0    0.0      0.0
  SNOW DEPTH       0

DEGREE DAYS
 HEATING
  YESTERDAY        0                         0      0        0
  MONTH TO DATE    0                         0      0        0
  SINCE JUN 1      0                         2     -2        0
  SINCE JUL 1      0                         0      0        0

 COOLING
  YESTERDAY        5                        12     -7       14
  MONTH TO DATE  327                       369    -42      358
  SINCE JUN 1   1288                      1157    131     1011
  SINCE JAN 1   1519                      1372    147     1261
..................................................................


WIND (MPH)
  HIGHEST WIND SPEED    14   HIGHEST WIND DIRECTION    NE (60)
  HIGHEST GUST SPEED    20   HIGHEST GUST DIRECTION    NE (40)
  AVERAGE WIND SPEED     3.7


SKY COVER
  POSSIBLE SUNSHINE  MM
  AVERAGE SKY COVER 0.3


WEATHER CONDITIONS
 THE FOLLOWING WEATHER WAS RECORDED YESTERDAY.
  FOG


RELATIVE HUMIDITY (PERCENT)
 HIGHEST    97          1000 PM
 LOWEST     45           100 PM
 AVERAGE    71

..........................................................


THE JACKSON CLIMATE NORMALS FOR TODAY
                         NORMAL    RECORD    YEAR
 MAXIMUM TEMPERATURE (F)   89       102      1954
 MINIMUM TEMPERATURE (F)   65        50      1968
                                             1967


SUNRISE AND SUNSET
AUGUST 28 2015........SUNRISE   625 AM CDT   SUNSET   729 PM CDT
AUGUST 29 2015........SUNRISE   625 AM CDT   SUNSET   727 PM CDT


-  INDICATES NEGATIVE NUMBERS.
R  INDICATES RECORD WAS SET OR TIED.
MM INDICATES DATA IS MISSING.
T  INDICATES TRACE AMOUNT.




$$
