000
CDUS44 KMEG 012146
CLIMKL


CLIMATE REPORT
NATIONAL WEATHER SERVICE MEMPHIS TN
446 PM CDT WED OCT 1 2014


...................................

...THE JACKSON CLIMATE SUMMARY FOR OCTOBER 1 2014...
VALID TODAY AS OF 0400 PM LOCAL TIME.

CLIMATE NORMAL PERIOD 1981 TO 2010
CLIMATE RECORD PERIOD 1948 TO 2014


WEATHER ITEM   OBSERVED TIME   RECORD YEAR NORMAL DEPARTURE LAST
                VALUE   (LST)  VALUE       VALUE  FROM      YEAR
                                                  NORMAL
..................................................................
TEMPERATURE (F)
 TODAY
  MAXIMUM         87    215 PM  96    1953  78      9       82
  MINIMUM         57    605 AM  37    1984  53      4       65
  AVERAGE         72                        66      6       74

PRECIPITATION (IN)
  TODAY            0.00          2.16 1961   0.12  -0.12      T
  MONTH TO DATE    0.00                      0.12  -0.12      T
  SINCE SEP 1      4.83                      3.50   1.33     2.86
  SINCE JAN 1     48.49                     39.37   9.12    47.95

SNOWFALL (IN)
  TODAY            0.0

DEGREE DAYS
 HEATING
  TODAY            0                         3     -3        0
  MONTH TO DATE    0                         3     -3        0
  SINCE SEP 1     10                        29    -19        8
  SINCE JUL 1     10                        29    -19        8

 COOLING
  TODAY            7                         3      4        9
  MONTH TO DATE    7                         3      4        9
  SINCE SEP 1    222                       223     -1      246
  SINCE JAN 1   1539                      1646   -107     1530
..................................................................


WIND (MPH)
  HIGHEST WIND SPEED    13   HIGHEST WIND DIRECTION     S (200)
  HIGHEST GUST SPEED    17   HIGHEST GUST DIRECTION    SW (210)
  AVERAGE WIND SPEED     3.3


SKY COVER
  POSSIBLE SUNSHINE  MM
  AVERAGE SKY COVER 0.0


WEATHER CONDITIONS
 THE FOLLOWING WEATHER WAS RECORDED TODAY.
  FOG


RELATIVE HUMIDITY (PERCENT)
 HIGHEST    93           400 AM
 LOWEST     40           100 PM
 AVERAGE    67

..........................................................


THE JACKSON CLIMATE NORMALS FOR TOMORROW
                         NORMAL    RECORD    YEAR
 MAXIMUM TEMPERATURE (F)   78        91      1953
 MINIMUM TEMPERATURE (F)   52        34      2003
                                             1984


SUNRISE AND SUNSET
OCTOBER  1 2014.......SUNRISE   651 AM CDT   SUNSET   639 PM CDT
OCTOBER  2 2014.......SUNRISE   651 AM CDT   SUNSET   638 PM CDT


-  INDICATES NEGATIVE NUMBERS.
R  INDICATES RECORD WAS SET OR TIED.
MM INDICATES DATA IS MISSING.
T  INDICATES TRACE AMOUNT.




$$
