000
CDUS44 KMEG 240638
CLIMKL


CLIMATE REPORT
NATIONAL WEATHER SERVICE MEMPHIS TN
138 AM CDT THU APR 24 2014


...................................

...THE JACKSON CLIMATE SUMMARY FOR APRIL 23 2014...

CLIMATE NORMAL PERIOD 1981 TO 2010
CLIMATE RECORD PERIOD 1948 TO 2014


WEATHER ITEM   OBSERVED TIME   RECORD YEAR NORMAL DEPARTURE LAST
                VALUE   (LST)  VALUE       VALUE  FROM      YEAR
                                                  NORMAL
..................................................................
TEMPERATURE (F)
 YESTERDAY
  MAXIMUM         76    425 PM  90    1988  74      2       75
  MINIMUM         40    538 AM  32    1986  50    -10       51
  AVERAGE         58                        62     -4       63

PRECIPITATION (IN)
  YESTERDAY        0.00          2.10 1985   0.18  -0.18     0.00
  MONTH TO DATE    2.60                      3.67  -1.07     5.98
  SINCE MAR 1      8.44                      8.42   0.02     9.83
  SINCE JAN 1     16.60                     16.66  -0.06    21.77

SNOWFALL (IN)
  YESTERDAY        0.0          MM      MM   0.0    0.0      0.0
  MONTH TO DATE    T                         0.1   -0.1      0.0
  SINCE MAR 1      0.8                       0.5    0.3       T
  SINCE JUL 1      1.3                       4.7   -3.4      1.4
  SNOW DEPTH       0

DEGREE DAYS
 HEATING
  YESTERDAY        7                         5      2        2
  MONTH TO DATE  172                       170      2      186
  SINCE MAR 1    766                       614    152      820
  SINCE JUL 1   4062                      3498    564     3523

 COOLING
  YESTERDAY        0                         2     -2        0
  MONTH TO DATE   31                        32     -1       52
  SINCE MAR 1     31                        42    -11       52
  SINCE JAN 1     31                        43    -12       56
..................................................................


WIND (MPH)
  HIGHEST WIND SPEED    13   HIGHEST WIND DIRECTION     E (80)
  HIGHEST GUST SPEED    16   HIGHEST GUST DIRECTION    NE (60)
  AVERAGE WIND SPEED     3.6


SKY COVER
  POSSIBLE SUNSHINE  MM
  AVERAGE SKY COVER 0.0


WEATHER CONDITIONS
 THE FOLLOWING WEATHER WAS RECORDED YESTERDAY.
  NO SIGNIFICANT WEATHER WAS OBSERVED.


RELATIVE HUMIDITY (PERCENT)
 HIGHEST    93           600 AM
 LOWEST     21           300 PM
 AVERAGE    57

..........................................................


THE JACKSON CLIMATE NORMALS FOR TODAY
                         NORMAL    RECORD    YEAR
 MAXIMUM TEMPERATURE (F)   75        90      1965
 MINIMUM TEMPERATURE (F)   51        34      2013


SUNRISE AND SUNSET
APRIL 24 2014.........SUNRISE   612 AM CDT   SUNSET   736 PM CDT
APRIL 25 2014.........SUNRISE   611 AM CDT   SUNSET   737 PM CDT


-  INDICATES NEGATIVE NUMBERS.
R  INDICATES RECORD WAS SET OR TIED.
MM INDICATES DATA IS MISSING.
T  INDICATES TRACE AMOUNT.




$$
