000
CDUS44 KMEG 290732
CLIMKL


CLIMATE REPORT
NATIONAL WEATHER SERVICE MEMPHIS TN
131 AM CST MON DEC 29 2014


...................................

...THE JACKSON CLIMATE SUMMARY FOR DECEMBER 28 2014...

CLIMATE NORMAL PERIOD 1981 TO 2010
CLIMATE RECORD PERIOD 1948 TO 2014


WEATHER ITEM   OBSERVED TIME   RECORD YEAR NORMAL DEPARTURE LAST
                VALUE   (LST)  VALUE       VALUE  FROM      YEAR
                                                  NORMAL
..................................................................
TEMPERATURE (F)
 YESTERDAY
  MAXIMUM         48   1238 AM  74    1984  48      0       47
  MINIMUM         37   1135 PM  16    2010  29      8       25
                                      1977
  AVERAGE         43                        39      4       36

PRECIPITATION (IN)
  YESTERDAY        0.12          1.82 1954   0.15  -0.03     0.12
  MONTH TO DATE    3.07                      4.92  -1.85     4.67
  SINCE DEC 1      3.07                      4.92  -1.85     4.67
  SINCE JAN 1     58.25                     52.84   5.41    58.24

SNOWFALL (IN)
  YESTERDAY        0.0           T    1988   0.0    0.0      0.0
                                      1987
                                      1983
  MONTH TO DATE    T                         0.1   -0.1       T
  SINCE DEC 1      T                         0.1   -0.1       T
  SINCE JUL 1      0.1                       0.2   -0.1       T
  SNOW DEPTH       0

DEGREE DAYS
 HEATING
  YESTERDAY       22                        26     -4       29
  MONTH TO DATE  564                       672   -108      676
  SINCE DEC 1    564                       672   -108      676
  SINCE JUL 1   1356                      1339     17     1466

 COOLING
  YESTERDAY        0                         0      0        0
  MONTH TO DATE    0                         0      0        8
  SINCE DEC 1      0                         0      0        8
  SINCE JAN 1   1609                      1697    -88     1600
..................................................................


WIND (MPH)
  HIGHEST WIND SPEED    20   HIGHEST WIND DIRECTION     N (340)
  HIGHEST GUST SPEED    24   HIGHEST GUST DIRECTION     N (340)
  AVERAGE WIND SPEED     8.6


SKY COVER
  POSSIBLE SUNSHINE  MM
  AVERAGE SKY COVER 1.0


WEATHER CONDITIONS
 THE FOLLOWING WEATHER WAS RECORDED YESTERDAY.
  LIGHT RAIN
  LIGHT SNOW
  FOG
  FOG W/VISIBILITY <= 1/4 MILE


RELATIVE HUMIDITY (PERCENT)
 HIGHEST    93           300 AM
 LOWEST     85           800 AM
 AVERAGE    89

..........................................................


THE JACKSON CLIMATE NORMALS FOR TODAY
                         NORMAL    RECORD    YEAR
 MAXIMUM TEMPERATURE (F)   48        72      1984
 MINIMUM TEMPERATURE (F)   29         9      1983


SUNRISE AND SUNSET
DECEMBER 29 2014......SUNRISE   704 AM CST   SUNSET   451 PM CST
DECEMBER 30 2014......SUNRISE   705 AM CST   SUNSET   452 PM CST


-  INDICATES NEGATIVE NUMBERS.
R  INDICATES RECORD WAS SET OR TIED.
MM INDICATES DATA IS MISSING.
T  INDICATES TRACE AMOUNT.




$$
