000
CDUS44 KMEG 230739
CLIMKL


CLIMATE REPORT
NATIONAL WEATHER SERVICE MEMPHIS TN
139 AM CST SUN NOV 23 2014


...................................

...THE JACKSON CLIMATE SUMMARY FOR NOVEMBER 22 2014...

CLIMATE NORMAL PERIOD 1981 TO 2010
CLIMATE RECORD PERIOD 1948 TO 2014


WEATHER ITEM   OBSERVED TIME   RECORD YEAR NORMAL DEPARTURE LAST
                VALUE   (LST)  VALUE       VALUE  FROM      YEAR
                                                  NORMAL
..................................................................
TEMPERATURE (F)
 YESTERDAY
  MAXIMUM         68   1254 PM  75    2010  59      9       60
                                      2003
  MINIMUM         52    418 AM  14    1964  37     15       44
  AVERAGE         60                        48     12       52

PRECIPITATION (IN)
  YESTERDAY        0.00          2.44 1979   0.18  -0.18     0.26
  MONTH TO DATE    1.78                      3.44  -1.66     1.64
  SINCE SEP 1     11.12                     10.59   0.53     8.29
  SINCE JAN 1     54.78                     46.46   8.32    53.38

SNOWFALL (IN)
  YESTERDAY        0.0           0.0  2002   0.0    0.0      0.0
                                      2001
  MONTH TO DATE    0.1                       0.1    0.0      0.0
  SINCE SEP 1      0.1                       0.1    0.0      0.0
  SINCE JUL 1      0.1                       0.1    0.0      0.0
  SNOW DEPTH       0

DEGREE DAYS
 HEATING
  YESTERDAY        5                        17    -12       13
  MONTH TO DATE  478                       299    179      337
  SINCE SEP 1    647                       513    134      542
  SINCE JUL 1    647                       513    134      542

 COOLING
  YESTERDAY        0                         0      0        0
  MONTH TO DATE    0                         2     -2        0
  SINCE SEP 1    291                       270     21      308
  SINCE JAN 1   1608                      1693    -85     1592
..................................................................


WIND (MPH)
  HIGHEST WIND SPEED    20   HIGHEST WIND DIRECTION     S (190)
  HIGHEST GUST SPEED    26   HIGHEST GUST DIRECTION     S (170)
  AVERAGE WIND SPEED     7.5


SKY COVER
  POSSIBLE SUNSHINE  MM
  AVERAGE SKY COVER 0.5


WEATHER CONDITIONS
 THE FOLLOWING WEATHER WAS RECORDED YESTERDAY.
  NO SIGNIFICANT WEATHER WAS OBSERVED.


RELATIVE HUMIDITY (PERCENT)
 HIGHEST    63           400 AM
 LOWEST     32          1200 PM
 AVERAGE    48

..........................................................


THE JACKSON CLIMATE NORMALS FOR TODAY
                         NORMAL    RECORD    YEAR
 MAXIMUM TEMPERATURE (F)   58        74      1973
 MINIMUM TEMPERATURE (F)   36        16      1964


SUNRISE AND SUNSET
NOVEMBER 23 2014......SUNRISE   639 AM CST   SUNSET   445 PM CST
NOVEMBER 24 2014......SUNRISE   640 AM CST   SUNSET   444 PM CST


-  INDICATES NEGATIVE NUMBERS.
R  INDICATES RECORD WAS SET OR TIED.
MM INDICATES DATA IS MISSING.
T  INDICATES TRACE AMOUNT.




$$
