000
CDUS44 KMEG 302217
CLIMKL


CLIMATE REPORT
NATIONAL WEATHER SERVICE MEMPHIS TN
517 PM CDT SAT MAY 30 2015


...................................

...THE JACKSON CLIMATE SUMMARY FOR MAY 30 2015...
VALID TODAY AS OF 0500 PM LOCAL TIME.

CLIMATE NORMAL PERIOD 1981 TO 2010
CLIMATE RECORD PERIOD 1948 TO 2015


WEATHER ITEM   OBSERVED TIME   RECORD YEAR NORMAL DEPARTURE LAST
                VALUE   (LST)  VALUE       VALUE  FROM      YEAR
                                                  NORMAL
..................................................................
TEMPERATURE (F)
 TODAY
  MAXIMUM         84   1112 AM  97    1977  83      1       84
  MINIMUM         70    259 PM  43    1984  61      9       68
  AVERAGE         77                        72      5       76

PRECIPITATION (IN)
  TODAY            1.20          2.28 2004   0.19   1.01     0.03
  MONTH TO DATE    5.12                      5.51  -0.39     3.80
  SINCE MAR 1     15.12                     15.12   0.00    13.83
  SINCE JAN 1     21.01                     23.36  -2.35    21.99

SNOWFALL (IN)
  TODAY            0.0

DEGREE DAYS
 HEATING
  TODAY            0                         0      0        0
  MONTH TO DATE   39                        46     -7       59
  SINCE MAR 1    664                       688    -24      851
  SINCE JUL 1   3837                      3572    265     4147

 COOLING
  TODAY           12                         8      4       11
  MONTH TO DATE  167                       149     18      201
  SINCE MAR 1    228                       207     21      238
  SINCE JAN 1    228                       208     20      238
..................................................................


WIND (MPH)
  HIGHEST WIND SPEED    23   HIGHEST WIND DIRECTION     S (180)
  HIGHEST GUST SPEED    35   HIGHEST GUST DIRECTION     S (170)
  AVERAGE WIND SPEED     9.9


SKY COVER
  POSSIBLE SUNSHINE  MM
  AVERAGE SKY COVER 0.4


WEATHER CONDITIONS
 THE FOLLOWING WEATHER WAS RECORDED TODAY.
  THUNDERSTORM
  HEAVY RAIN
  LIGHT RAIN
  FOG


RELATIVE HUMIDITY (PERCENT)
 HIGHEST    84           300 AM
 LOWEST     63          1100 AM
 AVERAGE    74

..........................................................


THE JACKSON CLIMATE NORMALS FOR TOMORROW
                         NORMAL    RECORD    YEAR
 MAXIMUM TEMPERATURE (F)   84        95      1988
                                             1953
                                             1951
 MINIMUM TEMPERATURE (F)   61        45      1984


SUNRISE AND SUNSET
MAY 30 2015...........SUNRISE   542 AM CDT   SUNSET   805 PM CDT
MAY 31 2015...........SUNRISE   542 AM CDT   SUNSET   805 PM CDT


-  INDICATES NEGATIVE NUMBERS.
R  INDICATES RECORD WAS SET OR TIED.
MM INDICATES DATA IS MISSING.
T  INDICATES TRACE AMOUNT.




$$
