000
CDUS44 KMEG 292147
CLIMKL


CLIMATE REPORT
NATIONAL WEATHER SERVICE MEMPHIS TN
446 PM CDT SAT APR 29 2017


...................................

...THE JACKSON CLIMATE SUMMARY FOR APRIL 29 2017...
VALID TODAY AS OF 0400 PM LOCAL TIME.

CLIMATE NORMAL PERIOD 1981 TO 2010
CLIMATE RECORD PERIOD 1948 TO 2017


WEATHER ITEM   OBSERVED TIME   RECORD YEAR NORMAL DEPARTURE LAST
                VALUE   (LST)  VALUE       VALUE  FROM      YEAR
                                                  NORMAL
..................................................................
TEMPERATURE (F)
 TODAY
  MAXIMUM         87    231 PM  88    1957  76     11       68
  MINIMUM         75    648 AM  36    2008  52     23       53
  AVERAGE         81                        64     17       61

PRECIPITATION (IN)
  TODAY            0.00          1.94 1953   0.17  -0.17     0.56
  MONTH TO DATE    5.58                      4.69   0.89     2.65
  SINCE MAR 1     13.25                      9.44   3.81    15.30
  SINCE JAN 1     18.08                     17.68   0.40    20.92

DEGREE DAYS
 HEATING
  TODAY            0                         3     -3        4
  MONTH TO DATE   79                       194   -115      134
  SINCE MAR 1    438                       638   -200      447
  SINCE JUL 1   2478                      3522  -1044     2815

 COOLING
  TODAY           16                         2     14        0
  MONTH TO DATE   87                        44     43       35
  SINCE MAR 1    100                        54     46       41
  SINCE JAN 1    102                        55     47       41
..................................................................


WIND (MPH)
  HIGHEST WIND SPEED    21   HIGHEST WIND DIRECTION     S (190)
  HIGHEST GUST SPEED    31   HIGHEST GUST DIRECTION     S (170)
  AVERAGE WIND SPEED    11.7


SKY COVER
  POSSIBLE SUNSHINE  MM
  AVERAGE SKY COVER 0.6


WEATHER CONDITIONS
 THE FOLLOWING WEATHER WAS RECORDED TODAY.
  NO SIGNIFICANT WEATHER WAS OBSERVED.


RELATIVE HUMIDITY (PERCENT)
 HIGHEST    82           200 AM
 LOWEST     57           300 PM
 AVERAGE    70

..........................................................


THE JACKSON CLIMATE NORMALS FOR TOMORROW
                         NORMAL    RECORD    YEAR
 MAXIMUM TEMPERATURE (F)   76        92      1987
 MINIMUM TEMPERATURE (F)   53        40      2005
                                             1996
                                             1969


SUNRISE AND SUNSET
APRIL 29 2017.........SUNRISE   606 AM CDT   SUNSET   741 PM CDT
APRIL 30 2017.........SUNRISE   605 AM CDT   SUNSET   742 PM CDT


-  INDICATES NEGATIVE NUMBERS.
R  INDICATES RECORD WAS SET OR TIED.
MM INDICATES DATA IS MISSING.
T  INDICATES TRACE AMOUNT.




$$
