000
CDUS44 KMEG 272147
CLIMKL


CLIMATE REPORT
NATIONAL WEATHER SERVICE MEMPHIS TN
446 PM CDT TUE JUN 27 2017


...................................

...THE JACKSON CLIMATE SUMMARY FOR JUNE 27 2017...
VALID TODAY AS OF 0400 PM LOCAL TIME.

CLIMATE NORMAL PERIOD 1981 TO 2010
CLIMATE RECORD PERIOD 1948 TO 2017


WEATHER ITEM   OBSERVED TIME   RECORD YEAR NORMAL DEPARTURE LAST
                VALUE   (LST)  VALUE       VALUE  FROM      YEAR
                                                  NORMAL
..................................................................
TEMPERATURE (F)
 TODAY
  MAXIMUM         83    333 PM 105    1954  90     -7       91
  MINIMUM         63    539 AM  53    2012  68     -5       72
                                      1958
  AVERAGE         73                        79     -6       82

PRECIPITATION (IN)
  TODAY            0.14          2.39 1960   0.13   0.01     0.04
  MONTH TO DATE    1.84                      4.40  -2.56     2.28
  SINCE JUN 1      1.84                      4.40  -2.56     2.28
  SINCE JAN 1     24.49                     27.94  -3.45    27.52

DEGREE DAYS
 HEATING
  TODAY            0                         0      0        0
  MONTH TO DATE    0                         0      0        0
  SINCE JUN 1      0                         0      0        0
  SINCE JUL 1   2520                      3572  -1052     2879

 COOLING
  TODAY            8                        14     -6       17
  MONTH TO DATE  304                       298      6      388
  SINCE JUN 1    304                       298      6      388
  SINCE JAN 1    572                       513     59      572
..................................................................


WIND (MPH)
  HIGHEST WIND SPEED    16   HIGHEST WIND DIRECTION     N (360)
  HIGHEST GUST SPEED    20   HIGHEST GUST DIRECTION     N (340)
  AVERAGE WIND SPEED     4.1


SKY COVER
  POSSIBLE SUNSHINE  MM
  AVERAGE SKY COVER 0.5


WEATHER CONDITIONS
 THE FOLLOWING WEATHER WAS RECORDED TODAY.
  LIGHT RAIN
  FOG


RELATIVE HUMIDITY (PERCENT)
 HIGHEST    93           200 AM
 LOWEST     47           300 PM
 AVERAGE    70

..........................................................


THE JACKSON CLIMATE NORMALS FOR TOMORROW
                         NORMAL    RECORD    YEAR
 MAXIMUM TEMPERATURE (F)   90       105      1952
 MINIMUM TEMPERATURE (F)   68        55      2003
                                             1970


SUNRISE AND SUNSET
JUNE 27 2017..........SUNRISE   542 AM CDT   SUNSET   815 PM CDT
JUNE 28 2017..........SUNRISE   543 AM CDT   SUNSET   815 PM CDT


-  INDICATES NEGATIVE NUMBERS.
R  INDICATES RECORD WAS SET OR TIED.
MM INDICATES DATA IS MISSING.
T  INDICATES TRACE AMOUNT.




$$
