000
CDUS44 KMEG 250622
CLIMKL


CLIMATE REPORT
NATIONAL WEATHER SERVICE MEMPHIS TN
122 AM CDT SUN SEP 25 2016


...................................

...THE JACKSON CLIMATE SUMMARY FOR SEPTEMBER 24 2016...

CLIMATE NORMAL PERIOD 1981 TO 2010
CLIMATE RECORD PERIOD 1948 TO 2016


WEATHER ITEM   OBSERVED TIME   RECORD YEAR NORMAL DEPARTURE LAST
                VALUE   (LST)  VALUE       VALUE  FROM      YEAR
                                                  NORMAL
..................................................................
TEMPERATURE (F)
 YESTERDAY
  MAXIMUM         94        MM  95    2010  81     13       88
  MINIMUM         66        MM  38    1990  56     10       55
                                      1983
  AVERAGE         80                        68     12       72

PRECIPITATION (IN)
  YESTERDAY        0.00          2.62 1977   0.12  -0.12     0.00
  MONTH TO DATE    1.53                      2.59  -1.06     1.38
  SINCE SEP 1      1.53                      2.59  -1.06     1.38
  SINCE JAN 1     35.40                     38.46  -3.06    32.84

SNOWFALL (IN)
  YESTERDAY        0.0           0.0  2002   0.0    0.0      0.0
                                      2001
  MONTH TO DATE    0.0                       0.0    0.0      0.0
  SINCE SEP 1      0.0                       0.0    0.0      0.0
  SINCE JUL 1      0.0                       0.0    0.0      0.0
  SNOW DEPTH       0

DEGREE DAYS
 HEATING
  YESTERDAY        0                         2     -2        0
  MONTH TO DATE    0                        11    -11        9
  SINCE SEP 1      0                        11    -11        9
  SINCE JUL 1      0                        11    -11        9

 COOLING
  YESTERDAY       15                         5     10        7
  MONTH TO DATE  302                       195    107      194
  SINCE SEP 1    302                       195    107      194
  SINCE JAN 1   1931                      1618    313     1756
..................................................................


WIND (MPH)
  HIGHEST WIND SPEED     7   HIGHEST WIND DIRECTION    NE (40)
  HIGHEST GUST SPEED    MM   HIGHEST GUST DIRECTION    MM
  AVERAGE WIND SPEED     3.4


SKY COVER
  POSSIBLE SUNSHINE  MM
  AVERAGE SKY COVER 0.1


WEATHER CONDITIONS
 THE FOLLOWING WEATHER WAS RECORDED YESTERDAY.
  HAZE


RELATIVE HUMIDITY (PERCENT)
 HIGHEST    MM
 LOWEST     MM
 AVERAGE    MM

..........................................................


THE JACKSON CLIMATE NORMALS FOR TODAY
                         NORMAL    RECORD    YEAR
 MAXIMUM TEMPERATURE (F)   81        92      1986
 MINIMUM TEMPERATURE (F)   55        38      1965


SUNRISE AND SUNSET
SEPTEMBER 25 2016.....SUNRISE   646 AM CDT   SUNSET   647 PM CDT
SEPTEMBER 26 2016.....SUNRISE   647 AM CDT   SUNSET   646 PM CDT


-  INDICATES NEGATIVE NUMBERS.
R  INDICATES RECORD WAS SET OR TIED.
MM INDICATES DATA IS MISSING.
T  INDICATES TRACE AMOUNT.




$$
