000
CDUS44 KMEG 300652
CLIMKL


CLIMATE REPORT
NATIONAL WEATHER SERVICE MEMPHIS TN
150 AM CDT TUE JUN 30 2015


...................................

...THE JACKSON CLIMATE SUMMARY FOR JUNE 29 2015...

CLIMATE NORMAL PERIOD 1981 TO 2010
CLIMATE RECORD PERIOD 1948 TO 2015


WEATHER ITEM   OBSERVED TIME   RECORD YEAR NORMAL DEPARTURE LAST
                VALUE   (LST)  VALUE       VALUE  FROM      YEAR
                                                  NORMAL
..................................................................
TEMPERATURE (F)
 YESTERDAY
  MAXIMUM         89    236 PM 103    2012  90     -1       80
                                      1952
  MINIMUM         70    723 AM  59    1974  68      2       69
                                      1958
  AVERAGE         80                        79      1       75

PRECIPITATION (IN)
  YESTERDAY        0.27          2.87 1980   0.15   0.12     1.68
  MONTH TO DATE    2.76                      4.70  -1.94    12.57
  SINCE JUN 1      2.76                      4.70  -1.94    12.57
  SINCE JAN 1     24.54                     28.24  -3.70    34.58

SNOWFALL (IN)
  YESTERDAY        0.0          MM      MM   0.0    0.0      0.0
  MONTH TO DATE    0.0                       0.0    0.0      0.0
  SINCE JUN 1      0.0                       0.0    0.0      0.0
  SINCE JUL 1      5.9                       4.6    1.3      1.3
  SNOW DEPTH       0

DEGREE DAYS
 HEATING
  YESTERDAY        0                         0      0        0
  MONTH TO DATE    0                         0      0        0
  SINCE JUN 1      0                         0      0        0
  SINCE JUL 1   3837                      3572    265     4147

 COOLING
  YESTERDAY       15                        14      1       10
  MONTH TO DATE  407                       326     81      345
  SINCE JUN 1    407                       326     81      345
  SINCE JAN 1    638                       541     97      595
..................................................................


WIND (MPH)
  HIGHEST WIND SPEED    20   HIGHEST WIND DIRECTION    SW (240)
  HIGHEST GUST SPEED    27   HIGHEST GUST DIRECTION     W (250)
  AVERAGE WIND SPEED    10.5


SKY COVER
  POSSIBLE SUNSHINE  MM
  AVERAGE SKY COVER 0.5


WEATHER CONDITIONS
 THE FOLLOWING WEATHER WAS RECORDED YESTERDAY.
  RAIN
  LIGHT RAIN
  FOG


RELATIVE HUMIDITY (PERCENT)
 HIGHEST    90           300 AM
 LOWEST     55           200 PM
 AVERAGE    73

..........................................................


THE JACKSON CLIMATE NORMALS FOR TODAY
                         NORMAL    RECORD    YEAR
 MAXIMUM TEMPERATURE (F)   90       102      2012
                                             1952
 MINIMUM TEMPERATURE (F)   68        56      1950


SUNRISE AND SUNSET
JUNE 30 2015..........SUNRISE   543 AM CDT   SUNSET   815 PM CDT
JULY  1 2015..........SUNRISE   544 AM CDT   SUNSET   815 PM CDT


-  INDICATES NEGATIVE NUMBERS.
R  INDICATES RECORD WAS SET OR TIED.
MM INDICATES DATA IS MISSING.
T  INDICATES TRACE AMOUNT.




$$
