000
CDUS42 KMLB 010641
CLIMLB


CLIMATE REPORT
NATIONAL WEATHER SERVICE MELBOURNE FL
141 AM EST SUN MAR 1 2015


...................................

...THE MELBOURNE CLIMATE SUMMARY FOR FEBRUARY 28 2015...

CLIMATE NORMAL PERIOD 1981 TO 2010
CLIMATE RECORD PERIOD 1939 TO 2015


WEATHER ITEM   OBSERVED TIME   RECORD YEAR NORMAL DEPARTURE LAST
                VALUE   (LST)  VALUE       VALUE  FROM      YEAR
                                                  NORMAL
..................................................................
TEMPERATURE (F)
 YESTERDAY
  MAXIMUM         69   1159 PM  88    1961  75     -6       72
  MINIMUM         64   1209 AM  32    1965  53     11       50
  AVERAGE         67                        64      3       61

PRECIPITATION (IN)
  YESTERDAY        0.20          1.42 1946   0.10   0.10     0.00
  MONTH TO DATE    3.63                      2.53   1.10     1.28
  SINCE DEC 1      7.73                      7.37   0.36     9.21
  SINCE JAN 1      6.11                      4.80   1.31     7.06

SNOWFALL (IN)
  YESTERDAY        0.0
  MONTH TO DATE    0.0
  SINCE JUL 1      0.0

DEGREE DAYS
 HEATING
  YESTERDAY        0                         3     -3        4
  MONTH TO DATE  142                       120     22       60
  SINCE DEC 1    345                       447   -102      292
  SINCE JUL 1    410                       489    -79      306

 COOLING
  YESTERDAY        2                         2      0        0
  MONTH TO DATE   31                        54    -23      111
  SINCE DEC 1    229                       174     55      319
  SINCE JAN 1     98                        98      0      168
..................................................................


WIND (MPH)
  HIGHEST WIND SPEED    23   HIGHEST WIND DIRECTION     E (70)
  HIGHEST GUST SPEED    28   HIGHEST GUST DIRECTION     E (70)
  AVERAGE WIND SPEED    14.1


SKY COVER
  AVERAGE SKY COVER 1.0


WEATHER CONDITIONS
 THE FOLLOWING WEATHER WAS RECORDED YESTERDAY.
  LIGHT RAIN
  FOG


RELATIVE HUMIDITY (PERCENT)
 HIGHEST    93          1200 AM
 LOWEST     84          1100 AM
 AVERAGE    89

..........................................................


THE MELBOURNE CLIMATE NORMALS FOR TODAY
                         NORMAL    RECORD    YEAR
 MAXIMUM TEMPERATURE (F)   75        87      2012
 MINIMUM TEMPERATURE (F)   53        34      1941


SUNRISE AND SUNSET
MARCH  1 2015.........SUNRISE   647 AM EST   SUNSET   623 PM EST
MARCH  2 2015.........SUNRISE   646 AM EST   SUNSET   623 PM EST


-  INDICATES NEGATIVE NUMBERS.
R  INDICATES RECORD WAS SET OR TIED.
MM INDICATES DATA IS MISSING.
T  INDICATES TRACE AMOUNT.




$$
