000
CDUS42 KMLB 250639
CLIMLB


CLIMATE REPORT
NATIONAL WEATHER SERVICE MELBOURNE FL
229 AM EDT SAT OCT 25 2014


...................................

...THE MELBOURNE CLIMATE SUMMARY FOR OCTOBER 24 2014...

CLIMATE NORMAL PERIOD 1981 TO 2010
CLIMATE RECORD PERIOD 1939 TO 2014


WEATHER ITEM   OBSERVED TIME   RECORD YEAR NORMAL DEPARTURE LAST
                VALUE   (LST)  VALUE       VALUE  FROM      YEAR
                                                  NORMAL
..................................................................
TEMPERATURE (F)
 YESTERDAY
  MAXIMUM         82   1244 PM  89    2007  83     -1       77
                                      1971
                                      1959
  MINIMUM         62    647 AM  41    1937  66     -4       62
  AVERAGE         72                        74     -2       70

PRECIPITATION (IN)
  YESTERDAY        0.00          4.23 2005   0.13  -0.13     0.00
  MONTH TO DATE    1.78                      4.22  -2.44     0.26
  SINCE SEP 1     14.31                     11.86   2.45     4.80
  SINCE JAN 1     52.14                     45.71   6.43    35.99

SNOWFALL (IN)
  YESTERDAY        0.0
  MONTH TO DATE    0.0
  SINCE JUL 1      0.0

DEGREE DAYS
 HEATING
  YESTERDAY        0                         0      0        0
  MONTH TO DATE    0                         0      0        0
  SINCE SEP 1      0                         0      0        0
  SINCE JUL 1      0                         0      0        0

 COOLING
  YESTERDAY        7                         9     -2        5
  MONTH TO DATE  306                       285     21      323
  SINCE SEP 1    785                       751     34      820
  SINCE JAN 1   3272                      2977    295     3269
..................................................................


WIND (MPH)
  HIGHEST WIND SPEED    17   HIGHEST WIND DIRECTION     N (20)
  HIGHEST GUST SPEED    22   HIGHEST GUST DIRECTION    NE (50)
  AVERAGE WIND SPEED    10.8


SKY COVER
  AVERAGE SKY COVER 0.5


WEATHER CONDITIONS
 THE FOLLOWING WEATHER WAS RECORDED YESTERDAY.
  NO SIGNIFICANT WEATHER WAS OBSERVED.


RELATIVE HUMIDITY (PERCENT)
 HIGHEST    84           600 AM
 LOWEST     45          1000 AM
 AVERAGE    65

..........................................................


THE MELBOURNE CLIMATE NORMALS FOR TODAY
                         NORMAL    RECORD    YEAR
 MAXIMUM TEMPERATURE (F)   82        89      1997
                                             1970
 MINIMUM TEMPERATURE (F)   65        43      1937


SUNRISE AND SUNSET
OCTOBER 25 2014.......SUNRISE   729 AM EDT   SUNSET   644 PM EDT
OCTOBER 26 2014.......SUNRISE   730 AM EDT   SUNSET   643 PM EDT


-  INDICATES NEGATIVE NUMBERS.
R  INDICATES RECORD WAS SET OR TIED.
MM INDICATES DATA IS MISSING.
T  INDICATES TRACE AMOUNT.




$$
