326
CDUS42 KMLB 272018
CLIMLB


CLIMATE REPORT
NATIONAL WEATHER SERVICE MELBOURNE FL
416 PM EDT FRI MAY 27 2016


...................................

...THE MELBOURNE CLIMATE SUMMARY FOR MAY 27 2016...
VALID TODAY AS OF 0400 PM LOCAL TIME.

CLIMATE NORMAL PERIOD 1981 TO 2010
CLIMATE RECORD PERIOD 1939 TO 2016


WEATHER ITEM   OBSERVED TIME   RECORD YEAR NORMAL DEPARTURE LAST
                VALUE   (LST)  VALUE       VALUE  FROM      YEAR
                                                  NORMAL
..................................................................
TEMPERATURE (F)
 TODAY
  MAXIMUM         84   1224 PM  95    1962  87     -3       86
                                      1953
  MINIMUM         71    146 PM  55    1979  70      1       76
  AVERAGE         78                        78      0       81

PRECIPITATION (IN)
  TODAY            0.23          2.25 1954   0.15   0.08     0.00
  MONTH TO DATE    7.22                      2.66   4.56     1.38
  SINCE MAR 1     11.64                      8.07   3.57     5.55
  SINCE JAN 1     21.50                     12.87   8.63    11.66

SNOWFALL (IN)
  TODAY            0.0
  MONTH TO DATE    0.0
  SINCE JUL 1      0.0

DEGREE DAYS
 HEATING
  TODAY            0                         0      0        0
  MONTH TO DATE    0                         0      0        0
  SINCE MAR 1     20                        87    -67       14
  SINCE JUL 1    341                       576   -235      424

 COOLING
  TODAY           13                        13      0       16
  MONTH TO DATE  316                       296     20      346
  SINCE MAR 1    786                       573    213      957
  SINCE JAN 1    876                       671    205     1055
..................................................................


WIND (MPH)
  HIGHEST WIND SPEED    20   HIGHEST WIND DIRECTION     E (70)
  HIGHEST GUST SPEED    23   HIGHEST GUST DIRECTION     E (70)
  AVERAGE WIND SPEED    10.4


SKY COVER
  AVERAGE SKY COVER 0.5


WEATHER CONDITIONS
 THE FOLLOWING WEATHER WAS RECORDED TODAY.
  HEAVY RAIN
  LIGHT RAIN
  FOG


RELATIVE HUMIDITY (PERCENT)
 HIGHEST    93           200 PM
 LOWEST     58           800 AM
 AVERAGE    76

..........................................................


THE MELBOURNE CLIMATE NORMALS FOR TOMORROW
                         NORMAL    RECORD    YEAR
 MAXIMUM TEMPERATURE (F)   87        97      2000
 MINIMUM TEMPERATURE (F)   70        60      1982
                                             1980


SUNRISE AND SUNSET
MAY 27 2016...........SUNRISE   627 AM EDT   SUNSET   813 PM EDT
MAY 28 2016...........SUNRISE   627 AM EDT   SUNSET   813 PM EDT


-  INDICATES NEGATIVE NUMBERS.
R  INDICATES RECORD WAS SET OR TIED.
MM INDICATES DATA IS MISSING.
T  INDICATES TRACE AMOUNT.




$$
