000
CDUS43 KDVN 230906
CLIMLI


CLIMATE REPORT
NATIONAL WEATHER SERVICE QUAD CITIES IA IL
405 AM CDT WED AUG 23 2017


...................................

...THE MOLINE IL CLIMATE SUMMARY FOR AUGUST 22 2017...

CLIMATE NORMAL PERIOD 1981 TO 2010
CLIMATE RECORD PERIOD 1872 TO 2017


WEATHER ITEM   OBSERVED TIME   RECORD YEAR NORMAL DEPARTURE LAST
                VALUE   (LST)  VALUE       VALUE  FROM      YEAR
                                                  NORMAL
..................................................................
TEMPERATURE (F)
 YESTERDAY
  MAXIMUM         80    304 PM 101    1936  83     -3       80
  MINIMUM         57   1154 PM  47    1923  63     -6       53
  AVERAGE         69                        73     -4       67

PRECIPITATION (IN)
  YESTERDAY        0.09          1.77 1988   0.14  -0.05     0.00
  MONTH TO DATE    0.53                      3.25  -2.72     5.07
  SINCE JUN 1     11.62                     12.03  -0.41    16.42
  SINCE JAN 1     25.97                     25.89   0.08    26.42

SNOWFALL (IN)
  YESTERDAY        0.0          MM      MM   0.0    0.0      0.0
  MONTH TO DATE    0.0                       0.0    0.0      0.0
  SINCE JUN 1      0.0                       0.0    0.0      0.0
  SINCE JUL 1      0.0                       0.0    0.0      0.0
  SNOW DEPTH       0

DEGREE DAYS
 HEATING
  YESTERDAY        0                         0      0        0
  MONTH TO DATE    1                         0      1        0
  SINCE JUN 1     10                        21    -11        2
  SINCE JUL 1      1                         2     -1        1

 COOLING
  YESTERDAY        4                         8     -4        2
  MONTH TO DATE  127                       203    -76      232
  SINCE JUN 1    724                       741    -17      878
  SINCE JAN 1    785                       817    -32      980
..................................................................


WIND (MPH)
  HIGHEST WIND SPEED    22   HIGHEST WIND DIRECTION    NW (300)
  HIGHEST GUST SPEED    29   HIGHEST GUST DIRECTION    NW (300)
  AVERAGE WIND SPEED    10.9


SKY COVER
  POSSIBLE SUNSHINE  MM
  AVERAGE SKY COVER 0.3


WEATHER CONDITIONS
 THE FOLLOWING WEATHER WAS RECORDED YESTERDAY.
  RAIN
  LIGHT RAIN


RELATIVE HUMIDITY (PERCENT)
 HIGHEST    90           100 AM
 LOWEST     41           500 PM
 AVERAGE    66

..........................................................


THE MOLINE IL CLIMATE NORMALS FOR TODAY
                         NORMAL    RECORD    YEAR
 MAXIMUM TEMPERATURE (F)   83        99      1947
 MINIMUM TEMPERATURE (F)   63        48      1891
                                             1875


SUNRISE AND SUNSET
AUGUST 23 2017........SUNRISE   619 AM CDT   SUNSET   749 PM CDT
AUGUST 24 2017........SUNRISE   620 AM CDT   SUNSET   747 PM CDT


-  INDICATES NEGATIVE NUMBERS.
R  INDICATES RECORD WAS SET OR TIED.
MM INDICATES DATA IS MISSING.
T  INDICATES TRACE AMOUNT.




$$
