408
CDUS43 KDVN 260911
CLIMLI


CLIMATE REPORT
NATIONAL WEATHER SERVICE QUAD CITIES IA IL
409 AM CDT SUN MAR 26 2017


...................................

...THE MOLINE IL CLIMATE SUMMARY FOR MARCH 25 2017...

CLIMATE NORMAL PERIOD 1981 TO 2010
CLIMATE RECORD PERIOD 1872 TO 2017


WEATHER ITEM   OBSERVED TIME   RECORD YEAR NORMAL DEPARTURE LAST
                VALUE   (LST)  VALUE       VALUE  FROM      YEAR
                                                  NORMAL
..................................................................
TEMPERATURE (F)
 YESTERDAY
  MAXIMUM         55    409 PM  81    1907  53      2       51
  MINIMUM         42    835 AM   1    1960  33      9       24
  AVERAGE         49                        43      6       38

PRECIPITATION (IN)
  YESTERDAY        0.52          1.92 1945   0.09   0.43     0.00
  MONTH TO DATE    1.76                      2.27  -0.51     2.38
  SINCE MAR 1      1.76                      2.27  -0.51     2.38
  SINCE JAN 1      4.17                      5.36  -1.19     3.71

SNOWFALL (IN)
  YESTERDAY        0.0          MM      MM   0.1   -0.1      0.0
  MONTH TO DATE    5.9                       3.5    2.4      2.9
  SINCE MAR 1      5.9                       3.5    2.4      2.9
  SINCE JUL 1     22.4                      30.2   -7.8     24.1
  SNOW DEPTH       0

DEGREE DAYS
 HEATING
  YESTERDAY       16                        22     -6       27
  MONTH TO DATE  630                       681    -51      503
  SINCE MAR 1    630                       681    -51      503
  SINCE JUL 1   4433                      5479  -1046     4492

 COOLING
  YESTERDAY        0                         0      0        0
  MONTH TO DATE    0                         0      0        3
  SINCE MAR 1      0                         0      0        3
  SINCE JAN 1      0                         0      0        3
..................................................................


WIND (MPH)
  HIGHEST WIND SPEED    22   HIGHEST WIND DIRECTION    NE (60)
  HIGHEST GUST SPEED    31   HIGHEST GUST DIRECTION    NE (60)
  AVERAGE WIND SPEED    13.8


SKY COVER
  POSSIBLE SUNSHINE  MM
  AVERAGE SKY COVER 1.0


WEATHER CONDITIONS
 THE FOLLOWING WEATHER WAS RECORDED YESTERDAY.
  HEAVY RAIN
  RAIN
  LIGHT RAIN
  FOG


RELATIVE HUMIDITY (PERCENT)
 HIGHEST    93           100 AM
 LOWEST     83           300 AM
 AVERAGE    88

..........................................................


THE MOLINE IL CLIMATE NORMALS FOR TODAY
                         NORMAL    RECORD    YEAR
 MAXIMUM TEMPERATURE (F)   54        84      1991
 MINIMUM TEMPERATURE (F)   33         9      1955


SUNRISE AND SUNSET
MARCH 26 2017.........SUNRISE   655 AM CDT   SUNSET   721 PM CDT
MARCH 27 2017.........SUNRISE   653 AM CDT   SUNSET   722 PM CDT


-  INDICATES NEGATIVE NUMBERS.
R  INDICATES RECORD WAS SET OR TIED.
MM INDICATES DATA IS MISSING.
T  INDICATES TRACE AMOUNT.




$$
