000
CDUS43 KDVN 202124
CLIMLI


CLIMATE REPORT
NATIONAL WEATHER SERVICE QUAD CITIES IA IL
422 PM CDT MON OCT 20 2014


...................................

...THE MOLINE IL CLIMATE SUMMARY FOR OCTOBER 20 2014...
VALID TODAY AS OF 0400 PM LOCAL TIME.

CLIMATE NORMAL PERIOD 1981 TO 2010
CLIMATE RECORD PERIOD 1872 TO 2014


WEATHER ITEM   OBSERVED TIME   RECORD YEAR NORMAL DEPARTURE LAST
                VALUE   (LST)  VALUE       VALUE  FROM      YEAR
                                                  NORMAL
..................................................................
TEMPERATURE (F)
 TODAY
  MAXIMUM         68    255 PM  86    1947  63      5       63
  MINIMUM         47    308 AM  22    1952  41      6       37
  AVERAGE         58                        52      6       50

PRECIPITATION (IN)
  TODAY            0.00          1.28 1934   0.10  -0.10      T
  MONTH TO DATE    2.80                      1.89   0.91     0.94
  SINCE SEP 1      8.43                      4.98   3.45     1.90
  SINCE JAN 1     37.00                     32.14   4.86    34.51

SNOWFALL (IN)
  TODAY            0.0          MM      MM   0.0    0.0      0.0
  MONTH TO DATE    T                         0.0    0.0      0.0
  SINCE SEP 1      T                         0.0    0.0      0.0
  SINCE JUL 1      T                         0.0    0.0      0.0
  SNOW DEPTH       0

DEGREE DAYS
 HEATING
  TODAY            7                        13     -6       15
  MONTH TO DATE  238                       208     30      173
  SINCE SEP 1    357                       304     53      240
  SINCE JUL 1    362                       312     50      251

 COOLING
  TODAY            0                         0      0        0
  MONTH TO DATE    0                        11    -11       27
  SINCE SEP 1     70                       117    -47      184
  SINCE JAN 1    836                      1000   -164      998
..................................................................


WIND (MPH)
  HIGHEST WIND SPEED    21   HIGHEST WIND DIRECTION    NW (320)
  HIGHEST GUST SPEED    27   HIGHEST GUST DIRECTION    NW (320)
  AVERAGE WIND SPEED    11.2


SKY COVER
  POSSIBLE SUNSHINE  MM
  AVERAGE SKY COVER 0.1


WEATHER CONDITIONS
 THE FOLLOWING WEATHER WAS RECORDED TODAY.
  NO SIGNIFICANT WEATHER WAS OBSERVED.


RELATIVE HUMIDITY (PERCENT)
 HIGHEST    86           400 AM
 LOWEST     39           300 PM
 AVERAGE    63

..........................................................


THE MOLINE IL CLIMATE NORMALS FOR TOMORROW
                         NORMAL    RECORD    YEAR
 MAXIMUM TEMPERATURE (F)   62        86      1947
 MINIMUM TEMPERATURE (F)   41        20      1952


SUNRISE AND SUNSET
OCTOBER 20 2014.......SUNRISE   720 AM CDT   SUNSET   613 PM CDT
OCTOBER 21 2014.......SUNRISE   721 AM CDT   SUNSET   612 PM CDT


-  INDICATES NEGATIVE NUMBERS.
R  INDICATES RECORD WAS SET OR TIED.
MM INDICATES DATA IS MISSING.
T  INDICATES TRACE AMOUNT.




$$
