000
CDUS43 KDVN 232127
CLIMLI


CLIMATE REPORT
NATIONAL WEATHER SERVICE QUAD CITIES IA IL
426 PM CDT SAT JUL 23 2016


...................................

...THE MOLINE IL CLIMATE SUMMARY FOR JULY 23 2016...
VALID TODAY AS OF 0400 PM LOCAL TIME.

CLIMATE NORMAL PERIOD 1981 TO 2010
CLIMATE RECORD PERIOD 1872 TO 2016


WEATHER ITEM   OBSERVED TIME   RECORD YEAR NORMAL DEPARTURE LAST
                VALUE   (LST)  VALUE       VALUE  FROM      YEAR
                                                  NORMAL
..................................................................
TEMPERATURE (F)
 TODAY
  MAXIMUM         91    259 PM 105    1901  86      5       84
  MINIMUM         75    520 AM  49    1947  65     10       60
  AVERAGE         83                        75      8       72

PRECIPITATION (IN)
  TODAY            0.00          1.65 1975   0.12  -0.12     0.00
                                      1968
  MONTH TO DATE    7.41                      3.31   4.10     4.43
  SINCE JUN 1     11.21                      7.80   3.41    15.33
  SINCE JAN 1     21.21                     21.66  -0.45    24.27

SNOWFALL (IN)
  TODAY            0.0          MM      MM   0.0    0.0      0.0
  MONTH TO DATE    0.0                       0.0    0.0      0.0
  SINCE JUN 1      0.0                       0.0    0.0      0.0
  SINCE JUL 1      0.0                       0.0    0.0      0.0
  SNOW DEPTH       0

DEGREE DAYS
 HEATING
  TODAY            0                         0      0        0
  MONTH TO DATE    1                         0      1        4
  SINCE JUN 1      2                        19    -17       11
  SINCE JUL 1      1                         0      1        4

 COOLING
  TODAY           18                        10      8        7
  MONTH TO DATE  243                       246     -3      187
  SINCE JUN 1    545                       460     85      394
  SINCE JAN 1    647                       536    111      475
..................................................................


WIND (MPH)
  HIGHEST WIND SPEED    16   HIGHEST WIND DIRECTION    SE (140)
  HIGHEST GUST SPEED    22   HIGHEST GUST DIRECTION    SE (130)
  AVERAGE WIND SPEED     5.6


SKY COVER
  POSSIBLE SUNSHINE  MM
  AVERAGE SKY COVER 0.1


WEATHER CONDITIONS
 THE FOLLOWING WEATHER WAS RECORDED TODAY.
  NO SIGNIFICANT WEATHER WAS OBSERVED.


RELATIVE HUMIDITY (PERCENT)
 HIGHEST    94           300 AM
 LOWEST     66           300 PM
 AVERAGE    80

..........................................................


THE MOLINE IL CLIMATE NORMALS FOR TOMORROW
                         NORMAL    RECORD    YEAR
 MAXIMUM TEMPERATURE (F)   86       106      1901
 MINIMUM TEMPERATURE (F)   65        54      1957
                                             1947
                                             1911


SUNRISE AND SUNSET
JULY 23 2016..........SUNRISE   549 AM CDT   SUNSET   828 PM CDT
JULY 24 2016..........SUNRISE   550 AM CDT   SUNSET   827 PM CDT


-  INDICATES NEGATIVE NUMBERS.
R  INDICATES RECORD WAS SET OR TIED.
MM INDICATES DATA IS MISSING.
T  INDICATES TRACE AMOUNT.




$$
