000
CDUS43 KDVN 160919
CLIMLI


CLIMATE REPORT
NATIONAL WEATHER SERVICE QUAD CITIES IA IL
417 AM CDT TUE SEP 16 2014


...................................

...THE MOLINE IL CLIMATE SUMMARY FOR SEPTEMBER 15 2014...

CLIMATE NORMAL PERIOD 1981 TO 2010
CLIMATE RECORD PERIOD 1872 TO 2014


WEATHER ITEM   OBSERVED TIME   RECORD YEAR NORMAL DEPARTURE LAST
                VALUE   (LST)  VALUE       VALUE  FROM      YEAR
                                                  NORMAL
..................................................................
TEMPERATURE (F)
 YESTERDAY
  MAXIMUM         69    140 PM 100    1939  77     -8       64
  MINIMUM         44   1140 PM  36    2007  54    -10       53
  AVERAGE         57                        66     -9       59

PRECIPITATION (IN)
  YESTERDAY        0.21          1.90 1895   0.10   0.11     0.42
  MONTH TO DATE    5.56                      1.63   3.93     0.51
  SINCE SEP 1      5.56                      1.63   3.93     0.51
  SINCE JAN 1     34.13                     28.79   5.34    33.12

SNOWFALL (IN)
  YESTERDAY        0.0          MM      MM   0.0    0.0      0.0
  MONTH TO DATE    0.0                       0.0    0.0      0.0
  SINCE SEP 1      0.0                       0.0    0.0      0.0
  SINCE JUL 1      0.0                       0.0    0.0      0.0
  SNOW DEPTH       0

DEGREE DAYS
 HEATING
  YESTERDAY        8                         3      5        6
  MONTH TO DATE   66                        22     44       21
  SINCE SEP 1     66                        22     44       21
  SINCE JUL 1     71                        30     41       32

 COOLING
  YESTERDAY        0                         3     -3        0
  MONTH TO DATE   49                        74    -25      126
  SINCE SEP 1     49                        74    -25      126
  SINCE JAN 1    815                       957   -142      940
..................................................................


WIND (MPH)
  HIGHEST WIND SPEED    18   HIGHEST WIND DIRECTION     N (360)
  HIGHEST GUST SPEED    25   HIGHEST GUST DIRECTION    NE (30)
  AVERAGE WIND SPEED     4.8


SKY COVER
  POSSIBLE SUNSHINE  MM
  AVERAGE SKY COVER 0.7


WEATHER CONDITIONS
 THE FOLLOWING WEATHER WAS RECORDED YESTERDAY.
  THUNDERSTORM
  HEAVY RAIN
  RAIN
  LIGHT RAIN
  FOG


RELATIVE HUMIDITY (PERCENT)
 HIGHEST   100          1000 PM
 LOWEST     63           100 PM
 AVERAGE    82

..........................................................


THE MOLINE IL CLIMATE NORMALS FOR TODAY
                         NORMAL    RECORD    YEAR
 MAXIMUM TEMPERATURE (F)   77        92      1931
 MINIMUM TEMPERATURE (F)   54        37      1984


SUNRISE AND SUNSET
SEPTEMBER 16 2014.....SUNRISE   643 AM CDT   SUNSET   710 PM CDT
SEPTEMBER 17 2014.....SUNRISE   644 AM CDT   SUNSET   708 PM CDT


-  INDICATES NEGATIVE NUMBERS.
R  INDICATES RECORD WAS SET OR TIED.
MM INDICATES DATA IS MISSING.
T  INDICATES TRACE AMOUNT.




$$
