000
CDUS43 KDVN 262126
CLIMLI


CLIMATE REPORT
NATIONAL WEATHER SERVICE QUAD CITIES IA IL
425 PM CDT SUN JUN 26 2016


...................................

...THE MOLINE IL CLIMATE SUMMARY FOR JUNE 26 2016...
VALID TODAY AS OF 0400 PM LOCAL TIME.

CLIMATE NORMAL PERIOD 1981 TO 2010
CLIMATE RECORD PERIOD 1872 TO 2016


WEATHER ITEM   OBSERVED TIME   RECORD YEAR NORMAL DEPARTURE LAST
                VALUE   (LST)  VALUE       VALUE  FROM      YEAR
                                                  NORMAL
..................................................................
TEMPERATURE (F)
 TODAY
  MAXIMUM         91    259 PM 101    1931  85      6       73
  MINIMUM         72    645 AM  48    1926  64      8       64
  AVERAGE         82                        74      8       69

PRECIPITATION (IN)
  TODAY            0.07          1.14 1978   0.16  -0.09     0.07
  MONTH TO DATE    3.56                      3.87  -0.31     9.68
  SINCE JUN 1      3.56                      3.87  -0.31     9.68
  SINCE JAN 1     13.56                     17.73  -4.17    18.62

SNOWFALL (IN)
  TODAY            0.0          MM      MM   0.0    0.0      0.0
  MONTH TO DATE    0.0                       0.0    0.0      0.0
  SINCE JUN 1      0.0                       0.0    0.0      0.0
  SINCE JUL 1     24.1                      31.6   -7.5     39.1
  SNOW DEPTH       0

DEGREE DAYS
 HEATING
  TODAY            0                         0      0        0
  MONTH TO DATE    1                        17    -16        7
  SINCE JUN 1      1                        17    -16        7
  SINCE JUL 1   5164                      6201  -1037     6596

 COOLING
  TODAY           17                         9      8        4
  MONTH TO DATE  281                       175    106      187
  SINCE JUN 1    281                       175    106      187
  SINCE JAN 1    383                       251    132      268
..................................................................


WIND (MPH)
  HIGHEST WIND SPEED    18   HIGHEST WIND DIRECTION     N (340)
  HIGHEST GUST SPEED    26   HIGHEST GUST DIRECTION    NW (320)
  AVERAGE WIND SPEED     7.6


SKY COVER
  POSSIBLE SUNSHINE  MM
  AVERAGE SKY COVER 0.3


WEATHER CONDITIONS
 THE FOLLOWING WEATHER WAS RECORDED TODAY.
  THUNDERSTORM
  HEAVY RAIN
  LIGHT RAIN
  FOG


RELATIVE HUMIDITY (PERCENT)
 HIGHEST    82           500 AM
 LOWEST     36           300 PM
 AVERAGE    59

..........................................................


THE MOLINE IL CLIMATE NORMALS FOR TOMORROW
                         NORMAL    RECORD    YEAR
 MAXIMUM TEMPERATURE (F)   85       102      1934
                                             1931
 MINIMUM TEMPERATURE (F)   64        46      1992


SUNRISE AND SUNSET
JUNE 26 2016..........SUNRISE   530 AM CDT   SUNSET   840 PM CDT
JUNE 27 2016..........SUNRISE   531 AM CDT   SUNSET   840 PM CDT


-  INDICATES NEGATIVE NUMBERS.
R  INDICATES RECORD WAS SET OR TIED.
MM INDICATES DATA IS MISSING.
T  INDICATES TRACE AMOUNT.




$$
