000
CDUS43 KDVN 022132
CLIMLI


CLIMATE REPORT
NATIONAL WEATHER SERVICE QUAD CITIES IA IL
432 PM CDT TUE JUN 2 2015


...................................

...THE MOLINE IL CLIMATE SUMMARY FOR JUNE 2 2015...
VALID TODAY AS OF 0400 PM LOCAL TIME.

CLIMATE NORMAL PERIOD 1981 TO 2010
CLIMATE RECORD PERIOD 1872 TO 2015


WEATHER ITEM   OBSERVED TIME   RECORD YEAR NORMAL DEPARTURE LAST
                VALUE   (LST)  VALUE       VALUE  FROM      YEAR
                                                  NORMAL
..................................................................
TEMPERATURE (F)
 TODAY
  MAXIMUM         74    259 PM 104    1934  78     -4       82
  MINIMUM         48    432 AM  42    2003  56     -8       65
  AVERAGE         61                        67     -6       74

PRECIPITATION (IN)
  TODAY            0.00          1.03 2010   0.15  -0.15     0.39
                                      1878
  MONTH TO DATE    0.00                      0.30  -0.30     0.42
  SINCE JUN 1      0.00                      0.30  -0.30     0.42
  SINCE JAN 1      8.94                     14.16  -5.22    11.98

SNOWFALL (IN)
  TODAY            0.0          MM      MM   0.0    0.0      0.0
  MONTH TO DATE    0.0                       0.0    0.0      0.0
  SINCE JUN 1      0.0                       0.0    0.0      0.0
  SINCE JUL 1     39.1                      31.6    7.5     65.1
  SNOW DEPTH       0

DEGREE DAYS
 HEATING
  TODAY            4                         2      2        0
  MONTH TO DATE    7                         4      3        0
  SINCE JUN 1      7                         4      3        0
  SINCE JUL 1   6596                      6188    408     7313

 COOLING
  TODAY            0                         4     -4        9
  MONTH TO DATE    0                         8     -8       24
  SINCE JUN 1      0                         8     -8       24
  SINCE JAN 1     81                        84     -3      129
..................................................................


WIND (MPH)
  HIGHEST WIND SPEED    14   HIGHEST WIND DIRECTION    SE (140)
  HIGHEST GUST SPEED    19   HIGHEST GUST DIRECTION    SE (150)
  AVERAGE WIND SPEED     5.8


SKY COVER
  POSSIBLE SUNSHINE  MM
  AVERAGE SKY COVER 0.2


WEATHER CONDITIONS
 THE FOLLOWING WEATHER WAS RECORDED TODAY.
  NO SIGNIFICANT WEATHER WAS OBSERVED.


RELATIVE HUMIDITY (PERCENT)
 HIGHEST    86           400 AM
 LOWEST     41           200 PM
 AVERAGE    64

..........................................................


THE MOLINE IL CLIMATE NORMALS FOR TOMORROW
                         NORMAL    RECORD    YEAR
 MAXIMUM TEMPERATURE (F)   79        98      1972
 MINIMUM TEMPERATURE (F)   57        42      1956
                                             1929


SUNRISE AND SUNSET
JUNE  2 2015..........SUNRISE   530 AM CDT   SUNSET   830 PM CDT
JUNE  3 2015..........SUNRISE   530 AM CDT   SUNSET   831 PM CDT


-  INDICATES NEGATIVE NUMBERS.
R  INDICATES RECORD WAS SET OR TIED.
MM INDICATES DATA IS MISSING.
T  INDICATES TRACE AMOUNT.




$$
