000
CDUS43 KDVN 182220
CLIMLI


CLIMATE REPORT
NATIONAL WEATHER SERVICE QUAD CITIES IA IL
420 PM CST THU DEC 18 2014


...................................

...THE MOLINE IL CLIMATE SUMMARY FOR DECEMBER 18 2014...
VALID TODAY AS OF 0400 PM LOCAL TIME.

CLIMATE NORMAL PERIOD 1981 TO 2010
CLIMATE RECORD PERIOD 1872 TO 2014


WEATHER ITEM   OBSERVED TIME   RECORD YEAR NORMAL DEPARTURE LAST
                VALUE   (LST)  VALUE       VALUE  FROM      YEAR
                                                  NORMAL
..................................................................
TEMPERATURE (F)
 TODAY
  MAXIMUM         30    229 PM  65    1939  33     -3       39
  MINIMUM         16    239 AM -16    1985  18     -2        8
  AVERAGE         23                        26     -3       24

PRECIPITATION (IN)
  TODAY            0.00          1.17 1957   0.07  -0.07     0.00
  MONTH TO DATE    0.30                      1.39  -1.09     0.42
  SINCE DEC 1      0.30                      1.39  -1.09     0.42
  SINCE JAN 1     38.87                     37.17   1.70    38.44

SNOWFALL (IN)
  TODAY            0.0          MM      MM   0.3   -0.3      0.0
  MONTH TO DATE    0.0                       4.9   -4.9      6.6
  SINCE DEC 1      0.0                       4.9   -4.9      6.6
  SINCE JUL 1      4.6                       6.1   -1.5      7.6
  SNOW DEPTH       0

DEGREE DAYS
 HEATING
  TODAY           42                        39      3       41
  MONTH TO DATE  602                       659    -57      793
  SINCE DEC 1    602                       659    -57      793
  SINCE JUL 1   2107                      1890    217     2139

 COOLING
  TODAY            0                         0      0        0
  MONTH TO DATE    0                         0      0        0
  SINCE DEC 1      0                         0      0        0
  SINCE JAN 1    839                      1004   -165      998
..................................................................


WIND (MPH)
  HIGHEST WIND SPEED     8   HIGHEST WIND DIRECTION     N (350)
  HIGHEST GUST SPEED     9   HIGHEST GUST DIRECTION     N (10)
  AVERAGE WIND SPEED     1.6


SKY COVER
  POSSIBLE SUNSHINE  MM
  AVERAGE SKY COVER 0.4


WEATHER CONDITIONS
 THE FOLLOWING WEATHER WAS RECORDED TODAY.
  NO SIGNIFICANT WEATHER WAS OBSERVED.


RELATIVE HUMIDITY (PERCENT)
 HIGHEST    84          1200 AM
 LOWEST     58           200 PM
 AVERAGE    71

..........................................................


THE MOLINE IL CLIMATE NORMALS FOR TOMORROW
                         NORMAL    RECORD    YEAR
 MAXIMUM TEMPERATURE (F)   33        62      1877
 MINIMUM TEMPERATURE (F)   17       -18      1985


SUNRISE AND SUNSET
DECEMBER 18 2014......SUNRISE   723 AM CST   SUNSET   434 PM CST
DECEMBER 19 2014......SUNRISE   724 AM CST   SUNSET   435 PM CST


-  INDICATES NEGATIVE NUMBERS.
R  INDICATES RECORD WAS SET OR TIED.
MM INDICATES DATA IS MISSING.
T  INDICATES TRACE AMOUNT.




$$
