000
CDUS43 KDVN 230928
CLIMLI


CLIMATE REPORT
NATIONAL WEATHER SERVICE QUAD CITIES IA IL
428 AM CDT WED JUL 23 2014


...................................

...THE MOLINE IL CLIMATE SUMMARY FOR JULY 22 2014...

CLIMATE NORMAL PERIOD 1981 TO 2010
CLIMATE RECORD PERIOD 1872 TO 2014


WEATHER ITEM   OBSERVED TIME   RECORD YEAR NORMAL DEPARTURE LAST
                VALUE   (LST)  VALUE       VALUE  FROM      YEAR
                                                  NORMAL
..................................................................
TEMPERATURE (F)
 YESTERDAY
  MAXIMUM         90    223 PM 104    1934  86      4       88
  MINIMUM         73    530 AM  46    1947  65      8       63
  AVERAGE         82                        75      7       76

PRECIPITATION (IN)
  YESTERDAY        0.00          2.12 1957   0.13  -0.13     0.63
  MONTH TO DATE    1.39                      3.19  -1.80     1.36
  SINCE JUN 1     12.30                      7.68   4.62     7.50
  SINCE JAN 1     23.86                     21.54   2.32    30.65

SNOWFALL (IN)
  YESTERDAY        0.0          MM      MM   0.0    0.0      0.0
  MONTH TO DATE    0.0                       0.0    0.0      0.0
  SINCE JUN 1      0.0                       0.0    0.0      0.0
  SINCE JUL 1      0.0                       0.0    0.0      0.0
  SNOW DEPTH       0

DEGREE DAYS
 HEATING
  YESTERDAY        0                         0      0        0
  MONTH TO DATE    4                         0      4        0
  SINCE JUN 1      8                        19    -11       27
  SINCE JUL 1      4                         0      4        0

 COOLING
  YESTERDAY       17                        10      7       11
  MONTH TO DATE  129                       236   -107      233
  SINCE JUN 1    358                       450    -92      436
  SINCE JAN 1    463                       526    -63      526
..................................................................


WIND (MPH)
  HIGHEST WIND SPEED    15   HIGHEST WIND DIRECTION    SW (210)
  HIGHEST GUST SPEED    22   HIGHEST GUST DIRECTION    SW (220)
  AVERAGE WIND SPEED     8.6


SKY COVER
  POSSIBLE SUNSHINE  MM
  AVERAGE SKY COVER 0.2


WEATHER CONDITIONS
 THE FOLLOWING WEATHER WAS RECORDED YESTERDAY.
  THUNDERSTORM
  FOG
  HAZE


RELATIVE HUMIDITY (PERCENT)
 HIGHEST    91           800 PM
 LOWEST     64           100 PM
 AVERAGE    78

..........................................................


THE MOLINE IL CLIMATE NORMALS FOR TODAY
                         NORMAL    RECORD    YEAR
 MAXIMUM TEMPERATURE (F)   86       105      1901
 MINIMUM TEMPERATURE (F)   65        49      1947


SUNRISE AND SUNSET
JULY 23 2014..........SUNRISE   548 AM CDT   SUNSET   828 PM CDT
JULY 24 2014..........SUNRISE   549 AM CDT   SUNSET   827 PM CDT


-  INDICATES NEGATIVE NUMBERS.
R  INDICATES RECORD WAS SET OR TIED.
MM INDICATES DATA IS MISSING.
T  INDICATES TRACE AMOUNT.




$$
