000
CDUS43 KDVN 281009
CLIMLI


CLIMATE REPORT
NATIONAL WEATHER SERVICE QUAD CITIES IA IL
408 AM CST WED JAN 28 2015


...................................

...THE MOLINE IL CLIMATE SUMMARY FOR JANUARY 27 2015...

CLIMATE NORMAL PERIOD 1981 TO 2010
CLIMATE RECORD PERIOD 1872 TO 2015


WEATHER ITEM   OBSERVED TIME   RECORD YEAR NORMAL DEPARTURE LAST
                VALUE   (LST)  VALUE       VALUE  FROM      YEAR
                                                  NORMAL
..................................................................
TEMPERATURE (F)
 YESTERDAY
  MAXIMUM         36    259 AM  64    2002  31      5        2
  MINIMUM         27   1159 PM -18    1963  14     13       -7
  AVERAGE         32                        23      9       -2

PRECIPITATION (IN)
  YESTERDAY        0.00          1.06 1949   0.04  -0.04     0.00
  MONTH TO DATE    1.20                      1.30  -0.10     1.14
  SINCE DEC 1      1.92                      3.48  -1.56     2.36
  SINCE JAN 1      1.20                      1.30  -0.10     1.14

SNOWFALL (IN)
  YESTERDAY        0.0          MM      MM   0.3   -0.3      0.0
  MONTH TO DATE   14.5                       8.1    6.4     17.4
  SINCE DEC 1     14.5                      17.4   -2.9     31.2
  SINCE JUL 1     19.1                      18.6    0.5     32.2
  SNOW DEPTH       2

DEGREE DAYS
 HEATING
  YESTERDAY       33                        42     -9       67
  MONTH TO DATE 1173                      1146     27     1340
  SINCE DEC 1   2208                      2336   -128     2710
  SINCE JUL 1   3713                      3567    146     4056

 COOLING
  YESTERDAY        0                         0      0        0
  MONTH TO DATE    0                         0      0        0
  SINCE DEC 1      0                         0      0        0
  SINCE JAN 1      0                         0      0        0
..................................................................


WIND (MPH)
  HIGHEST WIND SPEED    15   HIGHEST WIND DIRECTION     N (20)
  HIGHEST GUST SPEED    20   HIGHEST GUST DIRECTION     N (10)
  AVERAGE WIND SPEED     7.3


SKY COVER
  POSSIBLE SUNSHINE  MM
  AVERAGE SKY COVER 1.0


WEATHER CONDITIONS
 THE FOLLOWING WEATHER WAS RECORDED YESTERDAY.
  FOG
  HAZE


RELATIVE HUMIDITY (PERCENT)
 HIGHEST    92          1200 AM
 LOWEST     69          1200 PM
 AVERAGE    81

..........................................................


THE MOLINE IL CLIMATE NORMALS FOR TODAY
                         NORMAL    RECORD    YEAR
 MAXIMUM TEMPERATURE (F)   31        57      1914
 MINIMUM TEMPERATURE (F)   14       -26      1963


SUNRISE AND SUNSET
JANUARY 28 2015.......SUNRISE   718 AM CST   SUNSET   513 PM CST
JANUARY 29 2015.......SUNRISE   717 AM CST   SUNSET   514 PM CST


-  INDICATES NEGATIVE NUMBERS.
R  INDICATES RECORD WAS SET OR TIED.
MM INDICATES DATA IS MISSING.
T  INDICATES TRACE AMOUNT.




$$
