000
CDUS43 KDVN 201026
CLIMLI


CLIMATE REPORT
NATIONAL WEATHER SERVICE QUAD CITIES IA IL
425 AM CST MON FEB 20 2017


...................................

...THE MOLINE IL CLIMATE SUMMARY FOR FEBRUARY 19 2017...

CLIMATE NORMAL PERIOD 1981 TO 2010
CLIMATE RECORD PERIOD 1872 TO 2017


WEATHER ITEM   OBSERVED TIME   RECORD YEAR NORMAL DEPARTURE LAST
                VALUE   (LST)  VALUE       VALUE  FROM      YEAR
                                                  NORMAL
..................................................................
TEMPERATURE (F)
 YESTERDAY
  MAXIMUM         74R   332 PM  69    1930  37     37       59
  MINIMUM         27    611 AM -15    1979  20      7       43
  AVERAGE         51                        28     23       51

PRECIPITATION (IN)
  YESTERDAY        0.00          0.92 1898   0.06  -0.06     0.00
  MONTH TO DATE    0.26                      0.96  -0.70     0.88
  SINCE DEC 1      3.38                      4.63  -1.25     5.52
  SINCE JAN 1      1.76                      2.45  -0.69     1.32

SNOWFALL (IN)
  YESTERDAY        0.0          MM      MM   0.2   -0.2      0.0
  MONTH TO DATE    1.3                       5.0   -3.7      6.3
  SINCE DEC 1     15.5                      23.7   -8.2     11.3
  SINCE JUL 1     15.5                      24.9   -9.4     21.2
  SNOW DEPTH       0

DEGREE DAYS
 HEATING
  YESTERDAY       14                        37    -23       14
  MONTH TO DATE  573                       752   -179      723
  SINCE DEC 1   2864                      3255   -391     2791
  SINCE JUL 1   3645                      4486   -841     3754

 COOLING
  YESTERDAY        0                         0      0        0
  MONTH TO DATE    0                         0      0        0
  SINCE DEC 1      0                         0      0        0
  SINCE JAN 1      0                         0      0        0
..................................................................


WIND (MPH)
  HIGHEST WIND SPEED    13   HIGHEST WIND DIRECTION    SE (130)
  HIGHEST GUST SPEED    16   HIGHEST GUST DIRECTION     S (180)
  AVERAGE WIND SPEED     4.8


SKY COVER
  POSSIBLE SUNSHINE  MM
  AVERAGE SKY COVER 0.0


WEATHER CONDITIONS
 THE FOLLOWING WEATHER WAS RECORDED YESTERDAY.
  NO SIGNIFICANT WEATHER WAS OBSERVED.


RELATIVE HUMIDITY (PERCENT)
 HIGHEST    89           800 AM
 LOWEST     25           200 PM
 AVERAGE    57

..........................................................


THE MOLINE IL CLIMATE NORMALS FOR TODAY
                         NORMAL    RECORD    YEAR
 MAXIMUM TEMPERATURE (F)   37        65      1930
 MINIMUM TEMPERATURE (F)   20       -11      1929


SUNRISE AND SUNSET
FEBRUARY 20 2017......SUNRISE   650 AM CST   SUNSET   542 PM CST
FEBRUARY 21 2017......SUNRISE   648 AM CST   SUNSET   544 PM CST


-  INDICATES NEGATIVE NUMBERS.
R  INDICATES RECORD WAS SET OR TIED.
MM INDICATES DATA IS MISSING.
T  INDICATES TRACE AMOUNT.




$$
