000
CDUS43 KDVN 041048
CLIMLI


CLIMATE REPORT
NATIONAL WEATHER SERVICE QUAD CITIES IA IL
447 AM CST WED MAR 4 2015


...................................

...THE MOLINE IL CLIMATE SUMMARY FOR MARCH 3 2015...

CLIMATE NORMAL PERIOD 1981 TO 2010
CLIMATE RECORD PERIOD 1872 TO 2015


WEATHER ITEM   OBSERVED TIME   RECORD YEAR NORMAL DEPARTURE LAST
                VALUE   (LST)  VALUE       VALUE  FROM      YEAR
                                                  NORMAL
..................................................................
TEMPERATURE (F)
 YESTERDAY
  MAXIMUM         35    409 PM  76    1983  42     -7       16
  MINIMUM         20   1159 PM -12    2014  24     -4      -12
  AVERAGE         28                        33     -5        2

PRECIPITATION (IN)
  YESTERDAY        0.25          1.58 1985   0.09   0.16     0.00
  MONTH TO DATE    0.25                      0.26  -0.01     0.27
  SINCE MAR 1      0.25                      0.26  -0.01     0.27
  SINCE JAN 1      3.18                      3.35  -0.17     4.29

SNOWFALL (IN)
  YESTERDAY        T            MM      MM   0.2   -0.2      0.0
  MONTH TO DATE    T                         0.5   -0.5      3.7
  SINCE MAR 1      T                         0.5   -0.5      3.7
  SINCE JUL 1     39.0                      27.2   11.8     58.5
  SNOW DEPTH       3

DEGREE DAYS
 HEATING
  YESTERDAY       37                        32      5       63
  MONTH TO DATE  136                        97     39      173
  SINCE MAR 1    136                        97     39      173
  SINCE JUL 1   5394                      4895    499     5843

 COOLING
  YESTERDAY        0                         0      0        0
  MONTH TO DATE    0                         0      0        0
  SINCE MAR 1      0                         0      0        0
  SINCE JAN 1      0                         0      0        0
..................................................................


WIND (MPH)
  HIGHEST WIND SPEED    25   HIGHEST WIND DIRECTION    NW (310)
  HIGHEST GUST SPEED    32   HIGHEST GUST DIRECTION    NW (310)
  AVERAGE WIND SPEED    13.1


SKY COVER
  POSSIBLE SUNSHINE  MM
  AVERAGE SKY COVER 1.0


WEATHER CONDITIONS
 THE FOLLOWING WEATHER WAS RECORDED YESTERDAY.
  FREEZING RAIN
  LT FREEZING RAIN
  LIGHT SNOW
  FOG
  HAZE


RELATIVE HUMIDITY (PERCENT)
 HIGHEST    92           700 AM
 LOWEST     68          1200 AM
 AVERAGE    80

..........................................................


THE MOLINE IL CLIMATE NORMALS FOR TODAY
                         NORMAL    RECORD    YEAR
 MAXIMUM TEMPERATURE (F)   43        71      1992
 MINIMUM TEMPERATURE (F)   25        -9      2002


SUNRISE AND SUNSET
MARCH  4 2015.........SUNRISE   632 AM CST   SUNSET   556 PM CST
MARCH  5 2015.........SUNRISE   631 AM CST   SUNSET   557 PM CST


-  INDICATES NEGATIVE NUMBERS.
R  INDICATES RECORD WAS SET OR TIED.
MM INDICATES DATA IS MISSING.
T  INDICATES TRACE AMOUNT.




$$
