000
CDUS43 KDVN 222121
CLIMLI


CLIMATE REPORT
NATIONAL WEATHER SERVICE QUAD CITIES IA IL
419 PM CDT FRI MAY 22 2015


...................................

...THE MOLINE IL CLIMATE SUMMARY FOR MAY 22 2015...
VALID TODAY AS OF 0400 PM LOCAL TIME.

CLIMATE NORMAL PERIOD 1981 TO 2010
CLIMATE RECORD PERIOD 1872 TO 2015


WEATHER ITEM   OBSERVED TIME   RECORD YEAR NORMAL DEPARTURE LAST
                VALUE   (LST)  VALUE       VALUE  FROM      YEAR
                                                  NORMAL
..................................................................
TEMPERATURE (F)
 TODAY
  MAXIMUM         77    239 PM  94    1925  75      2       73
  MINIMUM         44    348 AM  34    1883  53     -9       50
  AVERAGE         61                        64     -3       62

PRECIPITATION (IN)
  TODAY            0.00          2.04 1890   0.15  -0.15     0.00
  MONTH TO DATE    2.21                      3.02  -0.81     1.80
  SINCE MAR 1      4.58                      9.47  -4.89     6.48
  SINCE JAN 1      7.51                     12.56  -5.05    10.50

SNOWFALL (IN)
  TODAY            0.0          MM      MM   0.0    0.0      0.0
  MONTH TO DATE    0.0                       0.0    0.0      0.0
  SINCE MAR 1      0.1                       4.9   -4.8     10.3
  SINCE JUL 1     39.1                      31.6    7.5     65.1
  SNOW DEPTH       0

DEGREE DAYS
 HEATING
  TODAY            4                         4      0        3
  MONTH TO DATE  108                       135    -27      157
  SINCE MAR 1   1321                      1360    -39     1638
  SINCE JUL 1   6579                      6158    421     7308

 COOLING
  TODAY            0                         3     -3        0
  MONTH TO DATE   46                        34     12       51
  SINCE MAR 1     46                        48     -2       56
  SINCE JAN 1     46                        48     -2       56
..................................................................


WIND (MPH)
  HIGHEST WIND SPEED    10   HIGHEST WIND DIRECTION     W (260)
  HIGHEST GUST SPEED    13   HIGHEST GUST DIRECTION     W (270)
  AVERAGE WIND SPEED     2.9


SKY COVER
  POSSIBLE SUNSHINE  MM
  AVERAGE SKY COVER 0.0


WEATHER CONDITIONS
 THE FOLLOWING WEATHER WAS RECORDED TODAY.
  NO SIGNIFICANT WEATHER WAS OBSERVED.


RELATIVE HUMIDITY (PERCENT)
 HIGHEST    82           300 AM
 LOWEST     21           100 PM
 AVERAGE    52

..........................................................


THE MOLINE IL CLIMATE NORMALS FOR TOMORROW
                         NORMAL    RECORD    YEAR
 MAXIMUM TEMPERATURE (F)   75        93      1975
 MINIMUM TEMPERATURE (F)   53        33      1963


SUNRISE AND SUNSET
MAY 22 2015...........SUNRISE   537 AM CDT   SUNSET   821 PM CDT
MAY 23 2015...........SUNRISE   536 AM CDT   SUNSET   822 PM CDT


-  INDICATES NEGATIVE NUMBERS.
R  INDICATES RECORD WAS SET OR TIED.
MM INDICATES DATA IS MISSING.
T  INDICATES TRACE AMOUNT.




$$
