000
CDUS43 KDVN 161016
CLIMLI


CLIMATE REPORT
NATIONAL WEATHER SERVICE QUAD CITIES IA IL
414 AM CST TUE JAN 16 2018


...................................

...THE MOLINE IL CLIMATE SUMMARY FOR JANUARY 15 2018...

CLIMATE NORMAL PERIOD 1981 TO 2010
CLIMATE RECORD PERIOD 1872 TO 2018


WEATHER ITEM   OBSERVED TIME   RECORD YEAR NORMAL DEPARTURE LAST
                VALUE   (LST)  VALUE       VALUE  FROM      YEAR
                                                  NORMAL
..................................................................
TEMPERATURE (F)
 YESTERDAY
  MAXIMUM         25    437 AM  56    1990  31     -6       34
                                      1953
                                      1949
  MINIMUM          0   1159 PM -24    1979  14    -14       19
                                      1888
  AVERAGE         13                        22     -9       27

PRECIPITATION (IN)
  YESTERDAY        0.05          1.18 1873   0.05   0.00     0.00
  MONTH TO DATE    0.28                      0.76  -0.48     0.21
  SINCE DEC 1      0.80                      2.94  -2.14     1.83
  SINCE JAN 1      0.28                      0.76  -0.48     0.21

SNOWFALL (IN)
  YESTERDAY        0.9          MM      MM   0.3    0.6      0.0
  MONTH TO DATE    2.0                       4.6   -2.6       T
  SINCE DEC 1     11.6                      13.9   -2.3     13.8
  SINCE JUL 1     11.6                      15.1   -3.5     13.8
  SNOW DEPTH       2

DEGREE DAYS
 HEATING
  YESTERDAY       52                        43      9       38
  MONTH TO DATE  772                       634    138      634
  SINCE DEC 1   1938                      1824    114     1810
  SINCE JUL 1   3011                      3055    -44     2591

 COOLING
  YESTERDAY        0                         0      0        0
  MONTH TO DATE    0                         0      0        0
  SINCE DEC 1      0                         0      0        0
  SINCE JAN 1      0                         0      0        0
..................................................................


WIND (MPH)
  HIGHEST WIND SPEED    25   HIGHEST WIND DIRECTION     W (280)
  HIGHEST GUST SPEED    32   HIGHEST GUST DIRECTION     W (280)
  AVERAGE WIND SPEED    16.0


SKY COVER
  POSSIBLE SUNSHINE  MM
  AVERAGE SKY COVER 0.8


WEATHER CONDITIONS
 THE FOLLOWING WEATHER WAS RECORDED YESTERDAY.
  LIGHT SNOW
  FOG
  HAZE
  BLOWING SNOW


RELATIVE HUMIDITY (PERCENT)
 HIGHEST    96           100 AM
 LOWEST     66          1200 PM
 AVERAGE    81

..........................................................


THE MOLINE IL CLIMATE NORMALS FOR TODAY
                         NORMAL    RECORD    YEAR
 MAXIMUM TEMPERATURE (F)   31        59      1990
 MINIMUM TEMPERATURE (F)   14       -27      2009


SUNRISE AND SUNSET
JANUARY 16 2018.......SUNRISE   725 AM CST   SUNSET   459 PM CST
JANUARY 17 2018.......SUNRISE   725 AM CST   SUNSET   500 PM CST


-  INDICATES NEGATIVE NUMBERS.
R  INDICATES RECORD WAS SET OR TIED.
MM INDICATES DATA IS MISSING.
T  INDICATES TRACE AMOUNT.




$$
