000
CDUS45 KBYZ 290933
CLIMLS


CLIMATE REPORT
NATIONAL WEATHER SERVICE BILLINGS MT
331 AM MDT MON AUG 29 2016


...................................

...THE MILES CITY MT CLIMATE SUMMARY FOR AUGUST 28 2016...

CLIMATE NORMAL PERIOD 1981 TO 2010
CLIMATE RECORD PERIOD 1937 TO 2016


WEATHER ITEM   OBSERVED TIME   RECORD YEAR NORMAL DEPARTURE LAST
                VALUE   (LST)  VALUE       VALUE  FROM      YEAR
                                                  NORMAL
..................................................................
TEMPERATURE (F)
 YESTERDAY
  MAXIMUM         94    315 PM 102    2012  84     10       92
  MINIMUM         59    536 AM  43    1960  54      5       59
  AVERAGE         77                        69      8       76

PRECIPITATION (IN)
  YESTERDAY        0.00          0.48 1985   0.02  -0.02     0.00
  MONTH TO DATE    0.77                      0.83  -0.06     0.64
  SINCE OCT 1     11.92                     11.28   0.64     7.95
  SINCE JAN 1     10.66                      9.68   0.98     6.94

DEGREE DAYS
 HEATING
  YESTERDAY        0                         2     -2        0
  MONTH TO DATE   12                        13     -1       41
  SINCE JUN 1     23                       114    -91       66
  SINCE JUL 1     14                        25    -11       41

 COOLING
  YESTERDAY       12                         6      6       11
  MONTH TO DATE  211                       243    -32      253
  SINCE JUN 1    746                       638    108      711
  SINCE JAN 1    770                       658    112      712
..................................................................


WIND (MPH)
  HIGHEST WIND SPEED    16   HIGHEST WIND DIRECTION    NE (40)
  HIGHEST GUST SPEED    19   HIGHEST GUST DIRECTION    NE (40)
  AVERAGE WIND SPEED     9.1


SKY COVER
  POSSIBLE SUNSHINE  MM
  AVERAGE SKY COVER 0.0


WEATHER CONDITIONS
 THE FOLLOWING WEATHER WAS RECORDED YESTERDAY.
  NO SIGNIFICANT WEATHER WAS OBSERVED.


RELATIVE HUMIDITY (PERCENT)
 HIGHEST    60           300 AM
 LOWEST     13           300 PM
 AVERAGE    37

..........................................................


THE MILES CITY MT CLIMATE NORMALS FOR TODAY
                         NORMAL    RECORD    YEAR
 MAXIMUM TEMPERATURE (F)   83       101      1995
 MINIMUM TEMPERATURE (F)   54        41      1965


SUNRISE AND SUNSET
AUGUST 29 2016........SUNRISE   621 AM MDT   SUNSET   747 PM MDT
AUGUST 30 2016........SUNRISE   622 AM MDT   SUNSET   745 PM MDT


-  INDICATES NEGATIVE NUMBERS.
R  INDICATES RECORD WAS SET OR TIED.
MM INDICATES DATA IS MISSING.
T  INDICATES TRACE AMOUNT.





&&

THIS IS AN AUTOMATED...UNATTENDED WEATHER STATION AND MAY
UNDERESTIMATE WINTER PRECIPITATION.

$$
