000
CDUS45 KBYZ 281034
CLIMLS


CLIMATE REPORT
NATIONAL WEATHER SERVICE BILLINGS MT
331 AM MST FRI NOV 28 2014


...................................

...THE MILES CITY MT CLIMATE SUMMARY FOR NOVEMBER 27 2014...

CLIMATE NORMAL PERIOD 1981 TO 2010
CLIMATE RECORD PERIOD 1937 TO 2014


WEATHER ITEM   OBSERVED TIME   RECORD YEAR NORMAL DEPARTURE LAST
                VALUE   (LST)  VALUE       VALUE  FROM      YEAR
                                                  NORMAL
..................................................................
TEMPERATURE (F)
 YESTERDAY
  MAXIMUM         43    330 PM  72    1949  37      6       40
  MINIMUM         26    828 AM -16    1955  15     11       18
  AVERAGE         35                        26      9       29

PRECIPITATION (IN)
  YESTERDAY        T             0.10        0.00   0.00     0.00
  MONTH TO DATE    0.40                      0.36   0.04     0.10
  SINCE OCT 1      0.83                      1.28  -0.45     1.07
  SINCE JAN 1     13.11                     12.12   0.99    16.50

DEGREE DAYS
 HEATING
  YESTERDAY       30                        39     -9       36
  MONTH TO DATE 1037                       867    170      905
  SINCE SEP 1   1655                      1644     11     1610
  SINCE JUL 1   1689                      1678     11     1610

 COOLING
  YESTERDAY        0                         0      0        0
  MONTH TO DATE    0                         0      0        0
  SINCE SEP 1     53                        58     -5      142
  SINCE JAN 1    648                       730    -82      877
..................................................................


WIND (MPH)
  HIGHEST WIND SPEED    18   HIGHEST WIND DIRECTION    SE (140)
  HIGHEST GUST SPEED    22   HIGHEST GUST DIRECTION    SE (150)
  AVERAGE WIND SPEED     9.7


SKY COVER
  POSSIBLE SUNSHINE  MM
  AVERAGE SKY COVER 0.8


WEATHER CONDITIONS
 THE FOLLOWING WEATHER WAS RECORDED YESTERDAY.
  LIGHT SNOW
  FOG


RELATIVE HUMIDITY (PERCENT)
 HIGHEST    85          1100 AM
 LOWEST     70           300 PM
 AVERAGE    78

..........................................................


THE MILES CITY MT CLIMATE NORMALS FOR TODAY
                         NORMAL    RECORD    YEAR
 MAXIMUM TEMPERATURE (F)   36        64      2002
 MINIMUM TEMPERATURE (F)   15       -25      1985


SUNRISE AND SUNSET
NOVEMBER 28 2014......SUNRISE   723 AM MST   SUNSET   420 PM MST
NOVEMBER 29 2014......SUNRISE   724 AM MST   SUNSET   419 PM MST


-  INDICATES NEGATIVE NUMBERS.
R  INDICATES RECORD WAS SET OR TIED.
MM INDICATES DATA IS MISSING.
T  INDICATES TRACE AMOUNT.





&&

THIS IS AN AUTOMATED...UNATTENDED WEATHER STATION AND MAY
UNDERESTIMATE WINTER PRECIPITATION.

$$
