000
CDUS45 KBYZ 102323
CLIMLS


CLIMATE REPORT
NATIONAL WEATHER SERVICE BILLINGS MT
422 PM MST WED FEB 10 2016


...................................

...THE MILES CITY MT CLIMATE SUMMARY FOR FEBRUARY 10 2016...
VALID TODAY AS OF 0400 PM LOCAL TIME.

CLIMATE NORMAL PERIOD 1981 TO 2010
CLIMATE RECORD PERIOD 1937 TO 2016


WEATHER ITEM   OBSERVED TIME   RECORD YEAR NORMAL DEPARTURE LAST
                VALUE   (LST)  VALUE       VALUE  FROM      YEAR
                                                  NORMAL
..................................................................
TEMPERATURE (F)
 TODAY
  MAXIMUM         52   1242 PM  66    1961  34     18       42
  MINIMUM         29    705 AM -37    1939  12     17       22
  AVERAGE         41                        23     18       32

PRECIPITATION (IN)
  TODAY            0.00          0.05 1971   0.01  -0.01     0.00
  MONTH TO DATE    T                         0.07  -0.07     0.12
  SINCE OCT 1      1.60                      1.99  -0.39     1.35
  SINCE JAN 1      0.34                      0.39  -0.05     0.34

DEGREE DAYS
 HEATING
  TODAY           24                        42    -18       33
  MONTH TO DATE  311                       429   -118      381
  SINCE DEC 1   2784                      3226   -442     2919
  SINCE JUL 1   4212                      5025   -813     4749

 COOLING
  TODAY            0                         0      0        0
  MONTH TO DATE    0                         0      0        0
  SINCE DEC 1      0                         0      0        0
  SINCE JAN 1      0                         0      0        0
..................................................................


WIND (MPH)
  HIGHEST WIND SPEED    16   HIGHEST WIND DIRECTION     N (360)
  HIGHEST GUST SPEED    19   HIGHEST GUST DIRECTION     N (340)
  AVERAGE WIND SPEED     9.2


SKY COVER
  POSSIBLE SUNSHINE  MM
  AVERAGE SKY COVER 0.0


WEATHER CONDITIONS
 THE FOLLOWING WEATHER WAS RECORDED TODAY.
  NO SIGNIFICANT WEATHER WAS OBSERVED.


RELATIVE HUMIDITY (PERCENT)
 HIGHEST    78           100 AM
 LOWEST     42          1100 AM
 AVERAGE    60

..........................................................


THE MILES CITY MT CLIMATE NORMALS FOR TOMORROW
                         NORMAL    RECORD    YEAR
 MAXIMUM TEMPERATURE (F)   34        60      2005
 MINIMUM TEMPERATURE (F)   12       -24      1944


SUNRISE AND SUNSET
FEBRUARY 10 2016......SUNRISE   715 AM MST   SUNSET   521 PM MST
FEBRUARY 11 2016......SUNRISE   714 AM MST   SUNSET   522 PM MST


-  INDICATES NEGATIVE NUMBERS.
R  INDICATES RECORD WAS SET OR TIED.
MM INDICATES DATA IS MISSING.
T  INDICATES TRACE AMOUNT.





&&

THIS IS AN AUTOMATED...UNATTENDED WEATHER STATION AND MAY
UNDERESTIMATE WINTER PRECIPITATION.

$$
