000
CDUS45 KBYZ 202225
CLIMLS


CLIMATE REPORT
NATIONAL WEATHER SERVICE BILLINGS MT
422 PM MDT THU JUL 20 2017


...................................

...THE MILES CITY MT CLIMATE SUMMARY FOR JULY 20 2017...
VALID TODAY AS OF 0400 PM LOCAL TIME.

CLIMATE NORMAL PERIOD 1981 TO 2010
CLIMATE RECORD PERIOD 1937 TO 2017


WEATHER ITEM   OBSERVED TIME   RECORD YEAR NORMAL DEPARTURE LAST
                VALUE   (LST)  VALUE       VALUE  FROM      YEAR
                                                  NORMAL
..................................................................
TEMPERATURE (F)
 TODAY
  MAXIMUM        104    213 PM 109    1960  90     14       98
  MINIMUM         72    128 AM  47    1972  60     12       65
  AVERAGE         88                        75     13       82

PRECIPITATION (IN)
  TODAY            0.00          0.66 1969   0.05  -0.05     0.00
  MONTH TO DATE    T                         1.10  -1.10     1.17
  SINCE OCT 1      4.27                      9.91  -5.64    10.98
  SINCE JAN 1      3.18                      8.31  -5.13     9.72

DEGREE DAYS
 HEATING
  TODAY            0                         0      0        0
  MONTH TO DATE    0                        10    -10        2
  SINCE JUN 1     19                        99    -80       11
  SINCE JUL 1      0                        10    -10        2

 COOLING
  TODAY           23                        10     13       17
  MONTH TO DATE  350                       173    177      192
  SINCE JUN 1    484                       280    204      391
  SINCE JAN 1    505                       300    205      415
..................................................................


WIND (MPH)
  HIGHEST WIND SPEED    26   HIGHEST WIND DIRECTION     W (270)
  HIGHEST GUST SPEED    34   HIGHEST GUST DIRECTION     W (270)
  AVERAGE WIND SPEED    11.3


SKY COVER
  POSSIBLE SUNSHINE  MM
  AVERAGE SKY COVER 0.0


WEATHER CONDITIONS
 THE FOLLOWING WEATHER WAS RECORDED TODAY.
  NO SIGNIFICANT WEATHER WAS OBSERVED.


RELATIVE HUMIDITY (PERCENT)
 HIGHEST    49           400 AM
 LOWEST     10           300 PM
 AVERAGE    30

..........................................................


THE MILES CITY MT CLIMATE NORMALS FOR TOMORROW
                         NORMAL    RECORD    YEAR
 MAXIMUM TEMPERATURE (F)   90       105      1964
 MINIMUM TEMPERATURE (F)   61        50      1950


SUNRISE AND SUNSET
JULY 20 2017..........SUNRISE   531 AM MDT   SUNSET   848 PM MDT
JULY 21 2017..........SUNRISE   532 AM MDT   SUNSET   847 PM MDT


-  INDICATES NEGATIVE NUMBERS.
R  INDICATES RECORD WAS SET OR TIED.
MM INDICATES DATA IS MISSING.
T  INDICATES TRACE AMOUNT.




$$
