000
CDUS45 KBYZ 201041
CLIMLS


CLIMATE REPORT
NATIONAL WEATHER SERVICE BILLINGS MT
340 AM MST MON FEB 20 2017


...................................

...THE MILES CITY MT CLIMATE SUMMARY FOR FEBRUARY 19 2017...

CLIMATE NORMAL PERIOD 1981 TO 2010
CLIMATE RECORD PERIOD 1937 TO 2017


WEATHER ITEM   OBSERVED TIME   RECORD YEAR NORMAL DEPARTURE LAST
                VALUE   (LST)  VALUE       VALUE  FROM      YEAR
                                                  NORMAL
..................................................................
TEMPERATURE (F)
 YESTERDAY
  MAXIMUM         52    201 PM  69    1995  37     15       57
  MINIMUM         31    734 AM -26    1959  14     17       33
  AVERAGE         42                        25     17       45

PRECIPITATION (IN)
  YESTERDAY        0.00          0.25 1949   0.01  -0.01     0.00
  MONTH TO DATE    0.02                      0.14  -0.12     0.31
  SINCE OCT 1      1.18                      2.06  -0.88     1.91
  SINCE JAN 1      0.09                      0.46  -0.37     0.65

DEGREE DAYS
 HEATING
  YESTERDAY       23                        40    -17       20
  MONTH TO DATE  747                       796    -49      526
  SINCE DEC 1   3956                      3593    363     2999
  SINCE JUL 1   5271                      5392   -121     4427

 COOLING
  YESTERDAY        0                         0      0        0
  MONTH TO DATE    0                         0      0        0
  SINCE DEC 1      0                         0      0        0
  SINCE JAN 1      0                         0      0        0
..................................................................


WIND (MPH)
  HIGHEST WIND SPEED    13   HIGHEST WIND DIRECTION    NE (40)
  HIGHEST GUST SPEED    14   HIGHEST GUST DIRECTION    NE (40)
  AVERAGE WIND SPEED     6.2


SKY COVER
  POSSIBLE SUNSHINE  MM
  AVERAGE SKY COVER 0.2


WEATHER CONDITIONS
 THE FOLLOWING WEATHER WAS RECORDED YESTERDAY.
  NO SIGNIFICANT WEATHER WAS OBSERVED.


RELATIVE HUMIDITY (PERCENT)
 HIGHEST    92           600 AM
 LOWEST     54           200 PM
 AVERAGE    73

..........................................................


THE MILES CITY MT CLIMATE NORMALS FOR TODAY
                         NORMAL    RECORD    YEAR
 MAXIMUM TEMPERATURE (F)   37        66      1995
 MINIMUM TEMPERATURE (F)   14       -29      1959


SUNRISE AND SUNSET
FEBRUARY 20 2017......SUNRISE   658 AM MST   SUNSET   537 PM MST
FEBRUARY 21 2017......SUNRISE   656 AM MST   SUNSET   538 PM MST


-  INDICATES NEGATIVE NUMBERS.
R  INDICATES RECORD WAS SET OR TIED.
MM INDICATES DATA IS MISSING.
T  INDICATES TRACE AMOUNT.





&&

THIS IS AN AUTOMATED...UNATTENDED WEATHER STATION AND MAY
UNDERESTIMATE WINTER PRECIPITATION.

$$
