000
CDUS45 KBYZ 230937
CLIMLS


CLIMATE REPORT
NATIONAL WEATHER SERVICE BILLINGS MT
336 AM MDT WED APR 23 2014


...................................

...THE MILES CITY MT CLIMATE SUMMARY FOR APRIL 22 2014...

CLIMATE NORMAL PERIOD 1981 TO 2010
CLIMATE RECORD PERIOD 1937 TO 2014


WEATHER ITEM   OBSERVED TIME   RECORD YEAR NORMAL DEPARTURE LAST
                VALUE   (LST)  VALUE       VALUE  FROM      YEAR
                                                  NORMAL
..................................................................
TEMPERATURE (F)
 YESTERDAY
  MAXIMUM         79    252 PM  87    1994  61     18       39
  MINIMUM         43    523 AM   8    1967  35      8       25
  AVERAGE         61                        48     13       32

PRECIPITATION (IN)
  YESTERDAY        T             1.44 2011   0.05  -0.05     0.00
  MONTH TO DATE    0.17                      0.90  -0.73     1.25
  SINCE OCT 1      3.41                      3.65  -0.24     3.34
  SINCE JAN 1      1.73                      2.05  -0.32     1.81

SNOWFALL (IN)
  YESTERDAY       MM
  MONTH TO DATE   MM
  SINCE MAR 1     MM
  SINCE JUL 1     MM
  SNOW DEPTH      MM

DEGREE DAYS
 HEATING
  YESTERDAY        4                        17    -13       33
  MONTH TO DATE  474                       448     26      594
  SINCE MAR 1   1529                      1389    140     1570
  SINCE JUL 1   7568                      7123    445     6764

 COOLING
  YESTERDAY        0                         0      0        0
  MONTH TO DATE    0                         0      0        0
  SINCE MAR 1      0                         0      0        0
  SINCE JAN 1      0                         0      0        0
..................................................................


WIND (MPH)
  HIGHEST WIND SPEED    23   HIGHEST WIND DIRECTION    SE (130)
  HIGHEST GUST SPEED    32   HIGHEST GUST DIRECTION    SE (120)
  AVERAGE WIND SPEED    11.8


SKY COVER
  POSSIBLE SUNSHINE  MM
  AVERAGE SKY COVER 0.0


WEATHER CONDITIONS
 THE FOLLOWING WEATHER WAS RECORDED YESTERDAY.
  LIGHT RAIN


RELATIVE HUMIDITY (PERCENT)
 HIGHEST    62           500 AM
 LOWEST     20           200 PM
 AVERAGE    41

..........................................................


THE MILES CITY MT CLIMATE NORMALS FOR TODAY
                         NORMAL    RECORD    YEAR
 MAXIMUM TEMPERATURE (F)   62        91      2012
 MINIMUM TEMPERATURE (F)   36        19      2013
                                             1967


SUNRISE AND SUNSET
APRIL 23 2014.........SUNRISE   602 AM MDT   SUNSET   802 PM MDT
APRIL 24 2014.........SUNRISE   601 AM MDT   SUNSET   803 PM MDT


-  INDICATES NEGATIVE NUMBERS.
R  INDICATES RECORD WAS SET OR TIED.
MM INDICATES DATA IS MISSING.
T  INDICATES TRACE AMOUNT.





&&

THIS IS AN AUTOMATED...UNATTENDED WEATHER STATION AND MAY
UNDERESTIMATE WINTER PRECIPITATION.

$$
