000
CDUS45 KBYZ 210718
CLIMLS


CLIMATE REPORT
NATIONAL WEATHER SERVICE BILLINGS MT
1218 AM MST WED FEB 21 2018


...................................

...THE MILES CITY MT CLIMATE SUMMARY FOR FEBRUARY 20 2018...

CLIMATE NORMAL PERIOD 1981 TO 2010
CLIMATE RECORD PERIOD 1937 TO 2018


WEATHER ITEM   OBSERVED TIME   RECORD YEAR NORMAL DEPARTURE LAST
                VALUE   (LST)  VALUE       VALUE  FROM      YEAR
                                                  NORMAL
..................................................................
TEMPERATURE (F)
 YESTERDAY
  MAXIMUM          1    351 PM  66    1995  37    -36       59
  MINIMUM        -15   1159 PM -29    1959  14    -29       35
  AVERAGE         -7                        26    -33       47

PRECIPITATION (IN)
  YESTERDAY        T             0.25 1968   0.01  -0.01     0.00
  MONTH TO DATE    0.54                      0.15   0.39     0.02
  SINCE OCT 1      1.97                      2.07  -0.10     1.18
  SINCE JAN 1      0.78                      0.47   0.31     0.09

DEGREE DAYS
 HEATING
  YESTERDAY       72                        39     33       18
  MONTH TO DATE 1193                       835    358      765
  SINCE DEC 1   4062                      3632    430     3974
  SINCE JUL 1   5805                      5431    374     5289

 COOLING
  YESTERDAY        0                         0      0        0
  MONTH TO DATE    0                         0      0        0
  SINCE DEC 1      0                         0      0        0
  SINCE JAN 1      0                         0      0        0
..................................................................


WIND (MPH)
  HIGHEST WIND SPEED    14   HIGHEST WIND DIRECTION     W (250)
  HIGHEST GUST SPEED    15   HIGHEST GUST DIRECTION     W (250)
  AVERAGE WIND SPEED     6.3


SKY COVER
  POSSIBLE SUNSHINE  MM
  AVERAGE SKY COVER 0.1


WEATHER CONDITIONS
 THE FOLLOWING WEATHER WAS RECORDED YESTERDAY.
  LIGHT SNOW
  FOG


RELATIVE HUMIDITY (PERCENT)
 HIGHEST    95           800 AM
 LOWEST     71           600 PM
 AVERAGE    83

..........................................................


THE MILES CITY MT CLIMATE NORMALS FOR TODAY
                         NORMAL    RECORD    YEAR
 MAXIMUM TEMPERATURE (F)   37        70      1995
 MINIMUM TEMPERATURE (F)   15       -18      2011


SUNRISE AND SUNSET
FEBRUARY 21 2018......SUNRISE   657 AM MST   SUNSET   538 PM MST
FEBRUARY 22 2018......SUNRISE   655 AM MST   SUNSET   540 PM MST


-  INDICATES NEGATIVE NUMBERS.
R  INDICATES RECORD WAS SET OR TIED.
MM INDICATES DATA IS MISSING.
T  INDICATES TRACE AMOUNT.




$$
