000
CDUS45 KBYZ 262331
CLIMLS


CLIMATE REPORT
NATIONAL WEATHER SERVICE BILLINGS MT
429 PM MST THU FEB 26 2015


...................................

...THE MILES CITY MT CLIMATE SUMMARY FOR FEBRUARY 26 2015...
VALID TODAY AS OF 0400 PM LOCAL TIME.

CLIMATE NORMAL PERIOD 1981 TO 2010
CLIMATE RECORD PERIOD 1937 TO 2015


WEATHER ITEM   OBSERVED TIME   RECORD YEAR NORMAL DEPARTURE LAST
                VALUE   (LST)  VALUE       VALUE  FROM      YEAR
                                                  NORMAL
..................................................................
TEMPERATURE (F)
 TODAY
  MAXIMUM         14    333 PM  62    1988  39    -25       33
  MINIMUM         -9    725 AM -31    2011  16    -25       -9
  AVERAGE          3                        28    -25       12

PRECIPITATION (IN)
  TODAY            0.00          0.16        0.01  -0.01     0.00
  MONTH TO DATE    0.13                      0.21  -0.08     0.10
  SINCE OCT 1      1.36                      2.13  -0.77     1.92
  SINCE JAN 1      0.35                      0.53  -0.18     0.24

DEGREE DAYS
 HEATING
  TODAY           62                        37     25       53
  MONTH TO DATE  999                      1064    -65     1312
  SINCE DEC 1   3537                      3861   -324     4229
  SINCE JUL 1   5367                      5660   -293     5936

 COOLING
  TODAY            0                         0      0        0
  MONTH TO DATE    0                         0      0        0
  SINCE DEC 1      0                         0      0        0
  SINCE JAN 1      0                         0      0        0
..................................................................


WIND (MPH)
  HIGHEST WIND SPEED    12   HIGHEST WIND DIRECTION    NE (40)
  HIGHEST GUST SPEED    14   HIGHEST GUST DIRECTION    SE (140)
  AVERAGE WIND SPEED     4.1


SKY COVER
  POSSIBLE SUNSHINE  MM
  AVERAGE SKY COVER 0.0


WEATHER CONDITIONS
 THE FOLLOWING WEATHER WAS RECORDED TODAY.
  NO SIGNIFICANT WEATHER WAS OBSERVED.


RELATIVE HUMIDITY (PERCENT)
 HIGHEST    92           700 AM
 LOWEST     48           200 PM
 AVERAGE    70

..........................................................


THE MILES CITY MT CLIMATE NORMALS FOR TOMORROW
                         NORMAL    RECORD    YEAR
 MAXIMUM TEMPERATURE (F)   40        73      1992
 MINIMUM TEMPERATURE (F)   17       -24      1960


SUNRISE AND SUNSET
FEBRUARY 26 2015......SUNRISE   649 AM MST   SUNSET   545 PM MST
FEBRUARY 27 2015......SUNRISE   647 AM MST   SUNSET   546 PM MST


-  INDICATES NEGATIVE NUMBERS.
R  INDICATES RECORD WAS SET OR TIED.
MM INDICATES DATA IS MISSING.
T  INDICATES TRACE AMOUNT.





&&

THIS IS AN AUTOMATED...UNATTENDED WEATHER STATION AND MAY
UNDERESTIMATE WINTER PRECIPITATION.

$$
