000
CDUS45 KBYZ 240723
CLIMLS


CLIMATE REPORT
NATIONAL WEATHER SERVICE BILLINGS MT
123 AM MDT SUN SEP 24 2017


...................................

...THE MILES CITY MT CLIMATE SUMMARY FOR SEPTEMBER 23 2017...

CLIMATE NORMAL PERIOD 1981 TO 2010
CLIMATE RECORD PERIOD 1937 TO 2017


WEATHER ITEM   OBSERVED TIME   RECORD YEAR NORMAL DEPARTURE LAST
                VALUE   (LST)  VALUE       VALUE  FROM      YEAR
                                                  NORMAL
..................................................................
TEMPERATURE (F)
 YESTERDAY
  MAXIMUM         46    829 AM  98    1992  70    -24       59
  MINIMUM         42    248 AM  26    1965  43     -1       51
  AVERAGE         44                        56    -12       55

PRECIPITATION (IN)
  YESTERDAY        0.28          0.38 1941   0.04   0.24     0.12
  MONTH TO DATE    1.64                      0.81   0.83     1.48
  SINCE OCT 1      6.06                     12.17  -6.11    13.40
  SINCE JAN 1      4.97                     10.57  -5.60    12.14

DEGREE DAYS
 HEATING
  YESTERDAY       21                         9     12       10
  MONTH TO DATE  151                       126     25      113
  SINCE SEP 1    151                       126     25      113
  SINCE JUL 1    155                       160     -5      127

 COOLING
  YESTERDAY        0                         1     -1        0
  MONTH TO DATE   91                        54     37       48
  SINCE SEP 1     91                        54     37       48
  SINCE JAN 1    985                       726    259      859
..................................................................


WIND (MPH)
  HIGHEST WIND SPEED    12   HIGHEST WIND DIRECTION    NE (40)
  HIGHEST GUST SPEED    13   HIGHEST GUST DIRECTION    NE (40)
  AVERAGE WIND SPEED     6.7


SKY COVER
  POSSIBLE SUNSHINE  MM
  AVERAGE SKY COVER 1.0


WEATHER CONDITIONS
 THE FOLLOWING WEATHER WAS RECORDED YESTERDAY.
  LIGHT RAIN
  FOG


RELATIVE HUMIDITY (PERCENT)
 HIGHEST    96           700 PM
 LOWEST     70           900 AM
 AVERAGE    83

..........................................................


THE MILES CITY MT CLIMATE NORMALS FOR TODAY
                         NORMAL    RECORD    YEAR
 MAXIMUM TEMPERATURE (F)   70        94      1938
 MINIMUM TEMPERATURE (F)   42        26      2000


SUNRISE AND SUNSET
SEPTEMBER 24 2017.....SUNRISE   653 AM MDT   SUNSET   656 PM MDT
SEPTEMBER 25 2017.....SUNRISE   655 AM MDT   SUNSET   655 PM MDT


-  INDICATES NEGATIVE NUMBERS.
R  INDICATES RECORD WAS SET OR TIED.
MM INDICATES DATA IS MISSING.
T  INDICATES TRACE AMOUNT.




$$
