000
CDUS45 KBYZ 252224
CLIMLS


CLIMATE REPORT
NATIONAL WEATHER SERVICE BILLINGS MT
424 PM MDT THU MAY 25 2017


...................................

...THE MILES CITY MT CLIMATE SUMMARY FOR MAY 25 2017...
VALID TODAY AS OF 0400 PM LOCAL TIME.

CLIMATE NORMAL PERIOD 1981 TO 2010
CLIMATE RECORD PERIOD 1937 TO 2017


WEATHER ITEM   OBSERVED TIME   RECORD YEAR NORMAL DEPARTURE LAST
                VALUE   (LST)  VALUE       VALUE  FROM      YEAR
                                                  NORMAL
..................................................................
TEMPERATURE (F)
 TODAY
  MAXIMUM         61    952 AM  90    1969  71    -10       67
  MINIMUM         40    450 AM  32    2012  46     -6       50
                                      2004
  AVERAGE         51                        59     -8       59

PRECIPITATION (IN)
  TODAY            0.01          0.67 1962   0.08  -0.07     0.25
  MONTH TO DATE    0.43                      1.68  -1.25     1.52
  SINCE OCT 1      3.53                      5.80  -2.27     8.21
  SINCE JAN 1      2.44                      4.20  -1.76     6.95

DEGREE DAYS
 HEATING
  TODAY           14                         7      7        6
  MONTH TO DATE  211                       264    -53      202
  SINCE MAR 1   1510                      1776   -266     1364
  SINCE JUL 1   7062                      7510   -448     6057

 COOLING
  TODAY            0                         1     -1        0
  MONTH TO DATE   18                        12      6       22
  SINCE MAR 1     18                        13      5       24
  SINCE JAN 1     18                        13      5       24
..................................................................


WIND (MPH)
  HIGHEST WIND SPEED    35   HIGHEST WIND DIRECTION     W (280)
  HIGHEST GUST SPEED    42   HIGHEST GUST DIRECTION     W (280)
  AVERAGE WIND SPEED    16.1


SKY COVER
  POSSIBLE SUNSHINE  MM
  AVERAGE SKY COVER 0.4


WEATHER CONDITIONS
 THE FOLLOWING WEATHER WAS RECORDED TODAY.
  NO SIGNIFICANT WEATHER WAS OBSERVED.


RELATIVE HUMIDITY (PERCENT)
 HIGHEST    66           200 PM
 LOWEST     31           100 AM
 AVERAGE    49

..........................................................


THE MILES CITY MT CLIMATE NORMALS FOR TOMORROW
                         NORMAL    RECORD    YEAR
 MAXIMUM TEMPERATURE (F)   71        98      1969
 MINIMUM TEMPERATURE (F)   46        32      2007


SUNRISE AND SUNSET
MAY 25 2017...........SUNRISE   519 AM MDT   SUNSET   842 PM MDT
MAY 26 2017...........SUNRISE   519 AM MDT   SUNSET   843 PM MDT


-  INDICATES NEGATIVE NUMBERS.
R  INDICATES RECORD WAS SET OR TIED.
MM INDICATES DATA IS MISSING.
T  INDICATES TRACE AMOUNT.




$$
