000
CDUS45 KBYZ 300932
CLIMLS


CLIMATE REPORT
NATIONAL WEATHER SERVICE BILLINGS MT
331 AM MDT SAT AUG 30 2014


...................................

...THE MILES CITY MT CLIMATE SUMMARY FOR AUGUST 29 2014...

CLIMATE NORMAL PERIOD 1981 TO 2010
CLIMATE RECORD PERIOD 1937 TO 2014


WEATHER ITEM   OBSERVED TIME   RECORD YEAR NORMAL DEPARTURE LAST
                VALUE   (LST)  VALUE       VALUE  FROM      YEAR
                                                  NORMAL
..................................................................
TEMPERATURE (F)
 YESTERDAY
  MAXIMUM         73    523 PM 101    1995  83    -10       94
  MINIMUM         58   1153 PM  41    1965  54      4       63
  AVERAGE         66                        69     -3       79

PRECIPITATION (IN)
  YESTERDAY        T             0.96 1964   0.03  -0.03     0.00
  MONTH TO DATE    2.17                      0.86   1.31     1.72
  SINCE OCT 1     13.62                     11.31   2.31    15.37
  SINCE JAN 1     11.94                      9.71   2.23    13.84

SNOWFALL (IN)
  YESTERDAY       MM
  MONTH TO DATE   MM
  SINCE JUN 1     MM
  SINCE JUL 1     MM
  SNOW DEPTH      MM

DEGREE DAYS
 HEATING
  YESTERDAY        0                         2     -2        0
  MONTH TO DATE   33                        15     18        0
  SINCE JUN 1    128                       116     12       59
  SINCE JUL 1     34                        27      7        0

 COOLING
  YESTERDAY        1                         5     -4       14
  MONTH TO DATE  237                       248    -11      292
  SINCE JUN 1    558                       643    -85      704
  SINCE JAN 1    592                       663    -71      717
..................................................................


WIND (MPH)
  HIGHEST WIND SPEED    23   HIGHEST WIND DIRECTION    NW (330)
  HIGHEST GUST SPEED    29   HIGHEST GUST DIRECTION    NW (320)
  AVERAGE WIND SPEED     8.7


SKY COVER
  POSSIBLE SUNSHINE  MM
  AVERAGE SKY COVER 0.4


WEATHER CONDITIONS
 THE FOLLOWING WEATHER WAS RECORDED YESTERDAY.
  NO SIGNIFICANT WEATHER WAS OBSERVED.


RELATIVE HUMIDITY (PERCENT)
 HIGHEST    84           600 AM
 LOWEST     46           400 PM
 AVERAGE    65

..........................................................


THE MILES CITY MT CLIMATE NORMALS FOR TODAY
                         NORMAL    RECORD    YEAR
 MAXIMUM TEMPERATURE (F)   83       105      1948
 MINIMUM TEMPERATURE (F)   54        40      1992


SUNRISE AND SUNSET
AUGUST 30 2014........SUNRISE   621 AM MDT   SUNSET   746 PM MDT
AUGUST 31 2014........SUNRISE   622 AM MDT   SUNSET   744 PM MDT


-  INDICATES NEGATIVE NUMBERS.
R  INDICATES RECORD WAS SET OR TIED.
MM INDICATES DATA IS MISSING.
T  INDICATES TRACE AMOUNT.





&&

THIS IS AN AUTOMATED...UNATTENDED WEATHER STATION AND MAY
UNDERESTIMATE WINTER PRECIPITATION.

$$
