000
CDUS45 KBYZ 230933
CLIMLS


CLIMATE REPORT
NATIONAL WEATHER SERVICE BILLINGS MT
332 AM MDT SAT MAY 23 2015


...................................

...THE MILES CITY MT CLIMATE SUMMARY FOR MAY 22 2015...

CLIMATE NORMAL PERIOD 1981 TO 2010
CLIMATE RECORD PERIOD 1937 TO 2015


WEATHER ITEM   OBSERVED TIME   RECORD YEAR NORMAL DEPARTURE LAST
                VALUE   (LST)  VALUE       VALUE  FROM      YEAR
                                                  NORMAL
..................................................................
TEMPERATURE (F)
 YESTERDAY
  MAXIMUM         72    219 PM  99    1980  70      2       80
  MINIMUM         44    402 AM  33    2002  45     -1       49
  AVERAGE         58                        58      0       65

PRECIPITATION (IN)
  YESTERDAY        T             0.88        0.07  -0.07     0.00
  MONTH TO DATE    0.52                      1.45  -0.93     2.09
  SINCE OCT 1      2.43                      5.57  -3.14     5.66
  SINCE JAN 1      1.42                      3.97  -2.55     3.98

DEGREE DAYS
 HEATING
  YESTERDAY        7                         8     -1        0
  MONTH TO DATE  281                       242     39      305
  SINCE MAR 1   1468                      1754   -286     1966
  SINCE JUL 1   6938                      7488   -550     8005

 COOLING
  YESTERDAY        0                         1     -1        0
  MONTH TO DATE    1                         9     -8        0
  SINCE MAR 1      1                        10     -9        0
  SINCE JAN 1      1                        10     -9        0
..................................................................


WIND (MPH)
  HIGHEST WIND SPEED    24   HIGHEST WIND DIRECTION    SE (130)
  HIGHEST GUST SPEED    32   HIGHEST GUST DIRECTION     E (110)
  AVERAGE WIND SPEED    13.1


SKY COVER
  POSSIBLE SUNSHINE  MM
  AVERAGE SKY COVER 0.5


WEATHER CONDITIONS
 THE FOLLOWING WEATHER WAS RECORDED YESTERDAY.
  NO SIGNIFICANT WEATHER WAS OBSERVED.


RELATIVE HUMIDITY (PERCENT)
 HIGHEST    62           400 AM
 LOWEST     35          1200 AM
 AVERAGE    49

..........................................................


THE MILES CITY MT CLIMATE NORMALS FOR TODAY
                         NORMAL    RECORD    YEAR
 MAXIMUM TEMPERATURE (F)   71        96      1980
 MINIMUM TEMPERATURE (F)   46        30      2002
                                             1947


SUNRISE AND SUNSET
MAY 23 2015...........SUNRISE   522 AM MDT   SUNSET   839 PM MDT
MAY 24 2015...........SUNRISE   521 AM MDT   SUNSET   841 PM MDT


-  INDICATES NEGATIVE NUMBERS.
R  INDICATES RECORD WAS SET OR TIED.
MM INDICATES DATA IS MISSING.
T  INDICATES TRACE AMOUNT.





&&

THIS IS AN AUTOMATED...UNATTENDED WEATHER STATION AND MAY
UNDERESTIMATE WINTER PRECIPITATION.

$$
