000
CDUS45 KBYZ 280933
CLIMLS


CLIMATE REPORT
NATIONAL WEATHER SERVICE BILLINGS MT
332 AM MDT SAT MAR 28 2015


...................................

...THE MILES CITY MT CLIMATE SUMMARY FOR MARCH 27 2015...

CLIMATE NORMAL PERIOD 1981 TO 2010
CLIMATE RECORD PERIOD 1937 TO 2015


WEATHER ITEM   OBSERVED TIME   RECORD YEAR NORMAL DEPARTURE LAST
                VALUE   (LST)  VALUE       VALUE  FROM      YEAR
                                                  NORMAL
..................................................................
TEMPERATURE (F)
 YESTERDAY
  MAXIMUM         72    246 PM  82    1946  51     21       45
  MINIMUM         38    540 AM  -3    1937  27     11       22
  AVERAGE         55                        39     16       34

PRECIPITATION (IN)
  YESTERDAY        0.00          0.43        0.03  -0.03     0.00
  MONTH TO DATE    T                         0.49  -0.49     0.62
  SINCE OCT 1      1.36                      2.64  -1.28     2.55
  SINCE JAN 1      0.35                      1.04  -0.69     0.87

DEGREE DAYS
 HEATING
  YESTERDAY       10                        26    -16       31
  MONTH TO DATE  401                       841   -440      933
  SINCE MAR 1    401                       841   -440      933
  SINCE JUL 1   5871                      6575   -704     6972

 COOLING
  YESTERDAY        0                         0      0        0
  MONTH TO DATE    0                         0      0        0
  SINCE MAR 1      0                         0      0        0
  SINCE JAN 1      0                         0      0        0
..................................................................


WIND (MPH)
  HIGHEST WIND SPEED    24   HIGHEST WIND DIRECTION    NW (310)
  HIGHEST GUST SPEED    31   HIGHEST GUST DIRECTION    NW (330)
  AVERAGE WIND SPEED    10.9


SKY COVER
  POSSIBLE SUNSHINE  MM
  AVERAGE SKY COVER 0.0


WEATHER CONDITIONS
 THE FOLLOWING WEATHER WAS RECORDED YESTERDAY.
  NO SIGNIFICANT WEATHER WAS OBSERVED.


RELATIVE HUMIDITY (PERCENT)
 HIGHEST    79           300 AM
 LOWEST     26           300 PM
 AVERAGE    53

..........................................................


THE MILES CITY MT CLIMATE NORMALS FOR TODAY
                         NORMAL    RECORD    YEAR
 MAXIMUM TEMPERATURE (F)   52        80      1986
 MINIMUM TEMPERATURE (F)   27         0      1954


SUNRISE AND SUNSET
MARCH 28 2015.........SUNRISE   651 AM MDT   SUNSET   727 PM MDT
MARCH 29 2015.........SUNRISE   649 AM MDT   SUNSET   728 PM MDT


-  INDICATES NEGATIVE NUMBERS.
R  INDICATES RECORD WAS SET OR TIED.
MM INDICATES DATA IS MISSING.
T  INDICATES TRACE AMOUNT.





&&

THIS IS AN AUTOMATED...UNATTENDED WEATHER STATION AND MAY
UNDERESTIMATE WINTER PRECIPITATION.

$$
