000
CDUS41 KCAR 242131
CLIMLT


CLIMATE REPORT
NATIONAL WEATHER SERVICE CARIBOU, ME
430 PM EST SAT JAN 24 2015


...................................

...THE MILLINOCKET ME CLIMATE SUMMARY FOR JANUARY 24 2015...
VALID TODAY AS OF 0400 PM LOCAL TIME.

CLIMATE NORMAL PERIOD 1981 TO 2010
CLIMATE RECORD PERIOD 1903 TO 2015


WEATHER ITEM   OBSERVED TIME   RECORD YEAR NORMAL DEPARTURE LAST
                VALUE   (LST)  VALUE       VALUE  FROM      YEAR
                                                  NORMAL
..................................................................
TEMPERATURE (F)
 TODAY
  MAXIMUM         30    248 PM  50    1992  23      7        8
  MINIMUM         19    657 AM -27    1905   3     16       -3
  AVERAGE         25                        13     12        3

PRECIPITATION (IN)
  TODAY            0.00          1.31 1992   0.08  -0.08      T
  MONTH TO DATE    1.21                      2.34  -1.13     3.25
  SINCE DEC 1      7.21                      5.87   1.34     5.49
  SINCE JAN 1      1.21                      2.34  -1.13     3.25

SNOWFALL (IN)
  TODAY           MM            MM      MM  MM     MM       MM
  MONTH TO DATE   MM                        MM     MM       MM
  SINCE DEC 1     MM                        MM     MM       MM
  SINCE JUL 1     MM                        MM     MM       MM
  SNOW DEPTH      MM

DEGREE DAYS
 HEATING
  TODAY           40                        52    -12       62
  MONTH TO DATE 1255                      1222     33     1152
  SINCE DEC 1   2444                      2544   -100     2616
  SINCE JUL 1   4040                      4387   -347     4308

 COOLING
  TODAY            0                         0      0        0
  MONTH TO DATE    0                         0      0        0
  SINCE DEC 1      0                         0      0        0
  SINCE JAN 1      0                         0      0        0
..................................................................


WIND (MPH)
  HIGHEST WIND SPEED     8   HIGHEST WIND DIRECTION     E (80)
  HIGHEST GUST SPEED    12   HIGHEST GUST DIRECTION    SW (220)
  AVERAGE WIND SPEED     2.8


SKY COVER
  POSSIBLE SUNSHINE  MM
  AVERAGE SKY COVER 0.5


WEATHER CONDITIONS
 THE FOLLOWING WEATHER WAS RECORDED TODAY.
  NO SIGNIFICANT WEATHER WAS OBSERVED.


RELATIVE HUMIDITY (PERCENT)
 HIGHEST    84           700 AM
 LOWEST     55          1200 AM
 AVERAGE    70

..........................................................


THE MILLINOCKET ME CLIMATE NORMALS FOR TOMORROW
                         NORMAL    RECORD    YEAR
 MAXIMUM TEMPERATURE (F)   23        49      2010
                                             1996
 MINIMUM TEMPERATURE (F)    3       -24      1918


SUNRISE AND SUNSET
JANUARY 24 2015.......SUNRISE   705 AM EST   SUNSET   429 PM EST
JANUARY 25 2015.......SUNRISE   704 AM EST   SUNSET   431 PM EST


-  INDICATES NEGATIVE NUMBERS.
R  INDICATES RECORD WAS SET OR TIED.
MM INDICATES DATA IS MISSING.
T  INDICATES TRACE AMOUNT.




$$
