000
CDUS41 KCAR 180527
CLIMLT


CLIMATE REPORT
NATIONAL WEATHER SERVICE CARIBOU, ME
126 AM EDT FRI AUG 18 2017


...................................

...THE MILLINOCKET ME CLIMATE SUMMARY FOR AUGUST 17 2017...

CLIMATE NORMAL PERIOD 1981 TO 2010
CLIMATE RECORD PERIOD 1903 TO 2017


WEATHER ITEM   OBSERVED TIME   RECORD YEAR NORMAL DEPARTURE LAST
                VALUE   (LST)  VALUE       VALUE  FROM      YEAR
                                                  NORMAL
..................................................................
TEMPERATURE (F)
 YESTERDAY
  MAXIMUM         76    332 PM  95    1935  77     -1       76
  MINIMUM         46    447 AM  38    1923  55     -9       60
  AVERAGE         61                        66     -5       68

PRECIPITATION (IN)
  YESTERDAY        0.00          2.17 1944   0.14  -0.14     0.63
  MONTH TO DATE    0.86                      2.05  -1.19     2.88
  SINCE JUN 1      8.68                      9.97  -1.29     8.03
  SINCE JAN 1     24.36                     25.04  -0.68    21.64

SNOWFALL (IN)
  YESTERDAY       MM            MM      MM  MM     MM       MM
  MONTH TO DATE   MM                        MM     MM       MM
  SINCE JUN 1     MM                        MM     MM       MM
  SINCE JUL 1     MM                        MM     MM       MM
  SNOW DEPTH      MM

DEGREE DAYS
 HEATING
  YESTERDAY        4                         2      2        0
  MONTH TO DATE   17                        19     -2        3
  SINCE JUN 1    168                       159      9      152
  SINCE JUL 1     48                        43      5       36

 COOLING
  YESTERDAY        0                         3     -3        3
  MONTH TO DATE   45                        51     -6       68
  SINCE JUN 1    188                       217    -29      252
  SINCE JAN 1    197                       223    -26      258
..................................................................


WIND (MPH)
  HIGHEST WIND SPEED    20   HIGHEST WIND DIRECTION    NW (310)
  HIGHEST GUST SPEED    28   HIGHEST GUST DIRECTION    NW (300)
  AVERAGE WIND SPEED     6.1


SKY COVER
  POSSIBLE SUNSHINE  MM
  AVERAGE SKY COVER 0.0


WEATHER CONDITIONS
 THE FOLLOWING WEATHER WAS RECORDED YESTERDAY.
  NO SIGNIFICANT WEATHER WAS OBSERVED.


RELATIVE HUMIDITY (PERCENT)
 HIGHEST   100           400 AM
 LOWEST     33           100 PM
 AVERAGE    67

..........................................................


THE MILLINOCKET ME CLIMATE NORMALS FOR TODAY
                         NORMAL    RECORD    YEAR
 MAXIMUM TEMPERATURE (F)   77        98      1935
                                             1906
 MINIMUM TEMPERATURE (F)   55        37      1918


SUNRISE AND SUNSET
AUGUST 18 2017........SUNRISE   539 AM EDT   SUNSET   737 PM EDT
AUGUST 19 2017........SUNRISE   540 AM EDT   SUNSET   735 PM EDT


-  INDICATES NEGATIVE NUMBERS.
R  INDICATES RECORD WAS SET OR TIED.
MM INDICATES DATA IS MISSING.
T  INDICATES TRACE AMOUNT.




$$
