000
CDUS41 KCAR 222131
CLIMLT


CLIMATE REPORT
NATIONAL WEATHER SERVICE CARIBOU, ME
430 PM EST MON DEC 22 2014


...................................

...THE MILLINOCKET ME CLIMATE SUMMARY FOR DECEMBER 22 2014...
VALID TODAY AS OF 0400 PM LOCAL TIME.

CLIMATE NORMAL PERIOD 1981 TO 2010
CLIMATE RECORD PERIOD 1903 TO 2014


WEATHER ITEM   OBSERVED TIME   RECORD YEAR NORMAL DEPARTURE LAST
                VALUE   (LST)  VALUE       VALUE  FROM      YEAR
                                                  NORMAL
..................................................................
TEMPERATURE (F)
 TODAY
  MAXIMUM         32    212 PM  61    1957  28      4       24
  MINIMUM         26    813 AM -18    1970  12     14       18
  AVERAGE         29                        20      9       21

PRECIPITATION (IN)
  TODAY            0.00          1.70 1977   0.09  -0.09     0.64
  MONTH TO DATE    4.45                      2.80   1.65     1.65
  SINCE DEC 1      4.45                      2.80   1.65     1.65
  SINCE JAN 1     37.92                     41.95  -4.03    37.36

SNOWFALL (IN)
  TODAY           MM            MM      MM  MM     MM       MM
  MONTH TO DATE   MM                        MM     MM       MM
  SINCE DEC 1     MM                        MM     MM       MM
  SINCE JUL 1     MM                        MM     MM       MM
  SNOW DEPTH      MM

DEGREE DAYS
 HEATING
  TODAY           36                        45     -9       44
  MONTH TO DATE  863                       901    -38     1008
  SINCE DEC 1    863                       901    -38     1008
  SINCE JUL 1   2459                      2744   -285     2700

 COOLING
  TODAY            0                         0      0        0
  MONTH TO DATE    0                         0      0        0
  SINCE DEC 1      0                         0      0        0
  SINCE JAN 1    375                       268    107      380
..................................................................


WIND (MPH)
  HIGHEST WIND SPEED     3   HIGHEST WIND DIRECTION    SE (150)
  HIGHEST GUST SPEED     5   HIGHEST GUST DIRECTION     E (110)
  AVERAGE WIND SPEED     0.2


SKY COVER
  POSSIBLE SUNSHINE  MM
  AVERAGE SKY COVER 1.0


WEATHER CONDITIONS
 THE FOLLOWING WEATHER WAS RECORDED TODAY.
  FOG


RELATIVE HUMIDITY (PERCENT)
 HIGHEST    92          1200 AM
 LOWEST     85          1000 AM
 AVERAGE    89

..........................................................


THE MILLINOCKET ME CLIMATE NORMALS FOR TOMORROW
                         NORMAL    RECORD    YEAR
 MAXIMUM TEMPERATURE (F)   28        54      2004
 MINIMUM TEMPERATURE (F)   11       -20      1908


SUNRISE AND SUNSET
DECEMBER 22 2014......SUNRISE   713 AM EST   SUNSET   354 PM EST
DECEMBER 23 2014......SUNRISE   713 AM EST   SUNSET   354 PM EST


-  INDICATES NEGATIVE NUMBERS.
R  INDICATES RECORD WAS SET OR TIED.
MM INDICATES DATA IS MISSING.
T  INDICATES TRACE AMOUNT.




$$
