000
CDUS41 KCAR 062036
CLIMLT


CLIMATE REPORT
NATIONAL WEATHER SERVICE CARIBOU, ME
435 PM EDT MON JUL 6 2015


...................................

...THE MILLINOCKET ME CLIMATE SUMMARY FOR JULY 6 2015...
VALID TODAY AS OF 0400 PM LOCAL TIME.

CLIMATE NORMAL PERIOD 1981 TO 2010
CLIMATE RECORD PERIOD 1903 TO 2015


WEATHER ITEM   OBSERVED TIME   RECORD YEAR NORMAL DEPARTURE LAST
                VALUE   (LST)  VALUE       VALUE  FROM      YEAR
                                                  NORMAL
..................................................................
TEMPERATURE (F)
 TODAY
  MAXIMUM         85    248 PM  99    1911  78      7       78
  MINIMUM         58    445 AM  38    1927  58      0       56
  AVERAGE         72                        68      4       67

PRECIPITATION (IN)
  TODAY            0.00          1.03 1998   0.14  -0.14     0.00
  MONTH TO DATE    0.49                      0.81  -0.32     1.77
  SINCE JUN 1      5.01                      4.88   0.13     6.34
  SINCE JAN 1     16.70                     19.95  -3.25    20.24

SNOWFALL (IN)
  TODAY           MM            MM      MM  MM     MM       MM
  MONTH TO DATE   MM                        MM     MM       MM
  SINCE JUN 1     MM                        MM     MM       MM
  SINCE JUL 1     MM                        MM     MM       MM
  SNOW DEPTH      MM

DEGREE DAYS
 HEATING
  TODAY            0                         1     -1        0
  MONTH TO DATE    1                         6     -5        6
  SINCE JUN 1    161                       122     39       82
  SINCE JUL 1      1                         6     -5        6

 COOLING
  TODAY            7                         4      3        2
  MONTH TO DATE   11                        21    -10       51
  SINCE JUN 1     31                        70    -39      109
  SINCE JAN 1     65                        76    -11      111
..................................................................


WIND (MPH)
  HIGHEST WIND SPEED     8   HIGHEST WIND DIRECTION     W (290)
  HIGHEST GUST SPEED    11   HIGHEST GUST DIRECTION     W (280)
  AVERAGE WIND SPEED     1.9


SKY COVER
  POSSIBLE SUNSHINE  MM
  AVERAGE SKY COVER 0.1


WEATHER CONDITIONS
 THE FOLLOWING WEATHER WAS RECORDED TODAY.
  NO SIGNIFICANT WEATHER WAS OBSERVED.


RELATIVE HUMIDITY (PERCENT)
 HIGHEST    90           200 AM
 LOWEST     37           100 PM
 AVERAGE    64

..........................................................


THE MILLINOCKET ME CLIMATE NORMALS FOR TOMORROW
                         NORMAL    RECORD    YEAR
 MAXIMUM TEMPERATURE (F)   78       100      1912
 MINIMUM TEMPERATURE (F)   58        41      1977


SUNRISE AND SUNSET
JULY  6 2015..........SUNRISE   452 AM EDT   SUNSET   826 PM EDT
JULY  7 2015..........SUNRISE   453 AM EDT   SUNSET   826 PM EDT


-  INDICATES NEGATIVE NUMBERS.
R  INDICATES RECORD WAS SET OR TIED.
MM INDICATES DATA IS MISSING.
T  INDICATES TRACE AMOUNT.




$$
