000
CDUS41 KCAR 250536
CLIMLT


CLIMATE REPORT
NATIONAL WEATHER SERVICE CARIBOU, ME
132 AM EDT SUN JUN 25 2017


...................................

...THE MILLINOCKET ME CLIMATE SUMMARY FOR JUNE 24 2017...

CLIMATE NORMAL PERIOD 1981 TO 2010
CLIMATE RECORD PERIOD 1903 TO 2017


WEATHER ITEM   OBSERVED TIME   RECORD YEAR NORMAL DEPARTURE LAST
                VALUE   (LST)  VALUE       VALUE  FROM      YEAR
                                                  NORMAL
..................................................................
TEMPERATURE (F)
 YESTERDAY
  MAXIMUM         79    425 PM  97    1912  76      3       76
  MINIMUM         60   1159 PM  39    1931  55      5       46
  AVERAGE         70                        66      4       61

PRECIPITATION (IN)
  YESTERDAY        0.22          1.66 1960   0.12   0.10     0.00
  MONTH TO DATE    4.80                      3.24   1.56     2.40
  SINCE JUN 1      4.80                      3.24   1.56     2.40
  SINCE JAN 1     20.48                     18.31   2.17    16.01

SNOWFALL (IN)
  YESTERDAY       MM            MM      MM  MM     MM       MM
  MONTH TO DATE   MM                        MM     MM       MM
  SINCE JUN 1     MM                        MM     MM       MM
  SINCE JUL 1     MM                        MM     MM       MM
  SNOW DEPTH      MM

DEGREE DAYS
 HEATING
  YESTERDAY        0                         2     -2        4
  MONTH TO DATE  103                       107     -4      116
  SINCE JUN 1    103                       107     -4      116
  SINCE JUL 1   7967                      8397   -430     7275

 COOLING
  YESTERDAY        5                         2      3        0
  MONTH TO DATE   51                        33     18        5
  SINCE JUN 1     51                        33     18        5
  SINCE JAN 1     60                        39     21       11
..................................................................


WIND (MPH)
  HIGHEST WIND SPEED    18   HIGHEST WIND DIRECTION    NW (310)
  HIGHEST GUST SPEED    26   HIGHEST GUST DIRECTION    NW (320)
  AVERAGE WIND SPEED     4.8


SKY COVER
  POSSIBLE SUNSHINE  MM
  AVERAGE SKY COVER 0.5


WEATHER CONDITIONS
 THE FOLLOWING WEATHER WAS RECORDED YESTERDAY.
  RAIN
  LIGHT RAIN
  FOG


RELATIVE HUMIDITY (PERCENT)
 HIGHEST   100          1200 AM
 LOWEST     42           400 PM
 AVERAGE    71

..........................................................


THE MILLINOCKET ME CLIMATE NORMALS FOR TODAY
                         NORMAL    RECORD    YEAR
 MAXIMUM TEMPERATURE (F)   76        96      1912
 MINIMUM TEMPERATURE (F)   56        37      1927


SUNRISE AND SUNSET
JUNE 25 2017..........SUNRISE   447 AM EDT   SUNSET   828 PM EDT
JUNE 26 2017..........SUNRISE   447 AM EDT   SUNSET   828 PM EDT


-  INDICATES NEGATIVE NUMBERS.
R  INDICATES RECORD WAS SET OR TIED.
MM INDICATES DATA IS MISSING.
T  INDICATES TRACE AMOUNT.




$$
