000
CDUS41 KCAR 010536
CLIMLT


CLIMATE REPORT
NATIONAL WEATHER SERVICE CARIBOU, ME
133 AM EDT MON SEP 1 2014


...................................

...THE MILLINOCKET ME CLIMATE SUMMARY FOR AUGUST 31 2014...

CLIMATE NORMAL PERIOD 1981 TO 2010
CLIMATE RECORD PERIOD 1903 TO 2014


WEATHER ITEM   OBSERVED TIME   RECORD YEAR NORMAL DEPARTURE LAST
                VALUE   (LST)  VALUE       VALUE  FROM      YEAR
                                                  NORMAL
..................................................................
TEMPERATURE (F)
 YESTERDAY
  MAXIMUM         76   1138 AM  95    2010  74      2       77
  MINIMUM         58    235 AM  32    1952  52      6       64
  AVERAGE         67                        63      4       71

PRECIPITATION (IN)
  YESTERDAY        T             1.90 2005   0.12  -0.12     0.08
  MONTH TO DATE    2.26                      3.94  -1.68     5.03
  SINCE JUN 1     11.24                     11.86  -0.62    14.33
  SINCE JAN 1     25.14                     26.93  -1.79    25.49

SNOWFALL (IN)
  YESTERDAY       MM            MM      MM  MM     MM       MM
  MONTH TO DATE   MM                        MM     MM       MM
  SINCE JUN 1     MM                        MM     MM       MM
  SINCE JUL 1     MM                        MM     MM       MM
  SNOW DEPTH      MM

DEGREE DAYS
 HEATING
  YESTERDAY        0                         4     -4        0
  MONTH TO DATE   19                        54    -35       35
  SINCE JUN 1    104                       195    -91      146
  SINCE JUL 1     28                        79    -51       45

 COOLING
  YESTERDAY        2                         2      0        6
  MONTH TO DATE   94                        79     15       70
  SINCE JUN 1    326                       245     81      344
  SINCE JAN 1    328                       251     77      352
..................................................................


WIND (MPH)
  HIGHEST WIND SPEED     9   HIGHEST WIND DIRECTION    SW (210)
  HIGHEST GUST SPEED    16   HIGHEST GUST DIRECTION    SW (210)
  AVERAGE WIND SPEED     3.1


SKY COVER
  POSSIBLE SUNSHINE  MM
  AVERAGE SKY COVER 0.4


WEATHER CONDITIONS
 THE FOLLOWING WEATHER WAS RECORDED YESTERDAY.
  LIGHT RAIN
  FOG


RELATIVE HUMIDITY (PERCENT)
 HIGHEST    90           600 AM
 LOWEST     64          1200 PM
 AVERAGE    77

..........................................................


THE MILLINOCKET ME CLIMATE NORMALS FOR TODAY
                         NORMAL    RECORD    YEAR
 MAXIMUM TEMPERATURE (F)   74        93      2010
 MINIMUM TEMPERATURE (F)   52        35      1904


SUNRISE AND SUNSET
SEPTEMBER  1 2014.....SUNRISE   556 AM EDT   SUNSET   713 PM EDT
SEPTEMBER  2 2014.....SUNRISE   557 AM EDT   SUNSET   711 PM EDT


-  INDICATES NEGATIVE NUMBERS.
R  INDICATES RECORD WAS SET OR TIED.
MM INDICATES DATA IS MISSING.
T  INDICATES TRACE AMOUNT.




$$
