000
CDUS44 KSHV 250851
CLIMLU


CLIMATE REPORT
NATIONAL WEATHER SERVICE SHREVEPORT, LA
251 AM CST SUN FEB 25 2018


...................................

...THE MONROE CLIMATE SUMMARY FOR FEBRUARY 24 2018...

CLIMATE NORMAL PERIOD 1981 TO 2010
CLIMATE RECORD PERIOD 1893 TO 2018


WEATHER ITEM   OBSERVED TIME   RECORD YEAR NORMAL DEPARTURE LAST
                VALUE   (LST)  VALUE       VALUE  FROM      YEAR
                                                  NORMAL
..................................................................
TEMPERATURE (F)
 YESTERDAY
  MAXIMUM         79    340 PM  85    1918  64     15       80
  MINIMUM         54   1159 PM  23    1989  42     12       58
  AVERAGE         67                        53     14       69

PRECIPITATION (IN)
  YESTERDAY        0.57          1.50 1896   0.17   0.40     0.00
  MONTH TO DATE    8.80                      3.97   4.83     2.80
  SINCE DEC 1     14.59                     14.27   0.32    13.14
  SINCE JAN 1     11.07                      8.98   2.09     8.31

SNOWFALL (IN)
  YESTERDAY        0.0
  MONTH TO DATE    0.0
  SINCE DEC 1      1.3
  SINCE JUL 1      1.3
  SNOW DEPTH       0

DEGREE DAYS
 HEATING
  YESTERDAY        0                        13    -13        0
  MONTH TO DATE  282                       364    -82      168
  SINCE DEC 1   1455                      1473    -18      952
  SINCE JUL 1   1759                      1845    -86     1165

 COOLING
  YESTERDAY        2                         0      2        4
  MONTH TO DATE   28                         0     28       34
  SINCE DEC 1     39                        11     28       71
  SINCE JAN 1     28                         4     24       51
..................................................................


WIND (MPH)
  HIGHEST WIND SPEED    43   HIGHEST WIND DIRECTION    NW (320)
  HIGHEST GUST SPEED    53   HIGHEST GUST DIRECTION    NW (320)
  AVERAGE WIND SPEED    11.0


SKY COVER
  POSSIBLE SUNSHINE  MM
  AVERAGE SKY COVER 0.8


WEATHER CONDITIONS
 THE FOLLOWING WEATHER WAS RECORDED YESTERDAY.
  THUNDERSTORM
  HEAVY RAIN
  RAIN
  LIGHT RAIN
  FOG


RELATIVE HUMIDITY (PERCENT)
 HIGHEST    97           700 AM
 LOWEST     62           200 PM
 AVERAGE    80

..........................................................


THE MONROE CLIMATE NORMALS FOR TODAY
                         NORMAL    RECORD    YEAR
 MAXIMUM TEMPERATURE (F)   64        89      1918
 MINIMUM TEMPERATURE (F)   42        22      1965


SUNRISE AND SUNSET
FEBRUARY 25 2018......SUNRISE   640 AM CST   SUNSET   602 PM CST
FEBRUARY 26 2018......SUNRISE   639 AM CST   SUNSET   603 PM CST


-  INDICATES NEGATIVE NUMBERS.
R  INDICATES RECORD WAS SET OR TIED.
MM INDICATES DATA IS MISSING.
T  INDICATES TRACE AMOUNT.




$$
