160
CDUS44 KSHV 242234
CLIMLU


CLIMATE REPORT
NATIONAL WEATHER SERVICE SHREVEPORT, LA
431 PM CST FRI FEB 24 2017


...................................

...THE MONROE CLIMATE SUMMARY FOR FEBRUARY 24 2017...
VALID TODAY AS OF 0400 PM LOCAL TIME.

CLIMATE NORMAL PERIOD 1981 TO 2010
CLIMATE RECORD PERIOD 1930 TO 2017


WEATHER ITEM   OBSERVED TIME   RECORD YEAR NORMAL DEPARTURE LAST
                VALUE   (LST)  VALUE       VALUE  FROM      YEAR
                                                  NORMAL
..................................................................
TEMPERATURE (F)
 TODAY
  MAXIMUM         80    247 PM  83    2000  64     16       55
  MINIMUM         59    505 AM  23    1989  42     17       36
  AVERAGE         70                        53     17       46

PRECIPITATION (IN)
  TODAY            0.00          1.33 2001   0.17  -0.17     0.01
  MONTH TO DATE    2.80                      3.97  -1.17     2.69
  SINCE DEC 1     13.14                     14.27  -1.13    13.80
  SINCE JAN 1      8.31                      8.98  -0.67     7.41

SNOWFALL (IN)
  TODAY            0.0
  MONTH TO DATE    0.0
  SINCE DEC 1      0.2
  SINCE JUL 1      0.2
  SNOW DEPTH       0

DEGREE DAYS
 HEATING
  TODAY            0                        13    -13       19
  MONTH TO DATE  168                       364   -196      282
  SINCE DEC 1    952                      1473   -521     1178
  SINCE JUL 1   1165                      1845   -680     1366

 COOLING
  TODAY            5                         0      5        0
  MONTH TO DATE   35                         0     35        5
  SINCE DEC 1     72                        11     61       61
  SINCE JAN 1     52                         4     48        8
..................................................................


WIND (MPH)
  HIGHEST WIND SPEED    22   HIGHEST WIND DIRECTION    SW (210)
  HIGHEST GUST SPEED    32   HIGHEST GUST DIRECTION     S (190)
  AVERAGE WIND SPEED    11.2


SKY COVER
  POSSIBLE SUNSHINE  MM
  AVERAGE SKY COVER 0.5


WEATHER CONDITIONS
 THE FOLLOWING WEATHER WAS RECORDED TODAY.
  NO SIGNIFICANT WEATHER WAS OBSERVED.


RELATIVE HUMIDITY (PERCENT)
 HIGHEST    93           500 AM
 LOWEST     48           100 PM
 AVERAGE    71

..........................................................


THE MONROE CLIMATE NORMALS FOR TOMORROW
                         NORMAL    RECORD    YEAR
 MAXIMUM TEMPERATURE (F)   64        86      1977
 MINIMUM TEMPERATURE (F)   42        22      1965


SUNRISE AND SUNSET
FEBRUARY 24 2017......SUNRISE   641 AM CST   SUNSET   602 PM CST
FEBRUARY 25 2017......SUNRISE   640 AM CST   SUNSET   603 PM CST


-  INDICATES NEGATIVE NUMBERS.
R  INDICATES RECORD WAS SET OR TIED.
MM INDICATES DATA IS MISSING.
T  INDICATES TRACE AMOUNT.




$$
