000
CDUS44 KSHV 012232
CLIMLU


CLIMATE REPORT
NATIONAL WEATHER SERVICE SHREVEPORT, LA
431 PM CST SUN FEB 1 2015


...................................

...THE MONROE CLIMATE SUMMARY FOR FEBRUARY 1 2015...
VALID TODAY AS OF 0400 PM LOCAL TIME.

CLIMATE NORMAL PERIOD 1981 TO 2010
CLIMATE RECORD PERIOD 1930 TO 2015


WEATHER ITEM   OBSERVED TIME   RECORD YEAR NORMAL DEPARTURE LAST
                VALUE   (LST)  VALUE       VALUE  FROM      YEAR
                                                  NORMAL
..................................................................
TEMPERATURE (F)
 TODAY
  MAXIMUM         71    216 PM  80    1989  59     12       69
  MINIMUM         51    259 AM  11    1949  37     14       47
  AVERAGE         61                        48     13       58

PRECIPITATION (IN)
  TODAY            0.38          1.70 1981   0.17   0.21     0.00
  MONTH TO DATE    0.38                      0.17   0.21     0.00
  SINCE DEC 1      9.77                     10.47  -0.70     4.11
  SINCE JAN 1      5.29                      5.18   0.11     0.85

SNOWFALL (IN)
  TODAY            0.0
  MONTH TO DATE    0.0
  SINCE DEC 1      T
  SINCE JUL 1      T
  SNOW DEPTH       0

DEGREE DAYS
 HEATING
  TODAY            4                        17    -13        7
  MONTH TO DATE    4                        17    -13        7
  SINCE DEC 1   1107                      1126    -19     1316
  SINCE JUL 1   1581                      1498     83     1796

 COOLING
  TODAY            0                         0      0        0
  MONTH TO DATE    0                         0      0        0
  SINCE DEC 1      1                        11    -10       11
  SINCE JAN 1      0                         4     -4        0
..................................................................


WIND (MPH)
  HIGHEST WIND SPEED    25   HIGHEST WIND DIRECTION    NW (300)
  HIGHEST GUST SPEED    33   HIGHEST GUST DIRECTION    NW (310)
  AVERAGE WIND SPEED    11.0


SKY COVER
  POSSIBLE SUNSHINE  MM
  AVERAGE SKY COVER 0.9


WEATHER CONDITIONS
 THE FOLLOWING WEATHER WAS RECORDED TODAY.
  THUNDERSTORM
  HEAVY RAIN
  RAIN
  LIGHT RAIN
  FOG
  HAZE


RELATIVE HUMIDITY (PERCENT)
 HIGHEST    96           400 AM
 LOWEST     73           200 PM
 AVERAGE    85

..........................................................


THE MONROE CLIMATE NORMALS FOR TOMORROW
                         NORMAL    RECORD    YEAR
 MAXIMUM TEMPERATURE (F)   59        80      1989
 MINIMUM TEMPERATURE (F)   37        -2      1951


SUNRISE AND SUNSET
FEBRUARY  1 2015......SUNRISE   703 AM CST   SUNSET   541 PM CST
FEBRUARY  2 2015......SUNRISE   702 AM CST   SUNSET   542 PM CST


-  INDICATES NEGATIVE NUMBERS.
R  INDICATES RECORD WAS SET OR TIED.
MM INDICATES DATA IS MISSING.
T  INDICATES TRACE AMOUNT.




$$
