000
CDUS44 KSHV 050837
CLIMLU


CLIMATE REPORT
NATIONAL WEATHER SERVICE SHREVEPORT, LA
237 AM CST MON DEC 5 2016


...................................

...THE MONROE CLIMATE SUMMARY FOR DECEMBER 4 2016...

CLIMATE NORMAL PERIOD 1981 TO 2010
CLIMATE RECORD PERIOD 1930 TO 2016


WEATHER ITEM   OBSERVED TIME   RECORD YEAR NORMAL DEPARTURE LAST
                VALUE   (LST)  VALUE       VALUE  FROM      YEAR
                                                  NORMAL
..................................................................
TEMPERATURE (F)
 YESTERDAY
  MAXIMUM         50    408 PM  82    1933  62    -12       57
  MINIMUM         47   1159 PM  22    1989  39      8       33
  AVERAGE         49                        50     -1       45

PRECIPITATION (IN)
  YESTERDAY        0.05          1.83 2002   0.17  -0.12     0.00
  MONTH TO DATE    3.16                      0.70   2.46     0.01
  SINCE DEC 1      3.16                      0.70   2.46     0.01
  SINCE JAN 1     66.77                     49.43  17.34    47.16

SNOWFALL (IN)
  YESTERDAY        0.0
  MONTH TO DATE    0.0
  SINCE DEC 1      0.0
  SINCE JUL 1      0.0
  SNOW DEPTH       0

DEGREE DAYS
 HEATING
  YESTERDAY       16                        15      1       20
  MONTH TO DATE   62                        58      4       64
  SINCE DEC 1     62                        58      4       64
  SINCE JUL 1    275                       430   -155      252

 COOLING
  YESTERDAY        0                         0      0        0
  MONTH TO DATE    0                         0      0        0
  SINCE DEC 1      0                         0      0        0
  SINCE JAN 1   2732                      2508    224     2689
..................................................................


WIND (MPH)
  HIGHEST WIND SPEED    17   HIGHEST WIND DIRECTION     E (100)
  HIGHEST GUST SPEED    25   HIGHEST GUST DIRECTION     E (110)
  AVERAGE WIND SPEED     7.1


SKY COVER
  POSSIBLE SUNSHINE  MM
  AVERAGE SKY COVER 1.0


WEATHER CONDITIONS
 THE FOLLOWING WEATHER WAS RECORDED YESTERDAY.
  LIGHT RAIN
  FOG


RELATIVE HUMIDITY (PERCENT)
 HIGHEST    93          1200 AM
 LOWEST     86          1100 AM
 AVERAGE    90

..........................................................


THE MONROE CLIMATE NORMALS FOR TODAY
                         NORMAL    RECORD    YEAR
 MAXIMUM TEMPERATURE (F)   61        81      1998
 MINIMUM TEMPERATURE (F)   39        20      2006


SUNRISE AND SUNSET
DECEMBER  5 2016......SUNRISE   656 AM CST   SUNSET   502 PM CST
DECEMBER  6 2016......SUNRISE   656 AM CST   SUNSET   502 PM CST


-  INDICATES NEGATIVE NUMBERS.
R  INDICATES RECORD WAS SET OR TIED.
MM INDICATES DATA IS MISSING.
T  INDICATES TRACE AMOUNT.




$$
