000
CDUS44 KSHV 262153
CLIMLU


CLIMATE REPORT
NATIONAL WEATHER SERVICE SHREVEPORT, LA
450 PM CDT FRI MAY 26 2017


...................................

...THE MONROE CLIMATE SUMMARY FOR MAY 26 2017...
VALID TODAY AS OF 0400 PM LOCAL TIME.

CLIMATE NORMAL PERIOD 1981 TO 2010
CLIMATE RECORD PERIOD 1930 TO 2017


WEATHER ITEM   OBSERVED TIME   RECORD YEAR NORMAL DEPARTURE LAST
                VALUE   (LST)  VALUE       VALUE  FROM      YEAR
                                                  NORMAL
..................................................................
TEMPERATURE (F)
 TODAY
  MAXIMUM         87    259 PM  97    1963  88     -1       89
  MINIMUM         64    536 AM  53    1979  66     -2       72
  AVERAGE         76                        77     -1       81

PRECIPITATION (IN)
  TODAY            0.00          2.52 1932   0.16  -0.16     0.02
  MONTH TO DATE    3.64                      4.37  -0.73     0.70
  SINCE DEC 1     28.94                     28.52   0.42    48.40
  SINCE JAN 1     24.11                     23.23   0.88    42.01

DEGREE DAYS
 HEATING
  TODAY            0                         0      0        0
  MONTH TO DATE   12                         3      9        1
  SINCE MAR 1    204                       333   -129      167
  SINCE JUL 1   1400                      2227   -827     1595

 COOLING
  TODAY           11                        12     -1       16
  MONTH TO DATE  155                       227    -72      168
  SINCE MAR 1    393                       363     30      309
  SINCE JAN 1    452                       374     78      317
..................................................................


WIND (MPH)
  HIGHEST WIND SPEED    22   HIGHEST WIND DIRECTION    SW (210)
  HIGHEST GUST SPEED    30   HIGHEST GUST DIRECTION    SW (230)
  AVERAGE WIND SPEED    10.6


SKY COVER
  POSSIBLE SUNSHINE  MM
  AVERAGE SKY COVER 0.3


WEATHER CONDITIONS
 THE FOLLOWING WEATHER WAS RECORDED TODAY.
  NO SIGNIFICANT WEATHER WAS OBSERVED.


RELATIVE HUMIDITY (PERCENT)
 HIGHEST    93           400 AM
 LOWEST     57           200 PM
 AVERAGE    75

..........................................................


THE MONROE CLIMATE NORMALS FOR TOMORROW
                         NORMAL    RECORD    YEAR
 MAXIMUM TEMPERATURE (F)   88        98      1906
 MINIMUM TEMPERATURE (F)   66        50      1961


SUNRISE AND SUNSET
MAY 26 2017...........SUNRISE   604 AM CDT   SUNSET   807 PM CDT
MAY 27 2017...........SUNRISE   603 AM CDT   SUNSET   808 PM CDT


-  INDICATES NEGATIVE NUMBERS.
R  INDICATES RECORD WAS SET OR TIED.
MM INDICATES DATA IS MISSING.
T  INDICATES TRACE AMOUNT.




$$
