000
CDUS44 KSHV 310819
CLIMLU


CLIMATE REPORT
NATIONAL WEATHER SERVICE SHREVEPORT, LA
318 AM CDT FRI JUL 31 2015


...................................

...THE MONROE CLIMATE SUMMARY FOR JULY 30 2015...

CLIMATE NORMAL PERIOD 1981 TO 2010
CLIMATE RECORD PERIOD 1930 TO 2015


WEATHER ITEM   OBSERVED TIME   RECORD YEAR NORMAL DEPARTURE LAST
                VALUE   (LST)  VALUE       VALUE  FROM      YEAR
                                                  NORMAL
..................................................................
TEMPERATURE (F)
 YESTERDAY
  MAXIMUM        100   1121 AM 106    1930  95      5       89
  MINIMUM         75   1142 PM  62    2014  72      3       62
  AVERAGE         88                        83      5       76

PRECIPITATION (IN)
  YESTERDAY        0.28          1.27 1977   0.10   0.18      T
  MONTH TO DATE    1.21                      3.47  -2.26     2.18
  SINCE DEC 1     35.65                     37.49  -1.84    35.28
  SINCE JAN 1     31.17                     32.20  -1.03    32.02

SNOWFALL (IN)
  YESTERDAY        0.0
  MONTH TO DATE    0.0
  SINCE JUN 1      0.0
  SINCE JUL 1      0.0
  SNOW DEPTH       0

DEGREE DAYS
 HEATING
  YESTERDAY        0                         0      0        0
  MONTH TO DATE    0                         0      0        0
  SINCE JUN 1      0                         0      0        0
  SINCE JUL 1      0                         0      0        0

 COOLING
  YESTERDAY       23                        18      5       11
  MONTH TO DATE  597                       540     57      440
  SINCE JUN 1   1073                      1006     67      916
  SINCE JAN 1   1495                      1441     54     1246
..................................................................


WIND (MPH)
  HIGHEST WIND SPEED    37   HIGHEST WIND DIRECTION     N (360)
  HIGHEST GUST SPEED    44   HIGHEST GUST DIRECTION     N (360)
  AVERAGE WIND SPEED     4.0


SKY COVER
  POSSIBLE SUNSHINE  MM
  AVERAGE SKY COVER 0.1


WEATHER CONDITIONS
 THE FOLLOWING WEATHER WAS RECORDED YESTERDAY.
  THUNDERSTORM
  HEAVY RAIN
  RAIN
  LIGHT RAIN
  FOG
  HAZE


RELATIVE HUMIDITY (PERCENT)
 HIGHEST    91          1200 AM
 LOWEST     51          1100 AM
 AVERAGE    71

..........................................................


THE MONROE CLIMATE NORMALS FOR TODAY
                         NORMAL    RECORD    YEAR
 MAXIMUM TEMPERATURE (F)   95       104      1930
 MINIMUM TEMPERATURE (F)   72        61      1971


SUNRISE AND SUNSET
JULY 31 2015..........SUNRISE   622 AM CDT   SUNSET   807 PM CDT
AUGUST  1 2015........SUNRISE   622 AM CDT   SUNSET   806 PM CDT


-  INDICATES NEGATIVE NUMBERS.
R  INDICATES RECORD WAS SET OR TIED.
MM INDICATES DATA IS MISSING.
T  INDICATES TRACE AMOUNT.




$$
