000
CDUS44 KSHV 230744
CLIMLU


CLIMATE REPORT
NATIONAL WEATHER SERVICE SHREVEPORT, LA
241 AM CDT SAT JUL 23 2016


...................................

...THE MONROE CLIMATE SUMMARY FOR JULY 22 2016...

CLIMATE NORMAL PERIOD 1981 TO 2010
CLIMATE RECORD PERIOD 1930 TO 2016


WEATHER ITEM   OBSERVED TIME   RECORD YEAR NORMAL DEPARTURE LAST
                VALUE   (LST)  VALUE       VALUE  FROM      YEAR
                                                  NORMAL
..................................................................
TEMPERATURE (F)
 YESTERDAY
  MAXIMUM         99   1207 PM 102    1963  94      5       95
  MINIMUM         75   1159 PM  66    2007  72      3       78
                                      1971
  AVERAGE         87                        83      4       87

PRECIPITATION (IN)
  YESTERDAY        0.16          2.70 1968   0.09   0.07     0.05
  MONTH TO DATE    1.98                      2.70  -0.72     0.87
  SINCE DEC 1     56.52                     36.72  19.80    35.31
  SINCE JAN 1     50.13                     31.43  18.70    30.83

SNOWFALL (IN)
  YESTERDAY        0.0
  MONTH TO DATE    0.0
  SINCE JUN 1      0.0
  SINCE JUL 1      0.0
  SNOW DEPTH       0

DEGREE DAYS
 HEATING
  YESTERDAY        0                         0      0        0
  MONTH TO DATE    0                         0      0        0
  SINCE JUN 1      0                         0      0        0
  SINCE JUL 1      0                         0      0        0

 COOLING
  YESTERDAY       22                        18      4       22
  MONTH TO DATE  438                       396     42      419
  SINCE JUN 1    929                       862     67      895
  SINCE JAN 1   1310                      1297     13     1317
..................................................................


WIND (MPH)
  HIGHEST WIND SPEED    22   HIGHEST WIND DIRECTION     N (350)
  HIGHEST GUST SPEED    27   HIGHEST GUST DIRECTION     N (360)
  AVERAGE WIND SPEED     2.9


SKY COVER
  POSSIBLE SUNSHINE  MM
  AVERAGE SKY COVER 0.0


WEATHER CONDITIONS
 THE FOLLOWING WEATHER WAS RECORDED YESTERDAY.
  THUNDERSTORM
  RAIN
  LIGHT RAIN
  FOG
  HAZE


RELATIVE HUMIDITY (PERCENT)
 HIGHEST   100          1100 PM
 LOWEST     51          1200 PM
 AVERAGE    76

..........................................................


THE MONROE CLIMATE NORMALS FOR TODAY
                         NORMAL    RECORD    YEAR
 MAXIMUM TEMPERATURE (F)   94       103      1934
 MINIMUM TEMPERATURE (F)   72        63      2007
                                             1988


SUNRISE AND SUNSET
JULY 23 2016..........SUNRISE   617 AM CDT   SUNSET   812 PM CDT
JULY 24 2016..........SUNRISE   618 AM CDT   SUNSET   811 PM CDT


-  INDICATES NEGATIVE NUMBERS.
R  INDICATES RECORD WAS SET OR TIED.
MM INDICATES DATA IS MISSING.
T  INDICATES TRACE AMOUNT.




$$
