000
CDUS44 KSHV 190739
CLIMLU


CLIMATE REPORT
NATIONAL WEATHER SERVICE SHREVEPORT, LA
236 AM CDT TUE SEP 19 2017


...................................

...THE MONROE CLIMATE SUMMARY FOR SEPTEMBER 18 2017...

CLIMATE NORMAL PERIOD 1981 TO 2010
CLIMATE RECORD PERIOD 1930 TO 2017


WEATHER ITEM   OBSERVED TIME   RECORD YEAR NORMAL DEPARTURE LAST
                VALUE   (LST)  VALUE       VALUE  FROM      YEAR
                                                  NORMAL
..................................................................
TEMPERATURE (F)
 YESTERDAY
  MAXIMUM         90    345 PM 102    2010  88      2       90
  MINIMUM         70    550 AM  51    2000  64      6       72
                                      1934
                                      1903
  AVERAGE         80                        76      4       81

PRECIPITATION (IN)
  YESTERDAY        0.00          2.05 1966   0.10  -0.10     0.06
  MONTH TO DATE    0.37                      2.18  -1.81     0.28
  SINCE DEC 1     52.36                     42.95   9.41    66.82
  SINCE JAN 1     47.53                     37.66   9.87    60.43

SNOWFALL (IN)
  YESTERDAY        0.0
  MONTH TO DATE    0.0
  SINCE SEP 1      0.0
  SINCE JUL 1      0.0
  SNOW DEPTH       0

DEGREE DAYS
 HEATING
  YESTERDAY        0                         0      0        0
  MONTH TO DATE    0                         0      0        0
  SINCE SEP 1      0                         0      0        0
  SINCE JUL 1      0                         0      0        0

 COOLING
  YESTERDAY       15                        11      4       16
  MONTH TO DATE  179                       249    -70      307
  SINCE SEP 1    179                       249    -70      307
  SINCE JAN 1   2206                      2256    -50     2361
..................................................................


WIND (MPH)
  HIGHEST WIND SPEED    13   HIGHEST WIND DIRECTION     S (200)
  HIGHEST GUST SPEED    17   HIGHEST GUST DIRECTION    SW (210)
  AVERAGE WIND SPEED     1.2


SKY COVER
  POSSIBLE SUNSHINE  MM
  AVERAGE SKY COVER 0.3


WEATHER CONDITIONS
 THE FOLLOWING WEATHER WAS RECORDED YESTERDAY.
  FOG
  HAZE


RELATIVE HUMIDITY (PERCENT)
 HIGHEST   100          1200 AM
 LOWEST     59           100 PM
 AVERAGE    80

..........................................................


THE MONROE CLIMATE NORMALS FOR TODAY
                         NORMAL    RECORD    YEAR
 MAXIMUM TEMPERATURE (F)   88       102      2010
 MINIMUM TEMPERATURE (F)   63        48      1981


SUNRISE AND SUNSET
SEPTEMBER 19 2017.....SUNRISE   655 AM CDT   SUNSET   708 PM CDT
SEPTEMBER 20 2017.....SUNRISE   655 AM CDT   SUNSET   707 PM CDT


-  INDICATES NEGATIVE NUMBERS.
R  INDICATES RECORD WAS SET OR TIED.
MM INDICATES DATA IS MISSING.
T  INDICATES TRACE AMOUNT.




$$
