000
CDUS44 KSHV 280739
CLIMLU


CLIMATE REPORT
NATIONAL WEATHER SERVICE SHREVEPORT, LA
237 AM CDT SAT MAY 28 2016


...................................

...THE MONROE CLIMATE SUMMARY FOR MAY 27 2016...

CLIMATE NORMAL PERIOD 1981 TO 2010
CLIMATE RECORD PERIOD 1930 TO 2016


WEATHER ITEM   OBSERVED TIME   RECORD YEAR NORMAL DEPARTURE LAST
                VALUE   (LST)  VALUE       VALUE  FROM      YEAR
                                                  NORMAL
..................................................................
TEMPERATURE (F)
 YESTERDAY
  MAXIMUM         84    236 PM  97    1964  88     -4       81
  MINIMUM         66   1155 PM  50    1961  66      0       69
  AVERAGE         75                        77     -2       75

PRECIPITATION (IN)
  YESTERDAY        1.71          2.22 1954   0.17   1.54     0.35
  MONTH TO DATE    2.41                      4.54  -2.13     6.95
  SINCE DEC 1     50.11                     28.69  21.42    29.90
  SINCE JAN 1     43.72                     23.40  20.32    25.42

SNOWFALL (IN)
  YESTERDAY        0.0
  MONTH TO DATE    0.0
  SINCE MAR 1      0.0
  SINCE JUL 1      T
  SNOW DEPTH       0

DEGREE DAYS
 HEATING
  YESTERDAY        0                         0      0        0
  MONTH TO DATE    1                         3     -2        3
  SINCE MAR 1    167                       333   -166      311
  SINCE JUL 1   1595                      2227   -632     2515

 COOLING
  YESTERDAY       10                        12     -2       10
  MONTH TO DATE  178                       239    -61      229
  SINCE MAR 1    319                       375    -56      373
  SINCE JAN 1    327                       386    -59      373
..................................................................


WIND (MPH)
  HIGHEST WIND SPEED    18   HIGHEST WIND DIRECTION     E (110)
  HIGHEST GUST SPEED    28   HIGHEST GUST DIRECTION    SE (130)
  AVERAGE WIND SPEED     6.9


SKY COVER
  POSSIBLE SUNSHINE  MM
  AVERAGE SKY COVER 0.8


WEATHER CONDITIONS
 THE FOLLOWING WEATHER WAS RECORDED YESTERDAY.
  THUNDERSTORM
  HEAVY RAIN
  RAIN
  LIGHT RAIN
  FOG


RELATIVE HUMIDITY (PERCENT)
 HIGHEST    94           500 AM
 LOWEST     69           200 PM
 AVERAGE    82

..........................................................


THE MONROE CLIMATE NORMALS FOR TODAY
                         NORMAL    RECORD    YEAR
 MAXIMUM TEMPERATURE (F)   88        95      2012
                                             2011
 MINIMUM TEMPERATURE (F)   66        47      1961


SUNRISE AND SUNSET
MAY 28 2016...........SUNRISE   603 AM CDT   SUNSET   809 PM CDT
MAY 29 2016...........SUNRISE   602 AM CDT   SUNSET   809 PM CDT


-  INDICATES NEGATIVE NUMBERS.
R  INDICATES RECORD WAS SET OR TIED.
MM INDICATES DATA IS MISSING.
T  INDICATES TRACE AMOUNT.




$$
