000
CDUS46 KPQR 211141
CLIMMV


CLIMATE REPORT
NATIONAL WEATHER SERVICE PORTLAND OREGON
440 AM PDT SUN SEP 21 2014


...................................

...THE MCMINNVILLE OR CLIMATE SUMMARY FOR SEPTEMBER 20 2014...

CLIMATE NORMAL PERIOD 1981 TO 2010
CLIMATE RECORD PERIOD 1894 TO 2014


WEATHER ITEM   OBSERVED TIME   RECORD YEAR NORMAL DEPARTURE LAST
                VALUE   (LST)  VALUE       VALUE  FROM      YEAR
                                                  NORMAL
..................................................................
TEMPERATURE (F)
 YESTERDAY
  MAXIMUM         95    425 PM  97    1952  75     20       73
  MINIMUM         52    556 AM  31    1955  47      5       46
  AVERAGE         74                        61     13       60

PRECIPITATION (IN)
  YESTERDAY        0.00          0.68 1986   0.05  -0.05     0.01
  MONTH TO DATE    0.06                      0.78  -0.72     1.44
  SINCE OCT 1     27.66                     39.14 -11.48    33.64
  SINCE JAN 1     22.70                     23.11  -0.41    12.50

DEGREE DAYS
 HEATING
  YESTERDAY        0                         5     -5        5
  MONTH TO DATE    5                        65    -60       20
  SINCE JUL 1     11                       150   -139       37

 COOLING
  YESTERDAY        9                         1      8        0
  MONTH TO DATE   67                        28     39       68
  SINCE JAN 1    512                       212    300      405
..................................................................


WIND (MPH)
  HIGHEST WIND SPEED    12   HIGHEST WIND DIRECTION     N (10)
  HIGHEST GUST SPEED    15   HIGHEST GUST DIRECTION    NE (30)
  AVERAGE WIND SPEED     6.3


SKY COVER
  POSSIBLE SUNSHINE  MM
  AVERAGE SKY COVER 0.0


WEATHER CONDITIONS
 THE FOLLOWING WEATHER WAS RECORDED YESTERDAY.
  FOG


RELATIVE HUMIDITY (PERCENT)
 HIGHEST   100           600 AM
 LOWEST     24           400 PM
 AVERAGE    62

..........................................................


THE MCMINNVILLE OR CLIMATE NORMALS FOR TODAY
                         NORMAL    RECORD    YEAR
 MAXIMUM TEMPERATURE (F)   75        96      1952
 MINIMUM TEMPERATURE (F)   46        29      1895


SUNRISE AND SUNSET
SEPTEMBER 21 2014.....SUNRISE   558 AM PST   SUNSET   612 PM PST
SEPTEMBER 22 2014.....SUNRISE   600 AM PST   SUNSET   610 PM PST


-  INDICATES NEGATIVE NUMBERS.
R  INDICATES RECORD WAS SET OR TIED.
MM INDICATES DATA IS MISSING.
T  INDICATES TRACE AMOUNT.




$$
