509
CDUS46 KPQR 251141
CLIMMV


CLIMATE REPORT
NATIONAL WEATHER SERVICE PORTLAND OREGON
440 AM PDT MON JUL 25 2016


...................................

...THE MCMINNVILLE OR CLIMATE SUMMARY FOR JULY 24 2016...

CLIMATE NORMAL PERIOD 1981 TO 2010
CLIMATE RECORD PERIOD 1894 TO 2016


WEATHER ITEM   OBSERVED TIME   RECORD YEAR NORMAL DEPARTURE LAST
                VALUE   (LST)  VALUE       VALUE  FROM      YEAR
                                                  NORMAL
..................................................................
TEMPERATURE (F)
 YESTERDAY
  MAXIMUM         89    546 PM 110    1924  83      6       84
  MINIMUM         50    512 AM  35    1960  52     -2       50
  AVERAGE         70                        67      3       67

PRECIPITATION (IN)
  YESTERDAY        0.00          0.30 1991   0.01  -0.01     0.00
  MONTH TO DATE    0.35                      0.44  -0.09      T
  SINCE OCT 1     49.54                     37.72  11.82    32.44
  SINCE JAN 1     24.47                     21.69   2.78    16.20

DEGREE DAYS
 HEATING
  YESTERDAY        0                         1     -1        0
  MONTH TO DATE   17                        38    -21        3
  SINCE JUL 1     17                        38    -21        3

 COOLING
  YESTERDAY        5                         3      2        2
  MONTH TO DATE   38                        56    -18      167
  SINCE JAN 1    129                        78     51      297
..................................................................


WIND (MPH)
  HIGHEST WIND SPEED    15   HIGHEST WIND DIRECTION    NE (30)
  HIGHEST GUST SPEED    27   HIGHEST GUST DIRECTION     W (250)
  AVERAGE WIND SPEED     5.8


SKY COVER
  POSSIBLE SUNSHINE  MM
  AVERAGE SKY COVER 0.0


WEATHER CONDITIONS
 THE FOLLOWING WEATHER WAS RECORDED YESTERDAY.
  NO SIGNIFICANT WEATHER WAS OBSERVED.


RELATIVE HUMIDITY (PERCENT)
 HIGHEST    96           300 AM
 LOWEST     29           300 PM
 AVERAGE    63

..........................................................


THE MCMINNVILLE OR CLIMATE NORMALS FOR TODAY
                         NORMAL    RECORD    YEAR
 MAXIMUM TEMPERATURE (F)   83       107      1928
 MINIMUM TEMPERATURE (F)   52        40      1930


SUNRISE AND SUNSET
JULY 25 2016..........SUNRISE   450 AM PST   SUNSET   747 PM PST
JULY 26 2016..........SUNRISE   451 AM PST   SUNSET   746 PM PST


-  INDICATES NEGATIVE NUMBERS.
R  INDICATES RECORD WAS SET OR TIED.
MM INDICATES DATA IS MISSING.
T  INDICATES TRACE AMOUNT.




$$
