755
CDUS46 KPQR 180233
CLIMMV


CLIMATE REPORT
NATIONAL WEATHER SERVICE PORTLAND OREGON
733 PM PDT THU AUG 17 2017


...................................

...THE MCMINNVILLE OR CLIMATE SUMMARY FOR AUGUST 17 2017...
VALID TODAY AS OF 0700 PM LOCAL TIME.

CLIMATE NORMAL PERIOD 1981 TO 2010
CLIMATE RECORD PERIOD 1894 TO 2017


WEATHER ITEM   OBSERVED TIME   RECORD YEAR NORMAL DEPARTURE LAST
                VALUE   (LST)  VALUE       VALUE  FROM      YEAR
                                                  NORMAL
..................................................................
TEMPERATURE (F)
 TODAY
  MAXIMUM         MM        MM 102    1977  82     MM       87
  MINIMUM         59    200 AM  34    1970  51      8       48
  AVERAGE         MM                        66     MM       68

PRECIPITATION (IN)
  TODAY            0.00                      0.02  -0.02     0.00
  MONTH TO DATE    0.19                      0.25  -0.06     0.26
  SINCE OCT 1     53.51                     38.03  15.48    49.80
  SINCE JAN 1     29.70                     22.00   7.70    24.73

DEGREE DAYS
 HEATING
  TODAY           MM                                         0
  MONTH TO DATE    4                                        13
  SINCE JUN 1    109                                       131
  SINCE JUL 1      9                                        30

 COOLING
  TODAY           MM                                         3
  MONTH TO DATE  127                                        82
  SINCE JUN 1    301                                       243
  SINCE JAN 1    325                                       262
..................................................................


WIND (MPH)
  HIGHEST WIND SPEED    10   HIGHEST WIND DIRECTION     N (10)
  HIGHEST GUST SPEED    MM   HIGHEST GUST DIRECTION    MM
  AVERAGE WIND SPEED     6.3


SKY COVER
  POSSIBLE SUNSHINE  MM
  AVERAGE SKY COVER 0.7


WEATHER CONDITIONS
 THE FOLLOWING WEATHER WAS RECORDED TODAY.
  NO SIGNIFICANT WEATHER WAS OBSERVED.


RELATIVE HUMIDITY (PERCENT)
 HIGHEST    97           300 AM
 LOWEST     67           800 AM
 AVERAGE    82

..........................................................


THE MCMINNVILLE OR CLIMATE NORMALS FOR TOMORROW
                         NORMAL    RECORD    YEAR
 MAXIMUM TEMPERATURE (F)   82       104      1897
 MINIMUM TEMPERATURE (F)   50        34      1970


SUNRISE AND SUNSET
AUGUST 17 2017........SUNRISE   517 AM PST   SUNSET   715 PM PST
AUGUST 18 2017........SUNRISE   518 AM PST   SUNSET   714 PM PST


-  INDICATES NEGATIVE NUMBERS.
R  INDICATES RECORD WAS SET OR TIED.
MM INDICATES DATA IS MISSING.
T  INDICATES TRACE AMOUNT.




$$
