045
CDUS46 KPQR 281141
CLIMMV


CLIMATE REPORT
NATIONAL WEATHER SERVICE PORTLAND OREGON
441 AM PDT FRI APR 28 2017


...................................

...THE MCMINNVILLE OR CLIMATE SUMMARY FOR APRIL 27 2017...

CLIMATE NORMAL PERIOD 1981 TO 2010
CLIMATE RECORD PERIOD 1894 TO 2017


WEATHER ITEM   OBSERVED TIME   RECORD YEAR NORMAL DEPARTURE LAST
                VALUE   (LST)  VALUE       VALUE  FROM      YEAR
                                                  NORMAL
..................................................................
TEMPERATURE (F)
 YESTERDAY
  MAXIMUM         56    152 PM  99    1926  63     -7       59
  MINIMUM         38   1159 PM  30    1984  40     -2       44
  AVERAGE         47                        52     -5       52

PRECIPITATION (IN)
  YESTERDAY        0.07          1.76 1962   0.08  -0.01     0.06
  MONTH TO DATE    4.27                      2.71   1.56     2.69
  SINCE OCT 1     50.38                     33.31  17.07    46.55
  SINCE JAN 1     26.57                     17.28   9.29    21.48

DEGREE DAYS
 HEATING
  YESTERDAY       18                        13      5       13
  MONTH TO DATE  405                       409     -4      248
  SINCE JUL 1   4238                      4360   -122     3496

 COOLING
  YESTERDAY        0                         0      0        0
  MONTH TO DATE    0                         0      0       11
  SINCE JAN 1      0                         0      0       11
..................................................................


WIND (MPH)
  HIGHEST WIND SPEED    18   HIGHEST WIND DIRECTION     W (250)
  HIGHEST GUST SPEED    23   HIGHEST GUST DIRECTION    SW (240)
  AVERAGE WIND SPEED     7.4


SKY COVER
  POSSIBLE SUNSHINE  MM
  AVERAGE SKY COVER 0.7


WEATHER CONDITIONS
 THE FOLLOWING WEATHER WAS RECORDED YESTERDAY.
  LIGHT RAIN


RELATIVE HUMIDITY (PERCENT)
 HIGHEST    89           400 AM
 LOWEST     59           500 PM
 AVERAGE    74

..........................................................


THE MCMINNVILLE OR CLIMATE NORMALS FOR TODAY
                         NORMAL    RECORD    YEAR
 MAXIMUM TEMPERATURE (F)   64        93      1926
 MINIMUM TEMPERATURE (F)   40        25      1973


SUNRISE AND SUNSET
APRIL 28 2017.........SUNRISE   505 AM PST   SUNSET   715 PM PST
APRIL 29 2017.........SUNRISE   504 AM PST   SUNSET   717 PM PST


-  INDICATES NEGATIVE NUMBERS.
R  INDICATES RECORD WAS SET OR TIED.
MM INDICATES DATA IS MISSING.
T  INDICATES TRACE AMOUNT.




$$
