260
CDUS46 KPQR 061143
CLIMMV


CLIMATE REPORT
NATIONAL WEATHER SERVICE PORTLAND OREGON
342 AM PST SAT FEB 6 2016


...................................

...THE MCMINNVILLE OR CLIMATE SUMMARY FOR FEBRUARY 5 2016...

CLIMATE NORMAL PERIOD 1981 TO 2010
CLIMATE RECORD PERIOD 1894 TO 2016


WEATHER ITEM   OBSERVED TIME   RECORD YEAR NORMAL DEPARTURE LAST
                VALUE   (LST)  VALUE       VALUE  FROM      YEAR
                                                  NORMAL
..................................................................
TEMPERATURE (F)
 YESTERDAY
  MAXIMUM         56    449 PM  62    1961  49      7       59
  MINIMUM         36    807 AM   9    1989  35      1       47
  AVERAGE         46                        42      4       53

PRECIPITATION (IN)
  YESTERDAY        0.10          1.23 1940   0.20  -0.10     0.77
  MONTH TO DATE    0.98                      1.03  -0.05     1.68
  SINCE OCT 1     34.56                     23.16  11.40    21.23
  SINCE JAN 1      9.49                      7.13   2.36     4.99

DEGREE DAYS
 HEATING
  YESTERDAY       19                        23     -4       12
  MONTH TO DATE  104                       115    -11       85
  SINCE JUL 1   2382                      2870   -488     2118

 COOLING
  YESTERDAY        0                         0      0        0
  MONTH TO DATE    0                         0      0        0
  SINCE JAN 1      0                         0      0        0
..................................................................


WIND (MPH)
  HIGHEST WIND SPEED    24   HIGHEST WIND DIRECTION     W (250)
  HIGHEST GUST SPEED    31   HIGHEST GUST DIRECTION     W (250)
  AVERAGE WIND SPEED     5.6


SKY COVER
  POSSIBLE SUNSHINE  MM
  AVERAGE SKY COVER 0.6


WEATHER CONDITIONS
 THE FOLLOWING WEATHER WAS RECORDED YESTERDAY.
  LIGHT RAIN
  FOG
  FOG W/VISIBILITY <= 1/4 MILE


RELATIVE HUMIDITY (PERCENT)
 HIGHEST   100          1200 AM
 LOWEST     77           400 PM
 AVERAGE    89

..........................................................


THE MCMINNVILLE OR CLIMATE NORMALS FOR TODAY
                         NORMAL    RECORD    YEAR
 MAXIMUM TEMPERATURE (F)   50        61      1984
 MINIMUM TEMPERATURE (F)   35         1      1899


SUNRISE AND SUNSET
FEBRUARY  6 2016......SUNRISE   727 AM PST   SUNSET   527 PM PST
FEBRUARY  7 2016......SUNRISE   726 AM PST   SUNSET   528 PM PST


-  INDICATES NEGATIVE NUMBERS.
R  INDICATES RECORD WAS SET OR TIED.
MM INDICATES DATA IS MISSING.
T  INDICATES TRACE AMOUNT.




$$
