000
CDUS46 KPQR 311141
CLIMMV


CLIMATE REPORT
NATIONAL WEATHER SERVICE PORTLAND OREGON
440 AM PDT FRI OCT 31 2014


...................................

...THE MCMINNVILLE OR CLIMATE SUMMARY FOR OCTOBER 30 2014...

CLIMATE NORMAL PERIOD 1981 TO 2010
CLIMATE RECORD PERIOD 1894 TO 2014


WEATHER ITEM   OBSERVED TIME   RECORD YEAR NORMAL DEPARTURE LAST
                VALUE   (LST)  VALUE       VALUE  FROM      YEAR
                                                  NORMAL
..................................................................
TEMPERATURE (F)
 YESTERDAY
  MAXIMUM         62   1254 PM  79    1931  57      5       59
  MINIMUM         55    707 AM  23    1972  39     16       28
  AVERAGE         59                        48     11       44

PRECIPITATION (IN)
  YESTERDAY        0.39          1.55 1971   0.14   0.25      T
  MONTH TO DATE    6.27                      3.01   3.26     0.73
  SINCE OCT 1      6.27                      3.01   3.26     0.73
  SINCE JAN 1     30.05                     26.72   3.33    17.98

DEGREE DAYS
 HEATING
  YESTERDAY        6                        17    -11       21
  MONTH TO DATE  177                       389   -212      398
  SINCE JUL 1    217                       605   -388      533

 COOLING
  YESTERDAY        0                         0      0        0
  MONTH TO DATE   11                         0     11        0
  SINCE JAN 1    529                       214    315      405
..................................................................


WIND (MPH)
  HIGHEST WIND SPEED     9   HIGHEST WIND DIRECTION    SE (140)
  HIGHEST GUST SPEED    13   HIGHEST GUST DIRECTION     E (70)
  AVERAGE WIND SPEED     3.5


SKY COVER
  POSSIBLE SUNSHINE  MM
  AVERAGE SKY COVER 0.7


WEATHER CONDITIONS
 THE FOLLOWING WEATHER WAS RECORDED YESTERDAY.
  RAIN
  LIGHT RAIN
  FOG


RELATIVE HUMIDITY (PERCENT)
 HIGHEST   100           900 AM
 LOWEST     84          1100 AM
 AVERAGE    92

..........................................................


THE MCMINNVILLE OR CLIMATE NORMALS FOR TODAY
                         NORMAL    RECORD    YEAR
 MAXIMUM TEMPERATURE (F)   57        72      1954
 MINIMUM TEMPERATURE (F)   39        26      1968


SUNRISE AND SUNSET
OCTOBER 31 2014.......SUNRISE   650 AM PST   SUNSET   501 PM PST
NOVEMBER  1 2014......SUNRISE   652 AM PST   SUNSET   500 PM PST


-  INDICATES NEGATIVE NUMBERS.
R  INDICATES RECORD WAS SET OR TIED.
MM INDICATES DATA IS MISSING.
T  INDICATES TRACE AMOUNT.




$$
