000
CDUS46 KPQR 120228
CLIMMV


CLIMATE REPORT
NATIONAL WEATHER SERVICE PORTLAND OREGON
728 PM PDT FRI JUL 11 2014


...................................

...THE MCMINNVILLE OR CLIMATE SUMMARY FOR JULY 11 2014...
VALID TODAY AS OF 0700 PM LOCAL TIME.

CLIMATE NORMAL PERIOD 1981 TO 2010
CLIMATE RECORD PERIOD 1894 TO 2014


WEATHER ITEM   OBSERVED TIME   RECORD YEAR NORMAL DEPARTURE LAST
                VALUE   (LST)  VALUE       VALUE  FROM      YEAR
                                                  NORMAL
..................................................................
TEMPERATURE (F)
 TODAY
  MAXIMUM         90        MM 102    1926  81      9       79
  MINIMUM         55        MM  37    1950  51      4       47
  AVERAGE         73                        66      7       63

PRECIPITATION (IN)
  TODAY            0.00          0.18 1976   0.03  -0.03     0.00
  MONTH TO DATE    0.00                      0.33  -0.33     0.00
  SINCE OCT 1     27.08                     37.61 -10.53    31.54
  SINCE JAN 1     22.12                     21.58   0.54    10.40

DEGREE DAYS
 HEATING
  TODAY            0                         1     -1        2
  MONTH TO DATE    0                        25    -25        5
  SINCE JUL 1      0                        25    -25        5

 COOLING
  TODAY            8                         2      6        0
  MONTH TO DATE   88                        20     68       49
  SINCE JAN 1    118                        42     76      102
..................................................................


WIND (MPH)
  HIGHEST WIND SPEED    10   HIGHEST WIND DIRECTION    SE (140)
  HIGHEST GUST SPEED    MM   HIGHEST GUST DIRECTION    MM
  AVERAGE WIND SPEED     3.8


SKY COVER
  POSSIBLE SUNSHINE  MM
  AVERAGE SKY COVER 0.0


WEATHER CONDITIONS
 THE FOLLOWING WEATHER WAS RECORDED TODAY.
  NO SIGNIFICANT WEATHER WAS OBSERVED.


RELATIVE HUMIDITY (PERCENT)
 HIGHEST    93           500 AM
 LOWEST     27           200 PM
 AVERAGE    60

..........................................................


THE MCMINNVILLE OR CLIMATE NORMALS FOR TOMORROW
                         NORMAL    RECORD    YEAR
 MAXIMUM TEMPERATURE (F)   81       104      1922
 MINIMUM TEMPERATURE (F)   51        37      1901


SUNRISE AND SUNSET
JULY 11 2014..........SUNRISE   436 AM PST   SUNSET   800 PM PST
JULY 12 2014..........SUNRISE   437 AM PST   SUNSET   759 PM PST


-  INDICATES NEGATIVE NUMBERS.
R  INDICATES RECORD WAS SET OR TIED.
MM INDICATES DATA IS MISSING.
T  INDICATES TRACE AMOUNT.




$$
