000
CDUS44 KMOB 240645
CLIMOB


CLIMATE REPORT
NATIONAL WEATHER SERVICE MOBILE AL
1245 AM CST TUE JAN 24 2017


...................................

...THE MOBILE CLIMATE SUMMARY FOR JANUARY 23 2017...

CLIMATE NORMAL PERIOD 1981 TO 2010
CLIMATE RECORD PERIOD 1842 TO 2017


WEATHER ITEM   OBSERVED TIME   RECORD YEAR NORMAL DEPARTURE LAST
                VALUE   (LST)  VALUE       VALUE  FROM      YEAR
                                                  NORMAL
..................................................................
TEMPERATURE (F)
 YESTERDAY
  MAXIMUM         69    346 PM  79    2002  61      8       47
                                      1974
  MINIMUM         51   1159 PM  18    1963  40     11       31
  AVERAGE         60                        50     10       39

PRECIPITATION (IN)
  YESTERDAY        0.00          4.64 1965   0.19  -0.19     0.00
  MONTH TO DATE   10.81                      4.17   6.64     5.06
  SINCE MAR 1     63.95                     59.55   4.40    80.38
  SINCE JAN 1     10.81                      4.17   6.64     5.06

SNOWFALL (IN)
  YESTERDAY        0.0          MM      MM   0.0    0.0      0.0
  MONTH TO DATE    0.0                       0.0    0.0      0.0
  SINCE MAR 1      0.0                       0.1   -0.1      0.0
  SINCE JUL 1      0.0                       T      0.0      0.0
  SNOW DEPTH       0

DEGREE DAYS
 HEATING
  YESTERDAY        5                        15    -10       26
  MONTH TO DATE  150                       345   -195      384
  SINCE DEC 1    425                       749   -324      562
  SINCE JUL 1    559                      1007   -448      688

 COOLING
  YESTERDAY        0                         0      0        0
  MONTH TO DATE   46                         0     46        0
  SINCE DEC 1     87                        15     72       71
  SINCE JAN 1     46                         0     46        0
..................................................................


WIND (MPH)
  HIGHEST WIND SPEED    20   HIGHEST WIND DIRECTION    NW (310)
  HIGHEST GUST SPEED    31   HIGHEST GUST DIRECTION    NW (300)
  AVERAGE WIND SPEED     9.9


SKY COVER
  POSSIBLE SUNSHINE  MM
  AVERAGE SKY COVER 0.4


WEATHER CONDITIONS
 THE FOLLOWING WEATHER WAS RECORDED YESTERDAY.
  NO SIGNIFICANT WEATHER WAS OBSERVED.


RELATIVE HUMIDITY (PERCENT)
 HIGHEST    86           500 AM
 LOWEST     45           200 PM
 AVERAGE    66

..........................................................


THE MOBILE CLIMATE NORMALS FOR TODAY
                         NORMAL    RECORD    YEAR
 MAXIMUM TEMPERATURE (F)   61        79      1971
 MINIMUM TEMPERATURE (F)   40         8      1963


SUNRISE AND SUNSET
JANUARY 24 2017.......SUNRISE   648 AM CST   SUNSET   522 PM CST
JANUARY 25 2017.......SUNRISE   648 AM CST   SUNSET   523 PM CST


-  INDICATES NEGATIVE NUMBERS.
R  INDICATES RECORD WAS SET OR TIED.
MM INDICATES DATA IS MISSING.
T  INDICATES TRACE AMOUNT.




$$
