000
CDUS44 KMOB 072328
CLIMOB


CLIMATE REPORT
NATIONAL WEATHER SERVICE MOBILE AL
528 PM CST SUN FEB 7 2016


...................................

...THE MOBILE CLIMATE SUMMARY FOR FEBRUARY 7 2016...
VALID TODAY AS OF 0500 PM LOCAL TIME.

CLIMATE NORMAL PERIOD 1981 TO 2010
CLIMATE RECORD PERIOD 1842 TO 2016


WEATHER ITEM   OBSERVED TIME   RECORD YEAR NORMAL DEPARTURE LAST
                VALUE   (LST)  VALUE       VALUE  FROM      YEAR
                                                  NORMAL
..................................................................
TEMPERATURE (F)
 TODAY
  MAXIMUM         60    309 PM  78    1957  63     -3       66
                                      1950
  MINIMUM         28    459 AM  16    1895  42    -14       31
  AVERAGE         44                        52     -8       49

PRECIPITATION (IN)
  TODAY            0.00          4.70 1974   0.18  -0.18     0.00
  MONTH TO DATE    1.18                      1.29  -0.11     0.96
  SINCE MAR 1     82.79                     62.32  20.47    70.44
  SINCE JAN 1      7.47                      6.94   0.53     4.85

DEGREE DAYS
 HEATING
  TODAY           21                        13      8       16
  MONTH TO DATE   86                        94     -8      128
  SINCE DEC 1    749                       957   -208      951
  SINCE JUL 1    875                      1215   -340     1344

 COOLING
  TODAY            0                         0      0        0
  MONTH TO DATE    8                         0      8        0
  SINCE DEC 1     79                        22     57        6
  SINCE JAN 1      8                         7      1        3
..................................................................


WIND (MPH)
  HIGHEST WIND SPEED    14   HIGHEST WIND DIRECTION     N (340)
  HIGHEST GUST SPEED    18   HIGHEST GUST DIRECTION    NE (30)
  AVERAGE WIND SPEED     5.2


SKY COVER
  POSSIBLE SUNSHINE  MM
  AVERAGE SKY COVER 0.0


WEATHER CONDITIONS
 THE FOLLOWING WEATHER WAS RECORDED TODAY.
  NO SIGNIFICANT WEATHER WAS OBSERVED.


RELATIVE HUMIDITY (PERCENT)
 HIGHEST    85           500 AM
 LOWEST     21           200 PM
 AVERAGE    53

..........................................................


THE MOBILE CLIMATE NORMALS FOR TOMORROW
                         NORMAL    RECORD    YEAR
 MAXIMUM TEMPERATURE (F)   63        80      1969
 MINIMUM TEMPERATURE (F)   42        12      1895


SUNRISE AND SUNSET
FEBRUARY  7 2016......SUNRISE   641 AM CST   SUNSET   534 PM CST
FEBRUARY  8 2016......SUNRISE   640 AM CST   SUNSET   535 PM CST


-  INDICATES NEGATIVE NUMBERS.
R  INDICATES RECORD WAS SET OR TIED.
MM INDICATES DATA IS MISSING.
T  INDICATES TRACE AMOUNT.




$$
