000
CDUS44 KMOB 310645
CLIMOB


CLIMATE REPORT
NATIONAL WEATHER SERVICE MOBILE AL
145 AM CDT FRI JUL 31 2015


...................................

...THE MOBILE CLIMATE SUMMARY FOR JULY 30 2015...

CLIMATE NORMAL PERIOD 1981 TO 2010
CLIMATE RECORD PERIOD 1842 TO 2015


WEATHER ITEM   OBSERVED TIME   RECORD YEAR NORMAL DEPARTURE LAST
                VALUE   (LST)  VALUE       VALUE  FROM      YEAR
                                                  NORMAL
..................................................................
TEMPERATURE (F)
 YESTERDAY
  MAXIMUM         97    328 PM 100    1986  91      6       86
  MINIMUM         74   1024 PM  64    2014  73      1       64
  AVERAGE         86                        82      4       75

PRECIPITATION (IN)
  YESTERDAY        0.18          2.46 1975   0.24  -0.06     0.00
  MONTH TO DATE    6.84                      7.01  -0.17     7.92
  SINCE MAR 1     37.81                     29.19   8.62    47.45
  SINCE JAN 1     43.86                     39.96   3.90    54.57

DEGREE DAYS
 COOLING
  YESTERDAY       21                        17      4       10
  MONTH TO DATE  559                       508     51      452
  SINCE JUN 1   1037                       952     85      862
  SINCE JAN 1   1637                      1397    240     1200
..................................................................


WIND (MPH)
  HIGHEST WIND SPEED    30   HIGHEST WIND DIRECTION     N (360)
  HIGHEST GUST SPEED    44   HIGHEST GUST DIRECTION     N (10)
  AVERAGE WIND SPEED     6.7


SKY COVER
  POSSIBLE SUNSHINE  MM
  AVERAGE SKY COVER 0.3


WEATHER CONDITIONS
 THE FOLLOWING WEATHER WAS RECORDED YESTERDAY.
  THUNDERSTORM
  HEAVY RAIN
  RAIN
  LIGHT RAIN
  FOG
  HAZE


RELATIVE HUMIDITY (PERCENT)
 HIGHEST   100           200 AM
 LOWEST     51           300 PM
 AVERAGE    76

..........................................................


THE MOBILE CLIMATE NORMALS FOR TODAY
                         NORMAL    RECORD    YEAR
 MAXIMUM TEMPERATURE (F)   91        99      1986
                                             1896
 MINIMUM TEMPERATURE (F)   73        63      2014


SUNRISE AND SUNSET
JULY 31 2015..........SUNRISE   610 AM CDT   SUNSET   748 PM CDT
AUGUST  1 2015........SUNRISE   611 AM CDT   SUNSET   748 PM CDT


-  INDICATES NEGATIVE NUMBERS.
R  INDICATES RECORD WAS SET OR TIED.
MM INDICATES DATA IS MISSING.
T  INDICATES TRACE AMOUNT.




$$
