000
CDUS44 KMOB 250645
CLIMOB


CLIMATE REPORT
NATIONAL WEATHER SERVICE MOBILE AL
145 AM CDT MON JUL 25 2016


...................................

...THE MOBILE CLIMATE SUMMARY FOR JULY 24 2016...

CLIMATE NORMAL PERIOD 1981 TO 2010
CLIMATE RECORD PERIOD 1842 TO 2016


WEATHER ITEM   OBSERVED TIME   RECORD YEAR NORMAL DEPARTURE LAST
                VALUE   (LST)  VALUE       VALUE  FROM      YEAR
                                                  NORMAL
..................................................................
TEMPERATURE (F)
 YESTERDAY
  MAXIMUM         92    133 PM 103    1952  91      1       95
  MINIMUM         75    316 AM  68    1904  73      2       74
  AVERAGE         84                        82      2       85

PRECIPITATION (IN)
  YESTERDAY        T             2.20 1954   0.24  -0.24     0.13
  MONTH TO DATE    5.41                      5.59  -0.18     5.49
  SINCE MAR 1     31.59                     27.77   3.82    36.46
  SINCE JAN 1     41.04                     38.54   2.50    42.51

DEGREE DAYS
 COOLING
  YESTERDAY       19                        17      2       20
  MONTH TO DATE  438                       406     32      441
  SINCE JUN 1    918                       850     68      919
  SINCE JAN 1   1377                      1295     82     1519
..................................................................


WIND (MPH)
  HIGHEST WIND SPEED    20   HIGHEST WIND DIRECTION    SE (130)
  HIGHEST GUST SPEED    24   HIGHEST GUST DIRECTION    SE (120)
  AVERAGE WIND SPEED     4.7


SKY COVER
  POSSIBLE SUNSHINE  MM
  AVERAGE SKY COVER 0.4


WEATHER CONDITIONS
 THE FOLLOWING WEATHER WAS RECORDED YESTERDAY.
  THUNDERSTORM


RELATIVE HUMIDITY (PERCENT)
 HIGHEST    94           300 AM
 LOWEST     56          1200 PM
 AVERAGE    75

..........................................................


THE MOBILE CLIMATE NORMALS FOR TODAY
                         NORMAL    RECORD    YEAR
 MAXIMUM TEMPERATURE (F)   91       104      1952
 MINIMUM TEMPERATURE (F)   73        67      1904


SUNRISE AND SUNSET
JULY 25 2016..........SUNRISE   607 AM CDT   SUNSET   752 PM CDT
JULY 26 2016..........SUNRISE   607 AM CDT   SUNSET   751 PM CDT


-  INDICATES NEGATIVE NUMBERS.
R  INDICATES RECORD WAS SET OR TIED.
MM INDICATES DATA IS MISSING.
T  INDICATES TRACE AMOUNT.




$$
