000
CDUS44 KMOB 030645
CLIMOB


CLIMATE REPORT
NATIONAL WEATHER SERVICE MOBILE AL
145 AM CDT FRI JUL 3 2015


...................................

...THE MOBILE CLIMATE SUMMARY FOR JULY 2 2015...

CLIMATE NORMAL PERIOD 1981 TO 2010
CLIMATE RECORD PERIOD 1842 TO 2015


WEATHER ITEM   OBSERVED TIME   RECORD YEAR NORMAL DEPARTURE LAST
                VALUE   (LST)  VALUE       VALUE  FROM      YEAR
                                                  NORMAL
..................................................................
TEMPERATURE (F)
 YESTERDAY
  MAXIMUM         89    219 PM 101    2009  91     -2       94
  MINIMUM         73    333 AM  64    1924  72      1       74
  AVERAGE         81                        82     -1       84

PRECIPITATION (IN)
  YESTERDAY        0.00          3.26 1951   0.23  -0.23     0.00
  MONTH TO DATE    0.05                      0.45  -0.40     0.00
  SINCE MAR 1     31.02                     22.63   8.39    39.53
  SINCE JAN 1     37.07                     33.40   3.67    46.65

DEGREE DAYS
 COOLING
  YESTERDAY       16                        16      0       19
  MONTH TO DATE   31                        32     -1       38
  SINCE JUN 1    509                       476     33      448
  SINCE JAN 1   1109                       921    188      786
..................................................................


WIND (MPH)
  HIGHEST WIND SPEED    17   HIGHEST WIND DIRECTION    SW (230)
  HIGHEST GUST SPEED    22   HIGHEST GUST DIRECTION     S (200)
  AVERAGE WIND SPEED     7.7


SKY COVER
  POSSIBLE SUNSHINE  MM
  AVERAGE SKY COVER 0.5


WEATHER CONDITIONS
 THE FOLLOWING WEATHER WAS RECORDED YESTERDAY.
  NO SIGNIFICANT WEATHER WAS OBSERVED.


RELATIVE HUMIDITY (PERCENT)
 HIGHEST    94           400 AM
 LOWEST     63           200 PM
 AVERAGE    79

..........................................................


THE MOBILE CLIMATE NORMALS FOR TODAY
                         NORMAL    RECORD    YEAR
 MAXIMUM TEMPERATURE (F)   91        99      1970
 MINIMUM TEMPERATURE (F)   73        62      1924


SUNRISE AND SUNSET
JULY  3 2015..........SUNRISE   555 AM CDT   SUNSET   800 PM CDT
JULY  4 2015..........SUNRISE   555 AM CDT   SUNSET   800 PM CDT


-  INDICATES NEGATIVE NUMBERS.
R  INDICATES RECORD WAS SET OR TIED.
MM INDICATES DATA IS MISSING.
T  INDICATES TRACE AMOUNT.




$$
