000
CDUS44 KMOB 250645
CLIMOB


CLIMATE REPORT
NATIONAL WEATHER SERVICE MOBILE AL
145 AM CDT TUE APR 25 2017


...................................

...THE MOBILE CLIMATE SUMMARY FOR APRIL 24 2017...

CLIMATE NORMAL PERIOD 1981 TO 2010
CLIMATE RECORD PERIOD 1842 TO 2017


WEATHER ITEM   OBSERVED TIME   RECORD YEAR NORMAL DEPARTURE LAST
                VALUE   (LST)  VALUE       VALUE  FROM      YEAR
                                                  NORMAL
..................................................................
TEMPERATURE (F)
 YESTERDAY
  MAXIMUM         76    211 PM  91    1999  79     -3       83
  MINIMUM         52    542 AM  37    2012  58     -6       53
  AVERAGE         64                        68     -4       68

PRECIPITATION (IN)
  YESTERDAY        T             2.68 1937   0.15  -0.15     0.00
  MONTH TO DATE    3.34                      3.88  -0.54     4.14
  SINCE MAR 1      6.48                     10.02  -3.54    14.30
  SINCE JAN 1     18.69                     20.79  -2.10    23.75

DEGREE DAYS
 HEATING
  YESTERDAY        1                         1      0        0
  MONTH TO DATE   23                        56    -33       21
  SINCE MAR 1    142                       245   -103      117
  SINCE JUL 1    913                      1687   -774     1215

 COOLING
  YESTERDAY        0                         4     -4        3
  MONTH TO DATE  111                        72     39       49
  SINCE MAR 1    206                       111     95      119
  SINCE JAN 1    281                       127    154      133
..................................................................


WIND (MPH)
  HIGHEST WIND SPEED    20   HIGHEST WIND DIRECTION     N (350)
  HIGHEST GUST SPEED    29   HIGHEST GUST DIRECTION    NW (310)
  AVERAGE WIND SPEED     7.6


SKY COVER
  POSSIBLE SUNSHINE  MM
  AVERAGE SKY COVER 0.4


WEATHER CONDITIONS
 THE FOLLOWING WEATHER WAS RECORDED YESTERDAY.
  FOG
  HAZE


RELATIVE HUMIDITY (PERCENT)
 HIGHEST    89           400 AM
 LOWEST     41           100 PM
 AVERAGE    65

..........................................................


THE MOBILE CLIMATE NORMALS FOR TODAY
                         NORMAL    RECORD    YEAR
 MAXIMUM TEMPERATURE (F)   80        88      1989
 MINIMUM TEMPERATURE (F)   58        39      1910


SUNRISE AND SUNSET
APRIL 25 2017.........SUNRISE   615 AM CDT   SUNSET   728 PM CDT
APRIL 26 2017.........SUNRISE   614 AM CDT   SUNSET   728 PM CDT


-  INDICATES NEGATIVE NUMBERS.
R  INDICATES RECORD WAS SET OR TIED.
MM INDICATES DATA IS MISSING.
T  INDICATES TRACE AMOUNT.




$$
