000
CDUS44 KMOB 250645
CLIMOB


CLIMATE REPORT
NATIONAL WEATHER SERVICE MOBILE AL
1245 AM CST THU DEC 25 2014


...................................

...THE MOBILE CLIMATE SUMMARY FOR DECEMBER 24 2014...

CLIMATE NORMAL PERIOD 1981 TO 2010
CLIMATE RECORD PERIOD 1842 TO 2014


WEATHER ITEM   OBSERVED TIME   RECORD YEAR NORMAL DEPARTURE LAST
                VALUE   (LST)  VALUE       VALUE  FROM      YEAR
                                                  NORMAL
..................................................................
TEMPERATURE (F)
 YESTERDAY
  MAXIMUM         64    107 AM  78    1931  61      3       51
  MINIMUM         41   1159 PM   9    1989  41      0       30
  AVERAGE         53                        51      2       41

PRECIPITATION (IN)
  YESTERDAY        0.39          1.80 1924   0.18   0.21     0.00
  MONTH TO DATE    2.63                      3.87  -1.24     4.57
  SINCE MAR 1     62.95                     54.19   8.76    52.30
  SINCE JAN 1     70.07                     64.96   5.11    66.48

SNOWFALL (IN)
  YESTERDAY       MM             0.0  2001   0.0   MM        0.0
                                      2000
  MONTH TO DATE    0.0                       0.0    0.0      0.0
  SINCE MAR 1      0.0                       0.1   -0.1      0.0
  SINCE JUL 1      0.0                       0.0    0.0      0.0
  SNOW DEPTH       0

DEGREE DAYS
 HEATING
  YESTERDAY       12                        14     -2       24
  MONTH TO DATE  230                       301    -71      259
  SINCE DEC 1    230                       301    -71      259
  SINCE JUL 1    623                       559     64      543

 COOLING
  YESTERDAY        0                         0      0        0
  MONTH TO DATE    3                         8     -5       27
  SINCE DEC 1      3                         8     -5       27
  SINCE JAN 1   2307                      2511   -204     2522
..................................................................


WIND (MPH)
  HIGHEST WIND SPEED    17   HIGHEST WIND DIRECTION    NW (300)
  HIGHEST GUST SPEED    26   HIGHEST GUST DIRECTION     W (290)
  AVERAGE WIND SPEED     7.6


SKY COVER
  POSSIBLE SUNSHINE  MM
  AVERAGE SKY COVER 0.8


WEATHER CONDITIONS
 THE FOLLOWING WEATHER WAS RECORDED YESTERDAY.
  THUNDERSTORM
  HEAVY RAIN
  RAIN
  LIGHT RAIN
  FOG
  HAZE


RELATIVE HUMIDITY (PERCENT)
 HIGHEST   100           500 AM
 LOWEST     60           900 PM
 AVERAGE    80

..........................................................


THE MOBILE CLIMATE NORMALS FOR TODAY
                         NORMAL    RECORD    YEAR
 MAXIMUM TEMPERATURE (F)   61        77      1987
                                             1964
 MINIMUM TEMPERATURE (F)   41         8      1983


SUNRISE AND SUNSET
DECEMBER 25 2014......SUNRISE   648 AM CST   SUNSET   458 PM CST
DECEMBER 26 2014......SUNRISE   649 AM CST   SUNSET   459 PM CST


-  INDICATES NEGATIVE NUMBERS.
R  INDICATES RECORD WAS SET OR TIED.
MM INDICATES DATA IS MISSING.
T  INDICATES TRACE AMOUNT.




$$
