000
CDUS44 KMOB 292339
CLIMOB


CLIMATE REPORT
NATIONAL WEATHER SERVICE MOBILE AL
637 PM CDT FRI AUG 29 2014


...................................

...THE MOBILE CLIMATE SUMMARY FOR AUGUST 29 2014...
VALID TODAY AS OF 0500 PM LOCAL TIME.

CLIMATE NORMAL PERIOD 1981 TO 2010
CLIMATE RECORD PERIOD 1842 TO 2014


WEATHER ITEM   OBSERVED TIME   RECORD YEAR NORMAL DEPARTURE LAST
                VALUE   (LST)  VALUE       VALUE  FROM      YEAR
                                                  NORMAL
..................................................................
TEMPERATURE (F)
 TODAY
  MAXIMUM         91   1138 AM 105    2000  90      1       91
  MINIMUM         71    504 AM  61    1992  72     -1       69
  AVERAGE         81                        81      0       80

PRECIPITATION (IN)
  TODAY            T             3.48 2012   0.18  -0.18     0.00
  MONTH TO DATE    2.81                      6.60  -3.79     9.87
  SINCE MAR 1     50.26                     36.03  14.23    37.44
  SINCE JAN 1     57.38                     46.80  10.58    51.62

DEGREE DAYS
 COOLING
  TODAY           16                        16      0       15
  MONTH TO DATE  500                       487     13      463
  SINCE JUN 1   1373                      1453    -80     1431
  SINCE JAN 1   1711                      1898   -187     1795
..................................................................


WIND (MPH)
  HIGHEST WIND SPEED    18   HIGHEST WIND DIRECTION     S (170)
  HIGHEST GUST SPEED    23   HIGHEST GUST DIRECTION     S (170)
  AVERAGE WIND SPEED     6.2


SKY COVER
  POSSIBLE SUNSHINE  MM
  AVERAGE SKY COVER 0.4


WEATHER CONDITIONS
 THE FOLLOWING WEATHER WAS RECORDED TODAY.
  FOG


RELATIVE HUMIDITY (PERCENT)
 HIGHEST   100          1200 AM
 LOWEST     59           100 PM
 AVERAGE    80

..........................................................


THE MOBILE CLIMATE NORMALS FOR TOMORROW
                         NORMAL    RECORD    YEAR
 MAXIMUM TEMPERATURE (F)   90       102      1954
                                             1951
 MINIMUM TEMPERATURE (F)   72        61      1992


SUNRISE AND SUNSET
AUGUST 29 2014........SUNRISE   628 AM CDT   SUNSET   720 PM CDT
AUGUST 30 2014........SUNRISE   628 AM CDT   SUNSET   718 PM CDT


-  INDICATES NEGATIVE NUMBERS.
R  INDICATES RECORD WAS SET OR TIED.
MM INDICATES DATA IS MISSING.
T  INDICATES TRACE AMOUNT.




$$
