000
CDUS44 KMOB 290645
CLIMOB


CLIMATE REPORT
NATIONAL WEATHER SERVICE MOBILE AL
145 AM CDT SAT JUL 29 2017


...................................

...THE MOBILE CLIMATE SUMMARY FOR JULY 28 2017...

CLIMATE NORMAL PERIOD 1981 TO 2010
CLIMATE RECORD PERIOD 1842 TO 2017


WEATHER ITEM   OBSERVED TIME   RECORD YEAR NORMAL DEPARTURE LAST
                VALUE   (LST)  VALUE       VALUE  FROM      YEAR
                                                  NORMAL
..................................................................
TEMPERATURE (F)
 YESTERDAY
  MAXIMUM         95    226 PM 100    1968  91      4       91
  MINIMUM         74    518 AM  67    1994  73      1       73
  AVERAGE         85                        82      3       82

PRECIPITATION (IN)
  YESTERDAY        0.00          1.53 1950   0.24  -0.24     0.00
  MONTH TO DATE    3.03                      6.53  -3.50     6.36
  SINCE MAR 1     37.17                     28.71   8.46    32.54
  SINCE JAN 1     49.38                     39.48   9.90    41.99

DEGREE DAYS
 COOLING
  YESTERDAY       20                        17      3       17
  MONTH TO DATE  493                       474     19      507
  SINCE JUN 1    912                       918     -6      987
  SINCE JAN 1   1513                      1363    150     1446
..................................................................


WIND (MPH)
  HIGHEST WIND SPEED     9   HIGHEST WIND DIRECTION     W (270)
  HIGHEST GUST SPEED    14   HIGHEST GUST DIRECTION     W (280)
  AVERAGE WIND SPEED     4.2


SKY COVER
  POSSIBLE SUNSHINE  MM
  AVERAGE SKY COVER 0.6


WEATHER CONDITIONS
 THE FOLLOWING WEATHER WAS RECORDED YESTERDAY.
  NO SIGNIFICANT WEATHER WAS OBSERVED.


RELATIVE HUMIDITY (PERCENT)
 HIGHEST    94          1200 AM
 LOWEST     44           100 PM
 AVERAGE    69

..........................................................


THE MOBILE CLIMATE NORMALS FOR TODAY
                         NORMAL    RECORD    YEAR
 MAXIMUM TEMPERATURE (F)   91       100      1877
 MINIMUM TEMPERATURE (F)   73        66      1994


SUNRISE AND SUNSET
JULY 29 2017..........SUNRISE   609 AM CDT   SUNSET   749 PM CDT
JULY 30 2017..........SUNRISE   610 AM CDT   SUNSET   749 PM CDT


-  INDICATES NEGATIVE NUMBERS.
R  INDICATES RECORD WAS SET OR TIED.
MM INDICATES DATA IS MISSING.
T  INDICATES TRACE AMOUNT.




$$
