000
CDUS44 KMOB 282225
CLIMOB


CLIMATE REPORT
NATIONAL WEATHER SERVICE MOBILE AL
525 PM CDT SUN MAY 28 2017


...................................

...THE MOBILE CLIMATE SUMMARY FOR MAY 28 2017...
VALID TODAY AS OF 0500 PM LOCAL TIME.

CLIMATE NORMAL PERIOD 1981 TO 2010
CLIMATE RECORD PERIOD 1842 TO 2017


WEATHER ITEM   OBSERVED TIME   RECORD YEAR NORMAL DEPARTURE LAST
                VALUE   (LST)  VALUE       VALUE  FROM      YEAR
                                                  NORMAL
..................................................................
TEMPERATURE (F)
 TODAY
  MAXIMUM         87   1221 PM  98    1962  87      0       85
  MINIMUM         74    504 AM  50    1961  67      7       66
  AVERAGE         81                        77      4       76

PRECIPITATION (IN)
  TODAY            T             3.07 2014   0.18  -0.18     0.00
  MONTH TO DATE   10.29                      4.60   5.69     2.48
  SINCE MAR 1     19.19                     15.53   3.66    18.53
  SINCE JAN 1     31.40                     26.30   5.10    27.98

DEGREE DAYS
 COOLING
  TODAY           16                        12      4       11
  MONTH TO DATE  228                       250    -22      230
  SINCE MAR 1    488                       393     95      402
  SINCE JAN 1    563                       409    154      416
..................................................................


WIND (MPH)
  HIGHEST WIND SPEED    15   HIGHEST WIND DIRECTION     N (360)
  HIGHEST GUST SPEED    18   HIGHEST GUST DIRECTION     N (360)
  AVERAGE WIND SPEED     5.4


SKY COVER
  POSSIBLE SUNSHINE  MM
  AVERAGE SKY COVER 0.8


WEATHER CONDITIONS
 THE FOLLOWING WEATHER WAS RECORDED TODAY.
  THUNDERSTORM
  LIGHT RAIN
  FOG


RELATIVE HUMIDITY (PERCENT)
 HIGHEST    94           400 AM
 LOWEST     61           300 PM
 AVERAGE    78

..........................................................


THE MOBILE CLIMATE NORMALS FOR TOMORROW
                         NORMAL    RECORD    YEAR
 MAXIMUM TEMPERATURE (F)   87        95      2012
                                             2006
 MINIMUM TEMPERATURE (F)   67        56      1984


SUNRISE AND SUNSET
MAY 28 2017...........SUNRISE   552 AM CDT   SUNSET   749 PM CDT
MAY 29 2017...........SUNRISE   552 AM CDT   SUNSET   750 PM CDT


-  INDICATES NEGATIVE NUMBERS.
R  INDICATES RECORD WAS SET OR TIED.
MM INDICATES DATA IS MISSING.
T  INDICATES TRACE AMOUNT.




$$
