000
CDUS46 KSTO 210847
CLIMOD


CLIMATE REPORT
NATIONAL WEATHER SERVICE SACRAMENTO, CA
1247 AM PST TUE NOV 21 2017


...................................

...THE MODESTO CA CLIMATE SUMMARY FOR NOVEMBER 20 2017...

CLIMATE NORMAL PERIOD 1981 TO 2010
CLIMATE RECORD PERIOD 1931 TO 2017


WEATHER ITEM   OBSERVED TIME   RECORD YEAR NORMAL DEPARTURE LAST
                VALUE   (LST)  VALUE       VALUE  FROM      YEAR
                                                  NORMAL
..................................................................
TEMPERATURE (F)
 YESTERDAY
  MAXIMUM         65    438 PM  75    1989  63      2       61
  MINIMUM         52   1210 AM  26    1964  44      8       56
  AVERAGE         59

PRECIPITATION (IN)
  YESTERDAY        0.00          0.92 2010   0.05  -0.05     0.35
  MONTH TO DATE    0.60                      0.85  -0.25     0.42
  SINCE OCT 1      0.72                      1.53  -0.81     2.47
  SINCE JAN 1     12.62                     10.56   2.06    13.67

SNOWFALL (IN)
  YESTERDAY        0.0           0.0  2001
  MONTH TO DATE    0.0
  SINCE SEP 1      0.0
  SINCE JUL 1      0.0
  SNOW DEPTH       0

DEGREE DAYS
 HEATING
  YESTERDAY        6                        12     -6        6
  MONTH TO DATE  149                       166    -17       58
  SINCE SEP 1    196                       229    -33       82
  SINCE JUL 1    196                       229    -33       82

 COOLING
  YESTERDAY        0                         0      0        0
  MONTH TO DATE    0                         0      0        7
  SINCE SEP 1    383                       360     23      365
  SINCE JAN 1   2118                      1696    422     1982
..................................................................


WIND (MPH)
  RESULTANT WIND SPEED   4   RESULTANT WIND DIRECTION  SE (130)
  HIGHEST WIND SPEED    10   HIGHEST WIND DIRECTION    SE (120)
  HIGHEST GUST SPEED    14   HIGHEST GUST DIRECTION    SE (150)


SKY COVER
  POSSIBLE SUNSHINE  MM
  AVERAGE SKY COVER 0.6


WEATHER CONDITIONS
 THE FOLLOWING WEATHER WAS RECORDED YESTERDAY.
  FOG
  HAZE


RELATIVE HUMIDITY (PERCENT)
 HIGHEST    93          1100 PM
 LOWEST     60          1100 AM
 AVERAGE    77

..........................................................


THE MODESTO CA CLIMATE NORMALS FOR TODAY
                         NORMAL    RECORD    YEAR
 MAXIMUM TEMPERATURE (F)   63        72      1936
 MINIMUM TEMPERATURE (F)   43        27      1964


SUNRISE AND SUNSET
NOVEMBER 21 2017......SUNRISE   650 AM PST   SUNSET   449 PM PST
NOVEMBER 22 2017......SUNRISE   651 AM PST   SUNSET   448 PM PST


-  INDICATES NEGATIVE NUMBERS.
R  INDICATES RECORD WAS SET OR TIED.
MM INDICATES DATA IS MISSING.
T  INDICATES TRACE AMOUNT.




$$
