000
CDUS46 KSTO 250046
CLIMOD

CLIMATE REPORT
NATIONAL WEATHER SERVICE SACRAMENTO, CA
543 PM PDT TUE MAY 24 2016


...................................

...THE MODESTO CA CLIMATE SUMMARY FOR MAY 24 2016...
VALID TODAY AS OF 0500 PM LOCAL TIME.

CLIMATE NORMAL PERIOD 1981 TO 2010
CLIMATE RECORD PERIOD 1931 TO 2016


WEATHER ITEM   OBSERVED TIME   RECORD YEAR NORMAL DEPARTURE LAST
                VALUE   (LST)  VALUE       VALUE  FROM      YEAR
                                                  NORMAL
..................................................................
TEMPERATURE (F)
 TODAY
  MAXIMUM         78    302 PM 100    1982  85     -7       86
  MINIMUM         54    509 AM  42    1953  56     -2       54
  AVERAGE         66

PRECIPITATION (IN)
  TODAY            0.00          0.37 1993   0.01  -0.01     0.00
  MONTH TO DATE    0.25                      0.52  -0.27     0.27
  SINCE OCT 1     15.61                     12.60   3.01    10.25
  SINCE JAN 1     11.20                      8.52   2.68     2.85

SNOWFALL (IN)
  TODAY            0.0          MM      MM
  MONTH TO DATE    0.0
  SINCE MAR 1      0.0
  SINCE JUL 1      0.0

DEGREE DAYS
 HEATING
  TODAY            0                         1     -1        0
  MONTH TO DATE   16                        31    -15       23
  SINCE MAR 1    242                       397   -155      200
  SINCE JUL 1   1834                      2165   -331     1612

 COOLING
  TODAY            1                         6     -5        5
  MONTH TO DATE  118                       108     10       49
  SINCE MAR 1    172                       152     20      132
  SINCE JAN 1    172                       152     20      132
..................................................................


WIND (MPH)
  RESULTANT WIND SPEED   3   RESULTANT WIND DIRECTION   N (350)
  HIGHEST WIND SPEED    16   HIGHEST WIND DIRECTION    NW (300)
  HIGHEST GUST SPEED    22   HIGHEST GUST DIRECTION     W (290)


SKY COVER
  POSSIBLE SUNSHINE  MM
  AVERAGE SKY COVER 0.1


WEATHER CONDITIONS
 THE FOLLOWING WEATHER WAS RECORDED TODAY.
  NO SIGNIFICANT WEATHER WAS OBSERVED.


RELATIVE HUMIDITY (PERCENT)
 HIGHEST    77          1200 AM
 LOWEST     33           200 PM
 AVERAGE    55

..........................................................


THE MODESTO CA CLIMATE NORMALS FOR TOMORROW
                         NORMAL    RECORD    YEAR
 MAXIMUM TEMPERATURE (F)   85        99      1979
 MINIMUM TEMPERATURE (F)   56        42      1962


SUNRISE AND SUNSET
MAY 24 2016...........SUNRISE   547 AM PDT   SUNSET   814 PM PDT
MAY 25 2016...........SUNRISE   547 AM PDT   SUNSET   815 PM PDT


-  INDICATES NEGATIVE NUMBERS.
R  INDICATES RECORD WAS SET OR TIED.
MM INDICATES DATA IS MISSING.
T  INDICATES TRACE AMOUNT.




$$
