000
CDUS46 KSTO 200039
CLIMOD


CLIMATE REPORT
NATIONAL WEATHER SERVICE SACRAMENTO, CA
439 PM PST MON FEB 19 2018


...................................

...THE MODESTO CA CLIMATE SUMMARY FOR FEBRUARY 19 2018...
VALID TODAY AS OF 0400 PM LOCAL TIME.

CLIMATE NORMAL PERIOD 1981 TO 2010
CLIMATE RECORD PERIOD 1931 TO 2018


WEATHER ITEM   OBSERVED TIME   RECORD YEAR NORMAL DEPARTURE LAST
                VALUE   (LST)  VALUE       VALUE  FROM      YEAR
                                                  NORMAL
..................................................................
TEMPERATURE (F)
 TODAY
  MAXIMUM         53    340 PM  76    1977  64    -11       55
  MINIMUM         35    643 AM  29    1955  44     -9       44
  AVERAGE         44

PRECIPITATION (IN)
  TODAY            0.00          0.90 1958   0.08  -0.08     0.10
  MONTH TO DATE    0.00                      1.63  -1.63     2.49
  SINCE OCT 1      3.55                      8.32  -4.77    13.04
  SINCE JAN 1      2.52                      4.24  -1.72     8.01

SNOWFALL (IN)
  TODAY           MM            MM      MM
  MONTH TO DATE    0.0
  SINCE DEC 1      0.0
  SINCE JUL 1      0.0

DEGREE DAYS
 HEATING
  TODAY           21                        11     10       15
  MONTH TO DATE  202                       245    -43      158
  SINCE DEC 1   1140                      1316   -176     1176
  SINCE JUL 1   1407                      1677   -270     1389

 COOLING
  TODAY            0                         0      0        0
  MONTH TO DATE    0                         0      0        0
  SINCE DEC 1      0                         0      0        0
  SINCE JAN 1      0                         0      0        0
..................................................................


WIND (MPH)
  RESULTANT WIND SPEED  11   RESULTANT WIND DIRECTION  NW (310)
  HIGHEST WIND SPEED    23   HIGHEST WIND DIRECTION    NW (320)
  HIGHEST GUST SPEED    29   HIGHEST GUST DIRECTION    NW (310)


SKY COVER
  POSSIBLE SUNSHINE  MM
  AVERAGE SKY COVER 0.1


WEATHER CONDITIONS
 THE FOLLOWING WEATHER WAS RECORDED TODAY.
  NO SIGNIFICANT WEATHER WAS OBSERVED.


RELATIVE HUMIDITY (PERCENT)
 HIGHEST    70           700 AM
 LOWEST     28           300 PM
 AVERAGE    49

..........................................................


THE MODESTO CA CLIMATE NORMALS FOR TOMORROW
                         NORMAL    RECORD    YEAR
 MAXIMUM TEMPERATURE (F)   64        73      1995
 MINIMUM TEMPERATURE (F)   44        28      1955


SUNRISE AND SUNSET
FEBRUARY 19 2018......SUNRISE   648 AM PST   SUNSET   547 PM PST
FEBRUARY 20 2018......SUNRISE   647 AM PST   SUNSET   548 PM PST


-  INDICATES NEGATIVE NUMBERS.
R  INDICATES RECORD WAS SET OR TIED.
MM INDICATES DATA IS MISSING.
T  INDICATES TRACE AMOUNT.




$$
