279
CDUS46 KSTO 310037
CLIMOD


CLIMATE REPORT
NATIONAL WEATHER SERVICE SACRAMENTO, CA
537 PM PDT SAT JUL 30 2016


...................................

...THE MODESTO CA CLIMATE SUMMARY FOR JULY 30 2016...
VALID TODAY AS OF 0500 PM LOCAL TIME.

CLIMATE NORMAL PERIOD 1981 TO 2010
CLIMATE RECORD PERIOD 1931 TO 2016


WEATHER ITEM   OBSERVED TIME   RECORD YEAR NORMAL DEPARTURE LAST
                VALUE   (LST)  VALUE       VALUE  FROM      YEAR
                                                  NORMAL
..................................................................
TEMPERATURE (F)
 TODAY
  MAXIMUM        104    258 PM 106    1977  95      9      102
  MINIMUM         74    521 AM  51    1993  63     11       71
  AVERAGE         89

PRECIPITATION (IN)
  TODAY            0.00          0.35 1952   0.00   0.00     0.00
  MONTH TO DATE    0.00                      0.00   0.00      T
  SINCE OCT 1     15.61                     12.83   2.78    10.25
  SINCE JAN 1     11.20                      8.75   2.45     2.85

SNOWFALL (IN)
  TODAY            0.0          MM      MM
  MONTH TO DATE    0.0
  SINCE JUN 1      0.0
  SINCE JUL 1      0.0

DEGREE DAYS
 HEATING
  TODAY            0                         0      0        0
  MONTH TO DATE    0                         0      0        0
  SINCE JUN 1      2                         3     -1        0
  SINCE JUL 1      0                         0      0        0

 COOLING
  TODAY           24                        14     10       22
  MONTH TO DATE  484                       420     64      457
  SINCE JUN 1    913                       719    194      896
  SINCE JAN 1   1161                       918    243     1074
..................................................................


WIND (MPH)
  RESULTANT WIND SPEED   6   RESULTANT WIND DIRECTION  NW (330)
  HIGHEST WIND SPEED    14   HIGHEST WIND DIRECTION     N (340)
  HIGHEST GUST SPEED    17   HIGHEST GUST DIRECTION    NW (330)


SKY COVER
  POSSIBLE SUNSHINE  MM
  AVERAGE SKY COVER 0.0


WEATHER CONDITIONS
 THE FOLLOWING WEATHER WAS RECORDED TODAY.
  NO SIGNIFICANT WEATHER WAS OBSERVED.


RELATIVE HUMIDITY (PERCENT)
 HIGHEST    38           600 AM
 LOWEST     12           400 PM
 AVERAGE    25

..........................................................


THE MODESTO CA CLIMATE NORMALS FOR TOMORROW
                         NORMAL    RECORD    YEAR
 MAXIMUM TEMPERATURE (F)   95       105      1996
 MINIMUM TEMPERATURE (F)   63        52      1940


SUNRISE AND SUNSET
JULY 30 2016..........SUNRISE   606 AM PDT   SUNSET   813 PM PDT
JULY 31 2016..........SUNRISE   607 AM PDT   SUNSET   812 PM PDT


-  INDICATES NEGATIVE NUMBERS.
R  INDICATES RECORD WAS SET OR TIED.
MM INDICATES DATA IS MISSING.
T  INDICATES TRACE AMOUNT.




$$
