000
CDUS46 KSTO 290841
CLIMOD


CLIMATE REPORT
NATIONAL WEATHER SERVICE SACRAMENTO, CA
141 AM PDT WED MAR 29 2017


...................................

...THE MODESTO CA CLIMATE SUMMARY FOR MARCH 28 2017...

CLIMATE NORMAL PERIOD 1981 TO 2010
CLIMATE RECORD PERIOD 1931 TO 2017


WEATHER ITEM   OBSERVED TIME   RECORD YEAR NORMAL DEPARTURE LAST
                VALUE   (LST)  VALUE       VALUE  FROM      YEAR
                                                  NORMAL
..................................................................
TEMPERATURE (F)
 YESTERDAY
  MAXIMUM         73    406 PM  85    1969  70      3       64
  MINIMUM         49    531 AM  31    1975  47      2       48
  AVERAGE         61

PRECIPITATION (IN)
  YESTERDAY        0.00          0.58 1941   0.05  -0.05     0.01
  MONTH TO DATE    1.27                      1.90  -0.63     3.80
  SINCE OCT 1     15.30                     10.97   4.33    13.79
  SINCE JAN 1     10.27                      6.89   3.38     9.38

SNOWFALL (IN)
  YESTERDAY        0.0          MM      MM
  MONTH TO DATE    0.0
  SINCE MAR 1      0.0
  SINCE JUL 1      0.0
  SNOW DEPTH       0

DEGREE DAYS
 HEATING
  YESTERDAY        4                         7     -3        9
  MONTH TO DATE  171                       219    -48      151
  SINCE MAR 1    171                       219    -48      151
  SINCE JUL 1   1687                      1987   -300     1743

 COOLING
  YESTERDAY        0                         0      0        0
  MONTH TO DATE    6                         0      6        0
  SINCE MAR 1      6                         0      6        0
  SINCE JAN 1      6                         0      6        0
..................................................................


WIND (MPH)
  RESULTANT WIND SPEED   9   RESULTANT WIND DIRECTION  NW (320)
  HIGHEST WIND SPEED    20   HIGHEST WIND DIRECTION    NW (300)
  HIGHEST GUST SPEED    25   HIGHEST GUST DIRECTION    NW (310)


SKY COVER
  POSSIBLE SUNSHINE  MM
  AVERAGE SKY COVER 0.0


WEATHER CONDITIONS
 THE FOLLOWING WEATHER WAS RECORDED YESTERDAY.
  NO SIGNIFICANT WEATHER WAS OBSERVED.


RELATIVE HUMIDITY (PERCENT)
 HIGHEST    77          1200 AM
 LOWEST     33           400 PM
 AVERAGE    55

..........................................................


THE MODESTO CA CLIMATE NORMALS FOR TODAY
                         NORMAL    RECORD    YEAR
 MAXIMUM TEMPERATURE (F)   71        85      2015
                                             2004
                                             1968
 MINIMUM TEMPERATURE (F)   47        35      1967


SUNRISE AND SUNSET
MARCH 29 2017.........SUNRISE   653 AM PDT   SUNSET   724 PM PDT
MARCH 30 2017.........SUNRISE   652 AM PDT   SUNSET   725 PM PDT


-  INDICATES NEGATIVE NUMBERS.
R  INDICATES RECORD WAS SET OR TIED.
MM INDICATES DATA IS MISSING.
T  INDICATES TRACE AMOUNT.




$$
