000
CDUS43 KBIS 010747
CLIMOT


CLIMATE REPORT
NATIONAL WEATHER SERVICE BISMARCK ND
247 AM CDT SAT NOV 1 2014


...................................

...THE MINOT ND CLIMATE SUMMARY FOR OCTOBER 31 2014...

CLIMATE NORMAL PERIOD 1981 TO 2010
CLIMATE RECORD PERIOD 1905 TO 2014


WEATHER ITEM   OBSERVED TIME   RECORD YEAR NORMAL DEPARTURE LAST
                VALUE   (LST)  VALUE       VALUE  FROM      YEAR
                                                  NORMAL
..................................................................
TEMPERATURE (F)
 YESTERDAY
  MAXIMUM         41    353 PM  76    1999  47     -6       49
  MINIMUM         13    456 AM  -1    1919  28    -15       28
  AVERAGE         27                        37    -10       39

PRECIPITATION (IN)
  YESTERDAY        0.00          0.47 1974   0.03  -0.03     0.00
  MONTH TO DATE    0.28                      1.16  -0.88     2.32
  SINCE SEP 1      1.13                      2.62  -1.49     4.48
  SINCE JAN 1     15.77                     16.06  -0.29    24.66

DEGREE DAYS
 HEATING
  YESTERDAY       38                        28     10       26
  MONTH TO DATE  559                       639    -80      702
  SINCE SEP 1    771                       889   -118      824
  SINCE JUL 1    839                       960   -121      893

 COOLING
  YESTERDAY        0                         0      0        0
  MONTH TO DATE    0                         1     -1        0
  SINCE SEP 1     36                        34      2       50
  SINCE JAN 1    341                       445   -104      421
..................................................................


WIND (MPH)
  HIGHEST WIND SPEED    26   HIGHEST WIND DIRECTION    SE (150)
  HIGHEST GUST SPEED    35   HIGHEST GUST DIRECTION     S (160)
  AVERAGE WIND SPEED    15.0


SKY COVER
  POSSIBLE SUNSHINE  MM
  AVERAGE SKY COVER 0.0


WEATHER CONDITIONS
 THE FOLLOWING WEATHER WAS RECORDED YESTERDAY.
  NO SIGNIFICANT WEATHER WAS OBSERVED.


RELATIVE HUMIDITY (PERCENT)
 HIGHEST    92           500 AM
 LOWEST     32           600 PM
 AVERAGE    62

..........................................................


THE MINOT ND CLIMATE NORMALS FOR TODAY
                         NORMAL    RECORD    YEAR
 MAXIMUM TEMPERATURE (F)   46        73      1983
 MINIMUM TEMPERATURE (F)   27        -1      1935


SUNRISE AND SUNSET
NOVEMBER  1 2014......SUNRISE   831 AM CDT   SUNSET   626 PM CDT
NOVEMBER  2 2014......SUNRISE   732 AM CST   SUNSET   524 PM CST


-  INDICATES NEGATIVE NUMBERS.
R  INDICATES RECORD WAS SET OR TIED.
MM INDICATES DATA IS MISSING.
T  INDICATES TRACE AMOUNT.




$$
