000
CDUS43 KBIS 230739
CLIMOT


CLIMATE REPORT
NATIONAL WEATHER SERVICE BISMARCK ND
138 AM CST TUE JAN 23 2018


...................................

...THE MINOT ND CLIMATE SUMMARY FOR JANUARY 22 2018...

CLIMATE NORMAL PERIOD 1981 TO 2010
CLIMATE RECORD PERIOD 1897 TO 2018


WEATHER ITEM   OBSERVED TIME   RECORD YEAR NORMAL DEPARTURE LAST
                VALUE   (LST)  VALUE       VALUE  FROM      YEAR
                                                  NORMAL
..................................................................
TEMPERATURE (F)
 YESTERDAY
  MAXIMUM         22    309 PM  54    1942  21      1       34
  MINIMUM          6    513 AM -40    1922   4      2       30
  AVERAGE         14                        12      2       32

PRECIPITATION (IN)
  YESTERDAY        T             0.67 1982   0.01  -0.01     0.00
  MONTH TO DATE    0.07                      0.38  -0.31     0.06
  SINCE DEC 1      0.12                      0.76  -0.64     0.68
  SINCE JAN 1      0.07                      0.38  -0.31     0.06

DEGREE DAYS
 HEATING
  YESTERDAY       51                        53     -2       33
  MONTH TO DATE 1138                      1166    -28     1228
  SINCE DEC 1   2607                      2703    -96     2872
  SINCE JUL 1   4485                      4761   -276     4387
..................................................................


WIND (MPH)
  HIGHEST WIND SPEED    13   HIGHEST WIND DIRECTION     S (160)
  HIGHEST GUST SPEED    16   HIGHEST GUST DIRECTION     S (160)
  AVERAGE WIND SPEED     6.0


SKY COVER
  POSSIBLE SUNSHINE  MM
  AVERAGE SKY COVER 0.9


WEATHER CONDITIONS
 THE FOLLOWING WEATHER WAS RECORDED YESTERDAY.
  LIGHT SNOW
  FOG
  FOG W/VISIBILITY <= 1/4 MILE
  HAZE


RELATIVE HUMIDITY (PERCENT)
 HIGHEST    92           900 AM
 LOWEST     83           600 AM
 AVERAGE    88

..........................................................


THE MINOT ND CLIMATE NORMALS FOR TODAY
                         NORMAL    RECORD    YEAR
 MAXIMUM TEMPERATURE (F)   21        54      1944
 MINIMUM TEMPERATURE (F)    4       -46      1922


SUNRISE AND SUNSET
JANUARY 23 2018.......SUNRISE   824 AM CST   SUNSET   530 PM CST
JANUARY 24 2018.......SUNRISE   823 AM CST   SUNSET   532 PM CST


-  INDICATES NEGATIVE NUMBERS.
R  INDICATES RECORD WAS SET OR TIED.
MM INDICATES DATA IS MISSING.
T  INDICATES TRACE AMOUNT.




$$
