114
CDUS43 KBIS 240728
CLIMOT


CLIMATE REPORT
NATIONAL WEATHER SERVICE BISMARCK ND
228 AM CDT THU AUG 24 2017


...................................

...THE MINOT ND CLIMATE SUMMARY FOR AUGUST 23 2017...

CLIMATE NORMAL PERIOD 1981 TO 2010
CLIMATE RECORD PERIOD 1897 TO 2017


WEATHER ITEM   OBSERVED TIME   RECORD YEAR NORMAL DEPARTURE LAST
                VALUE   (LST)  VALUE       VALUE  FROM      YEAR
                                                  NORMAL
..................................................................
TEMPERATURE (F)
 YESTERDAY
  MAXIMUM         89    410 PM 104    1937  80      9       81
  MINIMUM         55    507 AM  34    1908  54      1       59
  AVERAGE         72                        67      5       70

PRECIPITATION (IN)
  YESTERDAY        0.00          2.05 1968   0.07  -0.07      T
  MONTH TO DATE    2.27                      1.53   0.74     1.23
  SINCE JUN 1      3.96                      7.54  -3.58     6.70
  SINCE JAN 1      5.33                     12.93  -7.60    11.85

DEGREE DAYS
 COOLING
  YESTERDAY        7                         4      3        5
  MONTH TO DATE   62                       125    -63      218
  SINCE JUN 1    465                       367     98      594
  SINCE JAN 1    468                       383     85      634
..................................................................


WIND (MPH)
  HIGHEST WIND SPEED    22   HIGHEST WIND DIRECTION    NE (40)
  HIGHEST GUST SPEED    27   HIGHEST GUST DIRECTION    NE (30)
  AVERAGE WIND SPEED     8.9


SKY COVER
  POSSIBLE SUNSHINE  MM
  AVERAGE SKY COVER 0.1


WEATHER CONDITIONS
 THE FOLLOWING WEATHER WAS RECORDED YESTERDAY.
  NO SIGNIFICANT WEATHER WAS OBSERVED.


RELATIVE HUMIDITY (PERCENT)
 HIGHEST    80          1100 PM
 LOWEST     22           300 PM
 AVERAGE    51

..........................................................


THE MINOT ND CLIMATE NORMALS FOR TODAY
                         NORMAL    RECORD    YEAR
 MAXIMUM TEMPERATURE (F)   80       101      1996
 MINIMUM TEMPERATURE (F)   54        28      1915


SUNRISE AND SUNSET
AUGUST 24 2017........SUNRISE   652 AM CDT   SUNSET   842 PM CDT
AUGUST 25 2017........SUNRISE   653 AM CDT   SUNSET   840 PM CDT


-  INDICATES NEGATIVE NUMBERS.
R  INDICATES RECORD WAS SET OR TIED.
MM INDICATES DATA IS MISSING.
T  INDICATES TRACE AMOUNT.




$$
