000
CDUS43 KBIS 300727
CLIMOT


CLIMATE REPORT
NATIONAL WEATHER SERVICE BISMARCK ND
227 AM CDT WED JUL 30 2014


...................................

...THE MINOT ND CLIMATE SUMMARY FOR JULY 29 2014...

CLIMATE NORMAL PERIOD 1981 TO 2010
CLIMATE RECORD PERIOD 1905 TO 2014


WEATHER ITEM   OBSERVED TIME   RECORD YEAR NORMAL DEPARTURE LAST
                VALUE   (LST)  VALUE       VALUE  FROM      YEAR
                                                  NORMAL
..................................................................
TEMPERATURE (F)
 YESTERDAY
  MAXIMUM         79    230 PM 102    1975  83     -4       70
  MINIMUM         54    336 AM  37    1918  58     -4       55
  AVERAGE         67                        71     -4       63

PRECIPITATION (IN)
  YESTERDAY        0.09          1.08 1950   0.06   0.03     0.29
  MONTH TO DATE    1.72                      2.31  -0.59     4.44
  SINCE JUN 1      7.06                      5.89   1.17     9.04
  SINCE JAN 1     10.87                     11.28  -0.41    17.41

DEGREE DAYS
 COOLING
  YESTERDAY        2                         6     -4        0
  MONTH TO DATE  102                       156    -54      123
  SINCE JUN 1    124                       229   -105      187
  SINCE JAN 1    165                       245    -80      197
..................................................................


WIND (MPH)
  HIGHEST WIND SPEED    15   HIGHEST WIND DIRECTION    NW (320)
  HIGHEST GUST SPEED    21   HIGHEST GUST DIRECTION    NW (330)
  AVERAGE WIND SPEED     3.1


SKY COVER
  POSSIBLE SUNSHINE  MM
  AVERAGE SKY COVER 0.2


WEATHER CONDITIONS
 THE FOLLOWING WEATHER WAS RECORDED YESTERDAY.
  THUNDERSTORM
  RAIN
  LIGHT RAIN


RELATIVE HUMIDITY (PERCENT)
 HIGHEST    93           100 AM
 LOWEST     50          1100 AM
 AVERAGE    72

..........................................................


THE MINOT ND CLIMATE NORMALS FOR TODAY
                         NORMAL    RECORD    YEAR
 MAXIMUM TEMPERATURE (F)   83       100      1936
 MINIMUM TEMPERATURE (F)   58        36      1923


SUNRISE AND SUNSET
JULY 30 2014..........SUNRISE   618 AM CDT   SUNSET   924 PM CDT
JULY 31 2014..........SUNRISE   619 AM CDT   SUNSET   923 PM CDT


-  INDICATES NEGATIVE NUMBERS.
R  INDICATES RECORD WAS SET OR TIED.
MM INDICATES DATA IS MISSING.
T  INDICATES TRACE AMOUNT.




$$
