664
CDUS43 KBIS 191227
CLIMOT


CLIMATE REPORT
NATIONAL WEATHER SERVICE BISMARCK ND
627 AM CST SUN FEB 19 2017


...................................

...THE MINOT ND CLIMATE SUMMARY FOR FEBRUARY 18 2017...

CLIMATE NORMAL PERIOD 1981 TO 2010
CLIMATE RECORD PERIOD 1897 TO 2017


WEATHER ITEM   OBSERVED TIME   RECORD YEAR NORMAL DEPARTURE LAST
                VALUE   (LST)  VALUE       VALUE  FROM      YEAR
                                                  NORMAL
..................................................................
TEMPERATURE (F)
 YESTERDAY
  MAXIMUM         41    155 PM  51    1930  26     15       38
  MINIMUM         32    819 AM -27    1903  10     22       15
  AVERAGE         37                        18     19       27

PRECIPITATION (IN)
  YESTERDAY        T             0.50 1920   0.01  -0.01     0.00
  MONTH TO DATE    0.02                      0.23  -0.21     0.36
  SINCE DEC 1      0.71                      1.12  -0.41     0.88
  SINCE JAN 1      0.09                      0.74  -0.65     0.57

DEGREE DAYS
 HEATING
  YESTERDAY       28                        47    -19       38
  MONTH TO DATE  800                       890    -90      711
  SINCE DEC 1   4016                      4064    -48     3394
  SINCE JUL 1   5531                      6122   -591     5095
..................................................................


WIND (MPH)
  HIGHEST WIND SPEED    17   HIGHEST WIND DIRECTION     N (360)
  HIGHEST GUST SPEED    21   HIGHEST GUST DIRECTION    SW (230)
  AVERAGE WIND SPEED     7.3


SKY COVER
  POSSIBLE SUNSHINE  MM
  AVERAGE SKY COVER 0.4


WEATHER CONDITIONS
 THE FOLLOWING WEATHER WAS RECORDED YESTERDAY.
  LIGHT RAIN


RELATIVE HUMIDITY (PERCENT)
 HIGHEST    96           800 PM
 LOWEST     73           200 PM
 AVERAGE    85

..........................................................


THE MINOT ND CLIMATE NORMALS FOR TODAY
                         NORMAL    RECORD    YEAR
 MAXIMUM TEMPERATURE (F)   26        52      1931
 MINIMUM TEMPERATURE (F)   10       -36      1929


SUNRISE AND SUNSET
FEBRUARY 19 2017......SUNRISE   744 AM CST   SUNSET   614 PM CST
FEBRUARY 20 2017......SUNRISE   743 AM CST   SUNSET   616 PM CST


-  INDICATES NEGATIVE NUMBERS.
R  INDICATES RECORD WAS SET OR TIED.
MM INDICATES DATA IS MISSING.
T  INDICATES TRACE AMOUNT.




$$
