000
CDUS43 KBIS 270750
CLIMOT


CLIMATE REPORT
NATIONAL WEATHER SERVICE BISMARCK ND
149 AM CST SAT DEC 27 2014


...................................

...THE MINOT ND CLIMATE SUMMARY FOR DECEMBER 26 2014...

CLIMATE NORMAL PERIOD 1981 TO 2010
CLIMATE RECORD PERIOD 1905 TO 2014


WEATHER ITEM   OBSERVED TIME   RECORD YEAR NORMAL DEPARTURE LAST
                VALUE   (LST)  VALUE       VALUE  FROM      YEAR
                                                  NORMAL
..................................................................
TEMPERATURE (F)
 YESTERDAY
  MAXIMUM         15    238 PM  49    2005  21     -6       33
  MINIMUM          4    439 AM -40    1914   5     -1       22
  AVERAGE         10                        13     -3       28

PRECIPITATION (IN)
  YESTERDAY        T             0.53 1988   0.01  -0.01     0.01
  MONTH TO DATE    0.01                      0.31  -0.30     0.18
  SINCE DEC 1      0.01                      0.31  -0.30     0.18
  SINCE JAN 1     15.96                     17.12  -1.16    24.99

DEGREE DAYS
 HEATING
  YESTERDAY       55                        52      3       37
  MONTH TO DATE 1137                      1276   -139     1579
  SINCE DEC 1   1137                      1276   -139     1579
  SINCE JUL 1   3316                      3334    -18     3634
..................................................................


WIND (MPH)
  HIGHEST WIND SPEED    23   HIGHEST WIND DIRECTION     W (290)
  HIGHEST GUST SPEED    28   HIGHEST GUST DIRECTION     W (290)
  AVERAGE WIND SPEED     6.9


SKY COVER
  POSSIBLE SUNSHINE  MM
  AVERAGE SKY COVER 0.8


WEATHER CONDITIONS
 THE FOLLOWING WEATHER WAS RECORDED YESTERDAY.
  LIGHT SNOW
  FOG
  HAZE


RELATIVE HUMIDITY (PERCENT)
 HIGHEST    88           600 AM
 LOWEST     67          1200 AM
 AVERAGE    78

..........................................................


THE MINOT ND CLIMATE NORMALS FOR TODAY
                         NORMAL    RECORD    YEAR
 MAXIMUM TEMPERATURE (F)   21        50      1999
 MINIMUM TEMPERATURE (F)    4       -30      1920


SUNRISE AND SUNSET
DECEMBER 27 2014......SUNRISE   835 AM CST   SUNSET   457 PM CST
DECEMBER 28 2014......SUNRISE   836 AM CST   SUNSET   458 PM CST


-  INDICATES NEGATIVE NUMBERS.
R  INDICATES RECORD WAS SET OR TIED.
MM INDICATES DATA IS MISSING.
T  INDICATES TRACE AMOUNT.




$$
