664
CDUS43 KBIS 270731
CLIMOT


CLIMATE REPORT
NATIONAL WEATHER SERVICE BISMARCK ND
230 AM CDT SAT AUG 27 2016


...................................

...THE MINOT ND CLIMATE SUMMARY FOR AUGUST 26 2016...

CLIMATE NORMAL PERIOD 1981 TO 2010
CLIMATE RECORD PERIOD 1897 TO 2016


WEATHER ITEM   OBSERVED TIME   RECORD YEAR NORMAL DEPARTURE LAST
                VALUE   (LST)  VALUE       VALUE  FROM      YEAR
                                                  NORMAL
..................................................................
TEMPERATURE (F)
 YESTERDAY
  MAXIMUM         77    215 PM  99    1937  79     -2       78
  MINIMUM         53    613 AM  26    1915  54     -1       54
  AVERAGE         65                        66     -1       66

PRECIPITATION (IN)
  YESTERDAY        0.00          1.27 1963   0.07  -0.07      T
  MONTH TO DATE    1.24                      1.73  -0.49     1.26
  SINCE JUN 1      6.71                      7.74  -1.03     7.33
  SINCE JAN 1     11.86                     13.13  -1.27    11.46

DEGREE DAYS
 COOLING
  YESTERDAY        0                         4     -4        1
  MONTH TO DATE  218                       137     81      126
  SINCE JUN 1    594                       379    215      395
  SINCE JAN 1    634                       395    239      402
..................................................................


WIND (MPH)
  HIGHEST WIND SPEED    28   HIGHEST WIND DIRECTION     S (170)
  HIGHEST GUST SPEED    36   HIGHEST GUST DIRECTION     S (180)
  AVERAGE WIND SPEED    12.2


SKY COVER
  POSSIBLE SUNSHINE  MM
  AVERAGE SKY COVER 0.3


WEATHER CONDITIONS
 THE FOLLOWING WEATHER WAS RECORDED YESTERDAY.
  NO SIGNIFICANT WEATHER WAS OBSERVED.


RELATIVE HUMIDITY (PERCENT)
 HIGHEST    71           600 AM
 LOWEST     31          1200 PM
 AVERAGE    51

..........................................................


THE MINOT ND CLIMATE NORMALS FOR TODAY
                         NORMAL    RECORD    YEAR
 MAXIMUM TEMPERATURE (F)   79        99      1973
 MINIMUM TEMPERATURE (F)   53        31      1934


SUNRISE AND SUNSET
AUGUST 27 2016........SUNRISE   657 AM CDT   SUNSET   835 PM CDT
AUGUST 28 2016........SUNRISE   658 AM CDT   SUNSET   833 PM CDT


-  INDICATES NEGATIVE NUMBERS.
R  INDICATES RECORD WAS SET OR TIED.
MM INDICATES DATA IS MISSING.
T  INDICATES TRACE AMOUNT.




$$
