000
CDUS43 KBIS 290723
CLIMOT


CLIMATE REPORT
NATIONAL WEATHER SERVICE BISMARCK ND
222 AM CDT THU JUN 29 2017


...................................

...THE MINOT ND CLIMATE SUMMARY FOR JUNE 28 2017...

CLIMATE NORMAL PERIOD 1981 TO 2010
CLIMATE RECORD PERIOD 1897 TO 2017


WEATHER ITEM   OBSERVED TIME   RECORD YEAR NORMAL DEPARTURE LAST
                VALUE   (LST)  VALUE       VALUE  FROM      YEAR
                                                  NORMAL
..................................................................
TEMPERATURE (F)
 YESTERDAY
  MAXIMUM         82    453 PM 103    1931  78      4       85
  MINIMUM         59   1128 PM  34    1923  56      3       52
  AVERAGE         71                        67      4       69

PRECIPITATION (IN)
  YESTERDAY        0.00          2.96 2014   0.11  -0.11     0.00
  MONTH TO DATE    1.23                      3.35  -2.12     2.74
  SINCE JUN 1      1.23                      3.35  -2.12     2.74
  SINCE JAN 1      2.59                      8.74  -6.15     7.89

DEGREE DAYS
 COOLING
  YESTERDAY        6                         4      2        4
  MONTH TO DATE   95                        65     30      122
  SINCE JUN 1     95                        65     30      122
  SINCE JAN 1     98                        81     17      162
..................................................................


WIND (MPH)
  HIGHEST WIND SPEED    22   HIGHEST WIND DIRECTION    NW (310)
  HIGHEST GUST SPEED    28   HIGHEST GUST DIRECTION    NW (320)
  AVERAGE WIND SPEED    13.7


SKY COVER
  POSSIBLE SUNSHINE  MM
  AVERAGE SKY COVER 0.1


WEATHER CONDITIONS
 THE FOLLOWING WEATHER WAS RECORDED YESTERDAY.
  NO SIGNIFICANT WEATHER WAS OBSERVED.


RELATIVE HUMIDITY (PERCENT)
 HIGHEST    84           400 AM
 LOWEST     26           400 PM
 AVERAGE    55

..........................................................


THE MINOT ND CLIMATE NORMALS FOR TODAY
                         NORMAL    RECORD    YEAR
 MAXIMUM TEMPERATURE (F)   79       103      1910
 MINIMUM TEMPERATURE (F)   56        37      1922


SUNRISE AND SUNSET
JUNE 29 2017..........SUNRISE   548 AM CDT   SUNSET   950 PM CDT
JUNE 30 2017..........SUNRISE   548 AM CDT   SUNSET   949 PM CDT


-  INDICATES NEGATIVE NUMBERS.
R  INDICATES RECORD WAS SET OR TIED.
MM INDICATES DATA IS MISSING.
T  INDICATES TRACE AMOUNT.




$$
