000
CDUS43 KBIS 210036
CLIMOT


CLIMATE REPORT
NATIONAL WEATHER SERVICE BISMARCK ND
735 PM CDT WED AUG 20 2014


...................................

...THE MINOT ND CLIMATE SUMMARY FOR AUGUST 20 2014...
VALID TODAY AS OF 0700 PM LOCAL TIME.

CLIMATE NORMAL PERIOD 1981 TO 2010
CLIMATE RECORD PERIOD 1905 TO 2014


WEATHER ITEM   OBSERVED TIME   RECORD YEAR NORMAL DEPARTURE LAST
                VALUE   (LST)  VALUE       VALUE  FROM      YEAR
                                                  NORMAL
..................................................................
TEMPERATURE (F)
 TODAY
  MAXIMUM         85    141 PM 100    1942  81      4       93
  MINIMUM         62    549 AM  31    1921  55      7       62
  AVERAGE         74                        68      6       78

PRECIPITATION (IN)
  TODAY            0.09          1.71 1980   0.06   0.03     0.00
  MONTH TO DATE    0.31                      1.33  -1.02     1.34
  SINCE JUN 1      7.37                      7.34   0.03    10.38
  SINCE JAN 1     11.18                     12.73  -1.55    18.75

DEGREE DAYS
 HEATING
  TODAY            0                         2     -2        0
  MONTH TO DATE    1                        21    -20       33
  SINCE JUN 1    122                       151    -29      153
  SINCE JUL 1     31                        45    -14       69

 COOLING
  TODAY            9                         5      4       13
  MONTH TO DATE  119                       113      6       74
  SINCE JUN 1    250                       355   -105      261
  SINCE JAN 1    291                       371    -80      271
..................................................................


WIND (MPH)
  RESULTANT WIND SPEED   6   RESULTANT WIND DIRECTION  SE (140)
  HIGHEST WIND SPEED    23   HIGHEST WIND DIRECTION     S (170)
  HIGHEST GUST SPEED    30   HIGHEST GUST DIRECTION     S (170)
  AVERAGE WIND SPEED     7.8


SKY COVER
  POSSIBLE SUNSHINE  MM
  AVERAGE SKY COVER 0.1


WEATHER CONDITIONS
 THE FOLLOWING WEATHER WAS RECORDED TODAY.
  THUNDERSTORM
  HEAVY RAIN
  LIGHT RAIN
  HAZE


RELATIVE HUMIDITY (PERCENT)
 HIGHEST    93           400 AM
 LOWEST     44           200 PM
 AVERAGE    69

..........................................................


THE MINOT ND CLIMATE NORMALS FOR TOMORROW
                         NORMAL    RECORD    YEAR
 MAXIMUM TEMPERATURE (F)   81       103      1971
 MINIMUM TEMPERATURE (F)   55        32      1920


SUNRISE AND SUNSET
AUGUST 20 2014........SUNRISE   646 AM CDT   SUNSET   850 PM CDT
AUGUST 21 2014........SUNRISE   648 AM CDT   SUNSET   848 PM CDT


-  INDICATES NEGATIVE NUMBERS.
R  INDICATES RECORD WAS SET OR TIED.
MM INDICATES DATA IS MISSING.
T  INDICATES TRACE AMOUNT.




$$
