000
CDUS41 KPHI 010633
CLIMPO


CLIMATE REPORT
NATIONAL WEATHER SERVICE MOUNT HOLLY NJ
231 AM EDT SAT AUG 1 2015


...................................

...THE MOUNT POCONO PA CLIMATE SUMMARY FOR JULY 31 2015...

CLIMATE NORMAL PERIOD 1981 TO 2010
CLIMATE RECORD PERIOD 1901 TO 2015


WEATHER ITEM   OBSERVED TIME   RECORD YEAR NORMAL DEPARTURE LAST
                VALUE   (LST)  VALUE       VALUE  FROM      YEAR
                                                  NORMAL
..................................................................
TEMPERATURE (F)
 YESTERDAY
  MAXIMUM         81    417 PM  95    1954  78      3       75
  MINIMUM         56    535 AM  43    1932  58     -2       57
  AVERAGE         69                        68      1       66

PRECIPITATION (IN)
  YESTERDAY        0.00          1.59 1925   0.20  -0.20      T
  MONTH TO DATE    3.06                      4.64  -1.58     3.69
  SINCE JUN 1     11.83                      9.02   2.81     7.14
  SINCE JAN 1     22.83                     26.52  -3.69    25.90

SNOWFALL (IN)
  YESTERDAY       MM            MM      MM  MM     MM       MM
  MONTH TO DATE   MM                        MM     MM       MM
  SINCE JUN 1     MM                        MM     MM       MM
  SINCE JUL 1     MM                        MM     MM       MM
  SNOW DEPTH      MM

DEGREE DAYS
 HEATING
  YESTERDAY        0                         1     -1        0
  MONTH TO DATE   13                        31    -18       24
  SINCE JUN 1     97                       122    -25       79
  SINCE JUL 1     13                        22     -9       24

 COOLING
  YESTERDAY        4                         4      0        1
  MONTH TO DATE  128                       121      7      108
  SINCE JUN 1    194                       183     11      168
  SINCE JAN 1    251                       202     49      175
..................................................................


WIND (MPH)
  HIGHEST WIND SPEED    16   HIGHEST WIND DIRECTION    NW (310)
  HIGHEST GUST SPEED    22   HIGHEST GUST DIRECTION     W (290)
  AVERAGE WIND SPEED     6.5


SKY COVER
  POSSIBLE SUNSHINE  MM
  AVERAGE SKY COVER 0.0


WEATHER CONDITIONS
 THE FOLLOWING WEATHER WAS RECORDED YESTERDAY.
  NO SIGNIFICANT WEATHER WAS OBSERVED.


RELATIVE HUMIDITY (PERCENT)
 HIGHEST    93           600 AM
 LOWEST     36           200 PM
 AVERAGE    65

..........................................................


THE MOUNT POCONO PA CLIMATE NORMALS FOR TODAY
                         NORMAL    RECORD    YEAR
 MAXIMUM TEMPERATURE (F)   78        92      1999
 MINIMUM TEMPERATURE (F)   58        38      1910


SUNRISE AND SUNSET
AUGUST  1 2015........SUNRISE   557 AM EDT   SUNSET   818 PM EDT
AUGUST  2 2015........SUNRISE   558 AM EDT   SUNSET   817 PM EDT


-  INDICATES NEGATIVE NUMBERS.
R  INDICATES RECORD WAS SET OR TIED.
MM INDICATES DATA IS MISSING.
T  INDICATES TRACE AMOUNT.




$$
