000
CDUS41 KPHI 180550
CLIMPO


CLIMATE REPORT
NATIONAL WEATHER SERVICE MOUNT HOLLY NJ
149 AM EDT FRI AUG 18 2017


...................................

...THE MOUNT POCONO PA CLIMATE SUMMARY FOR AUGUST 17 2017...

CLIMATE NORMAL PERIOD 1981 TO 2010
CLIMATE RECORD PERIOD 1901 TO 2017


WEATHER ITEM   OBSERVED TIME   RECORD YEAR NORMAL DEPARTURE LAST
                VALUE   (LST)  VALUE       VALUE  FROM      YEAR
                                                  NORMAL
..................................................................
TEMPERATURE (F)
 YESTERDAY
  MAXIMUM         78    201 PM  89    1997  77      1       76
  MINIMUM         54    529 AM  35    1979  57     -3       66
  AVERAGE         66                        67     -1       71

PRECIPITATION (IN)
  YESTERDAY        0.00          2.17 1966   0.15  -0.15      T
  MONTH TO DATE    3.90                      2.61   1.29     2.77
  SINCE JUN 1     13.34                     11.63   1.71    11.00
  SINCE JAN 1     30.24                     29.13   1.11    28.43

DEGREE DAYS
 HEATING
  YESTERDAY        0                         1     -1        0
  MONTH TO DATE   30                        17     13        1
  SINCE JUN 1    169                       139     30      109
  SINCE JUL 1     42                        39      3       17

 COOLING
  YESTERDAY        1                         3     -2        6
  MONTH TO DATE   23                        65    -42       90
  SINCE JUN 1    188                       248    -60      277
  SINCE JAN 1    206                       267    -61      306
..................................................................


WIND (MPH)
  HIGHEST WIND SPEED    14   HIGHEST WIND DIRECTION     S (160)
  HIGHEST GUST SPEED    18   HIGHEST GUST DIRECTION     S (200)
  AVERAGE WIND SPEED     5.5


SKY COVER
  POSSIBLE SUNSHINE  MM
  AVERAGE SKY COVER 0.3


WEATHER CONDITIONS
 THE FOLLOWING WEATHER WAS RECORDED YESTERDAY.
  NO SIGNIFICANT WEATHER WAS OBSERVED.


RELATIVE HUMIDITY (PERCENT)
 HIGHEST   100          1200 AM
 LOWEST     64          1200 PM
 AVERAGE    82

..........................................................


THE MOUNT POCONO PA CLIMATE NORMALS FOR TODAY
                         NORMAL    RECORD    YEAR
 MAXIMUM TEMPERATURE (F)   77        86      2002
 MINIMUM TEMPERATURE (F)   57        35      1941


SUNRISE AND SUNSET
AUGUST 18 2017........SUNRISE   614 AM EDT   SUNSET   756 PM EDT
AUGUST 19 2017........SUNRISE   615 AM EDT   SUNSET   754 PM EDT


-  INDICATES NEGATIVE NUMBERS.
R  INDICATES RECORD WAS SET OR TIED.
MM INDICATES DATA IS MISSING.
T  INDICATES TRACE AMOUNT.




$$
