000
CDUS41 KPHI 020628
CLIMPO


CLIMATE REPORT
NATIONAL WEATHER SERVICE MOUNT HOLLY NJ
127 AM EST MON MAR 2 2015


...................................

...THE MOUNT POCONO PA CLIMATE SUMMARY FOR MARCH 1 2015...

CLIMATE NORMAL PERIOD 1981 TO 2010
CLIMATE RECORD PERIOD 1901 TO 2015


WEATHER ITEM   OBSERVED TIME   RECORD YEAR NORMAL DEPARTURE LAST
                VALUE   (LST)  VALUE       VALUE  FROM      YEAR
                                                  NORMAL
..................................................................
TEMPERATURE (F)
 YESTERDAY
  MAXIMUM         25   1159 PM  67    1972  37    -12       27
  MINIMUM         -2    118 AM  -5    1980  21    -23        1
  AVERAGE         12                        29    -17       14

PRECIPITATION (IN)
  YESTERDAY        0.13          0.88 1954   0.07   0.06     0.00
  MONTH TO DATE    0.13                      0.07   0.06     0.00
  SINCE MAR 1      0.13                      0.07   0.06     0.00
  SINCE JAN 1      3.48                      5.33  -1.85     6.39

SNOWFALL (IN)
  YESTERDAY       MM            MM      MM  MM     MM       MM
  MONTH TO DATE   MM                        MM     MM       MM
  SINCE MAR 1     MM                        MM     MM       MM
  SINCE JUL 1     MM                        MM     MM       MM
  SNOW DEPTH      MM

DEGREE DAYS
 HEATING
  YESTERDAY       53                        36     17       51
  MONTH TO DATE   53                        36     17       51
  SINCE MAR 1     53                        36     17       51
  SINCE JUL 1   5488                      5159    329     5478

 COOLING
  YESTERDAY        0                         0      0        0
  MONTH TO DATE    0                         0      0        0
  SINCE MAR 1      0                         0      0        0
  SINCE JAN 1      0                         0      0        0
..................................................................


WIND (MPH)
  HIGHEST WIND SPEED    15   HIGHEST WIND DIRECTION     S (190)
  HIGHEST GUST SPEED    20   HIGHEST GUST DIRECTION     S (180)
  AVERAGE WIND SPEED     5.8


SKY COVER
  POSSIBLE SUNSHINE  MM
  AVERAGE SKY COVER 0.9


WEATHER CONDITIONS
 THE FOLLOWING WEATHER WAS RECORDED YESTERDAY.
  LIGHT SNOW
  FOG
  HAZE


RELATIVE HUMIDITY (PERCENT)
 HIGHEST    91           800 PM
 LOWEST     46           400 AM
 AVERAGE    69

..........................................................


THE MOUNT POCONO PA CLIMATE NORMALS FOR TODAY
                         NORMAL    RECORD    YEAR
 MAXIMUM TEMPERATURE (F)   38        59      1972
 MINIMUM TEMPERATURE (F)   21        -2      1980


SUNRISE AND SUNSET
MARCH  2 2015.........SUNRISE   635 AM EST   SUNSET   553 PM EST
MARCH  3 2015.........SUNRISE   633 AM EST   SUNSET   555 PM EST


-  INDICATES NEGATIVE NUMBERS.
R  INDICATES RECORD WAS SET OR TIED.
MM INDICATES DATA IS MISSING.
T  INDICATES TRACE AMOUNT.




$$
