000
CDUS41 KPHI 302129
CLIMPO


CLIMATE REPORT
NATIONAL WEATHER SERVICE MOUNT HOLLY NJ
528 PM EDT SAT MAY 30 2015


...................................

...THE MOUNT POCONO PA CLIMATE SUMMARY FOR MAY 30 2015...
VALID TODAY AS OF 0500 PM LOCAL TIME.

CLIMATE NORMAL PERIOD 1981 TO 2010
CLIMATE RECORD PERIOD 1901 TO 2015


WEATHER ITEM   OBSERVED TIME   RECORD YEAR NORMAL DEPARTURE LAST
                VALUE   (LST)  VALUE       VALUE  FROM      YEAR
                                                  NORMAL
..................................................................
TEMPERATURE (F)
 TODAY
  MAXIMUM         80    307 PM  88    1911  69     11       72
  MINIMUM         64   1205 AM  26    1936  49     15       50
  AVERAGE         72                        59     13       61

PRECIPITATION (IN)
  TODAY            0.00          1.86 1990   0.17  -0.17     0.00
  MONTH TO DATE    0.72                      4.22  -3.50     4.31
  SINCE MAR 1      5.95                     12.07  -6.12    12.37
  SINCE JAN 1      9.30                     17.33  -8.03    18.76

SNOWFALL (IN)
  TODAY           MM            MM      MM  MM     MM       MM
  MONTH TO DATE   MM                        MM     MM       MM
  SINCE MAR 1     MM                        MM     MM       MM
  SINCE JUL 1     MM                        MM     MM       MM
  SNOW DEPTH      MM

DEGREE DAYS
 HEATING
  TODAY            0                         7     -7        4
  MONTH TO DATE  168                       314   -146      244
  SINCE MAR 1   1859                      1885    -26     2018
  SINCE JUL 1   7294                      7008    286     7445

 COOLING
  TODAY            7                         1      6        0
  MONTH TO DATE   55                        12     43        7
  SINCE MAR 1     55                        16     39        7
  SINCE JAN 1     55                        16     39        7
..................................................................


WIND (MPH)
  HIGHEST WIND SPEED    22   HIGHEST WIND DIRECTION    SW (210)
  HIGHEST GUST SPEED    27   HIGHEST GUST DIRECTION    SW (220)
  AVERAGE WIND SPEED    10.0


SKY COVER
  POSSIBLE SUNSHINE  MM
  AVERAGE SKY COVER 0.8


WEATHER CONDITIONS
 THE FOLLOWING WEATHER WAS RECORDED TODAY.
  FOG
  HAZE


RELATIVE HUMIDITY (PERCENT)
 HIGHEST    87           200 AM
 LOWEST     54           300 PM
 AVERAGE    71

..........................................................


THE MOUNT POCONO PA CLIMATE NORMALS FOR TOMORROW
                         NORMAL    RECORD    YEAR
 MAXIMUM TEMPERATURE (F)   69        87      1998
 MINIMUM TEMPERATURE (F)   49        29      1965


SUNRISE AND SUNSET
MAY 30 2015...........SUNRISE   532 AM EDT   SUNSET   826 PM EDT
MAY 31 2015...........SUNRISE   532 AM EDT   SUNSET   827 PM EDT


-  INDICATES NEGATIVE NUMBERS.
R  INDICATES RECORD WAS SET OR TIED.
MM INDICATES DATA IS MISSING.
T  INDICATES TRACE AMOUNT.




$$
