000
CDUS41 KPHI 252132
CLIMPO


CLIMATE REPORT
NATIONAL WEATHER SERVICE MOUNT HOLLY NJ
531 PM EDT SAT MAR 25 2017


...................................

...THE MOUNT POCONO PA CLIMATE SUMMARY FOR MARCH 25 2017...
VALID TODAY AS OF 0500 PM LOCAL TIME.

CLIMATE NORMAL PERIOD 1981 TO 2010
CLIMATE RECORD PERIOD 1901 TO 2017


WEATHER ITEM   OBSERVED TIME   RECORD YEAR NORMAL DEPARTURE LAST
                VALUE   (LST)  VALUE       VALUE  FROM      YEAR
                                                  NORMAL
..................................................................
TEMPERATURE (F)
 TODAY
  MAXIMUM         60    115 PM  72    1939  46     14       62
  MINIMUM         44    359 PM -10    1906  28     16       29
  AVERAGE         52                        37     15       46

PRECIPITATION (IN)
  TODAY            T             2.60 1921   0.15  -0.15     0.11
  MONTH TO DATE    2.15                      2.88  -0.73     0.63
  SINCE MAR 1      2.15                      2.88  -0.73     0.63
  SINCE JAN 1      7.11                      8.14  -1.03     8.61

DEGREE DAYS
 HEATING
  TODAY           13                        28    -15       19
  MONTH TO DATE  931                       813    118      609
  SINCE MAR 1    931                       813    118      609
  SINCE JUL 1   5534                      5936   -402     4894

 COOLING
  TODAY            0                         0      0        0
  MONTH TO DATE    0                         0      0        0
  SINCE MAR 1      0                         0      0        0
  SINCE JAN 1      0                         0      0        0
..................................................................


WIND (MPH)
  HIGHEST WIND SPEED    15   HIGHEST WIND DIRECTION     N (20)
  HIGHEST GUST SPEED    22   HIGHEST GUST DIRECTION     N (20)
  AVERAGE WIND SPEED     7.9


SKY COVER
  POSSIBLE SUNSHINE  MM
  AVERAGE SKY COVER 0.4


WEATHER CONDITIONS
 THE FOLLOWING WEATHER WAS RECORDED TODAY.
  LIGHT RAIN
  FOG
  HAZE


RELATIVE HUMIDITY (PERCENT)
 HIGHEST    89           400 PM
 LOWEST     66           100 PM
 AVERAGE    78

..........................................................


THE MOUNT POCONO PA CLIMATE NORMALS FOR TOMORROW
                         NORMAL    RECORD    YEAR
 MAXIMUM TEMPERATURE (F)   46        71      1939
 MINIMUM TEMPERATURE (F)   28        -1      1960


SUNRISE AND SUNSET
MARCH 25 2017.........SUNRISE   656 AM EDT   SUNSET   719 PM EDT
MARCH 26 2017.........SUNRISE   654 AM EDT   SUNSET   720 PM EDT


-  INDICATES NEGATIVE NUMBERS.
R  INDICATES RECORD WAS SET OR TIED.
MM INDICATES DATA IS MISSING.
T  INDICATES TRACE AMOUNT.




$$
