000
CDUS41 KPHI 310633
CLIMPO


CLIMATE REPORT
NATIONAL WEATHER SERVICE MOUNT HOLLY NJ
232 AM EDT MON AUG 31 2015


...................................

...THE MOUNT POCONO PA CLIMATE SUMMARY FOR AUGUST 30 2015...

CLIMATE NORMAL PERIOD 1981 TO 2010
CLIMATE RECORD PERIOD 1901 TO 2015


WEATHER ITEM   OBSERVED TIME   RECORD YEAR NORMAL DEPARTURE LAST
                VALUE   (LST)  VALUE       VALUE  FROM      YEAR
                                                  NORMAL
..................................................................
TEMPERATURE (F)
 YESTERDAY
  MAXIMUM         81    318 PM  91    1953  74      7       70
  MINIMUM         57    305 AM  31    1986  55      2       53
  AVERAGE         69                        64      5       62

PRECIPITATION (IN)
  YESTERDAY        0.01          1.27 1975   0.10  -0.09     0.00
  MONTH TO DATE    5.15                      4.35   0.80     2.52
  SINCE JUN 1     16.98                     13.37   3.61     9.66
  SINCE JAN 1     27.98                     30.87  -2.89    28.42

SNOWFALL (IN)
  YESTERDAY       MM            MM      MM  MM     MM       MM
  MONTH TO DATE   MM                        MM     MM       MM
  SINCE JUN 1     MM                        MM     MM       MM
  SINCE JUL 1     MM                        MM     MM       MM
  SNOW DEPTH      MM

DEGREE DAYS
 HEATING
  YESTERDAY        0                         2     -2        3
  MONTH TO DATE   28                        37     -9       52
  SINCE JUN 1    125                       159    -34      131
  SINCE JUL 1     41                        59    -18       76

 COOLING
  YESTERDAY        4                         2      2        0
  MONTH TO DATE   81                        96    -15       35
  SINCE JUN 1    275                       279     -4      203
  SINCE JAN 1    332                       298     34      210
..................................................................


WIND (MPH)
  HIGHEST WIND SPEED    14   HIGHEST WIND DIRECTION    SW (240)
  HIGHEST GUST SPEED    19   HIGHEST GUST DIRECTION     W (270)
  AVERAGE WIND SPEED     6.5


SKY COVER
  POSSIBLE SUNSHINE  MM
  AVERAGE SKY COVER 0.3


WEATHER CONDITIONS
 THE FOLLOWING WEATHER WAS RECORDED YESTERDAY.
  LIGHT RAIN
  FOG
  HAZE


RELATIVE HUMIDITY (PERCENT)
 HIGHEST    93           100 AM
 LOWEST     54           300 PM
 AVERAGE    74

..........................................................


THE MOUNT POCONO PA CLIMATE NORMALS FOR TODAY
                         NORMAL    RECORD    YEAR
 MAXIMUM TEMPERATURE (F)   73        92      1953
 MINIMUM TEMPERATURE (F)   55        33      1965


SUNRISE AND SUNSET
AUGUST 31 2015........SUNRISE   627 AM EDT   SUNSET   736 PM EDT
SEPTEMBER  1 2015.....SUNRISE   628 AM EDT   SUNSET   735 PM EDT


-  INDICATES NEGATIVE NUMBERS.
R  INDICATES RECORD WAS SET OR TIED.
MM INDICATES DATA IS MISSING.
T  INDICATES TRACE AMOUNT.




$$
