125
CDUS41 KPHI 240630
CLIMPO


CLIMATE REPORT
NATIONAL WEATHER SERVICE MOUNT HOLLY NJ
229 AM EDT TUE MAY 24 2016


...................................

...THE MOUNT POCONO PA CLIMATE SUMMARY FOR MAY 23 2016...

CLIMATE NORMAL PERIOD 1981 TO 2010
CLIMATE RECORD PERIOD 1901 TO 2016


WEATHER ITEM   OBSERVED TIME   RECORD YEAR NORMAL DEPARTURE LAST
                VALUE   (LST)  VALUE       VALUE  FROM      YEAR
                                                  NORMAL
..................................................................
TEMPERATURE (F)
 YESTERDAY
  MAXIMUM         70    524 PM  89    1911  67      3       63
  MINIMUM         45    345 AM  30    1993  47     -2       34
  AVERAGE         58                        57      1       49

PRECIPITATION (IN)
  YESTERDAY        0.01          2.20 1942   0.18  -0.17     0.00
  MONTH TO DATE    3.42                      3.02   0.40     0.55
  SINCE MAR 1      6.96                     10.87  -3.91     5.78
  SINCE JAN 1     14.94                     16.13  -1.19     9.13

SNOWFALL (IN)
  YESTERDAY       MM            MM      MM  MM     MM       MM
  MONTH TO DATE   MM                        MM     MM       MM
  SINCE MAR 1     MM                        MM     MM       MM
  SINCE JUL 1     MM                        MM     MM       MM
  SNOW DEPTH      MM

DEGREE DAYS
 HEATING
  YESTERDAY        7                         9     -2       16
  MONTH TO DATE  378                       261    117      162
  SINCE MAR 1   1751                      1832    -81     1853
  SINCE JUL 1   6036                      6955   -919     7288

 COOLING
  YESTERDAY        0                         1     -1        0
  MONTH TO DATE    0                         5     -5       23
  SINCE MAR 1      0                         9     -9       23
  SINCE JAN 1      0                         9     -9       23
..................................................................


WIND (MPH)
  HIGHEST WIND SPEED    21   HIGHEST WIND DIRECTION     N (360)
  HIGHEST GUST SPEED    28   HIGHEST GUST DIRECTION     N (360)
  AVERAGE WIND SPEED     8.2


SKY COVER
  POSSIBLE SUNSHINE  MM
  AVERAGE SKY COVER 0.3


WEATHER CONDITIONS
 THE FOLLOWING WEATHER WAS RECORDED YESTERDAY.
  LIGHT RAIN


RELATIVE HUMIDITY (PERCENT)
 HIGHEST   100          1200 AM
 LOWEST     36           600 PM
 AVERAGE    68

..........................................................


THE MOUNT POCONO PA CLIMATE NORMALS FOR TODAY
                         NORMAL    RECORD    YEAR
 MAXIMUM TEMPERATURE (F)   67        84      1992
 MINIMUM TEMPERATURE (F)   47        26      1905


SUNRISE AND SUNSET
MAY 24 2016...........SUNRISE   536 AM EDT   SUNSET   822 PM EDT
MAY 25 2016...........SUNRISE   535 AM EDT   SUNSET   823 PM EDT


-  INDICATES NEGATIVE NUMBERS.
R  INDICATES RECORD WAS SET OR TIED.
MM INDICATES DATA IS MISSING.
T  INDICATES TRACE AMOUNT.




$$
