000
CDUS41 KPHI 220627
CLIMPO


CLIMATE REPORT
NATIONAL WEATHER SERVICE MOUNT HOLLY NJ
127 AM EST SAT NOV 22 2014


...................................

...THE MOUNT POCONO PA CLIMATE SUMMARY FOR NOVEMBER 21 2014...

CLIMATE NORMAL PERIOD 1981 TO 2010
CLIMATE RECORD PERIOD 1901 TO 2014


WEATHER ITEM   OBSERVED TIME   RECORD YEAR NORMAL DEPARTURE LAST
                VALUE   (LST)  VALUE       VALUE  FROM      YEAR
                                                  NORMAL
..................................................................
TEMPERATURE (F)
 YESTERDAY
  MAXIMUM         28    156 PM  72    1913  43    -15       41
  MINIMUM         11   1049 PM   5    1903  30    -19       21
  AVERAGE         20                        37    -17       31

PRECIPITATION (IN)
  YESTERDAY        0.00          4.37 1952   0.16  -0.16      T
  MONTH TO DATE    0.72                      3.04  -2.32     1.13
  SINCE SEP 1      7.22                     12.36  -5.14     4.28
  SINCE JAN 1     35.64                     43.34  -7.70    39.93

SNOWFALL (IN)
  YESTERDAY       MM            MM      MM  MM     MM       MM
  MONTH TO DATE   MM                        MM     MM       MM
  SINCE SEP 1     MM                        MM     MM       MM
  SINCE JUL 1     MM                        MM     MM       MM
  SNOW DEPTH      MM

DEGREE DAYS
 HEATING
  YESTERDAY       45                        28     17       34
  MONTH TO DATE  614                       517     97      532
  SINCE SEP 1   1213                      1242    -29     1199
  SINCE JUL 1   1289                      1305    -16     1263

 COOLING
  YESTERDAY        0                         0      0        0
  MONTH TO DATE    0                         0      0        0
  SINCE SEP 1     35                        18     17       48
  SINCE JAN 1    253                       314    -61      467
..................................................................


WIND (MPH)
  HIGHEST WIND SPEED    24   HIGHEST WIND DIRECTION    NW (320)
  HIGHEST GUST SPEED    34   HIGHEST GUST DIRECTION    NW (320)
  AVERAGE WIND SPEED    11.7


SKY COVER
  POSSIBLE SUNSHINE  MM
  AVERAGE SKY COVER 0.2


WEATHER CONDITIONS
 THE FOLLOWING WEATHER WAS RECORDED YESTERDAY.
  NO SIGNIFICANT WEATHER WAS OBSERVED.


RELATIVE HUMIDITY (PERCENT)
 HIGHEST    76           900 PM
 LOWEST     38           300 PM
 AVERAGE    57

..........................................................


THE MOUNT POCONO PA CLIMATE NORMALS FOR TODAY
                         NORMAL    RECORD    YEAR
 MAXIMUM TEMPERATURE (F)   43        66      1931
 MINIMUM TEMPERATURE (F)   30         5      1969


SUNRISE AND SUNSET
NOVEMBER 22 2014......SUNRISE   658 AM EST   SUNSET   438 PM EST
NOVEMBER 23 2014......SUNRISE   659 AM EST   SUNSET   437 PM EST


-  INDICATES NEGATIVE NUMBERS.
R  INDICATES RECORD WAS SET OR TIED.
MM INDICATES DATA IS MISSING.
T  INDICATES TRACE AMOUNT.




$$
