000
CDUS41 KPHI 310634
CLIMPO


CLIMATE REPORT
NATIONAL WEATHER SERVICE MOUNT HOLLY NJ
132 AM EST SAT JAN 31 2015


...................................

...THE MOUNT POCONO PA CLIMATE SUMMARY FOR JANUARY 30 2015...

CLIMATE NORMAL PERIOD 1981 TO 2010
CLIMATE RECORD PERIOD 1901 TO 2015


WEATHER ITEM   OBSERVED TIME   RECORD YEAR NORMAL DEPARTURE LAST
                VALUE   (LST)  VALUE       VALUE  FROM      YEAR
                                                  NORMAL
..................................................................
TEMPERATURE (F)
 YESTERDAY
  MAXIMUM         27    119 PM  57    2013  31     -4       23
  MINIMUM          8   1159 PM -15    1965  16     -8       -5
  AVERAGE         18                        24     -6        9

PRECIPITATION (IN)
  YESTERDAY        0.02          2.00 1939   0.06  -0.04     0.00
  MONTH TO DATE    1.72                      2.78  -1.06     3.35
  SINCE DEC 1      4.52                      6.65  -2.13     5.98
  SINCE JAN 1      1.72                      2.78  -1.06     3.35

SNOWFALL (IN)
  YESTERDAY       MM            MM      MM  MM     MM       MM
  MONTH TO DATE   MM                        MM     MM       MM
  SINCE DEC 1     MM                        MM     MM       MM
  SINCE JUL 1     MM                        MM     MM       MM
  SNOW DEPTH      MM

DEGREE DAYS
 HEATING
  YESTERDAY       47                        41      6       56
  MONTH TO DATE 1343                      1254     89     1405
  SINCE DEC 1   2379                      2412    -33     2525
  SINCE JUL 1   3946                      3991    -45     4137

 COOLING
  YESTERDAY        0                         0      0        0
  MONTH TO DATE    0                         0      0        0
  SINCE DEC 1      0                         0      0        0
  SINCE JAN 1      0                         0      0        0
..................................................................


WIND (MPH)
  HIGHEST WIND SPEED    30   HIGHEST WIND DIRECTION    NW (320)
  HIGHEST GUST SPEED    47   HIGHEST GUST DIRECTION    NW (330)
  AVERAGE WIND SPEED    16.8


SKY COVER
  POSSIBLE SUNSHINE  MM
  AVERAGE SKY COVER 1.0


WEATHER CONDITIONS
 THE FOLLOWING WEATHER WAS RECORDED YESTERDAY.
  SNOW
  LIGHT SNOW
  FOG
  BLOWING SNOW


RELATIVE HUMIDITY (PERCENT)
 HIGHEST    88          1200 AM
 LOWEST     62           500 PM
 AVERAGE    75

..........................................................


THE MOUNT POCONO PA CLIMATE NORMALS FOR TODAY
                         NORMAL    RECORD    YEAR
 MAXIMUM TEMPERATURE (F)   32        59      1916
 MINIMUM TEMPERATURE (F)   16       -15      1908


SUNRISE AND SUNSET
JANUARY 31 2015.......SUNRISE   714 AM EST   SUNSET   517 PM EST
FEBRUARY  1 2015......SUNRISE   713 AM EST   SUNSET   518 PM EST


-  INDICATES NEGATIVE NUMBERS.
R  INDICATES RECORD WAS SET OR TIED.
MM INDICATES DATA IS MISSING.
T  INDICATES TRACE AMOUNT.




$$
