000
CDUS41 KPHI 160601
CLIMPO


CLIMATE REPORT
NATIONAL WEATHER SERVICE MOUNT HOLLY NJ
100 AM EST SAT DEC 16 2017


...................................

...THE MOUNT POCONO PA CLIMATE SUMMARY FOR DECEMBER 15 2017...

CLIMATE NORMAL PERIOD 1981 TO 2010
CLIMATE RECORD PERIOD 1901 TO 2017


WEATHER ITEM   OBSERVED TIME   RECORD YEAR NORMAL DEPARTURE LAST
                VALUE   (LST)  VALUE       VALUE  FROM      YEAR
                                                  NORMAL
..................................................................
TEMPERATURE (F)
 YESTERDAY
  MAXIMUM         17   1011 PM  59    1901  34    -17       20
  MINIMUM          4    637 AM  -9    1902  21    -17        7
  AVERAGE         11                        28    -17       14

PRECIPITATION (IN)
  YESTERDAY        0.03          2.25 1901   0.12  -0.09      T
  MONTH TO DATE    0.61                      2.05  -1.44     1.33
  SINCE DEC 1      0.61                      2.05  -1.44     1.33
  SINCE JAN 1     41.70                     46.96  -5.26    39.23

DEGREE DAYS
 HEATING
  YESTERDAY       54                        37     17       51
  MONTH TO DATE  573                       524     49      545
  SINCE DEC 1    573                       524     49      545
  SINCE JUL 1   2011                      2103    -92     1938

 COOLING
  YESTERDAY        0                         0      0        0
  MONTH TO DATE    0                         0      0        0
  SINCE DEC 1      0                         0      0        0
  SINCE JAN 1    287                       314    -27      397
..................................................................


WIND (MPH)
  HIGHEST WIND SPEED    20   HIGHEST WIND DIRECTION     W (270)
  HIGHEST GUST SPEED    24   HIGHEST GUST DIRECTION     W (260)
  AVERAGE WIND SPEED     6.9


SKY COVER
  POSSIBLE SUNSHINE  MM
  AVERAGE SKY COVER 0.6


WEATHER CONDITIONS
 THE FOLLOWING WEATHER WAS RECORDED YESTERDAY.
  LIGHT SNOW
  FOG


RELATIVE HUMIDITY (PERCENT)
 HIGHEST   100           600 AM
 LOWEST     67          1200 PM
 AVERAGE    84

..........................................................


THE MOUNT POCONO PA CLIMATE NORMALS FOR TODAY
                         NORMAL    RECORD    YEAR
 MAXIMUM TEMPERATURE (F)   34        56      1906
 MINIMUM TEMPERATURE (F)   21        -7      1917


SUNRISE AND SUNSET
DECEMBER 16 2017......SUNRISE   721 AM EST   SUNSET   434 PM EST
DECEMBER 17 2017......SUNRISE   721 AM EST   SUNSET   434 PM EST


-  INDICATES NEGATIVE NUMBERS.
R  INDICATES RECORD WAS SET OR TIED.
MM INDICATES DATA IS MISSING.
T  INDICATES TRACE AMOUNT.




$$
