000
CDUS41 KPHI 270628
CLIMPO


CLIMATE REPORT
NATIONAL WEATHER SERVICE MOUNT HOLLY NJ
227 AM EDT THU APR 27 2017


...................................

...THE MOUNT POCONO PA CLIMATE SUMMARY FOR APRIL 26 2017...

CLIMATE NORMAL PERIOD 1981 TO 2010
CLIMATE RECORD PERIOD 1901 TO 2017


WEATHER ITEM   OBSERVED TIME   RECORD YEAR NORMAL DEPARTURE LAST
                VALUE   (LST)  VALUE       VALUE  FROM      YEAR
                                                  NORMAL
..................................................................
TEMPERATURE (F)
 YESTERDAY
  MAXIMUM         64    449 PM  88    1915  60      4       69
  MINIMUM         48    311 AM  18    1919  39      9       42
  AVERAGE         56                        49      7       56

PRECIPITATION (IN)
  YESTERDAY        T             1.31 1976   0.12  -0.12     0.41
  MONTH TO DATE    3.97                      3.56   0.41     2.39
  SINCE MAR 1      7.76                      7.39   0.37     3.38
  SINCE JAN 1     12.72                     12.65   0.07    11.36

DEGREE DAYS
 HEATING
  YESTERDAY        9                        16     -7        9
  MONTH TO DATE  425                       535   -110      547
  SINCE MAR 1   1525                      1510     15     1293
  SINCE JUL 1   6128                      6633   -505     5578

 COOLING
  YESTERDAY        0                         0      0        0
  MONTH TO DATE    3                         0      3        0
  SINCE MAR 1      3                         0      3        0
  SINCE JAN 1      3                         0      3        0
..................................................................


WIND (MPH)
  HIGHEST WIND SPEED    17   HIGHEST WIND DIRECTION     E (80)
  HIGHEST GUST SPEED    22   HIGHEST GUST DIRECTION    NE (60)
  AVERAGE WIND SPEED     6.5


SKY COVER
  POSSIBLE SUNSHINE  MM
  AVERAGE SKY COVER 0.8


WEATHER CONDITIONS
 THE FOLLOWING WEATHER WAS RECORDED YESTERDAY.
  LIGHT RAIN
  FOG


RELATIVE HUMIDITY (PERCENT)
 HIGHEST   100           200 AM
 LOWEST     84           400 PM
 AVERAGE    92

..........................................................


THE MOUNT POCONO PA CLIMATE NORMALS FOR TODAY
                         NORMAL    RECORD    YEAR
 MAXIMUM TEMPERATURE (F)   60        88      1915
 MINIMUM TEMPERATURE (F)   39        22      1976


SUNRISE AND SUNSET
APRIL 27 2017.........SUNRISE   604 AM EDT   SUNSET   755 PM EDT
APRIL 28 2017.........SUNRISE   603 AM EDT   SUNSET   756 PM EDT


-  INDICATES NEGATIVE NUMBERS.
R  INDICATES RECORD WAS SET OR TIED.
MM INDICATES DATA IS MISSING.
T  INDICATES TRACE AMOUNT.




$$
