000
CDUS41 KBTV 300541
CLIMPV


CLIMATE REPORT
NATIONAL WEATHER SERVICE BURLINGTON VT
135 AM EDT MON MAR 30 2015


...................................

...THE MONTPELIER VT CLIMATE SUMMARY FOR MARCH 29 2015...

CLIMATE NORMAL PERIOD 1981 TO 2010
CLIMATE RECORD PERIOD 1948 TO 2015


WEATHER ITEM   OBSERVED TIME   RECORD YEAR NORMAL DEPARTURE LAST
                VALUE   (LST)  VALUE       VALUE  FROM      YEAR
                                                  NORMAL
..................................................................
TEMPERATURE (F)
 YESTERDAY
  MAXIMUM         36    545 PM  70    1977  44     -8       42
  MINIMUM          8    549 AM  -5    1974  24    -16       32
  AVERAGE         22                        34    -12       37

PRECIPITATION (IN)
  YESTERDAY        0.00          0.71        0.08  -0.08     0.14
  MONTH TO DATE    0.76                      2.22  -1.46     2.12
  SINCE MAR 1      0.76                      2.22  -1.46     2.12
  SINCE JAN 1      3.63                      6.71  -3.08     6.43

DEGREE DAYS
 HEATING
  YESTERDAY       43                        31     12       28
  MONTH TO DATE 1249                      1058    191     1383
  SINCE MAR 1   1249                      1058    191     1383
  SINCE JUL 1   7587                      6966    621     7548

 COOLING
  YESTERDAY        0                         0      0        0
  MONTH TO DATE    0                         0      0        0
  SINCE MAR 1      0                         0      0        0
  SINCE JAN 1      0                         0      0        0
..................................................................


WIND (MPH)
  HIGHEST WIND SPEED    14   HIGHEST WIND DIRECTION     S (160)
  HIGHEST GUST SPEED    20   HIGHEST GUST DIRECTION     N (360)
  AVERAGE WIND SPEED     4.1


SKY COVER
  AVERAGE SKY COVER 0.0


WEATHER CONDITIONS
 THE FOLLOWING WEATHER WAS RECORDED YESTERDAY.
  NO SIGNIFICANT WEATHER WAS OBSERVED.


RELATIVE HUMIDITY (PERCENT)
 HIGHEST    83           700 AM
 LOWEST     26           400 PM
 AVERAGE    55

..........................................................


THE MONTPELIER VT CLIMATE NORMALS FOR TODAY
                         NORMAL    RECORD    YEAR
 MAXIMUM TEMPERATURE (F)   45        77      1977
 MINIMUM TEMPERATURE (F)   25         7      2008
                                             1970


SUNRISE AND SUNSET
MARCH 30 2015.........SUNRISE   636 AM EDT   SUNSET   715 PM EDT
MARCH 31 2015.........SUNRISE   634 AM EDT   SUNSET   716 PM EDT


-  INDICATES NEGATIVE NUMBERS.
R  INDICATES RECORD WAS SET OR TIED.
MM INDICATES DATA IS MISSING.
T  INDICATES TRACE AMOUNT.




$$
