000
CDUS41 KBTV 270521
CLIMPV


CLIMATE REPORT
NATIONAL WEATHER SERVICE BURLINGTON VT
119 AM EDT SAT AUG 27 2016


...................................

...THE MONTPELIER VT CLIMATE SUMMARY FOR AUGUST 26 2016...

CLIMATE NORMAL PERIOD 1981 TO 2010
CLIMATE RECORD PERIOD 1948 TO 2016


WEATHER ITEM   OBSERVED TIME   RECORD YEAR NORMAL DEPARTURE LAST
                VALUE   (LST)  VALUE       VALUE  FROM      YEAR
                                                  NORMAL
..................................................................
TEMPERATURE (F)
 YESTERDAY
  MAXIMUM         81    150 PM  93    1948  75      6       74
  MINIMUM         58   1150 PM  35    1986  52      6       57
  AVERAGE         70                        64      6       66

PRECIPITATION (IN)
  YESTERDAY        0.07          1.42        0.11  -0.04     0.00
  MONTH TO DATE    5.35                      3.51   1.84     1.81
  SINCE JUN 1     12.13                     11.39   0.74    15.23
  SINCE JAN 1     24.41                     24.30   0.11    25.93

DEGREE DAYS
 HEATING
  YESTERDAY        0                         3     -3        0
  MONTH TO DATE   18                        52    -34       14
  SINCE JUN 1    182                       213    -31      227
  SINCE JUL 1     50                        92    -42       65

 COOLING
  YESTERDAY        5                         2      3        1
  MONTH TO DATE   98                        68     30       88
  SINCE JUN 1    233                       226      7      199
  SINCE JAN 1    262                       236     26      233
..................................................................


WIND (MPH)
  HIGHEST WIND SPEED    15   HIGHEST WIND DIRECTION    NW (330)
  HIGHEST GUST SPEED    22   HIGHEST GUST DIRECTION     N (350)
  AVERAGE WIND SPEED     4.1


SKY COVER
  AVERAGE SKY COVER 0.3


WEATHER CONDITIONS
 THE FOLLOWING WEATHER WAS RECORDED YESTERDAY.
  LIGHT RAIN
  FOG


RELATIVE HUMIDITY (PERCENT)
 HIGHEST   100           100 AM
 LOWEST     45           300 PM
 AVERAGE    73

..........................................................


THE MONTPELIER VT CLIMATE NORMALS FOR TODAY
                         NORMAL    RECORD    YEAR
 MAXIMUM TEMPERATURE (F)   75        91      1952
 MINIMUM TEMPERATURE (F)   52        36      1989


SUNRISE AND SUNSET
AUGUST 27 2016........SUNRISE   608 AM EDT   SUNSET   734 PM EDT
AUGUST 28 2016........SUNRISE   609 AM EDT   SUNSET   733 PM EDT


-  INDICATES NEGATIVE NUMBERS.
R  INDICATES RECORD WAS SET OR TIED.
MM INDICATES DATA IS MISSING.
T  INDICATES TRACE AMOUNT.




$$
