000
CDUS41 KBTV 250544
CLIMPV


CLIMATE REPORT
NATIONAL WEATHER SERVICE BURLINGTON VT
142 AM EDT TUE JUL 25 2017


...................................

...THE MONTPELIER VT CLIMATE SUMMARY FOR JULY 24 2017...

CLIMATE NORMAL PERIOD 1981 TO 2010
CLIMATE RECORD PERIOD 1948 TO 2017


WEATHER ITEM   OBSERVED TIME   RECORD YEAR NORMAL DEPARTURE LAST
                VALUE   (LST)  VALUE       VALUE  FROM      YEAR
                                                  NORMAL
..................................................................
TEMPERATURE (F)
 YESTERDAY
  MAXIMUM         61    433 AM  89    1987  79    -18       75
  MINIMUM         52   1159 PM  42    1985  56     -4       55
  AVERAGE         57                        67    -10       65

PRECIPITATION (IN)
  YESTERDAY        0.75          1.35        0.14   0.61     0.00
  MONTH TO DATE    4.48                      3.06   1.42     4.04
  SINCE JUN 1     13.08                      6.86   6.22     6.72
  SINCE JAN 1     28.28                     19.77   8.51    19.00

DEGREE DAYS
 HEATING
  YESTERDAY        8                         1      7        0
  MONTH TO DATE   25                        30     -5       29
  SINCE JUN 1    171                       151     20      161
  SINCE JUL 1     25                        30     -5       29

 COOLING
  YESTERDAY        0                         3     -3        0
  MONTH TO DATE   65                        76    -11       78
  SINCE JUN 1    130                       129      1      110
  SINCE JAN 1    147                       139      8      139
..................................................................


WIND (MPH)
  HIGHEST WIND SPEED    10   HIGHEST WIND DIRECTION    SE (140)
  HIGHEST GUST SPEED    16   HIGHEST GUST DIRECTION    SE (150)
  AVERAGE WIND SPEED     3.5


SKY COVER
  AVERAGE SKY COVER 1.0


WEATHER CONDITIONS
 THE FOLLOWING WEATHER WAS RECORDED YESTERDAY.
  RAIN
  LIGHT RAIN
  FOG


RELATIVE HUMIDITY (PERCENT)
 HIGHEST   100          1000 AM
 LOWEST     86           800 AM
 AVERAGE    93

..........................................................


THE MONTPELIER VT CLIMATE NORMALS FOR TODAY
                         NORMAL    RECORD    YEAR
 MAXIMUM TEMPERATURE (F)   79        90      1989
 MINIMUM TEMPERATURE (F)   56        41      1953


SUNRISE AND SUNSET
JULY 25 2017..........SUNRISE   531 AM EDT   SUNSET   822 PM EDT
JULY 26 2017..........SUNRISE   532 AM EDT   SUNSET   821 PM EDT


-  INDICATES NEGATIVE NUMBERS.
R  INDICATES RECORD WAS SET OR TIED.
MM INDICATES DATA IS MISSING.
T  INDICATES TRACE AMOUNT.




$$
