000
CDUS41 KBTV 020607
CLIMPV


CLIMATE REPORT
NATIONAL WEATHER SERVICE BURLINGTON VT
205 AM EDT TUE JUN 2 2015


...................................

...THE MONTPELIER VT CLIMATE SUMMARY FOR JUNE 1 2015...

CLIMATE NORMAL PERIOD 1981 TO 2010
CLIMATE RECORD PERIOD 1948 TO 2015


WEATHER ITEM   OBSERVED TIME   RECORD YEAR NORMAL DEPARTURE LAST
                VALUE   (LST)  VALUE       VALUE  FROM      YEAR
                                                  NORMAL
..................................................................
TEMPERATURE (F)
 YESTERDAY
  MAXIMUM         51   1248 PM  88    2013  70    -19       75
  MINIMUM         44    641 AM  32    2001  47     -3       39
                                      1967
  AVERAGE         48                        59    -11       57

PRECIPITATION (IN)
  YESTERDAY        1.71          3.68        0.13   1.58     0.00
  MONTH TO DATE    1.71                      0.13   1.58     0.00
  SINCE JUN 1      1.71                      0.13   1.58     0.00
  SINCE JAN 1     12.41                     13.04  -0.63    12.60

DEGREE DAYS
 HEATING
  YESTERDAY       17                         7     10        8
  MONTH TO DATE   17                         7     10        8
  SINCE JUN 1     17                         7     10        8
  SINCE JUL 1   8641                      8067    574     8671

 COOLING
  YESTERDAY        0                         1     -1        0
  MONTH TO DATE    0                         1     -1        0
  SINCE JUN 1      0                         1     -1        0
  SINCE JAN 1     34                        11     23        1
..................................................................


WIND (MPH)
  HIGHEST WIND SPEED     9   HIGHEST WIND DIRECTION    SE (150)
  HIGHEST GUST SPEED    12   HIGHEST GUST DIRECTION     S (160)
  AVERAGE WIND SPEED     4.8


SKY COVER
  AVERAGE SKY COVER 1.0


WEATHER CONDITIONS
 THE FOLLOWING WEATHER WAS RECORDED YESTERDAY.
  HEAVY RAIN
  RAIN
  LIGHT RAIN
  FOG


RELATIVE HUMIDITY (PERCENT)
 HIGHEST   100          1200 AM
 LOWEST     86           300 PM
 AVERAGE    93

..........................................................


THE MONTPELIER VT CLIMATE NORMALS FOR TODAY
                         NORMAL    RECORD    YEAR
 MAXIMUM TEMPERATURE (F)   71        84      2013
                                             1970
 MINIMUM TEMPERATURE (F)   47        33      1998


SUNRISE AND SUNSET
JUNE  2 2015..........SUNRISE   509 AM EDT   SUNSET   827 PM EDT
JUNE  3 2015..........SUNRISE   509 AM EDT   SUNSET   828 PM EDT


-  INDICATES NEGATIVE NUMBERS.
R  INDICATES RECORD WAS SET OR TIED.
MM INDICATES DATA IS MISSING.
T  INDICATES TRACE AMOUNT.




$$
