000
CDUS41 KBTV 040525
CLIMPV


CLIMATE REPORT
NATIONAL WEATHER SERVICE BURLINGTON VT
123 AM EDT WED MAY 4 2016


...................................

...THE MONTPELIER VT CLIMATE SUMMARY FOR MAY 3 2016...

CLIMATE NORMAL PERIOD 1981 TO 2010
CLIMATE RECORD PERIOD 1948 TO 2016


WEATHER ITEM   OBSERVED TIME   RECORD YEAR NORMAL DEPARTURE LAST
                VALUE   (LST)  VALUE       VALUE  FROM      YEAR
                                                  NORMAL
..................................................................
TEMPERATURE (F)
 YESTERDAY
  MAXIMUM         48    452 PM  85    2001  62    -14       72
  MINIMUM         36   1028 PM  20    1966  38     -2       36
  AVERAGE         42                        50     -8       54

PRECIPITATION (IN)
  YESTERDAY        0.00          1.29        0.10  -0.10      T
  MONTH TO DATE    0.88                      0.30   0.58      T
  SINCE MAR 1      5.65                      5.35   0.30     2.90
  SINCE JAN 1     10.82                      9.84   0.98     5.77

DEGREE DAYS
 HEATING
  YESTERDAY       23                        15      8       11
  MONTH TO DATE   66                        47     19       38
  SINCE MAR 1   1827                      1843    -16     2112
  SINCE JUL 1   6981                      7751   -770     8450

 COOLING
  YESTERDAY        0                         0      0        0
  MONTH TO DATE    0                         0      0        0
  SINCE MAR 1      0                         1     -1        0
  SINCE JAN 1      0                         1     -1        0
..................................................................


WIND (MPH)
  HIGHEST WIND SPEED    12   HIGHEST WIND DIRECTION    NW (300)
  HIGHEST GUST SPEED    15   HIGHEST GUST DIRECTION    NW (300)
  AVERAGE WIND SPEED     3.2


SKY COVER
  AVERAGE SKY COVER 0.9


WEATHER CONDITIONS
 THE FOLLOWING WEATHER WAS RECORDED YESTERDAY.
  NO SIGNIFICANT WEATHER WAS OBSERVED.


RELATIVE HUMIDITY (PERCENT)
 HIGHEST    93           100 AM
 LOWEST     66           500 PM
 AVERAGE    80

..........................................................


THE MONTPELIER VT CLIMATE NORMALS FOR TODAY
                         NORMAL    RECORD    YEAR
 MAXIMUM TEMPERATURE (F)   62        83      1949
 MINIMUM TEMPERATURE (F)   38        26      1967


SUNRISE AND SUNSET
MAY  4 2016...........SUNRISE   537 AM EDT   SUNSET   758 PM EDT
MAY  5 2016...........SUNRISE   535 AM EDT   SUNSET   759 PM EDT


-  INDICATES NEGATIVE NUMBERS.
R  INDICATES RECORD WAS SET OR TIED.
MM INDICATES DATA IS MISSING.
T  INDICATES TRACE AMOUNT.




$$
