000
CDUS41 KBTV 290523
CLIMPV


CLIMATE REPORT
NATIONAL WEATHER SERVICE BURLINGTON VT
121 AM EDT THU SEP 29 2016


...................................

...THE MONTPELIER VT CLIMATE SUMMARY FOR SEPTEMBER 28 2016...

CLIMATE NORMAL PERIOD 1981 TO 2010
CLIMATE RECORD PERIOD 1948 TO 2016


WEATHER ITEM   OBSERVED TIME   RECORD YEAR NORMAL DEPARTURE LAST
                VALUE   (LST)  VALUE       VALUE  FROM      YEAR
                                                  NORMAL
..................................................................
TEMPERATURE (F)
 YESTERDAY
  MAXIMUM         65    357 PM  80    1959  63      2       74
  MINIMUM         42    356 AM  22    1965  41      1       43
  AVERAGE         54                        52      2       59

PRECIPITATION (IN)
  YESTERDAY        0.00          1.61        0.11  -0.11     0.04
  MONTH TO DATE    1.78                      2.89  -1.11     2.78
  SINCE SEP 1      1.78                      2.89  -1.11     2.78
  SINCE JAN 1     26.34                     27.69  -1.35    28.72

DEGREE DAYS
 HEATING
  YESTERDAY       11                        13     -2        6
  MONTH TO DATE  136                       220    -84      120
  SINCE SEP 1    136                       220    -84      120
  SINCE JUL 1    190                       328   -138      197

 COOLING
  YESTERDAY        0                         0      0        0
  MONTH TO DATE   28                        16     12       48
  SINCE SEP 1     28                        16     12       48
  SINCE JAN 1    300                       260     40      289
..................................................................


WIND (MPH)
  HIGHEST WIND SPEED    14   HIGHEST WIND DIRECTION     S (190)
  HIGHEST GUST SPEED    17   HIGHEST GUST DIRECTION     S (160)
  AVERAGE WIND SPEED     3.8


SKY COVER
  AVERAGE SKY COVER 0.6


WEATHER CONDITIONS
 THE FOLLOWING WEATHER WAS RECORDED YESTERDAY.
  FOG
  FOG W/VISIBILITY <= 1/4 MILE


RELATIVE HUMIDITY (PERCENT)
 HIGHEST   100           100 AM
 LOWEST     56           200 PM
 AVERAGE    78

..........................................................


THE MONTPELIER VT CLIMATE NORMALS FOR TODAY
                         NORMAL    RECORD    YEAR
 MAXIMUM TEMPERATURE (F)   63        81      1952
 MINIMUM TEMPERATURE (F)   41        23      2000


SUNRISE AND SUNSET
SEPTEMBER 29 2016.....SUNRISE   646 AM EDT   SUNSET   634 PM EDT
SEPTEMBER 30 2016.....SUNRISE   647 AM EDT   SUNSET   632 PM EDT


-  INDICATES NEGATIVE NUMBERS.
R  INDICATES RECORD WAS SET OR TIED.
MM INDICATES DATA IS MISSING.
T  INDICATES TRACE AMOUNT.




$$
