000
CDUS41 KBTV 220723
CLIMPV


CLIMATE REPORT
NATIONAL WEATHER SERVICE BURLINGTON VT
217 AM EST WED NOV 22 2017


...................................

...THE MONTPELIER VT CLIMATE SUMMARY FOR NOVEMBER 21 2017...

CLIMATE NORMAL PERIOD 1981 TO 2010
CLIMATE RECORD PERIOD 1948 TO 2017


WEATHER ITEM   OBSERVED TIME   RECORD YEAR NORMAL DEPARTURE LAST
                VALUE   (LST)  VALUE       VALUE  FROM      YEAR
                                                  NORMAL
..................................................................
TEMPERATURE (F)
 YESTERDAY
  MAXIMUM         50   1259 PM  64    1953  42      8       28
  MINIMUM         17    411 AM   3    1987  25     -8       25
  AVERAGE         34                        33      1       27

PRECIPITATION (IN)
  YESTERDAY        0.00          1.34        0.10  -0.10     0.01
  MONTH TO DATE    1.77                      2.24  -0.47     1.85
  SINCE SEP 1      9.10                      8.80   0.30     6.65
  SINCE JAN 1     40.72                     33.60   7.12    31.21

DEGREE DAYS
 HEATING
  YESTERDAY       31                        32     -1       38
  MONTH TO DATE  658                       586     72      529
  SINCE SEP 1   1167                      1434   -267     1230
  SINCE JUL 1   1313                      1542   -229     1284

 COOLING
  YESTERDAY        0                         0      0        0
  MONTH TO DATE    0                         0      0        0
  SINCE SEP 1     47                        20     27       28
  SINCE JAN 1    243                       264    -21      300
..................................................................


WIND (MPH)
  HIGHEST WIND SPEED    18   HIGHEST WIND DIRECTION     S (170)
  HIGHEST GUST SPEED    24   HIGHEST GUST DIRECTION     S (180)
  AVERAGE WIND SPEED     5.2


SKY COVER
  AVERAGE SKY COVER 0.2


WEATHER CONDITIONS
 THE FOLLOWING WEATHER WAS RECORDED YESTERDAY.
  FOG


RELATIVE HUMIDITY (PERCENT)
 HIGHEST   100           200 AM
 LOWEST     42           100 PM
 AVERAGE    71

..........................................................


THE MONTPELIER VT CLIMATE NORMALS FOR TODAY
                         NORMAL    RECORD    YEAR
 MAXIMUM TEMPERATURE (F)   41        67      1953
 MINIMUM TEMPERATURE (F)   25         2      1964


SUNRISE AND SUNSET
NOVEMBER 22 2017......SUNRISE   655 AM EST   SUNSET   417 PM EST
NOVEMBER 23 2017......SUNRISE   656 AM EST   SUNSET   417 PM EST


-  INDICATES NEGATIVE NUMBERS.
R  INDICATES RECORD WAS SET OR TIED.
MM INDICATES DATA IS MISSING.
T  INDICATES TRACE AMOUNT.




$$
