048
CDUS41 KBTV 210550
CLIMPV


CLIMATE REPORT
NATIONAL WEATHER SERVICE BURLINGTON VT
1246 AM EST SAT JAN 21 2017


...................................

...THE MONTPELIER VT CLIMATE SUMMARY FOR JANUARY 20 2017...

CLIMATE NORMAL PERIOD 1981 TO 2010
CLIMATE RECORD PERIOD 1948 TO 2017


WEATHER ITEM   OBSERVED TIME   RECORD YEAR NORMAL DEPARTURE LAST
                VALUE   (LST)  VALUE       VALUE  FROM      YEAR
                                                  NORMAL
..................................................................
TEMPERATURE (F)
 YESTERDAY
  MAXIMUM         32   1159 PM  52    2006  26      6       20
                                      1954
  MINIMUM         30    958 AM -24    1971   7     23       11
  AVERAGE         31                        16     15       16

PRECIPITATION (IN)
  YESTERDAY        0.00          0.76        0.09  -0.09      T
  MONTH TO DATE    0.84                      1.50  -0.66     1.17
  SINCE DEC 1      3.43                      4.24  -0.81     4.86
  SINCE JAN 1      0.84                      1.50  -0.66     1.17

DEGREE DAYS
 HEATING
  YESTERDAY       34                        49    -15       49
  MONTH TO DATE  845                       968   -123      903
  SINCE DEC 1   2140                      2270   -130     1831
  SINCE JUL 1   3729                      4116   -387     3474

 COOLING
  YESTERDAY        0                         0      0        0
  MONTH TO DATE    0                         0      0        0
  SINCE DEC 1      0                         0      0        0
  SINCE JAN 1      0                         0      0        0
..................................................................


WIND (MPH)
  HIGHEST WIND SPEED    13   HIGHEST WIND DIRECTION     S (170)
  HIGHEST GUST SPEED    17   HIGHEST GUST DIRECTION     S (170)
  AVERAGE WIND SPEED     5.1


SKY COVER
  AVERAGE SKY COVER 1.0


WEATHER CONDITIONS
 THE FOLLOWING WEATHER WAS RECORDED YESTERDAY.
  NO SIGNIFICANT WEATHER WAS OBSERVED.


RELATIVE HUMIDITY (PERCENT)
 HIGHEST   100           100 AM
 LOWEST     78           300 PM
 AVERAGE    89

..........................................................


THE MONTPELIER VT CLIMATE NORMALS FOR TODAY
                         NORMAL    RECORD    YEAR
 MAXIMUM TEMPERATURE (F)   26        55      2006
 MINIMUM TEMPERATURE (F)    7       -19      1971


SUNRISE AND SUNSET
JANUARY 21 2017.......SUNRISE   718 AM EST   SUNSET   445 PM EST
JANUARY 22 2017.......SUNRISE   718 AM EST   SUNSET   447 PM EST


-  INDICATES NEGATIVE NUMBERS.
R  INDICATES RECORD WAS SET OR TIED.
MM INDICATES DATA IS MISSING.
T  INDICATES TRACE AMOUNT.




$$
