000
CDUS43 KMPX 270635
CLIMPX


CLIMATE REPORT
NATIONAL WEATHER SERVICE CHANHASSEN MN
134 AM CDT THU APR 27 2017


...................................

...THE CHANHASSEN MN CLIMATE SUMMARY FOR APRIL 26 2017...

CLIMATE NORMAL PERIOD 1981 TO 2010
CLIMATE RECORD PERIOD 1995 TO 2017


WEATHER ITEM   OBSERVED TIME   RECORD YEAR NORMAL DEPARTURE LAST
                VALUE   (LST)  VALUE       VALUE  FROM      YEAR
                                                  NORMAL
..................................................................
TEMPERATURE (F)
 YESTERDAY
  MAXIMUM         45        MM  MM      MM  62    -17       47
  MINIMUM         33        MM  MM      MM  41     -8       40
  AVERAGE         39                        51    -12       44

PRECIPITATION (IN)
  YESTERDAY        0.30         MM      MM   0.11   0.19      T
  MONTH TO DATE    4.15                      2.53   1.62     2.21
  SINCE MAR 1      4.89                      4.31   0.58     3.63
  SINCE JAN 1      6.49                      6.12   0.37     5.12

SNOWFALL (IN)
  YESTERDAY        0.0          MM      MM   0.0    0.0      0.0
  MONTH TO DATE    0.6                       3.2   -2.6      0.5
  SINCE MAR 1      6.1                      14.0   -7.9      5.6
  SINCE JUL 1     38.5                      53.7  -15.2     35.5
  SNOW DEPTH       0

DEGREE DAYS
 HEATING
  YESTERDAY       26                        14     12       21
  MONTH TO DATE  403                       509   -106      466
  SINCE MAR 1   1417                      1555   -138     1259
  SINCE JUL 1   6486                      7570  -1084     6474

 COOLING
  YESTERDAY        0                         0      0        0
  MONTH TO DATE    0                         0      0        7
  SINCE MAR 1      0                         0      0        7
  SINCE JAN 1      0                         0      0        7
..................................................................


WIND (MPH)
  HIGHEST WIND SPEED    MM   HIGHEST WIND DIRECTION    MM
  HIGHEST GUST SPEED    MM   HIGHEST GUST DIRECTION    MM
  AVERAGE WIND SPEED    MM


SKY COVER
  POSSIBLE SUNSHINE  MM
  AVERAGE SKY COVER  MM


WEATHER CONDITIONS
 THE FOLLOWING WEATHER WAS RECORDED YESTERDAY.
  NO SIGNIFICANT WEATHER WAS OBSERVED.


RELATIVE HUMIDITY (PERCENT)
 HIGHEST    MM
 LOWEST     MM
 AVERAGE    MM

..........................................................


THE CHANHASSEN MN CLIMATE NORMALS FOR TODAY
                         NORMAL    RECORD    YEAR
 MAXIMUM TEMPERATURE (F)   63        MM        MM
 MINIMUM TEMPERATURE (F)   41        MM        MM


SUNRISE AND SUNSET
APRIL 27 2017.........SUNRISE   610 AM CDT   SUNSET   815 PM CDT
APRIL 28 2017.........SUNRISE   608 AM CDT   SUNSET   816 PM CDT


-  INDICATES NEGATIVE NUMBERS.
R  INDICATES RECORD WAS SET OR TIED.
MM INDICATES DATA IS MISSING.
T  INDICATES TRACE AMOUNT.




$$
