000
CDUS43 KMQT 270502
CLIMQT

CLIMATE REPORT
NATIONAL WEATHER SERVICE MARQUETTE MI
101 AM EDT SAT MAY 27 2017


...................................

...THE MARQUETTE MI CLIMATE SUMMARY FOR MAY 26 2017...

CLIMATE NORMAL PERIOD 1981 TO 2010
CLIMATE RECORD PERIOD 1961 TO 2017


WEATHER ITEM   OBSERVED RECORD YEAR NORMAL DEPARTURE LAST
                VALUE   VALUE       VALUE  FROM      YEAR
                                           NORMAL
...........................................................
TEMPERATURE (F)
 YESTERDAY
  MAXIMUM         71     89    1978  66      5       69
  MINIMUM         43     27    1992  43      0       52
                               1969
  AVERAGE         57                 54      3       61

PRECIPITATION (IN)
  YESTERDAY        0.10   0.80 2015   0.11  -0.01     0.63
  MONTH TO DATE    2.65               2.51   0.14     3.24
  SINCE MAR 1      9.89               8.55   1.34    10.41
  SINCE JAN 1     14.47              13.10   1.37    15.03

SNOWFALL (IN)
  YESTERDAY        0.0   MM      MM   0.0    0.0      0.0
  MONTH TO DATE    0.9                1.5   -0.6      1.1
  SINCE MAR 1     32.9               50.9  -18.0     60.8
  SINCE JUL 1    154.0              203.3  -49.3    160.9
  SNOW DEPTH       0

DEGREE DAYS
 HEATING
  YESTERDAY        8                 11     -3        4
  MONTH TO DATE  499                398    101      394
  SINCE MAR 1   2499               2476     23     2417
  SINCE JUL 1   8183               9100   -917     8184

 COOLING
  YESTERDAY        0                  1     -1        0
  MONTH TO DATE    0                  6     -6        7
  SINCE MAR 1      0                  7     -7        7
  SINCE JAN 1      0                  7     -7        7
...........................................................


WIND (MPH)
  RESULTANT WIND SPEED  MM   RESULTANT WIND DIRECTION  MM
  HIGHEST WIND SPEED    MM   HIGHEST WIND DIRECTION    MM
  HIGHEST GUST SPEED    14   HIGHEST GUST DIRECTION     S (180)
  AVERAGE WIND SPEED    MM


SKY COVER
  POSSIBLE SUNSHINE  MM
  AVERAGE SKY COVER  MM


WEATHER CONDITIONS
 THE FOLLOWING WEATHER WAS RECORDED YESTERDAY.
  LIGHT RAIN


RELATIVE HUMIDITY (PERCENT)
 HIGHEST    MM
 LOWEST     MM
 AVERAGE    MM

..........................................................


THE MARQUETTE MI CLIMATE NORMALS FOR TODAY
                         NORMAL    RECORD    YEAR
 MAXIMUM TEMPERATURE (F)   66        88      1969
 MINIMUM TEMPERATURE (F)   43        26      1994


SUNRISE AND SUNSET
MAY 27 2017...........SUNRISE   604 AM EDT   SUNSET   931 PM EDT
MAY 28 2017...........SUNRISE   603 AM EDT   SUNSET   932 PM EDT


-  INDICATES NEGATIVE NUMBERS.
R  INDICATES RECORD WAS SET OR TIED.
MM INDICATES DATA IS MISSING.
T  INDICATES TRACE AMOUNT.




$$
