000
CDUS43 KMQT 290532
CLIMQT


CLIMATE REPORT
NATIONAL WEATHER SERVICE MARQUETTE MI
130 AM EDT MON AUG 29 2016


...................................

...THE MARQUETTE MI CLIMATE SUMMARY FOR AUGUST 28 2016...

CLIMATE NORMAL PERIOD 1981 TO 2010
CLIMATE RECORD PERIOD 1961 TO 2016


WEATHER ITEM   OBSERVED RECORD YEAR NORMAL DEPARTURE LAST
                VALUE   VALUE       VALUE  FROM      YEAR
                                           NORMAL
...........................................................
TEMPERATURE (F)
 YESTERDAY
  MAXIMUM         72     91    1991  72      0       75
                               1973
  MINIMUM         54     36    1982  52      2       57
                               1968
  AVERAGE         63                 62      1       66

PRECIPITATION (IN)
  YESTERDAY        0.00   1.40 1975   0.10  -0.10     0.00
  MONTH TO DATE    4.45               2.74   1.71     2.70
  SINCE JUN 1     11.48               8.42   3.06     6.89
  SINCE JAN 1     27.69              22.06   5.63    18.21

SNOWFALL (IN)
  YESTERDAY        0.0   MM      MM   0.0    0.0      0.0
  MONTH TO DATE    0.0                0.0    0.0      0.0
  SINCE JUN 1      T                  0.0    0.0      0.0
  SINCE JUL 1      T                  0.0    0.0      0.0
  SNOW DEPTH       0

DEGREE DAYS
 HEATING
  YESTERDAY        2                  4     -2        0
  MONTH TO DATE   37                 91    -54      100
  SINCE JUN 1    274                352    -78      370
  SINCE JUL 1     92                170    -78      168

 COOLING
  YESTERDAY        0                  2     -2        1
  MONTH TO DATE   79                 60     19       62
  SINCE JUN 1    222                202     20      168
  SINCE JAN 1    233                214     19      170
...........................................................


WIND (MPH)
  HIGHEST WIND SPEED    MM   HIGHEST WIND DIRECTION    MM
  HIGHEST GUST SPEED    18   HIGHEST GUST DIRECTION    NW (315)
  AVERAGE WIND SPEED    MM


SKY COVER
  POSSIBLE SUNSHINE  MM
  AVERAGE SKY COVER  MM


WEATHER CONDITIONS
 THE FOLLOWING WEATHER WAS RECORDED YESTERDAY.
  NO SIGNIFICANT WEATHER WAS OBSERVED.


RELATIVE HUMIDITY (PERCENT)
 HIGHEST    MM
 LOWEST     MM
 AVERAGE    MM

..........................................................


THE MARQUETTE MI CLIMATE NORMALS FOR TODAY
                         NORMAL    RECORD    YEAR
 MAXIMUM TEMPERATURE (F)   72        90      1991
                                             1969
 MINIMUM TEMPERATURE (F)   51        34      1976


SUNRISE AND SUNSET
AUGUST 29 2016........SUNRISE   707 AM EDT   SUNSET   834 PM EDT
AUGUST 30 2016........SUNRISE   708 AM EDT   SUNSET   832 PM EDT


-  INDICATES NEGATIVE NUMBERS.
R  INDICATES RECORD WAS SET OR TIED.
MM INDICATES DATA IS MISSING.
T  INDICATES TRACE AMOUNT.




$$
