000
CDUS43 KMQT 270533
CLIMQT


CLIMATE REPORT
NATIONAL WEATHER SERVICE MARQUETTE MI
1226 AM EST SAT DEC 27 2014


...................................

...THE MARQUETTE MI CLIMATE SUMMARY FOR DECEMBER 26 2014...

CLIMATE NORMAL PERIOD 1981 TO 2010
CLIMATE RECORD PERIOD 1961 TO 2014


WEATHER ITEM   OBSERVED RECORD YEAR NORMAL DEPARTURE LAST
                VALUE   VALUE       VALUE  FROM      YEAR
                                           NORMAL
...........................................................
TEMPERATURE (F)
 YESTERDAY
  MAXIMUM         31     45    2003  24      7       13
  MINIMUM         26    -18    1990   8     18       -3
  AVERAGE         29                 16     13        5

PRECIPITATION (IN)
  YESTERDAY        0.02   0.21 2008   0.08  -0.06      T
  MONTH TO DATE    1.61               2.20  -0.59     2.32
  SINCE DEC 1      1.61               2.20  -0.59     2.32
  SINCE JAN 1     44.16              35.31   8.85    39.50

SNOWFALL (IN)
  YESTERDAY        0.3    5.0  2004   1.4   -1.1      0.1
  MONTH TO DATE   18.9               35.8  -16.9     43.8
  SINCE DEC 1     18.9               35.8  -16.9     43.8
  SINCE JUL 1     75.1               66.3    8.8     66.3
  SNOW DEPTH      18

DEGREE DAYS
 HEATING
  YESTERDAY       36                 49    -13       60
  MONTH TO DATE 1075               1192   -117     1386
  SINCE DEC 1   1075               1192   -117     1386
  SINCE JUL 1   3605               3394    211     3555

 COOLING
  YESTERDAY        0                  0      0        0
  MONTH TO DATE    0                  0      0        0
  SINCE DEC 1      0                  0      0        0
  SINCE JAN 1    152                242    -90      280
...........................................................


WIND (MPH)
  RESULTANT WIND SPEED  MM   RESULTANT WIND DIRECTION  MM
  HIGHEST WIND SPEED    MM   HIGHEST WIND DIRECTION    MM
  HIGHEST GUST SPEED    10   HIGHEST GUST DIRECTION    NE (45)
  AVERAGE WIND SPEED    MM


SKY COVER
  POSSIBLE SUNSHINE  MM
  AVERAGE SKY COVER  MM


WEATHER CONDITIONS
 THE FOLLOWING WEATHER WAS RECORDED YESTERDAY.
  LIGHT SNOW


RELATIVE HUMIDITY (PERCENT)
 HIGHEST    MM
 LOWEST     MM
 AVERAGE    MM

..........................................................


THE MARQUETTE MI CLIMATE NORMALS FOR TODAY
                         NORMAL    RECORD    YEAR
 MAXIMUM TEMPERATURE (F)   23        42      2008
                                             1994
 MINIMUM TEMPERATURE (F)    8       -13      1993


SUNRISE AND SUNSET
DECEMBER 27 2014......SUNRISE   833 AM EST   SUNSET   509 PM EST
DECEMBER 28 2014......SUNRISE   834 AM EST   SUNSET   510 PM EST


-  INDICATES NEGATIVE NUMBERS.
R  INDICATES RECORD WAS SET OR TIED.
MM INDICATES DATA IS MISSING.
T  INDICATES TRACE AMOUNT.




$$
