000
CDUS41 KLWX 272129
CLIMRB


CLIMATE REPORT
NATIONAL WEATHER SERVICE BALTIMORE MD/WASHINGTON DC
429 PM EST SAT DEC 27 2014


...................................

...THE MARTINSBURG WV CLIMATE SUMMARY FOR DECEMBER 27 2014...
VALID TODAY AS OF 0400 PM LOCAL TIME.

CLIMATE NORMAL PERIOD 1981 TO 2010
CLIMATE RECORD PERIOD 1926 TO 2014


WEATHER ITEM   OBSERVED TIME   RECORD YEAR NORMAL DEPARTURE LAST
                VALUE   (LST)  VALUE       VALUE  FROM      YEAR
                                                  NORMAL
..................................................................
TEMPERATURE (F)
 TODAY
  MAXIMUM         60    320 PM  68    1971  40     20       51
  MINIMUM         28    632 AM   2    1948  23      5       20
  AVERAGE         44                        32     12       36

PRECIPITATION (IN)
  TODAY            0.00          1.85 1930   0.07  -0.07     0.00
  MONTH TO DATE    2.77                      2.44   0.33     3.73
  SINCE DEC 1      2.77                      2.44   0.33     3.73
  SINCE JAN 1     35.16                     38.43  -3.27    34.89

DEGREE DAYS
 HEATING
  TODAY           21                        33    -12       29
  MONTH TO DATE  697                       821   -124      752
  SINCE DEC 1    697                       821   -124      752
  SINCE JUL 1   1656                      1891   -235     1843

 COOLING
  TODAY            0                         0      0        0
  MONTH TO DATE    0                         0      0        0
  SINCE DEC 1      0                         0      0        0
  SINCE JAN 1    958                       895     63     1057
..................................................................


WIND (MPH)
  HIGHEST WIND SPEED     8   HIGHEST WIND DIRECTION     S (160)
  HIGHEST GUST SPEED    17   HIGHEST GUST DIRECTION     E (110)
  AVERAGE WIND SPEED     2.6


SKY COVER
  POSSIBLE SUNSHINE  MM
  AVERAGE SKY COVER 0.0


WEATHER CONDITIONS
 THE FOLLOWING WEATHER WAS RECORDED TODAY.
  FOG
  HAZE


RELATIVE HUMIDITY (PERCENT)
 HIGHEST    85           400 AM
 LOWEST     26           300 PM
 AVERAGE    56

..........................................................


THE MARTINSBURG WV CLIMATE NORMALS FOR TOMORROW
                         NORMAL    RECORD    YEAR
 MAXIMUM TEMPERATURE (F)   40        72      1984
 MINIMUM TEMPERATURE (F)   23         2      1950


SUNRISE AND SUNSET
DECEMBER 27 2014......SUNRISE   731 AM EST   SUNSET   455 PM EST
DECEMBER 28 2014......SUNRISE   731 AM EST   SUNSET   456 PM EST


-  INDICATES NEGATIVE NUMBERS.
R  INDICATES RECORD WAS SET OR TIED.
MM INDICATES DATA IS MISSING.
T  INDICATES TRACE AMOUNT.




$$
