000
CDUS41 KLWX 042122
CLIMRB


CLIMATE REPORT
NATIONAL WEATHER SERVICE BALTIMORE MD/WASHINGTON DC
422 PM EST SUN DEC 4 2016


...................................

...THE MARTINSBURG WV CLIMATE SUMMARY FOR DECEMBER 4 2016...
VALID TODAY AS OF 0400 PM LOCAL TIME.

CLIMATE NORMAL PERIOD 1981 TO 2010
CLIMATE RECORD PERIOD 1926 TO 2016


WEATHER ITEM   OBSERVED TIME   RECORD YEAR NORMAL DEPARTURE LAST
                VALUE   (LST)  VALUE       VALUE  FROM      YEAR
                                                  NORMAL
..................................................................
TEMPERATURE (F)
 TODAY
  MAXIMUM         44    238 PM  77    1982  46     -2       51
  MINIMUM         28    713 AM  10    2002  29     -1       30
                                      1966
  AVERAGE         36                        38     -2       41

PRECIPITATION (IN)
  TODAY            0.00          1.51 1950   0.10  -0.10     0.00
  MONTH TO DATE    0.01                      0.42  -0.41     0.61
  SINCE DEC 1      0.01                      0.42  -0.41     0.61
  SINCE JAN 1     23.25                     36.41 -13.16    27.35

DEGREE DAYS
 HEATING
  TODAY           29                        28      1       24
  MONTH TO DATE   89                       108    -19       90
  SINCE DEC 1     89                       108    -19       90
  SINCE JUL 1    893                      1178   -285      948

 COOLING
  TODAY            0                         0      0        0
  MONTH TO DATE    0                         0      0        0
  SINCE DEC 1      0                         0      0        0
  SINCE JAN 1   1296                       895    401     1113
..................................................................


WIND (MPH)
  HIGHEST WIND SPEED    10   HIGHEST WIND DIRECTION     W (270)
  HIGHEST GUST SPEED    12   HIGHEST GUST DIRECTION     W (280)
  AVERAGE WIND SPEED     3.9


SKY COVER
  POSSIBLE SUNSHINE  MM
  AVERAGE SKY COVER 0.2


WEATHER CONDITIONS
 THE FOLLOWING WEATHER WAS RECORDED TODAY.
  NO SIGNIFICANT WEATHER WAS OBSERVED.


RELATIVE HUMIDITY (PERCENT)
 HIGHEST    85           600 AM
 LOWEST     53           100 PM
 AVERAGE    69

..........................................................


THE MARTINSBURG WV CLIMATE NORMALS FOR TOMORROW
                         NORMAL    RECORD    YEAR
 MAXIMUM TEMPERATURE (F)   46        78      2001
 MINIMUM TEMPERATURE (F)   28        12      1976


SUNRISE AND SUNSET
DECEMBER  4 2016......SUNRISE   716 AM EST   SUNSET   448 PM EST
DECEMBER  5 2016......SUNRISE   717 AM EST   SUNSET   448 PM EST


-  INDICATES NEGATIVE NUMBERS.
R  INDICATES RECORD WAS SET OR TIED.
MM INDICATES DATA IS MISSING.
T  INDICATES TRACE AMOUNT.




$$
