000
CDUS41 KLWX 292130
CLIMRB


CLIMATE REPORT
NATIONAL WEATHER SERVICE BALTIMORE MD/WASHINGTON DC
530 PM EDT SAT APR 29 2017


...................................

...THE MARTINSBURG WV CLIMATE SUMMARY FOR APRIL 29 2017...
VALID TODAY AS OF 0500 PM LOCAL TIME.

CLIMATE NORMAL PERIOD 1981 TO 2010
CLIMATE RECORD PERIOD 1926 TO 2017


WEATHER ITEM   OBSERVED TIME   RECORD YEAR NORMAL DEPARTURE LAST
                VALUE   (LST)  VALUE       VALUE  FROM      YEAR
                                                  NORMAL
..................................................................
TEMPERATURE (F)
 TODAY
  MAXIMUM         88    243 PM  93    1974  68     20       52
  MINIMUM         64    503 AM  29    1947  45     19       44
  AVERAGE         76                        56     20       48

PRECIPITATION (IN)
  TODAY            0.12          1.22 1964   0.12   0.00     0.00
  MONTH TO DATE    2.47                      3.23  -0.76     1.01
  SINCE MAR 1      5.25                      6.75  -1.50     2.76
  SINCE JAN 1      9.63                     11.53  -1.90     6.85

DEGREE DAYS
 HEATING
  TODAY            0                         9     -9       17
  MONTH TO DATE  202                       376   -174      370
  SINCE MAR 1    884                      1090   -206      863
  SINCE JUL 1   3962                      5046  -1084     4278

 COOLING
  TODAY           11                         0     11        0
  MONTH TO DATE   43                         0     43       10
  SINCE MAR 1     46                         1     45       12
  SINCE JAN 1     46                         1     45       12
..................................................................


WIND (MPH)
  HIGHEST WIND SPEED    32   HIGHEST WIND DIRECTION     W (260)
  HIGHEST GUST SPEED    42   HIGHEST GUST DIRECTION     W (270)
  AVERAGE WIND SPEED     7.4


SKY COVER
  POSSIBLE SUNSHINE  MM
  AVERAGE SKY COVER 0.2


WEATHER CONDITIONS
 THE FOLLOWING WEATHER WAS RECORDED TODAY.
  LIGHT RAIN
  FOG
  HAZE


RELATIVE HUMIDITY (PERCENT)
 HIGHEST    93           500 AM
 LOWEST     39           300 PM
 AVERAGE    66

..........................................................


THE MARTINSBURG WV CLIMATE NORMALS FOR TOMORROW
                         NORMAL    RECORD    YEAR
 MAXIMUM TEMPERATURE (F)   69        91      1974
 MINIMUM TEMPERATURE (F)   45        30      1944


SUNRISE AND SUNSET
APRIL 29 2017.........SUNRISE   615 AM EDT   SUNSET   804 PM EDT
APRIL 30 2017.........SUNRISE   614 AM EDT   SUNSET   805 PM EDT


-  INDICATES NEGATIVE NUMBERS.
R  INDICATES RECORD WAS SET OR TIED.
MM INDICATES DATA IS MISSING.
T  INDICATES TRACE AMOUNT.




$$
