000
CDUS41 KLWX 230523
CLIMRB


CLIMATE REPORT
NATIONAL WEATHER SERVICE BALTIMORE MD/WASHINGTON DC
123 AM EDT SAT SEP 23 2017


...................................

...THE MARTINSBURG WV CLIMATE SUMMARY FOR SEPTEMBER 22 2017...

CLIMATE NORMAL PERIOD 1981 TO 2010
CLIMATE RECORD PERIOD 1926 TO 2017


WEATHER ITEM   OBSERVED TIME   RECORD YEAR NORMAL DEPARTURE LAST
                VALUE   (LST)  VALUE       VALUE  FROM      YEAR
                                                  NORMAL
..................................................................
TEMPERATURE (F)
 YESTERDAY
  MAXIMUM         82    200 PM  97    1931  74      8       86
  MINIMUM         59   1159 PM  32    1962  51      8       57
  AVERAGE         71                        63      8       72

PRECIPITATION (IN)
  YESTERDAY        0.00          1.12 1975   0.12  -0.12     0.00
  MONTH TO DATE    1.46                      2.63  -1.17     1.02
  SINCE SEP 1      1.46                      2.63  -1.17     1.02
  SINCE JAN 1     28.40                     28.87  -0.47    17.87

DEGREE DAYS
 HEATING
  YESTERDAY        0                         4     -4        0
  MONTH TO DATE   45                        43      2        0
  SINCE SEP 1     45                        43      2        0
  SINCE JUL 1     47                        50     -3        0

 COOLING
  YESTERDAY        6                         2      4        7
  MONTH TO DATE   76                        83     -7      191
  SINCE SEP 1     76                        83     -7      191
  SINCE JAN 1    972                       875     97     1263
..................................................................


WIND (MPH)
  HIGHEST WIND SPEED    10   HIGHEST WIND DIRECTION    NW (330)
  HIGHEST GUST SPEED    13   HIGHEST GUST DIRECTION    NW (320)
  AVERAGE WIND SPEED     1.4


SKY COVER
  POSSIBLE SUNSHINE  MM
  AVERAGE SKY COVER 0.0


WEATHER CONDITIONS
 THE FOLLOWING WEATHER WAS RECORDED YESTERDAY.
  FOG


RELATIVE HUMIDITY (PERCENT)
 HIGHEST    97           200 AM
 LOWEST     47           100 PM
 AVERAGE    72

..........................................................


THE MARTINSBURG WV CLIMATE NORMALS FOR TODAY
                         NORMAL    RECORD    YEAR
 MAXIMUM TEMPERATURE (F)   74       101      1931
 MINIMUM TEMPERATURE (F)   51        31      1963


SUNRISE AND SUNSET
SEPTEMBER 23 2017.....SUNRISE   701 AM EDT   SUNSET   707 PM EDT
SEPTEMBER 24 2017.....SUNRISE   702 AM EDT   SUNSET   705 PM EDT


-  INDICATES NEGATIVE NUMBERS.
R  INDICATES RECORD WAS SET OR TIED.
MM INDICATES DATA IS MISSING.
T  INDICATES TRACE AMOUNT.




$$
