000
CDUS41 KLWX 280528
CLIMRB


CLIMATE REPORT
NATIONAL WEATHER SERVICE BALTIMORE MD/WASHINGTON DC
1227 AM EST WED JAN 28 2015


...................................

...THE MARTINSBURG WV CLIMATE SUMMARY FOR JANUARY 27 2015...

CLIMATE NORMAL PERIOD 1981 TO 2010
CLIMATE RECORD PERIOD 1926 TO 2015


WEATHER ITEM   OBSERVED TIME   RECORD YEAR NORMAL DEPARTURE LAST
                VALUE   (LST)  VALUE       VALUE  FROM      YEAR
                                                  NORMAL
..................................................................
TEMPERATURE (F)
 YESTERDAY
  MAXIMUM         33    310 PM  73    1974  40     -7       39
  MINIMUM         25   1159 PM  -6    1987  23      2       14
  AVERAGE         29                        31     -2       27

PRECIPITATION (IN)
  YESTERDAY        0.11          1.23 1967   0.08   0.03     0.00
  MONTH TO DATE    2.05                      2.10  -0.05     1.04
  SINCE DEC 1      4.82                      4.81   0.01     5.94
  SINCE JAN 1      2.05                      2.10  -0.05     1.04

DEGREE DAYS
 HEATING
  YESTERDAY       36                        34      2       38
  MONTH TO DATE  911                       918     -7     1031
  SINCE DEC 1   1721                      1874   -153     1888
  SINCE JUL 1   2680                      2944   -264     2979

 COOLING
  YESTERDAY        0                         0      0        0
  MONTH TO DATE    0                         0      0        0
  SINCE DEC 1      0                         0      0        0
  SINCE JAN 1      0                         0      0        0
..................................................................


WIND (MPH)
  HIGHEST WIND SPEED    22   HIGHEST WIND DIRECTION    NW (310)
  HIGHEST GUST SPEED    27   HIGHEST GUST DIRECTION    NW (300)
  AVERAGE WIND SPEED    12.0


SKY COVER
  POSSIBLE SUNSHINE  MM
  AVERAGE SKY COVER 0.9


WEATHER CONDITIONS
 THE FOLLOWING WEATHER WAS RECORDED YESTERDAY.
  LIGHT SNOW
  HAZE


RELATIVE HUMIDITY (PERCENT)
 HIGHEST    81          1200 AM
 LOWEST     55          1000 PM
 AVERAGE    68

..........................................................


THE MARTINSBURG WV CLIMATE NORMALS FOR TODAY
                         NORMAL    RECORD    YEAR
 MAXIMUM TEMPERATURE (F)   40        70      1944
 MINIMUM TEMPERATURE (F)   23       -10      1935


SUNRISE AND SUNSET
JANUARY 28 2015.......SUNRISE   723 AM EST   SUNSET   527 PM EST
JANUARY 29 2015.......SUNRISE   722 AM EST   SUNSET   528 PM EST


-  INDICATES NEGATIVE NUMBERS.
R  INDICATES RECORD WAS SET OR TIED.
MM INDICATES DATA IS MISSING.
T  INDICATES TRACE AMOUNT.




$$
