000
CDUS41 KLWX 190535
CLIMRB


CLIMATE REPORT
NATIONAL WEATHER SERVICE BALTIMORE MD/WASHINGTON DC
1231 AM EST SUN FEB 19 2017


...................................

...THE MARTINSBURG WV CLIMATE SUMMARY FOR FEBRUARY 18 2017...

CLIMATE NORMAL PERIOD 1981 TO 2010
CLIMATE RECORD PERIOD 1926 TO 2017


WEATHER ITEM   OBSERVED TIME   RECORD YEAR NORMAL DEPARTURE LAST
                VALUE   (LST)  VALUE       VALUE  FROM      YEAR
                                                  NORMAL
..................................................................
TEMPERATURE (F)
 YESTERDAY
  MAXIMUM         71    343 PM  74    2011  44     27       38
  MINIMUM         25    509 AM  -1    1979  25      0       19
  AVERAGE         48                        34     14       29

PRECIPITATION (IN)
  YESTERDAY        0.00          1.06 2000   0.09  -0.09     0.00
  MONTH TO DATE    0.66                      1.48  -0.82     1.68
  SINCE DEC 1      5.92                      6.63  -0.71     5.70
  SINCE JAN 1      4.13                      3.92   0.21     3.04

DEGREE DAYS
 HEATING
  YESTERDAY       17                        31    -14       36
  MONTH TO DATE  451                       580   -129      617
  SINCE DEC 1   2142                      2593   -451     2301
  SINCE JUL 1   2946                      3663   -717     3159

 COOLING
  YESTERDAY        0                         0      0        0
  MONTH TO DATE    0                         0      0        0
  SINCE DEC 1      0                         0      0        0
  SINCE JAN 1      0                         0      0        0
..................................................................


WIND (MPH)
  HIGHEST WIND SPEED    17   HIGHEST WIND DIRECTION     W (260)
  HIGHEST GUST SPEED    23   HIGHEST GUST DIRECTION     W (250)
  AVERAGE WIND SPEED     6.2


SKY COVER
  POSSIBLE SUNSHINE  MM
  AVERAGE SKY COVER 0.0


WEATHER CONDITIONS
 THE FOLLOWING WEATHER WAS RECORDED YESTERDAY.
  NO SIGNIFICANT WEATHER WAS OBSERVED.


RELATIVE HUMIDITY (PERCENT)
 HIGHEST    81           500 AM
 LOWEST     23           300 PM
 AVERAGE    52

..........................................................


THE MARTINSBURG WV CLIMATE NORMALS FOR TODAY
                         NORMAL    RECORD    YEAR
 MAXIMUM TEMPERATURE (F)   44        71      1948
 MINIMUM TEMPERATURE (F)   25         5      1936


SUNRISE AND SUNSET
FEBRUARY 19 2017......SUNRISE   658 AM EST   SUNSET   554 PM EST
FEBRUARY 20 2017......SUNRISE   657 AM EST   SUNSET   555 PM EST


-  INDICATES NEGATIVE NUMBERS.
R  INDICATES RECORD WAS SET OR TIED.
MM INDICATES DATA IS MISSING.
T  INDICATES TRACE AMOUNT.




$$
