000
CDUS41 KLWX 270524
CLIMRB


CLIMATE REPORT
NATIONAL WEATHER SERVICE BALTIMORE MD/WASHINGTON DC
123 AM EDT WED MAY 27 2015


...................................

...THE MARTINSBURG WV CLIMATE SUMMARY FOR MAY 26 2015...

CLIMATE NORMAL PERIOD 1981 TO 2010
CLIMATE RECORD PERIOD 1926 TO 2015


WEATHER ITEM   OBSERVED TIME   RECORD YEAR NORMAL DEPARTURE LAST
                VALUE   (LST)  VALUE       VALUE  FROM      YEAR
                                                  NORMAL
..................................................................
TEMPERATURE (F)
 YESTERDAY
  MAXIMUM         84    520 PM  92    1991  75      9       86
  MINIMUM         59    505 AM  38    1972  53      6       51
  AVERAGE         72                        64      8       69

PRECIPITATION (IN)
  YESTERDAY        0.00          1.75 1990   0.13  -0.13     0.00
  MONTH TO DATE    1.95                      3.44  -1.49     4.74
  SINCE MAR 1      7.57                     10.30  -2.73    10.57
  SINCE JAN 1      9.86                     15.08  -5.22    14.32

DEGREE DAYS
 HEATING
  YESTERDAY        0                         4     -4        0
  MONTH TO DATE   65                       155    -90       90
  SINCE MAR 1   1092                      1256   -164     1287
  SINCE JUL 1   5015                      5212   -197     5380

 COOLING
  YESTERDAY        7                         3      4        4
  MONTH TO DATE   95                        37     58       53
  SINCE MAR 1     96                        46     50       60
  SINCE JAN 1     96                        46     50       60
..................................................................


WIND (MPH)
  HIGHEST WIND SPEED    13   HIGHEST WIND DIRECTION     S (200)
  HIGHEST GUST SPEED    17   HIGHEST GUST DIRECTION    SW (210)
  AVERAGE WIND SPEED     3.7


SKY COVER
  POSSIBLE SUNSHINE  MM
  AVERAGE SKY COVER 0.0


WEATHER CONDITIONS
 THE FOLLOWING WEATHER WAS RECORDED YESTERDAY.
  HAZE


RELATIVE HUMIDITY (PERCENT)
 HIGHEST    90          1100 PM
 LOWEST     51          1100 AM
 AVERAGE    71

..........................................................


THE MARTINSBURG WV CLIMATE NORMALS FOR TODAY
                         NORMAL    RECORD    YEAR
 MAXIMUM TEMPERATURE (F)   76        95      1941
 MINIMUM TEMPERATURE (F)   53        37      1958


SUNRISE AND SUNSET
MAY 27 2015...........SUNRISE   550 AM EDT   SUNSET   829 PM EDT
MAY 28 2015...........SUNRISE   549 AM EDT   SUNSET   830 PM EDT


-  INDICATES NEGATIVE NUMBERS.
R  INDICATES RECORD WAS SET OR TIED.
MM INDICATES DATA IS MISSING.
T  INDICATES TRACE AMOUNT.




$$
