000
CDUS41 KLWX 310523
CLIMRB


CLIMATE REPORT
NATIONAL WEATHER SERVICE BALTIMORE MD/WASHINGTON DC
123 AM EDT WED AUG 31 2016


...................................

...THE MARTINSBURG WV CLIMATE SUMMARY FOR AUGUST 30 2016...

CLIMATE NORMAL PERIOD 1981 TO 2010
CLIMATE RECORD PERIOD 1926 TO 2016


WEATHER ITEM   OBSERVED TIME   RECORD YEAR NORMAL DEPARTURE LAST
                VALUE   (LST)  VALUE       VALUE  FROM      YEAR
                                                  NORMAL
..................................................................
TEMPERATURE (F)
 YESTERDAY
  MAXIMUM         87    445 PM 101    1953  82      5       91
  MINIMUM         64    508 AM  40    1986  60      4       60
  AVERAGE         76                        71      5       76

PRECIPITATION (IN)
  YESTERDAY        0.00          1.03 1977   0.09  -0.09     0.00
  MONTH TO DATE    2.19                      2.98  -0.79     1.36
  SINCE JUN 1      5.26                     10.41  -5.15     8.01
  SINCE JAN 1     16.85                     26.14  -9.29    18.95

DEGREE DAYS
 HEATING
  YESTERDAY        0                         0      0        0
  MONTH TO DATE    0                         0      0        0
  SINCE JUN 1      5                        25    -20       15
  SINCE JUL 1      0                         1     -1        0

 COOLING
  YESTERDAY       11                         6      5       11
  MONTH TO DATE  369                       242    127      243
  SINCE JUN 1    988                       728    260      808
  SINCE JAN 1   1061                       785    276      956
..................................................................


WIND (MPH)
  HIGHEST WIND SPEED     9   HIGHEST WIND DIRECTION    SE (150)
  HIGHEST GUST SPEED    12   HIGHEST GUST DIRECTION    SE (140)
  AVERAGE WIND SPEED     2.5


SKY COVER
  POSSIBLE SUNSHINE  MM
  AVERAGE SKY COVER 0.0


WEATHER CONDITIONS
 THE FOLLOWING WEATHER WAS RECORDED YESTERDAY.
  NO SIGNIFICANT WEATHER WAS OBSERVED.


RELATIVE HUMIDITY (PERCENT)
 HIGHEST    87           500 AM
 LOWEST     42           300 PM
 AVERAGE    65

..........................................................


THE MARTINSBURG WV CLIMATE NORMALS FOR TODAY
                         NORMAL    RECORD    YEAR
 MAXIMUM TEMPERATURE (F)   82       100      1953
 MINIMUM TEMPERATURE (F)   59        43      1934


SUNRISE AND SUNSET
AUGUST 31 2016........SUNRISE   640 AM EDT   SUNSET   743 PM EDT
SEPTEMBER  1 2016.....SUNRISE   641 AM EDT   SUNSET   742 PM EDT


-  INDICATES NEGATIVE NUMBERS.
R  INDICATES RECORD WAS SET OR TIED.
MM INDICATES DATA IS MISSING.
T  INDICATES TRACE AMOUNT.




$$
