000
CDUS44 KHUN 230703
CLIMSL


CLIMATE REPORT
NATIONAL WEATHER SERVICE HUNTSVILLE AL
203 AM CDT TUE MAY 23 2017


...................................

...THE MUSCLE SHOALS CLIMATE SUMMARY FOR MAY 22 2017...

CLIMATE NORMAL PERIOD 1981 TO 2010
CLIMATE RECORD PERIOD 1893 TO 2017


WEATHER ITEM   OBSERVED TIME   RECORD YEAR NORMAL DEPARTURE LAST
                VALUE   (LST)  VALUE       VALUE  FROM      YEAR
                                                  NORMAL
..................................................................
TEMPERATURE (F)
 YESTERDAY
  MAXIMUM         79    232 PM  95    1925  82     -3       82
  MINIMUM         64    546 AM  43    2002  60      4       55
  AVERAGE         72                        71      1       69

PRECIPITATION (IN)
  YESTERDAY        0.04          3.17 1911   0.16  -0.12     0.00
  MONTH TO DATE    1.84                      3.63  -1.79     1.16
  SINCE MAR 1     10.61                     12.74  -2.13     9.35
  SINCE JAN 1     17.85                     22.01  -4.16    16.48

SNOWFALL (IN)
  YESTERDAY        0.0
  MONTH TO DATE    0.0
  SINCE MAR 1      T
  SINCE JUL 1      T
  SNOW DEPTH       0

DEGREE DAYS
 HEATING
  YESTERDAY        0                         1     -1        0
  MONTH TO DATE   33                        29      4       26
  SINCE MAR 1    413                       567   -154      359
  SINCE JUL 1   2093                      3102  -1009     2360

 COOLING
  YESTERDAY        7                         7      0        4
  MONTH TO DATE  116                       108      8       79
  SINCE MAR 1    256                       172     84      163
  SINCE JAN 1    264                       173     91      163
..................................................................


WIND (MPH)
  HIGHEST WIND SPEED    13   HIGHEST WIND DIRECTION    NE (50)
  HIGHEST GUST SPEED    19   HIGHEST GUST DIRECTION    NE (60)
  AVERAGE WIND SPEED     3.0


SKY COVER
  POSSIBLE SUNSHINE  MM
  AVERAGE SKY COVER 0.3


WEATHER CONDITIONS
 THE FOLLOWING WEATHER WAS RECORDED YESTERDAY.
  LIGHT RAIN
  FOG


RELATIVE HUMIDITY (PERCENT)
 HIGHEST    87           900 PM
 LOWEST     48           200 PM
 AVERAGE    68

..........................................................


THE MUSCLE SHOALS CLIMATE NORMALS FOR TODAY
                         NORMAL    RECORD    YEAR
 MAXIMUM TEMPERATURE (F)   83        94      1925
 MINIMUM TEMPERATURE (F)   61        45      1931


SUNRISE AND SUNSET
MAY 23 2017...........SUNRISE   542 AM CDT   SUNSET   753 PM CDT
MAY 24 2017...........SUNRISE   542 AM CDT   SUNSET   753 PM CDT


-  INDICATES NEGATIVE NUMBERS.
R  INDICATES RECORD WAS SET OR TIED.
MM INDICATES DATA IS MISSING.
T  INDICATES TRACE AMOUNT.




$$
