000
CDUS44 KHUN 190801
CLIMSL


CLIMATE REPORT
NATIONAL WEATHER SERVICE HUNTSVILLE AL
201 AM CST SUN FEB 19 2017


...................................

...THE MUSCLE SHOALS CLIMATE SUMMARY FOR FEBRUARY 18 2017...

CLIMATE NORMAL PERIOD 1981 TO 2010
CLIMATE RECORD PERIOD 1893 TO 2017


WEATHER ITEM   OBSERVED TIME   RECORD YEAR NORMAL DEPARTURE LAST
                VALUE   (LST)  VALUE       VALUE  FROM      YEAR
                                                  NORMAL
..................................................................
TEMPERATURE (F)
 YESTERDAY
  MAXIMUM         62    148 PM  76    2009  56      6       65
                                      2000
                                      1916
  MINIMUM         48   1104 PM  -2    1958  36     12       30
  AVERAGE         55                        46      9       48

PRECIPITATION (IN)
  YESTERDAY        0.04          4.41 1991   0.16  -0.12     0.00
  MONTH TO DATE    1.47                      2.96  -1.49     2.16
  SINCE DEC 1     11.53                     13.25  -1.72    12.75
  SINCE JAN 1      6.19                      7.57  -1.38     5.81

SNOWFALL (IN)
  YESTERDAY        0.0
  MONTH TO DATE    0.0
  SINCE DEC 1      T
  SINCE JUL 1      T
  SNOW DEPTH       0

DEGREE DAYS
 HEATING
  YESTERDAY       10                        19     -9       17
  MONTH TO DATE  256                       379   -123      405
  SINCE DEC 1   1284                      1797   -513     1519
  SINCE JUL 1   1612                      2359   -747     1884

 COOLING
  YESTERDAY        0                         0      0        0
  MONTH TO DATE    0                         0      0        0
  SINCE DEC 1      6                         1      5       22
  SINCE JAN 1      4                         0      4        0
..................................................................


WIND (MPH)
  HIGHEST WIND SPEED    12   HIGHEST WIND DIRECTION     S (200)
  HIGHEST GUST SPEED    14   HIGHEST GUST DIRECTION    SW (220)
  AVERAGE WIND SPEED     3.9


SKY COVER
  POSSIBLE SUNSHINE  MM
  AVERAGE SKY COVER 0.8


WEATHER CONDITIONS
 THE FOLLOWING WEATHER WAS RECORDED YESTERDAY.
  LIGHT RAIN
  FOG


RELATIVE HUMIDITY (PERCENT)
 HIGHEST    93          1000 PM
 LOWEST     54           100 AM
 AVERAGE    74

..........................................................


THE MUSCLE SHOALS CLIMATE NORMALS FOR TODAY
                         NORMAL    RECORD    YEAR
 MAXIMUM TEMPERATURE (F)   56        76      1986
                                             1917
 MINIMUM TEMPERATURE (F)   36         5      1958


SUNRISE AND SUNSET
FEBRUARY 19 2017......SUNRISE   631 AM CST   SUNSET   538 PM CST
FEBRUARY 20 2017......SUNRISE   630 AM CST   SUNSET   538 PM CST


-  INDICATES NEGATIVE NUMBERS.
R  INDICATES RECORD WAS SET OR TIED.
MM INDICATES DATA IS MISSING.
T  INDICATES TRACE AMOUNT.




$$
