000
CDUS44 KHUN 230802
CLIMSL


CLIMATE REPORT
NATIONAL WEATHER SERVICE HUNTSVILLE AL
202 AM CST SUN NOV 23 2014


...................................

...THE MUSCLE SHOALS CLIMATE SUMMARY FOR NOVEMBER 22 2014...

CLIMATE NORMAL PERIOD 1981 TO 2010
CLIMATE RECORD PERIOD 1893 TO 2014


WEATHER ITEM   OBSERVED TIME   RECORD YEAR NORMAL DEPARTURE LAST
                VALUE   (LST)  VALUE       VALUE  FROM      YEAR
                                                  NORMAL
..................................................................
TEMPERATURE (F)
 YESTERDAY
  MAXIMUM         68    130 PM  81    1913  61      7       62
  MINIMUM         39    607 AM  17    2008  39      0       50
  AVERAGE         54                        50      4       56

PRECIPITATION (IN)
  YESTERDAY        0.00         99.99 2013   0.18  -0.18     0.33
  MONTH TO DATE    3.93                      3.20   0.73     1.75
  SINCE SEP 1     13.58                     10.35   3.23     6.02
  SINCE JAN 1     46.78                     46.06   0.72    48.91

SNOWFALL (IN)
  YESTERDAY        0.0
  MONTH TO DATE    T
  SINCE SEP 1      T
  SINCE JUL 1      T
  SNOW DEPTH       0

DEGREE DAYS
 HEATING
  YESTERDAY       11                        15     -4        9
  MONTH TO DATE  412                       262    150      267
  SINCE SEP 1    522                       430     92      397
  SINCE JUL 1    522                       430     92      397

 COOLING
  YESTERDAY        0                         0      0        0
  MONTH TO DATE    0                         4     -4        1
  SINCE SEP 1    407                       325     82      414
  SINCE JAN 1   1860                      1868     -8     1895
..................................................................


WIND (MPH)
  HIGHEST WIND SPEED    18   HIGHEST WIND DIRECTION     S (160)
  HIGHEST GUST SPEED    23   HIGHEST GUST DIRECTION    SE (140)
  AVERAGE WIND SPEED     6.9


SKY COVER
  POSSIBLE SUNSHINE  MM
  AVERAGE SKY COVER 0.3


WEATHER CONDITIONS
 THE FOLLOWING WEATHER WAS RECORDED YESTERDAY.
  NO SIGNIFICANT WEATHER WAS OBSERVED.


RELATIVE HUMIDITY (PERCENT)
 HIGHEST    76           200 AM
 LOWEST     31          1200 PM
 AVERAGE    54

..........................................................


THE MUSCLE SHOALS CLIMATE NORMALS FOR TODAY
                         NORMAL    RECORD    YEAR
 MAXIMUM TEMPERATURE (F)   60        78      1931
                                             1913
 MINIMUM TEMPERATURE (F)   39        19      1937


SUNRISE AND SUNSET
NOVEMBER 23 2014......SUNRISE   632 AM CST   SUNSET   441 PM CST
NOVEMBER 24 2014......SUNRISE   633 AM CST   SUNSET   441 PM CST


-  INDICATES NEGATIVE NUMBERS.
R  INDICATES RECORD WAS SET OR TIED.
MM INDICATES DATA IS MISSING.
T  INDICATES TRACE AMOUNT.




$$
