000
CDUS44 KHUN 012122
CLIMSL


CLIMATE REPORT
NATIONAL WEATHER SERVICE HUNTSVILLE AL
422 PM CDT SUN MAY 1 2016


...................................

...THE MUSCLE SHOALS CLIMATE SUMMARY FOR MAY 1 2016...
VALID TODAY AS OF 0400 PM LOCAL TIME.

CLIMATE NORMAL PERIOD 1981 TO 2010
CLIMATE RECORD PERIOD 1893 TO 2016


WEATHER ITEM   OBSERVED TIME   RECORD YEAR NORMAL DEPARTURE LAST
                VALUE   (LST)  VALUE       VALUE  FROM      YEAR
                                                  NORMAL
..................................................................
TEMPERATURE (F)
 TODAY
  MAXIMUM         78   1224 PM  92    1901  77      1       72
  MINIMUM         63    329 AM  36    1918  54      9       48
  AVERAGE         71                        66      5       60

PRECIPITATION (IN)
  TODAY            0.00          3.08 1967   0.15  -0.15     0.00
  MONTH TO DATE    0.00                      0.15  -0.15     0.00
  SINCE MAR 1      8.18                      9.26  -1.08    11.60
  SINCE JAN 1     15.31                     18.53  -3.22    18.88

SNOWFALL (IN)
  TODAY            0.0
  MONTH TO DATE    0.0
  SINCE MAR 1      0.0
  SINCE JUL 1      T
  SNOW DEPTH       0

DEGREE DAYS
 HEATING
  TODAY            0                         2     -2        5
  MONTH TO DATE    0                         2     -2        5
  SINCE MAR 1    333                       540   -207      448
  SINCE JUL 1   2334                      3075   -741     3219

 COOLING
  TODAY            6                         3      3        0
  MONTH TO DATE    6                         3      3        0
  SINCE MAR 1     90                        67     23       56
  SINCE JAN 1     90                        68     22       56
..................................................................


WIND (MPH)
  HIGHEST WIND SPEED    25   HIGHEST WIND DIRECTION    SW (220)
  HIGHEST GUST SPEED    20   HIGHEST GUST DIRECTION    SW (220)
  AVERAGE WIND SPEED    MM


SKY COVER
  POSSIBLE SUNSHINE  MM
  AVERAGE SKY COVER  MM


WEATHER CONDITIONS
 THE FOLLOWING WEATHER WAS RECORDED TODAY.
  FOG


RELATIVE HUMIDITY (PERCENT)
 HIGHEST    MM
 LOWEST     MM
 AVERAGE    MM

..........................................................


THE MUSCLE SHOALS CLIMATE NORMALS FOR TOMORROW
                         NORMAL    RECORD    YEAR
 MAXIMUM TEMPERATURE (F)   78        92      2012
                                             1901
 MINIMUM TEMPERATURE (F)   55        32      1909


SUNRISE AND SUNSET
MAY  1 2016...........SUNRISE   600 AM CDT   SUNSET   736 PM CDT
MAY  2 2016...........SUNRISE   559 AM CDT   SUNSET   737 PM CDT


-  INDICATES NEGATIVE NUMBERS.
R  INDICATES RECORD WAS SET OR TIED.
MM INDICATES DATA IS MISSING.
T  INDICATES TRACE AMOUNT.




$$
