000
CDUS44 KHUN 170718
CLIMSL


CLIMATE REPORT
NATIONAL WEATHER SERVICE HUNTSVILLE AL
218 AM CDT THU APR 17 2014


...................................

...THE MUSCLE SHOALS CLIMATE SUMMARY FOR APRIL 16 2014...

CLIMATE NORMAL PERIOD 1981 TO 2010
CLIMATE RECORD PERIOD 1893 TO 2014


WEATHER ITEM   OBSERVED TIME   RECORD YEAR NORMAL DEPARTURE LAST
                VALUE   (LST)  VALUE       VALUE  FROM      YEAR
                                                  NORMAL
..................................................................
TEMPERATURE (F)
 YESTERDAY
  MAXIMUM         63    458 PM  90    1955  74    -11       85
  MINIMUM         36    550 AM  30    1893  50    -14       61
  AVERAGE         50                        62    -12       73

PRECIPITATION (IN)
  YESTERDAY        0.00          3.62 1921   0.14  -0.14     0.00
  MONTH TO DATE    3.28                      2.33   0.95     1.96
  SINCE MAR 1      5.90                      7.09  -1.19     6.73
  SINCE JAN 1     11.59                     16.36  -4.77    18.23

SNOWFALL (IN)
  YESTERDAY        0.0
  MONTH TO DATE    0.0
  SINCE MAR 1      T
  SINCE JUL 1      1.4
  SNOW DEPTH       0

DEGREE DAYS
 HEATING
  YESTERDAY       15                         5     10        0
  MONTH TO DATE  106                       109     -3       95
  SINCE MAR 1    549                       487     62      615
  SINCE JUL 1   3320                      3022    298     2831

 COOLING
  YESTERDAY        0                         2     -2        8
  MONTH TO DATE   27                        20      7       28
  SINCE MAR 1     27                        32     -5       29
  SINCE JAN 1     27                        33     -6       36
..................................................................


WIND (MPH)
  HIGHEST WIND SPEED    18   HIGHEST WIND DIRECTION     E (90)
  HIGHEST GUST SPEED    22   HIGHEST GUST DIRECTION     E (90)
  AVERAGE WIND SPEED     5.8


SKY COVER
  POSSIBLE SUNSHINE  MM
  AVERAGE SKY COVER 0.0


WEATHER CONDITIONS
 THE FOLLOWING WEATHER WAS RECORDED YESTERDAY.
  NO SIGNIFICANT WEATHER WAS OBSERVED.


RELATIVE HUMIDITY (PERCENT)
 HIGHEST    76           800 PM
 LOWEST     30           400 PM
 AVERAGE    53

..........................................................


THE MUSCLE SHOALS CLIMATE NORMALS FOR TODAY
                         NORMAL    RECORD    YEAR
 MAXIMUM TEMPERATURE (F)   74        92      2006
 MINIMUM TEMPERATURE (F)   50        27      1905


SUNRISE AND SUNSET
APRIL 17 2014.........SUNRISE   616 AM CDT   SUNSET   724 PM CDT
APRIL 18 2014.........SUNRISE   615 AM CDT   SUNSET   725 PM CDT


-  INDICATES NEGATIVE NUMBERS.
R  INDICATES RECORD WAS SET OR TIED.
MM INDICATES DATA IS MISSING.
T  INDICATES TRACE AMOUNT.




$$
