000
CDUS44 KHUN 170801
CLIMSL


CLIMATE REPORT
NATIONAL WEATHER SERVICE HUNTSVILLE AL
200 AM CST FRI NOV 17 2017


...................................

...THE MUSCLE SHOALS CLIMATE SUMMARY FOR NOVEMBER 16 2017...

CLIMATE NORMAL PERIOD 1981 TO 2010
CLIMATE RECORD PERIOD 1893 TO 2017


WEATHER ITEM   OBSERVED TIME   RECORD YEAR NORMAL DEPARTURE LAST
                VALUE   (LST)  VALUE       VALUE  FROM      YEAR
                                                  NORMAL
..................................................................
TEMPERATURE (F)
 YESTERDAY
  MAXIMUM         66    327 PM  81    1902  63      3       77
  MINIMUM         38   1159 PM  13    1940  41     -3       38
                                      1916
  AVERAGE         52                        52      0       58

PRECIPITATION (IN)
  YESTERDAY        0.00          1.97 2014   0.16  -0.16     0.00
  MONTH TO DATE    0.90                      2.17  -1.27      T
  SINCE SEP 1      9.18                      9.32  -0.14     0.58
  SINCE JAN 1     43.00                     45.03  -2.03    32.21

SNOWFALL (IN)
  YESTERDAY        0.0
  MONTH TO DATE    0.0
  SINCE SEP 1      0.0
  SINCE JUL 1      0.0
  SNOW DEPTH       0

DEGREE DAYS
 HEATING
  YESTERDAY       13                        13      0        7
  MONTH TO DATE  130                       175    -45      107
  SINCE SEP 1    281                       343    -62      140
  SINCE JUL 1    281                       343    -62      140

 COOLING
  YESTERDAY        0                         0      0        0
  MONTH TO DATE   24                         4     20       20
  SINCE SEP 1    348                       325     23      563
  SINCE JAN 1   1973                      1868    105     2366
..................................................................


WIND (MPH)
  HIGHEST WIND SPEED     9   HIGHEST WIND DIRECTION     E (70)
  HIGHEST GUST SPEED    13   HIGHEST GUST DIRECTION     E (70)
  AVERAGE WIND SPEED     3.3


SKY COVER
  POSSIBLE SUNSHINE  MM
  AVERAGE SKY COVER 0.3


WEATHER CONDITIONS
 THE FOLLOWING WEATHER WAS RECORDED YESTERDAY.
  NO SIGNIFICANT WEATHER WAS OBSERVED.


RELATIVE HUMIDITY (PERCENT)
 HIGHEST    93           300 AM
 LOWEST     37           300 PM
 AVERAGE    65

..........................................................


THE MUSCLE SHOALS CLIMATE NORMALS FOR TODAY
                         NORMAL    RECORD    YEAR
 MAXIMUM TEMPERATURE (F)   63        82      2016
 MINIMUM TEMPERATURE (F)   41        12      1940


SUNRISE AND SUNSET
NOVEMBER 17 2017......SUNRISE   627 AM CST   SUNSET   444 PM CST
NOVEMBER 18 2017......SUNRISE   628 AM CST   SUNSET   444 PM CST


-  INDICATES NEGATIVE NUMBERS.
R  INDICATES RECORD WAS SET OR TIED.
MM INDICATES DATA IS MISSING.
T  INDICATES TRACE AMOUNT.




$$
