000
CDUS43 KMKX 050641
CLIMSN


CLIMATE REPORT
NATIONAL WEATHER SERVICE IN MILWAUKEE
140 AM CDT SAT SEP 5 2015


...................................

...THE MADISON WI CLIMATE SUMMARY FOR SEPTEMBER 4 2015...

CLIMATE NORMAL PERIOD 1981 TO 2010
CLIMATE RECORD PERIOD 1871 TO 2015


WEATHER ITEM   OBSERVED TIME   RECORD YEAR NORMAL DEPARTURE LAST
                VALUE   (LST)  VALUE       VALUE  FROM      YEAR
                                                  NORMAL
..................................................................
TEMPERATURE (F)
 YESTERDAY
  MAXIMUM         84    346 PM  94    1925  76      8       84
  MINIMUM         68   1159 PM  35    1974  55     13       68
  AVERAGE         76                        66     10       76

PRECIPITATION (IN)
  YESTERDAY        0.00          1.81 1890   0.12  -0.12     0.80
  MONTH TO DATE    0.00                      0.46  -0.46     0.87
  SINCE SEP 1      0.00                      0.46  -0.46     0.87
  SINCE JAN 1     22.79                     25.28  -2.49    28.68

SNOWFALL (IN)
  YESTERDAY        0.0           0.0    MM   0.0    0.0      0.0
  MONTH TO DATE    0.0                       0.0    0.0      0.0
  SINCE SEP 1      0.0                       0.0    0.0      0.0
  SINCE JUL 1      0.0                       0.0    0.0      0.0
  SNOW DEPTH       0

DEGREE DAYS
 HEATING
  YESTERDAY        0                         2     -2        0
  MONTH TO DATE    0                         8     -8        0
  SINCE SEP 1      0                         8     -8        0
  SINCE JUL 1     32                        45    -13       17

 COOLING
  YESTERDAY       11                         3      8       11
  MONTH TO DATE   51                        12     39       25
  SINCE SEP 1     51                        12     39       25
  SINCE JAN 1    580                       525     55      601
..................................................................


WIND (MPH)
  HIGHEST WIND SPEED    13   HIGHEST WIND DIRECTION    SE (130)
  HIGHEST GUST SPEED    16   HIGHEST GUST DIRECTION    SE (130)
  AVERAGE WIND SPEED     4.1


SKY COVER
  POSSIBLE SUNSHINE  MM
  AVERAGE SKY COVER 0.6


WEATHER CONDITIONS
 THE FOLLOWING WEATHER WAS RECORDED YESTERDAY.
  FOG
  HAZE


RELATIVE HUMIDITY (PERCENT)
 HIGHEST    90           500 AM
 LOWEST     65           200 PM
 AVERAGE    78

..........................................................


THE MADISON WI CLIMATE NORMALS FOR TODAY
                         NORMAL    RECORD    YEAR
 MAXIMUM TEMPERATURE (F)   76        93      1954
                                             1922
 MINIMUM TEMPERATURE (F)   55        36      1962


SUNRISE AND SUNSET
SEPTEMBER  5 2015.....SUNRISE   626 AM CDT   SUNSET   726 PM CDT
SEPTEMBER  6 2015.....SUNRISE   627 AM CDT   SUNSET   724 PM CDT


-  INDICATES NEGATIVE NUMBERS.
R  INDICATES RECORD WAS SET OR TIED.
MM INDICATES DATA IS MISSING.
T  INDICATES TRACE AMOUNT.




$$
