000
CDUS43 KMKX 180652
CLIMSN


CLIMATE REPORT
NATIONAL WEATHER SERVICE IN MILWAUKEE
1252 AM CST THU JAN 18 2018


...................................

...THE MADISON WI CLIMATE SUMMARY FOR JANUARY 17 2018...

CLIMATE NORMAL PERIOD 1981 TO 2010
CLIMATE RECORD PERIOD 1871 TO 2018


WEATHER ITEM   OBSERVED TIME   RECORD YEAR NORMAL DEPARTURE LAST
                VALUE   (LST)  VALUE       VALUE  FROM      YEAR
                                                  NORMAL
..................................................................
TEMPERATURE (F)
 YESTERDAY
  MAXIMUM         21    250 PM  54    1894  26     -5       35
  MINIMUM          0    626 AM -26    1982  11    -11       33
  AVERAGE         11                        18     -7       34

PRECIPITATION (IN)
  YESTERDAY        0.00          0.50 1877   0.04  -0.04     0.06
  MONTH TO DATE    0.39                      0.69  -0.30     1.42
  SINCE DEC 1      1.12                      2.43  -1.31     3.45
  SINCE JAN 1      0.39                      0.69  -0.30     1.42

SNOWFALL (IN)
  YESTERDAY        0.0           5.0  1953   0.4   -0.4      0.0
  MONTH TO DATE    7.6                       7.1    0.5      2.1
  SINCE DEC 1     11.3                      20.6   -9.3     24.8
  SINCE JUL 1     11.6                      24.7  -13.1     24.8
  SNOW DEPTH       3

DEGREE DAYS
 HEATING
  YESTERDAY       54                        47      7       31
  MONTH TO DATE  882                       788     94      800
  SINCE DEC 1   2205                      2088    117     2109
  SINCE JUL 1   3564                      3667   -103     3131

 COOLING
  YESTERDAY        0                         0      0        0
  MONTH TO DATE    0                         0      0        0
  SINCE DEC 1      0                         0      0        0
  SINCE JAN 1      0                         0      0        0
..................................................................


WIND (MPH)
  HIGHEST WIND SPEED    16   HIGHEST WIND DIRECTION    SW (240)
  HIGHEST GUST SPEED    31   HIGHEST GUST DIRECTION    SW (230)
  AVERAGE WIND SPEED     7.0


SKY COVER
  POSSIBLE SUNSHINE  MM
  AVERAGE SKY COVER 0.3


WEATHER CONDITIONS
 THE FOLLOWING WEATHER WAS RECORDED YESTERDAY.
  NO SIGNIFICANT WEATHER WAS OBSERVED.


RELATIVE HUMIDITY (PERCENT)
 HIGHEST    91           100 AM
 LOWEST     56           100 PM
 AVERAGE    74

..........................................................


THE MADISON WI CLIMATE NORMALS FOR TODAY
                         NORMAL    RECORD    YEAR
 MAXIMUM TEMPERATURE (F)   26        54      1996
 MINIMUM TEMPERATURE (F)   11       -27      1994


SUNRISE AND SUNSET
JANUARY 18 2018.......SUNRISE   724 AM CST   SUNSET   451 PM CST
JANUARY 19 2018.......SUNRISE   724 AM CST   SUNSET   453 PM CST


-  INDICATES NEGATIVE NUMBERS.
R  INDICATES RECORD WAS SET OR TIED.
MM INDICATES DATA IS MISSING.
T  INDICATES TRACE AMOUNT.




$$
