000
CDUS43 KMKX 270653
CLIMSN


CLIMATE REPORT
NATIONAL WEATHER SERVICE IN MILWAUKEE
152 AM CDT THU APR 27 2017


...................................

...THE MADISON WI CLIMATE SUMMARY FOR APRIL 26 2017...

CLIMATE NORMAL PERIOD 1981 TO 2010
CLIMATE RECORD PERIOD 1871 TO 2017


WEATHER ITEM   OBSERVED TIME   RECORD YEAR NORMAL DEPARTURE LAST
                VALUE   (LST)  VALUE       VALUE  FROM      YEAR
                                                  NORMAL
..................................................................
TEMPERATURE (F)
 YESTERDAY
  MAXIMUM         65   1234 AM  84    1990  62      3       49
                                      1962
  MINIMUM         47   1159 PM  25    1980  40      7       40
  AVERAGE         56                        51      5       45

PRECIPITATION (IN)
  YESTERDAY        0.78          1.00 1995   0.11   0.67      T
  MONTH TO DATE    3.76                      2.93   0.83     1.06
  SINCE MAR 1      6.59                      5.13   1.46     5.02
  SINCE JAN 1     11.29                      7.81   3.48     6.52

SNOWFALL (IN)
  YESTERDAY        0.0           T    1950   0.1   -0.1      0.0
  MONTH TO DATE    T                         2.5   -2.5      4.2
  SINCE MAR 1      8.3                       9.5   -1.2      8.2
  SINCE JUL 1     44.0                      50.6   -6.6     32.7
  SNOW DEPTH       0

DEGREE DAYS
 HEATING
  YESTERDAY        9                        15     -6       20
  MONTH TO DATE  348                       504   -156      487
  SINCE MAR 1   1297                      1467   -170     1257
  SINCE JUL 1   5809                      6953  -1144     5857

 COOLING
  YESTERDAY        0                         0      0        0
  MONTH TO DATE    0                         0      0        0
  SINCE MAR 1      0                         0      0        0
  SINCE JAN 1      0                         0      0        0
..................................................................


WIND (MPH)
  HIGHEST WIND SPEED    22   HIGHEST WIND DIRECTION     S (170)
  HIGHEST GUST SPEED    26   HIGHEST GUST DIRECTION    SE (150)
  AVERAGE WIND SPEED     7.3


SKY COVER
  POSSIBLE SUNSHINE  MM
  AVERAGE SKY COVER 0.9


WEATHER CONDITIONS
 THE FOLLOWING WEATHER WAS RECORDED YESTERDAY.
  THUNDERSTORM
  RAIN
  LIGHT RAIN
  FOG
  HAZE


RELATIVE HUMIDITY (PERCENT)
 HIGHEST    93          1000 AM
 LOWEST     60          1200 AM
 AVERAGE    77

..........................................................


THE MADISON WI CLIMATE NORMALS FOR TODAY
                         NORMAL    RECORD    YEAR
 MAXIMUM TEMPERATURE (F)   62        85      1952
 MINIMUM TEMPERATURE (F)   40        24      1976


SUNRISE AND SUNSET
APRIL 27 2017.........SUNRISE   556 AM CDT   SUNSET   754 PM CDT
APRIL 28 2017.........SUNRISE   555 AM CDT   SUNSET   755 PM CDT


-  INDICATES NEGATIVE NUMBERS.
R  INDICATES RECORD WAS SET OR TIED.
MM INDICATES DATA IS MISSING.
T  INDICATES TRACE AMOUNT.




$$
