000
CDUS43 KMKX 300652
CLIMSN


CLIMATE REPORT
NATIONAL WEATHER SERVICE IN MILWAUKEE
152 AM CDT THU OCT 30 2014


...................................

...THE MADISON WI CLIMATE SUMMARY FOR OCTOBER 29 2014...

CLIMATE NORMAL PERIOD 1981 TO 2010
CLIMATE RECORD PERIOD 1871 TO 2014


WEATHER ITEM   OBSERVED TIME   RECORD YEAR NORMAL DEPARTURE LAST
                VALUE   (LST)  VALUE       VALUE  FROM      YEAR
                                                  NORMAL
..................................................................
TEMPERATURE (F)
 YESTERDAY
  MAXIMUM         50    228 PM  82    1937  53     -3       52
  MINIMUM         31    949 PM  13    1925  35     -4       37
  AVERAGE         41                        44     -3       45

PRECIPITATION (IN)
  YESTERDAY        0.00          1.36 1996   0.08  -0.08     0.00
  MONTH TO DATE    3.08                      2.24   0.84     1.31
  SINCE SEP 1      4.92                      5.37  -0.45     4.50
  SINCE JAN 1     32.73                     30.19   2.54    40.98

SNOWFALL (IN)
  YESTERDAY        0.0           2.2  1917   0.0    0.0      0.0
  MONTH TO DATE    T                         0.4   -0.4       T
  SINCE SEP 1      T                         0.4   -0.4       T
  SINCE JUL 1      T                         0.4   -0.4       T
  SNOW DEPTH       0

DEGREE DAYS
 HEATING
  YESTERDAY       24                        21      3       20
  MONTH TO DATE  405                       463    -58      435
  SINCE SEP 1    571                       634    -63      562
  SINCE JUL 1    588                       671    -83      592

 COOLING
  YESTERDAY        0                         0      0        0
  MONTH TO DATE    0                         0      0        2
  SINCE SEP 1     44                        51     -7       96
  SINCE JAN 1    620                       564     56      709
..................................................................


WIND (MPH)
  HIGHEST WIND SPEED    18   HIGHEST WIND DIRECTION    NW (330)
  HIGHEST GUST SPEED    26   HIGHEST GUST DIRECTION    NW (300)
  AVERAGE WIND SPEED     6.8


SKY COVER
  POSSIBLE SUNSHINE  MM
  AVERAGE SKY COVER 0.6


WEATHER CONDITIONS
 THE FOLLOWING WEATHER WAS RECORDED YESTERDAY.
  NO SIGNIFICANT WEATHER WAS OBSERVED.


RELATIVE HUMIDITY (PERCENT)
 HIGHEST    89           900 PM
 LOWEST     50           300 PM
 AVERAGE    70

..........................................................


THE MADISON WI CLIMATE NORMALS FOR TODAY
                         NORMAL    RECORD    YEAR
 MAXIMUM TEMPERATURE (F)   53        78      1971
 MINIMUM TEMPERATURE (F)   35        13      1988


SUNRISE AND SUNSET
OCTOBER 30 2014.......SUNRISE   730 AM CDT   SUNSET   552 PM CDT
OCTOBER 31 2014.......SUNRISE   731 AM CDT   SUNSET   550 PM CDT


-  INDICATES NEGATIVE NUMBERS.
R  INDICATES RECORD WAS SET OR TIED.
MM INDICATES DATA IS MISSING.
T  INDICATES TRACE AMOUNT.




$$
