019
CDUS45 KMSO 172242
CLIMSO


CLIMATE REPORT
NATIONAL WEATHER SERVICE MISSOULA, MT
431 PM MDT TUE OCT 17 2017


...................................

...THE MISSOULA MT CLIMATE SUMMARY FOR OCTOBER 17 2017...
VALID TODAY AS OF 0400 PM LOCAL TIME.

CLIMATE NORMAL PERIOD 1981 TO 2010
CLIMATE RECORD PERIOD 1893 TO 2017


WEATHER ITEM   OBSERVED TIME   RECORD YEAR NORMAL DEPARTURE LAST
                VALUE   (LST)  VALUE       VALUE  FROM      YEAR
                                                  NORMAL
..................................................................
TEMPERATURE (F)
 TODAY
  MAXIMUM         72    149 PM  75    2003  57     15       51
  MINIMUM         26    637 AM  10    1905  32     -6       34
  AVERAGE         49                        45      4       43

PRECIPITATION (IN)
  TODAY            0.00          0.26 1893   0.03  -0.03     0.06
  MONTH TO DATE    0.37                      0.48  -0.11     1.17
  SINCE OCT 1      0.37                      0.48  -0.11     1.17
  SINCE JAN 1     11.79                     11.68   0.11    10.50

SNOWFALL (IN)
  TODAY            0.0
  MONTH TO DATE    0.4
  SINCE JAN 1     38.6
  SINCE JUL 1      0.4
  SNOW DEPTH       0

DEGREE DAYS
 HEATING
  TODAY           16                        20     -4       22
  MONTH TO DATE  377                       292     85      319
  SINCE SEP 1    648                       533    115      578
  SINCE JUL 1    649                       617     32      676

 COOLING
  TODAY            0                         0      0        0
  MONTH TO DATE    0                         0      0        0
  SINCE SEP 1     34                        15     19        5
  SINCE JAN 1    509                       332    177      287
..................................................................


WIND (MPH)
  HIGHEST WIND SPEED    28   HIGHEST WIND DIRECTION    SW (240)
  HIGHEST GUST SPEED    35   HIGHEST GUST DIRECTION     W (260)
  AVERAGE WIND SPEED     4.3


SKY COVER
  POSSIBLE SUNSHINE  MM
  AVERAGE SKY COVER 0.0


WEATHER CONDITIONS
 THE FOLLOWING WEATHER WAS RECORDED TODAY.
  FOG
  HAZE


RELATIVE HUMIDITY (PERCENT)
 HIGHEST    92           600 AM
 LOWEST     17           300 PM
 AVERAGE    55

..........................................................


THE MISSOULA MT CLIMATE NORMALS FOR TOMORROW
                         NORMAL    RECORD    YEAR
 MAXIMUM TEMPERATURE (F)   57        75      1973
                                             1936
 MINIMUM TEMPERATURE (F)   32        12      1905


SUNRISE AND SUNSET
OCTOBER 17 2017.......SUNRISE   758 AM MDT   SUNSET   645 PM MDT
OCTOBER 18 2017.......SUNRISE   759 AM MDT   SUNSET   643 PM MDT


-  INDICATES NEGATIVE NUMBERS.
R  INDICATES RECORD WAS SET OR TIED.
MM INDICATES DATA IS MISSING.
T  INDICATES TRACE AMOUNT.




$$
