000
CDUS45 KMSO 242237
CLIMSO


CLIMATE REPORT
NATIONAL WEATHER SERVICE MISSOULA, MT
437 PM MDT SAT JUN 24 2017


...................................

...THE MISSOULA MT CLIMATE SUMMARY FOR JUNE 24 2017...
VALID TODAY AS OF 0400 PM LOCAL TIME.

CLIMATE NORMAL PERIOD 1981 TO 2010
CLIMATE RECORD PERIOD 1893 TO 2017


WEATHER ITEM   OBSERVED TIME   RECORD YEAR NORMAL DEPARTURE LAST
                VALUE   (LST)  VALUE       VALUE  FROM      YEAR
                                                  NORMAL
..................................................................
TEMPERATURE (F)
 TODAY
  MAXIMUM         82    255 PM  97    1912  78      4       65
  MINIMUM         44    518 AM  31    1901  48     -4       47
  AVERAGE         63                        63      0       56

PRECIPITATION (IN)
  TODAY            0.00          1.16 1969   0.06  -0.06     0.12
  MONTH TO DATE    1.99                      1.77   0.22     0.70
  SINCE OCT 1     14.68                     10.48   4.20     9.19
  SINCE JAN 1     10.02                      7.55   2.47     5.80

SNOWFALL (IN)
  TODAY            0.0
  MONTH TO DATE    T
  SINCE JAN 1     38.2
  SINCE JUL 1     67.3
  SNOW DEPTH       0

DEGREE DAYS
 HEATING
  TODAY            2                         4     -2        9
  MONTH TO DATE  116                       141    -25      111
  SINCE JUN 1    116                       141    -25      111
  SINCE JUL 1   7594                      7265    329     6840

 COOLING
  TODAY            0                         2     -2        0
  MONTH TO DATE   21                        28     -7       35
  SINCE JUN 1     21                        28     -7       35
  SINCE JAN 1     30                        34     -4       35
..................................................................


WIND (MPH)
  HIGHEST WIND SPEED    10   HIGHEST WIND DIRECTION     N (20)
  HIGHEST GUST SPEED    14   HIGHEST GUST DIRECTION    NE (30)
  AVERAGE WIND SPEED     3.2


SKY COVER
  POSSIBLE SUNSHINE  MM
  AVERAGE SKY COVER 0.0


WEATHER CONDITIONS
 THE FOLLOWING WEATHER WAS RECORDED TODAY.
  NO SIGNIFICANT WEATHER WAS OBSERVED.


RELATIVE HUMIDITY (PERCENT)
 HIGHEST    77           600 AM
 LOWEST     21           200 PM
 AVERAGE    49

..........................................................


THE MISSOULA MT CLIMATE NORMALS FOR TOMORROW
                         NORMAL    RECORD    YEAR
 MAXIMUM TEMPERATURE (F)   78        96      1926
 MINIMUM TEMPERATURE (F)   48        35      1953


SUNRISE AND SUNSET
JUNE 24 2017..........SUNRISE   543 AM MDT   SUNSET   935 PM MDT
JUNE 25 2017..........SUNRISE   543 AM MDT   SUNSET   935 PM MDT


-  INDICATES NEGATIVE NUMBERS.
R  INDICATES RECORD WAS SET OR TIED.
MM INDICATES DATA IS MISSING.
T  INDICATES TRACE AMOUNT.




$$
