000
CDUS45 KMSO 220738
CLIMSO


CLIMATE REPORT
NATIONAL WEATHER SERVICE MISSOULA, MT
137 AM MDT WED OCT 22 2014


...................................

...THE MISSOULA MT CLIMATE SUMMARY FOR OCTOBER 21 2014...

CLIMATE NORMAL PERIOD 1981 TO 2010
CLIMATE RECORD PERIOD 1893 TO 2014


WEATHER ITEM   OBSERVED TIME   RECORD YEAR NORMAL DEPARTURE LAST
                VALUE   (LST)  VALUE       VALUE  FROM      YEAR
                                                  NORMAL
..................................................................
TEMPERATURE (F)
 YESTERDAY
  MAXIMUM         55    349 AM  80    2003  55      0       61
  MINIMUM         42    835 PM  18    1984  31     11       30
                                      1895
  AVERAGE         49                        43      6       46

PRECIPITATION (IN)
  YESTERDAY        0.56          1.05 1975   0.03   0.53     0.00
  MONTH TO DATE    0.95                      0.59   0.36     0.04
  SINCE OCT 1      0.95                      0.59   0.36     0.04
  SINCE JAN 1     11.25                     11.79  -0.54     7.77

SNOWFALL (IN)
  YESTERDAY        0.0
  MONTH TO DATE    0.0
  SINCE JAN 1     51.9
  SINCE JUL 1      0.0
  SNOW DEPTH       0

DEGREE DAYS
 HEATING
  YESTERDAY       16                        22     -6       19
  MONTH TO DATE  262                       378   -116      456
  SINCE SEP 1    453                       619   -166      649
  SINCE JUL 1    495                       703   -208      657

 COOLING
  YESTERDAY        0                         0      0        0
  MONTH TO DATE    0                         0      0        0
  SINCE SEP 1     12                        15     -3       87
  SINCE JAN 1    390                       332     58      579
..................................................................


WIND (MPH)
  HIGHEST WIND SPEED    16   HIGHEST WIND DIRECTION    NW (330)
  HIGHEST GUST SPEED    20   HIGHEST GUST DIRECTION    NW (320)
  AVERAGE WIND SPEED     4.7


SKY COVER
  POSSIBLE SUNSHINE  MM
  AVERAGE SKY COVER 0.8


WEATHER CONDITIONS
 THE FOLLOWING WEATHER WAS RECORDED YESTERDAY.
  HEAVY RAIN
  RAIN
  LIGHT RAIN
  FOG


RELATIVE HUMIDITY (PERCENT)
 HIGHEST   100           700 AM
 LOWEST     54           300 AM
 AVERAGE    77

..........................................................


THE MISSOULA MT CLIMATE NORMALS FOR TODAY
                         NORMAL    RECORD    YEAR
 MAXIMUM TEMPERATURE (F)   55        72      2003
 MINIMUM TEMPERATURE (F)   31        17      1895


SUNRISE AND SUNSET
OCTOBER 22 2014.......SUNRISE   804 AM MDT   SUNSET   636 PM MDT
OCTOBER 23 2014.......SUNRISE   806 AM MDT   SUNSET   635 PM MDT


-  INDICATES NEGATIVE NUMBERS.
R  INDICATES RECORD WAS SET OR TIED.
MM INDICATES DATA IS MISSING.
T  INDICATES TRACE AMOUNT.




$$
