000
CDUS45 KMSO 272346
CLIMSO


CLIMATE REPORT
NATIONAL WEATHER SERVICE MISSOULA, MT
446 PM MST MON FEB 27 2017


...................................

...THE MISSOULA MT CLIMATE SUMMARY FOR FEBRUARY 27 2017...
VALID TODAY AS OF 0400 PM LOCAL TIME.

CLIMATE NORMAL PERIOD 1981 TO 2010
CLIMATE RECORD PERIOD 1893 TO 2017


WEATHER ITEM   OBSERVED TIME   RECORD YEAR NORMAL DEPARTURE LAST
                VALUE   (LST)  VALUE       VALUE  FROM      YEAR
                                                  NORMAL
..................................................................
TEMPERATURE (F)
 TODAY
  MAXIMUM         33    352 PM  64    1932  43    -10       49
  MINIMUM         21    619 AM  -8    1993  23     -2       33
                                      1962
  AVERAGE         27                        33     -6       41

PRECIPITATION (IN)
  TODAY            0.05          0.47 1972   0.02   0.03     0.06
  MONTH TO DATE    2.24                      0.67   1.57     0.48
  SINCE OCT 1      7.88                      4.45   3.43     4.47
  SINCE JAN 1      3.22                      1.52   1.70     1.08

SNOWFALL (IN)
  TODAY            1.5
  MONTH TO DATE   11.2
  SINCE JAN 1     25.0
  SINCE JUL 1     54.1
  SNOW DEPTH       2

DEGREE DAYS
 HEATING
  TODAY           38                        32      6       24
  MONTH TO DATE  989                       948     41      808
  SINCE DEC 1   3986                      3441    545     3282
  SINCE JUL 1   5740                      5337    403     5135

 COOLING
  TODAY            0                         0      0        0
  MONTH TO DATE    0                         0      0        0
  SINCE DEC 1      0                         0      0        0
  SINCE JAN 1      0                         0      0        0
..................................................................


WIND (MPH)
  HIGHEST WIND SPEED    13   HIGHEST WIND DIRECTION    SE (120)
  HIGHEST GUST SPEED    14   HIGHEST GUST DIRECTION     E (110)
  AVERAGE WIND SPEED     4.1


SKY COVER
  POSSIBLE SUNSHINE  MM
  AVERAGE SKY COVER 0.9


WEATHER CONDITIONS
 THE FOLLOWING WEATHER WAS RECORDED TODAY.
  HEAVY SNOW
  SNOW
  LIGHT SNOW
  FOG
  FOG W/VISIBILITY <= 1/4 MILE
  HAZE


RELATIVE HUMIDITY (PERCENT)
 HIGHEST   100           600 AM
 LOWEST     63           400 PM
 AVERAGE    82

..........................................................


THE MISSOULA MT CLIMATE NORMALS FOR TOMORROW
                         NORMAL    RECORD    YEAR
 MAXIMUM TEMPERATURE (F)   44        60      2006
                                             1967
                                             1895
 MINIMUM TEMPERATURE (F)   24       -13      1960


SUNRISE AND SUNSET
FEBRUARY 27 2017......SUNRISE   719 AM MST   SUNSET   619 PM MST
FEBRUARY 28 2017......SUNRISE   717 AM MST   SUNSET   621 PM MST


-  INDICATES NEGATIVE NUMBERS.
R  INDICATES RECORD WAS SET OR TIED.
MM INDICATES DATA IS MISSING.
T  INDICATES TRACE AMOUNT.




$$
