000
CDUS45 KMSO 160744
CLIMSO


CLIMATE REPORT
NATIONAL WEATHER SERVICE MISSOULA, MT
144 AM MDT WED APR 16 2014


...................................

...THE MISSOULA MT CLIMATE SUMMARY FOR APRIL 15 2014...

CLIMATE NORMAL PERIOD 1981 TO 2010
CLIMATE RECORD PERIOD 1893 TO 2014


WEATHER ITEM   OBSERVED TIME   RECORD YEAR NORMAL DEPARTURE LAST
                VALUE   (LST)  VALUE       VALUE  FROM      YEAR
                                                  NORMAL
..................................................................
TEMPERATURE (F)
 YESTERDAY
  MAXIMUM         49    118 PM  83    1926  58     -9       42
  MINIMUM         35   1159 PM  17    1999  33      2       25
  AVERAGE         42                        45     -3       34

PRECIPITATION (IN)
  YESTERDAY        0.01          0.40 1915   0.04  -0.03     0.00
  MONTH TO DATE    0.14                      0.60  -0.46     0.22
  SINCE OCT 1      6.96                      6.08   0.88     7.07
  SINCE JAN 1      5.25                      3.15   2.10     2.28

SNOWFALL (IN)
  YESTERDAY        0.0
  MONTH TO DATE    T
  SINCE JAN 1     51.8
  SINCE JUL 1     65.7
  SNOW DEPTH       0

DEGREE DAYS
 HEATING
  YESTERDAY       23                        20      3       31
  MONTH TO DATE  318                       314      4      323
  SINCE MAR 1   1186                      1128     58     1148
  SINCE JUL 1   6696                      6497    199     6139

 COOLING
  YESTERDAY        0                         0      0        0
  MONTH TO DATE    0                         0      0        0
  SINCE MAR 1      0                         0      0        0
  SINCE JAN 1      0                         0      0        0
..................................................................


WIND (MPH)
  HIGHEST WIND SPEED    25   HIGHEST WIND DIRECTION    NW (320)
  HIGHEST GUST SPEED    30   HIGHEST GUST DIRECTION     W (290)
  AVERAGE WIND SPEED     8.3


SKY COVER
  POSSIBLE SUNSHINE  MM
  AVERAGE SKY COVER 0.8


WEATHER CONDITIONS
 THE FOLLOWING WEATHER WAS RECORDED YESTERDAY.
  LIGHT RAIN
  FOG


RELATIVE HUMIDITY (PERCENT)
 HIGHEST    70           600 AM
 LOWEST     38          1200 AM
 AVERAGE    54

..........................................................


THE MISSOULA MT CLIMATE NORMALS FOR TODAY
                         NORMAL    RECORD    YEAR
 MAXIMUM TEMPERATURE (F)   59        81      1984
                                             1936
 MINIMUM TEMPERATURE (F)   33        19      2013


SUNRISE AND SUNSET
APRIL 16 2014.........SUNRISE   647 AM MDT   SUNSET   826 PM MDT
APRIL 17 2014.........SUNRISE   645 AM MDT   SUNSET   828 PM MDT


-  INDICATES NEGATIVE NUMBERS.
R  INDICATES RECORD WAS SET OR TIED.
MM INDICATES DATA IS MISSING.
T  INDICATES TRACE AMOUNT.




$$
