675
CDUS45 KMSO 240738
CLIMSO


CLIMATE REPORT
NATIONAL WEATHER SERVICE MISSOULA, MT
137 AM MDT TUE MAY 24 2016


...................................

...THE MISSOULA MT CLIMATE SUMMARY FOR MAY 23 2016...

CLIMATE NORMAL PERIOD 1981 TO 2010
CLIMATE RECORD PERIOD 1893 TO 2016


WEATHER ITEM   OBSERVED TIME   RECORD YEAR NORMAL DEPARTURE LAST
                VALUE   (LST)  VALUE       VALUE  FROM      YEAR
                                                  NORMAL
..................................................................
TEMPERATURE (F)
 YESTERDAY
  MAXIMUM         51    110 PM  89    1941  69    -18       71
  MINIMUM         43    448 AM  26    1966  42      1       44
                                      1960
  AVERAGE         47                        56     -9       58

PRECIPITATION (IN)
  YESTERDAY        0.15          1.10 1980   0.08   0.07     0.01
  MONTH TO DATE    1.30                      1.34  -0.04     0.36
  SINCE OCT 1      7.97                      8.04  -0.07     8.83
  SINCE JAN 1      4.58                      5.11  -0.53     3.52

SNOWFALL (IN)
  YESTERDAY        0.0
  MONTH TO DATE    0.0
  SINCE JAN 1     13.1
  SINCE JUL 1     30.2
  SNOW DEPTH       0

DEGREE DAYS
 HEATING
  YESTERDAY       18                        10      8        7
  MONTH TO DATE  240                       290    -50      269
  SINCE MAR 1   1454                      1684   -230     1610
  SINCE JUL 1   6638                      7053   -415     6602

 COOLING
  YESTERDAY        0                         0      0        0
  MONTH TO DATE    0                         0      0        0
  SINCE MAR 1      0                         0      0        0
  SINCE JAN 1      0                         0      0        0
..................................................................


WIND (MPH)
  HIGHEST WIND SPEED    13   HIGHEST WIND DIRECTION    NW (330)
  HIGHEST GUST SPEED    15   HIGHEST GUST DIRECTION    NW (330)
  AVERAGE WIND SPEED     3.5


SKY COVER
  POSSIBLE SUNSHINE  MM
  AVERAGE SKY COVER 1.0


WEATHER CONDITIONS
 THE FOLLOWING WEATHER WAS RECORDED YESTERDAY.
  RAIN
  LIGHT RAIN
  FOG


RELATIVE HUMIDITY (PERCENT)
 HIGHEST    92           500 AM
 LOWEST     71           100 PM
 AVERAGE    82

..........................................................


THE MISSOULA MT CLIMATE NORMALS FOR TODAY
                         NORMAL    RECORD    YEAR
 MAXIMUM TEMPERATURE (F)   70        93      1934
 MINIMUM TEMPERATURE (F)   42        29      1964


SUNRISE AND SUNSET
MAY 24 2016...........SUNRISE   551 AM MDT   SUNSET   916 PM MDT
MAY 25 2016...........SUNRISE   550 AM MDT   SUNSET   917 PM MDT


-  INDICATES NEGATIVE NUMBERS.
R  INDICATES RECORD WAS SET OR TIED.
MM INDICATES DATA IS MISSING.
T  INDICATES TRACE AMOUNT.




$$
