000
CDUS45 KMSO 222231
CLIMSO


CLIMATE REPORT
NATIONAL WEATHER SERVICE MISSOULA, MT
431 PM MDT TUE JUL 22 2014


...................................

...THE MISSOULA MT CLIMATE SUMMARY FOR JULY 22 2014...
VALID TODAY AS OF 0400 PM LOCAL TIME.

CLIMATE NORMAL PERIOD 1981 TO 2010
CLIMATE RECORD PERIOD 1893 TO 2014


WEATHER ITEM   OBSERVED TIME   RECORD YEAR NORMAL DEPARTURE LAST
                VALUE   (LST)  VALUE       VALUE  FROM      YEAR
                                                  NORMAL
..................................................................
TEMPERATURE (F)
 TODAY
  MAXIMUM         90    256 PM 105    1936  88      2       93
  MINIMUM         50    434 AM  37    1952  52     -2       49
  AVERAGE         70                        70      0       71

PRECIPITATION (IN)
  TODAY            T             0.40 1893   0.03  -0.03     0.00
  MONTH TO DATE    0.19                      0.74  -0.55     0.09
  SINCE OCT 1     10.74                     11.52  -0.78    10.69
  SINCE JAN 1      9.03                      8.59   0.44     5.90

SNOWFALL (IN)
  TODAY            0.0
  MONTH TO DATE    0.0
  SINCE JAN 1     51.9
  SINCE JUL 1      0.0
  SNOW DEPTH       0

DEGREE DAYS
 HEATING
  TODAY            0                         1     -1        0
  MONTH TO DATE    0                        33    -33        0
  SINCE JUN 1    177                       193    -16      141
  SINCE JUL 1      0                        33    -33        0

 COOLING
  TODAY            5                         6     -1        6
  MONTH TO DATE  172                        98     74      181
  SINCE JUN 1    180                       135     45      224
  SINCE JAN 1    180                       141     39      228
..................................................................


WIND (MPH)
  HIGHEST WIND SPEED    12   HIGHEST WIND DIRECTION     N (10)
  HIGHEST GUST SPEED    15   HIGHEST GUST DIRECTION     N (10)
  AVERAGE WIND SPEED     3.6


SKY COVER
  POSSIBLE SUNSHINE  MM
  AVERAGE SKY COVER 0.3


WEATHER CONDITIONS
 THE FOLLOWING WEATHER WAS RECORDED TODAY.
  LIGHT RAIN


RELATIVE HUMIDITY (PERCENT)
 HIGHEST    68           400 AM
 LOWEST     21           300 PM
 AVERAGE    45

..........................................................


THE MISSOULA MT CLIMATE NORMALS FOR TOMORROW
                         NORMAL    RECORD    YEAR
 MAXIMUM TEMPERATURE (F)   88       103      2003
 MINIMUM TEMPERATURE (F)   52        38      1965


SUNRISE AND SUNSET
JULY 22 2014..........SUNRISE   604 AM MDT   SUNSET   921 PM MDT
JULY 23 2014..........SUNRISE   605 AM MDT   SUNSET   920 PM MDT


-  INDICATES NEGATIVE NUMBERS.
R  INDICATES RECORD WAS SET OR TIED.
MM INDICATES DATA IS MISSING.
T  INDICATES TRACE AMOUNT.




$$
