000
CDUS41 KBTV 290531
CLIMSS


CLIMATE REPORT
NATIONAL WEATHER SERVICE BURLINGTON VT
129 AM EDT FRI MAY 29 2015


...................................

...THE MASSENA NY CLIMATE SUMMARY FOR MAY 28 2015...

CLIMATE NORMAL PERIOD 1981 TO 2010
CLIMATE RECORD PERIOD 1948 TO 2015


WEATHER ITEM   OBSERVED TIME   RECORD YEAR NORMAL DEPARTURE LAST
                VALUE   (LST)  VALUE       VALUE  FROM      YEAR
                                                  NORMAL
..................................................................
TEMPERATURE (F)
 YESTERDAY
  MAXIMUM         72   1051 AM  89    1978  70      2       61
  MINIMUM         50   1154 PM  33    1970  48      2       50
  AVERAGE         61                        59      2       56

PRECIPITATION (IN)
  YESTERDAY        0.06          0.90        0.10  -0.04      T
  MONTH TO DATE    0.96                      2.76  -1.80     2.10
  SINCE MAR 1      3.98                      7.67  -3.69     7.18
  SINCE JAN 1      5.40                     11.62  -6.22     9.92

DEGREE DAYS
 HEATING
  YESTERDAY        4                         7     -3        9
  MONTH TO DATE  164                       299   -135      246
  SINCE MAR 1   2099                      2094      5     2373
  SINCE JUL 1   8265                      8081    184     8542

 COOLING
  YESTERDAY        0                         1     -1        0
  MONTH TO DATE   40                         9     31       15
  SINCE MAR 1     40                        10     30       15
  SINCE JAN 1     40                        10     30       15
..................................................................


WIND (MPH)
  HIGHEST WIND SPEED    21   HIGHEST WIND DIRECTION     W (260)
  HIGHEST GUST SPEED    26   HIGHEST GUST DIRECTION    SW (210)
  AVERAGE WIND SPEED     9.0


SKY COVER
  AVERAGE SKY COVER 0.4


WEATHER CONDITIONS
 THE FOLLOWING WEATHER WAS RECORDED YESTERDAY.
  LIGHT RAIN
  FOG


RELATIVE HUMIDITY (PERCENT)
 HIGHEST   100          1000 PM
 LOWEST     53          1200 AM
 AVERAGE    77

..........................................................


THE MASSENA NY CLIMATE NORMALS FOR TODAY
                         NORMAL    RECORD    YEAR
 MAXIMUM TEMPERATURE (F)   71        90      1978
 MINIMUM TEMPERATURE (F)   48        33      1977


SUNRISE AND SUNSET
MAY 29 2015...........SUNRISE   518 AM EDT   SUNSET   836 PM EDT
MAY 30 2015...........SUNRISE   518 AM EDT   SUNSET   837 PM EDT


-  INDICATES NEGATIVE NUMBERS.
R  INDICATES RECORD WAS SET OR TIED.
MM INDICATES DATA IS MISSING.
T  INDICATES TRACE AMOUNT.




$$
