775
CDUS41 KBTV 291226
CLIMSS


CLIMATE REPORT
NATIONAL WEATHER SERVICE BURLINGTON VT
825 AM EDT FRI JUL 29 2016


...................................

...THE MASSENA NY CLIMATE SUMMARY FOR JULY 28 2016...

CLIMATE NORMAL PERIOD 1981 TO 2010
CLIMATE RECORD PERIOD 1948 TO 2016


WEATHER ITEM   OBSERVED TIME   RECORD YEAR NORMAL DEPARTURE LAST
                VALUE   (LST)  VALUE       VALUE  FROM      YEAR
                                                  NORMAL
..................................................................
TEMPERATURE (F)
 YESTERDAY
  MAXIMUM         82    425 PM  95    1949  80      2       89
  MINIMUM         63   1159 PM  42    2001  58      5       62
  AVERAGE         73                        69      4       76

PRECIPITATION (IN)
  YESTERDAY        0.00          1.08        0.12  -0.12     0.00
  MONTH TO DATE    2.97                      3.22  -0.25     3.11
  SINCE JUN 1      7.66                      6.74   0.92     8.23
  SINCE JAN 1     17.00                     18.67  -1.67    14.22

DEGREE DAYS
 HEATING
  YESTERDAY        0                         1     -1        0
  MONTH TO DATE    9                        28    -19       22
  SINCE JUN 1     74                       124    -50      123
  SINCE JUL 1      9                        28    -19       22

 COOLING
  YESTERDAY        8                         5      3       11
  MONTH TO DATE  152                       137     15      126
  SINCE JUN 1    219                       212      7      173
  SINCE JAN 1    265                       226     39      218
..................................................................


WIND (MPH)
  HIGHEST WIND SPEED     8   HIGHEST WIND DIRECTION    NW (320)
  HIGHEST GUST SPEED    12   HIGHEST GUST DIRECTION    SW (230)
  AVERAGE WIND SPEED     2.4


SKY COVER
  AVERAGE SKY COVER 0.3


WEATHER CONDITIONS
 THE FOLLOWING WEATHER WAS RECORDED YESTERDAY.
  FOG


RELATIVE HUMIDITY (PERCENT)
 HIGHEST    93          1100 PM
 LOWEST     51           500 PM
 AVERAGE    72

..........................................................


THE MASSENA NY CLIMATE NORMALS FOR TODAY
                         NORMAL    RECORD    YEAR
 MAXIMUM TEMPERATURE (F)   80        95      1949
 MINIMUM TEMPERATURE (F)   58        43      1987


SUNRISE AND SUNSET
JULY 29 2016..........SUNRISE   542 AM EDT   SUNSET   829 PM EDT
JULY 30 2016..........SUNRISE   543 AM EDT   SUNSET   828 PM EDT


-  INDICATES NEGATIVE NUMBERS.
R  INDICATES RECORD WAS SET OR TIED.
MM INDICATES DATA IS MISSING.
T  INDICATES TRACE AMOUNT.




$$
