000
CDUS41 KBTV 230542
CLIMSS


CLIMATE REPORT
NATIONAL WEATHER SERVICE BURLINGTON VT
139 AM EDT FRI JUN 23 2017


...................................

...THE MASSENA NY CLIMATE SUMMARY FOR JUNE 22 2017...

CLIMATE NORMAL PERIOD 1981 TO 2010
CLIMATE RECORD PERIOD 1948 TO 2017


WEATHER ITEM   OBSERVED TIME   RECORD YEAR NORMAL DEPARTURE LAST
                VALUE   (LST)  VALUE       VALUE  FROM      YEAR
                                                  NORMAL
..................................................................
TEMPERATURE (F)
 YESTERDAY
  MAXIMUM         76    307 PM  91    1983  77     -1       73
  MINIMUM         53    332 AM  41    1950  55     -2       51
  AVERAGE         65                        66     -1       62

PRECIPITATION (IN)
  YESTERDAY        0.02          1.05        0.11  -0.09     0.06
  MONTH TO DATE    1.49                      2.57  -1.08     2.80
  SINCE JUN 1      1.49                      2.57  -1.08     2.80
  SINCE JAN 1     16.14                     14.50   1.64    12.14

DEGREE DAYS
 HEATING
  YESTERDAY        0                         2     -2        3
  MONTH TO DATE   77                        83     -6       61
  SINCE JUN 1     77                        83     -6       61
  SINCE JUL 1   7094                      8184  -1090     7159

 COOLING
  YESTERDAY        0                         3     -3        0
  MONTH TO DATE   64                        44     20       37
  SINCE JUN 1     64                        44     20       37
  SINCE JAN 1     80                        58     22       83
..................................................................


WIND (MPH)
  HIGHEST WIND SPEED    17   HIGHEST WIND DIRECTION     S (190)
  HIGHEST GUST SPEED    22   HIGHEST GUST DIRECTION     S (190)
  AVERAGE WIND SPEED     7.3


SKY COVER
  AVERAGE SKY COVER 0.3


WEATHER CONDITIONS
 THE FOLLOWING WEATHER WAS RECORDED YESTERDAY.
  LIGHT RAIN


RELATIVE HUMIDITY (PERCENT)
 HIGHEST   100           100 AM
 LOWEST     41           100 PM
 AVERAGE    71

..........................................................


THE MASSENA NY CLIMATE NORMALS FOR TODAY
                         NORMAL    RECORD    YEAR
 MAXIMUM TEMPERATURE (F)   78        92      1975
 MINIMUM TEMPERATURE (F)   55        40      1992


SUNRISE AND SUNSET
JUNE 23 2017..........SUNRISE   514 AM EDT   SUNSET   850 PM EDT
JUNE 24 2017..........SUNRISE   514 AM EDT   SUNSET   850 PM EDT


-  INDICATES NEGATIVE NUMBERS.
R  INDICATES RECORD WAS SET OR TIED.
MM INDICATES DATA IS MISSING.
T  INDICATES TRACE AMOUNT.




$$
