000
CDUS41 KBTV 240539
CLIMSS


CLIMATE REPORT
NATIONAL WEATHER SERVICE BURLINGTON VT
137 AM EDT TUE OCT 24 2017


...................................

...THE MASSENA NY CLIMATE SUMMARY FOR OCTOBER 23 2017...

CLIMATE NORMAL PERIOD 1981 TO 2010
CLIMATE RECORD PERIOD 1948 TO 2017


WEATHER ITEM   OBSERVED TIME   RECORD YEAR NORMAL DEPARTURE LAST
                VALUE   (LST)  VALUE       VALUE  FROM      YEAR
                                                  NORMAL
..................................................................
TEMPERATURE (F)
 YESTERDAY
  MAXIMUM         76    104 PM  81    1979  53     23       53
  MINIMUM         41    616 AM  22    2000  34      7       37
  AVERAGE         59                        44     15       45

PRECIPITATION (IN)
  YESTERDAY        0.00          1.44        0.10  -0.10      T
  MONTH TO DATE    2.74                      2.48   0.26     4.43
  SINCE SEP 1      3.53                      6.13  -2.60     5.81
  SINCE JAN 1     32.90                     28.67   4.23    26.92

DEGREE DAYS
 HEATING
  YESTERDAY        6                        21    -15       20
  MONTH TO DATE  199                       400   -201      273
  SINCE SEP 1    324                       625   -301      412
  SINCE JUL 1    376                       700   -324      423

 COOLING
  YESTERDAY        0                         0      0        0
  MONTH TO DATE    4                         0      4        0
  SINCE SEP 1     73                        25     48       47
  SINCE JAN 1    399                       361     38      527
..................................................................


WIND (MPH)
  HIGHEST WIND SPEED    16   HIGHEST WIND DIRECTION    SW (210)
  HIGHEST GUST SPEED    22   HIGHEST GUST DIRECTION    SW (210)
  AVERAGE WIND SPEED     4.5


SKY COVER
  AVERAGE SKY COVER 0.0


WEATHER CONDITIONS
 THE FOLLOWING WEATHER WAS RECORDED YESTERDAY.
  NO SIGNIFICANT WEATHER WAS OBSERVED.


RELATIVE HUMIDITY (PERCENT)
 HIGHEST   100          1200 AM
 LOWEST     46           200 PM
 AVERAGE    73

..........................................................


THE MASSENA NY CLIMATE NORMALS FOR TODAY
                         NORMAL    RECORD    YEAR
 MAXIMUM TEMPERATURE (F)   53        77      1963
 MINIMUM TEMPERATURE (F)   34        19      1974


SUNRISE AND SUNSET
OCTOBER 24 2017.......SUNRISE   727 AM EDT   SUNSET   559 PM EDT
OCTOBER 25 2017.......SUNRISE   728 AM EDT   SUNSET   558 PM EDT


-  INDICATES NEGATIVE NUMBERS.
R  INDICATES RECORD WAS SET OR TIED.
MM INDICATES DATA IS MISSING.
T  INDICATES TRACE AMOUNT.




$$
