000
CDUS41 KBTV 180530
CLIMSS


CLIMATE REPORT
NATIONAL WEATHER SERVICE BURLINGTON VT
128 AM EDT FRI AUG 18 2017


...................................

...THE MASSENA NY CLIMATE SUMMARY FOR AUGUST 17 2017...

CLIMATE NORMAL PERIOD 1981 TO 2010
CLIMATE RECORD PERIOD 1948 TO 2017


WEATHER ITEM   OBSERVED TIME   RECORD YEAR NORMAL DEPARTURE LAST
                VALUE   (LST)  VALUE       VALUE  FROM      YEAR
                                                  NORMAL
..................................................................
TEMPERATURE (F)
 YESTERDAY
  MAXIMUM         78    411 PM  92    1987  78      0       81
  MINIMUM         51    418 AM  41    1979  56     -5       63
  AVERAGE         65                        67     -2       72

PRECIPITATION (IN)
  YESTERDAY        T             1.81        0.11  -0.11     0.12
  MONTH TO DATE    2.08                      2.01   0.07     1.63
  SINCE JUN 1     13.42                      9.10   4.32     9.29
  SINCE JAN 1     28.07                     21.03   7.04    18.63

DEGREE DAYS
 HEATING
  YESTERDAY        0                         2     -2        0
  MONTH TO DATE    4                        18    -14        0
  SINCE JUN 1    109                       137    -28       74
  SINCE JUL 1     15                        41    -26        9

 COOLING
  YESTERDAY        0                         3     -3        7
  MONTH TO DATE   68                        65      3      129
  SINCE JUN 1    271                       285    -14      357
  SINCE JAN 1    287                       299    -12      403
..................................................................


WIND (MPH)
  HIGHEST WIND SPEED    12   HIGHEST WIND DIRECTION    SW (230)
  HIGHEST GUST SPEED    13   HIGHEST GUST DIRECTION    SW (230)
  AVERAGE WIND SPEED     4.1


SKY COVER
  AVERAGE SKY COVER 0.1


WEATHER CONDITIONS
 THE FOLLOWING WEATHER WAS RECORDED YESTERDAY.
  NO SIGNIFICANT WEATHER WAS OBSERVED.


RELATIVE HUMIDITY (PERCENT)
 HIGHEST    93           100 AM
 LOWEST     43           400 PM
 AVERAGE    68

..........................................................


THE MASSENA NY CLIMATE NORMALS FOR TODAY
                         NORMAL    RECORD    YEAR
 MAXIMUM TEMPERATURE (F)   78        91      1955
 MINIMUM TEMPERATURE (F)   55        42      1968


SUNRISE AND SUNSET
AUGUST 18 2017........SUNRISE   605 AM EDT   SUNSET   800 PM EDT
AUGUST 19 2017........SUNRISE   606 AM EDT   SUNSET   759 PM EDT


-  INDICATES NEGATIVE NUMBERS.
R  INDICATES RECORD WAS SET OR TIED.
MM INDICATES DATA IS MISSING.
T  INDICATES TRACE AMOUNT.




$$
