000
CDUS41 KBTV 290600
CLIMSS


CLIMATE REPORT
NATIONAL WEATHER SERVICE BURLINGTON VT
1258 AM EST SAT NOV 29 2014


...................................

...THE MASSENA NY CLIMATE SUMMARY FOR NOVEMBER 28 2014...

CLIMATE NORMAL PERIOD 1981 TO 2010
CLIMATE RECORD PERIOD 1948 TO 2014


WEATHER ITEM   OBSERVED TIME   RECORD YEAR NORMAL DEPARTURE LAST
                VALUE   (LST)  VALUE       VALUE  FROM      YEAR
                                                  NORMAL
..................................................................
TEMPERATURE (F)
 YESTERDAY
  MAXIMUM         25    250 PM  73    1990  38    -13       23
  MINIMUM         14    816 PM  -5    1951  23     -9        3
  AVERAGE         20                        30    -10       13

PRECIPITATION (IN)
  YESTERDAY        T             1.45        0.10  -0.10      T
  MONTH TO DATE    1.44                      2.85  -1.41     2.66
  SINCE SEP 1      4.69                      9.81  -5.12    10.76
  SINCE JAN 1     30.15                     32.35  -2.20    33.88

DEGREE DAYS
 HEATING
  YESTERDAY       45                        35     10       52
  MONTH TO DATE  806                       818    -12      861
  SINCE SEP 1   1435                      1624   -189     1586
  SINCE JUL 1   1495                      1699   -204     1642

 COOLING
  YESTERDAY        0                         0      0        0
  MONTH TO DATE    0                         0      0        0
  SINCE SEP 1     48                        27     21       31
  SINCE JAN 1    336                       363    -27      418
..................................................................


WIND (MPH)
  HIGHEST WIND SPEED    17   HIGHEST WIND DIRECTION     W (270)
  HIGHEST GUST SPEED    21   HIGHEST GUST DIRECTION     W (260)
  AVERAGE WIND SPEED     6.5


SKY COVER
  AVERAGE SKY COVER 0.5


WEATHER CONDITIONS
 THE FOLLOWING WEATHER WAS RECORDED YESTERDAY.
  LIGHT SNOW


RELATIVE HUMIDITY (PERCENT)
 HIGHEST    88           900 PM
 LOWEST     60          1100 AM
 AVERAGE    74

..........................................................


THE MASSENA NY CLIMATE NORMALS FOR TODAY
                         NORMAL    RECORD    YEAR
 MAXIMUM TEMPERATURE (F)   38        69      2005
 MINIMUM TEMPERATURE (F)   22        -1      2013
                                             1977


SUNRISE AND SUNSET
NOVEMBER 29 2014......SUNRISE   715 AM EST   SUNSET   420 PM EST
NOVEMBER 30 2014......SUNRISE   716 AM EST   SUNSET   420 PM EST


-  INDICATES NEGATIVE NUMBERS.
R  INDICATES RECORD WAS SET OR TIED.
MM INDICATES DATA IS MISSING.
T  INDICATES TRACE AMOUNT.




$$
