666
CDUS41 KBTV 060531
CLIMSS


CLIMATE REPORT
NATIONAL WEATHER SERVICE BURLINGTON VT
1228 AM EST SAT FEB 6 2016


...................................

...THE MASSENA NY CLIMATE SUMMARY FOR FEBRUARY 5 2016...

CLIMATE NORMAL PERIOD 1981 TO 2010
CLIMATE RECORD PERIOD 1948 TO 2016


WEATHER ITEM   OBSERVED TIME   RECORD YEAR NORMAL DEPARTURE LAST
                VALUE   (LST)  VALUE       VALUE  FROM      YEAR
                                                  NORMAL
..................................................................
TEMPERATURE (F)
 YESTERDAY
  MAXIMUM         32   1212 AM  52    1962  26      6       21
  MINIMUM         16    944 PM -27    1978   5     11      -23
  AVERAGE         24                        16      8       -1

PRECIPITATION (IN)
  YESTERDAY        0.00          0.66        0.06  -0.06      T
  MONTH TO DATE    0.56                      0.29   0.27     0.10
  SINCE DEC 1      3.74                      4.90  -1.16     2.36
  SINCE JAN 1      1.09                      2.47  -1.38     1.38

DEGREE DAYS
 HEATING
  YESTERDAY       41                        49     -8       66
  MONTH TO DATE  147                       249   -102      309
  SINCE DEC 1   2432                      3143   -711     3168
  SINCE JUL 1   3906                      4912  -1006     4729

 COOLING
  YESTERDAY        0                         0      0        0
  MONTH TO DATE    0                         0      0        0
  SINCE DEC 1      0                         0      0        0
  SINCE JAN 1      0                         0      0        0
..................................................................


WIND (MPH)
  HIGHEST WIND SPEED    15   HIGHEST WIND DIRECTION     W (290)
  HIGHEST GUST SPEED    21   HIGHEST GUST DIRECTION     W (270)
  AVERAGE WIND SPEED     6.5


SKY COVER
  AVERAGE SKY COVER 0.2


WEATHER CONDITIONS
 THE FOLLOWING WEATHER WAS RECORDED YESTERDAY.
  NO SIGNIFICANT WEATHER WAS OBSERVED.


RELATIVE HUMIDITY (PERCENT)
 HIGHEST    80           900 PM
 LOWEST     50           200 PM
 AVERAGE    65

..........................................................


THE MASSENA NY CLIMATE NORMALS FOR TODAY
                         NORMAL    RECORD    YEAR
 MAXIMUM TEMPERATURE (F)   26        46      1953
 MINIMUM TEMPERATURE (F)    5       -33      1993


SUNRISE AND SUNSET
FEBRUARY  6 2016......SUNRISE   714 AM EST   SUNSET   514 PM EST
FEBRUARY  7 2016......SUNRISE   712 AM EST   SUNSET   515 PM EST


-  INDICATES NEGATIVE NUMBERS.
R  INDICATES RECORD WAS SET OR TIED.
MM INDICATES DATA IS MISSING.
T  INDICATES TRACE AMOUNT.




$$
