452
CDUS41 KBTV 220521
CLIMSS


CLIMATE REPORT
NATIONAL WEATHER SERVICE BURLINGTON VT
1219 AM EST MON JAN 22 2018


...................................

...THE MASSENA NY CLIMATE SUMMARY FOR JANUARY 21 2018...

CLIMATE NORMAL PERIOD 1981 TO 2010
CLIMATE RECORD PERIOD 1948 TO 2018


WEATHER ITEM   OBSERVED TIME   RECORD YEAR NORMAL DEPARTURE LAST
                VALUE   (LST)  VALUE       VALUE  FROM      YEAR
                                                  NORMAL
..................................................................
TEMPERATURE (F)
 YESTERDAY
  MAXIMUM         38    106 PM  57    1959  24     14       40
  MINIMUM         27   1159 PM -27    2005   4     23       33
  AVERAGE         33                        14     19       37

PRECIPITATION (IN)
  YESTERDAY        0.00          0.50        0.07  -0.07     0.00
  MONTH TO DATE    1.27                      1.54  -0.27     1.43
  SINCE DEC 1      2.24                      3.97  -1.73     3.76
  SINCE JAN 1      1.27                      1.54  -0.27     1.43

DEGREE DAYS
 HEATING
  YESTERDAY       32                        51    -19       28
  MONTH TO DATE 1080                      1058     22      833
  SINCE DEC 1   2247                      2388   -141     2056
  SINCE JUL 1   3646                      4157   -511     3462

 COOLING
  YESTERDAY        0                         0      0        0
  MONTH TO DATE    0                         0      0        0
  SINCE DEC 1      0                         0      0        0
  SINCE JAN 1      0                         0      0        0
..................................................................


WIND (MPH)
  HIGHEST WIND SPEED    17   HIGHEST WIND DIRECTION    NE (60)
  HIGHEST GUST SPEED    22   HIGHEST GUST DIRECTION    NE (60)
  AVERAGE WIND SPEED     4.6


SKY COVER
  AVERAGE SKY COVER 1.0


WEATHER CONDITIONS
 THE FOLLOWING WEATHER WAS RECORDED YESTERDAY.
  FOG
  HAZE


RELATIVE HUMIDITY (PERCENT)
 HIGHEST    92           100 AM
 LOWEST     69           600 PM
 AVERAGE    81

..........................................................


THE MASSENA NY CLIMATE NORMALS FOR TODAY
                         NORMAL    RECORD    YEAR
 MAXIMUM TEMPERATURE (F)   24        57      1959
 MINIMUM TEMPERATURE (F)    4       -30      2014


SUNRISE AND SUNSET
JANUARY 22 2018.......SUNRISE   729 AM EST   SUNSET   453 PM EST
JANUARY 23 2018.......SUNRISE   728 AM EST   SUNSET   455 PM EST


-  INDICATES NEGATIVE NUMBERS.
R  INDICATES RECORD WAS SET OR TIED.
MM INDICATES DATA IS MISSING.
T  INDICATES TRACE AMOUNT.




$$
