000
CDUS42 KKEY 300552
CLIMTH

CLIMATE REPORT
NATIONAL WEATHER SERVICE KEY WEST FL
155 AM EDT WED JUL 30 2014

...................................

...THE MARATHON CLIMATE SUMMARY FOR JULY 29 2014...

CLIMATE NORMAL PERIOD 1981 TO 2010

WEATHER ITEM   OBSERVED TIME   NORMAL DEPARTURE LAST
                VALUE   (LST)  VALUE  FROM      YEAR
                                      NORMAL
......................................................
TEMPERATURE (F)
 YESTERDAY
  MAXIMUM         95    247 PM  91      4       93
  MINIMUM         84   1147 PM  80      4       82
  AVERAGE         90            85      5       88

PRECIPITATION (IN)
  YESTERDAY        T             0.16  -0.16     0.00
  MONTH TO DATE    2.01          3.97  -1.96     7.94
  SINCE JUN 1      5.88          9.58  -3.70    17.19
  SINCE JAN 1     12.46         21.52  -9.06    36.95

SNOWFALL (IN)
  YESTERDAY        0.0
  MONTH TO DATE    0.0
  SINCE JUN 1      0.0
  SINCE JUL 1      0.0
  SNOW DEPTH       0

DEGREE DAYS
 HEATING
  YESTERDAY        0             0      0        0
  MONTH TO DATE    0             0      0        0
  SINCE JUN 1      0             0      0        0
  SINCE JUL 1      0             0      0        0

 COOLING
  YESTERDAY       25            20      5       23
  MONTH TO DATE  629           580     49      579
  SINCE JUN 1   1192          1174     18     1195
  SINCE JAN 1   2977          2717    260     3025
......................................................

WIND (MPH)
  HIGHEST WIND SPEED    12   HIGHEST WIND DIRECTION     W (290)
  HIGHEST GUST SPEED    18   HIGHEST GUST DIRECTION     W (280)
  AVERAGE WIND SPEED     5.6

SKY COVER
  POSSIBLE SUNSHINE  MM
  AVERAGE SKY COVER 0.2

WEATHER CONDITIONS
 THE FOLLOWING WEATHER WAS RECORDED YESTERDAY.
  LIGHT RAIN

RELATIVE HUMIDITY (PERCENT)
 HIGHEST    82
 LOWEST     46
 AVERAGE    64
..........................................................

THE MARATHON CLIMATE NORMALS FOR TODAY
                         NORMAL
 MAXIMUM TEMPERATURE (F)   91
 MINIMUM TEMPERATURE (F)   80

SUNRISE AND SUNSET
JULY 30 2014..........SUNRISE   651 AM EDT   SUNSET   810 PM EDT
JULY 31 2014..........SUNRISE   652 AM EDT   SUNSET   809 PM EDT

-  INDICATES NEGATIVE NUMBERS.
R  INDICATES RECORD WAS SET OR TIED.
MM INDICATES DATA IS MISSING.
T  INDICATES TRACE AMOUNT.

$$
BS
