000
CDUS42 KKEY 162122
CLIMTH


CLIMATE REPORT
NATIONAL WEATHER SERVICE KEY WEST, FL
421 PM EST MON JAN 16 2017


...................................

...THE MARATHON CLIMATE SUMMARY FOR JANUARY 16 2017...
VALID TODAY AS OF 0400 PM LOCAL TIME.

CLIMATE NORMAL PERIOD 1981 TO 2010


WEATHER ITEM   OBSERVED TIME   NORMAL DEPARTURE LAST
                VALUE   (LST)  VALUE  FROM      YEAR
                                      NORMAL
......................................................
TEMPERATURE (F)
 TODAY
  MAXIMUM         84    135 PM  75      9       76
  MINIMUM         76    759 AM  64     12       66
  AVERAGE         80            69     11       71

PRECIPITATION (IN)
  TODAY            0.00          0.04  -0.04     0.11
  MONTH TO DATE    0.25          0.84  -0.59     3.71
  SINCE DEC 1      2.15          2.86  -0.71    11.65
  SINCE JAN 1      0.25          0.84  -0.59     3.71

SNOWFALL (IN)
  TODAY            0.0
  MONTH TO DATE    0.0
  SINCE DEC 1      0.0
  SINCE JUL 1      0.0
  SNOW DEPTH       0

DEGREE DAYS
 HEATING
  TODAY            0             1     -1        0
  MONTH TO DATE    3            25    -22        2
  SINCE DEC 1      3            45    -42        2
  SINCE JUL 1      3            46    -43        2

 COOLING
  TODAY           15             6      9        6
  MONTH TO DATE  173            96     77       91
  SINCE DEC 1    631           324    307      487
  SINCE JAN 1    173            96     77       91
......................................................


WIND (MPH)
  HIGHEST WIND SPEED    14   HIGHEST WIND DIRECTION     E (110)
  HIGHEST GUST SPEED    22   HIGHEST GUST DIRECTION     E (110)
  AVERAGE WIND SPEED     9.1


SKY COVER
  POSSIBLE SUNSHINE  MM
  AVERAGE SKY COVER 0.5


WEATHER CONDITIONS
 THE FOLLOWING WEATHER WAS RECORDED TODAY.
  NO SIGNIFICANT WEATHER WAS OBSERVED.


RELATIVE HUMIDITY (PERCENT)
 HIGHEST    64
 LOWEST     50
 AVERAGE    57

..........................................................


THE MARATHON CLIMATE NORMALS FOR TOMORROW
                         NORMAL
 MAXIMUM TEMPERATURE (F)   75
 MINIMUM TEMPERATURE (F)   64


SUNRISE AND SUNSET
JANUARY 16 2017.......SUNRISE   711 AM EST   SUNSET   558 PM EST
JANUARY 17 2017.......SUNRISE   710 AM EST   SUNSET   559 PM EST


-  INDICATES NEGATIVE NUMBERS.
R  INDICATES RECORD WAS SET OR TIED.
MM INDICATES DATA IS MISSING.
T  INDICATES TRACE AMOUNT.




$$
