000
CDUS43 KILX 312150
CLIMTO


CLIMATE REPORT
NATIONAL WEATHER SERVICE LINCOLN IL
437 PM CDT WED AUG 31 2016


...................................

...THE MATTOON IL AIRPORT CLIMATE SUMMARY FOR AUGUST 31 2016...
VALID TODAY AS OF 0400 PM LOCAL TIME.

CLIMATE NORMAL PERIOD 1981 TO 2010
CLIMATE RECORD PERIOD 9999 TO 9999


WEATHER ITEM   OBSERVED TIME   RECORD YEAR NORMAL DEPARTURE LAST
                VALUE   (LST)  VALUE       VALUE  FROM      YEAR
                                                  NORMAL
..................................................................
TEMPERATURE (F)
 TODAY
  MAXIMUM         85   1258 PM  MM      MM  83      2       85
  MINIMUM         68    450 AM  MM      MM  61      7       69
  AVERAGE         77                        72      5       77

PRECIPITATION (IN)
  TODAY            0.00         MM      MM   0.10  -0.10     0.00
  MONTH TO DATE    4.51                      3.06   1.45     1.28
  SINCE JUN 1     11.73                     11.55   0.18    13.60
  SINCE JAN 1     23.47                     25.90  -2.43    24.15

DEGREE DAYS
 HEATING
  TODAY            0                         0      0        0
  MONTH TO DATE    0                         0      0        0
  SINCE JUN 1      5                        22    -17        8
  SINCE JUL 1      5                         5      0        0

 COOLING
  TODAY           12                         7      5       12
  MONTH TO DATE  346                       279     67      244
  SINCE JUN 1    992                       832    160      777
  SINCE JAN 1   1067                       920    147      904
..................................................................


WIND (MPH)
  HIGHEST WIND SPEED    14   HIGHEST WIND DIRECTION     N (350)
  HIGHEST GUST SPEED    17   HIGHEST GUST DIRECTION     N (340)
  AVERAGE WIND SPEED     5.5


SKY COVER
  POSSIBLE SUNSHINE  MM
  AVERAGE SKY COVER 0.3


WEATHER CONDITIONS
 THE FOLLOWING WEATHER WAS RECORDED TODAY.
  FOG
  FOG W/VISIBILITY <= 1/4 MILE


RELATIVE HUMIDITY (PERCENT)
 HIGHEST   100           600 AM
 LOWEST     58           200 PM
 AVERAGE    79

..........................................................


THE MATTOON IL AIRPORT CLIMATE NORMALS FOR TOMORROW
                         NORMAL    RECORD    YEAR
 MAXIMUM TEMPERATURE (F)   83        MM        MM
 MINIMUM TEMPERATURE (F)   60        MM        MM


SUNRISE AND SUNSET
AUGUST 31 2016........SUNRISE   621 AM CDT   SUNSET   725 PM CDT
SEPTEMBER  1 2016.....SUNRISE   622 AM CDT   SUNSET   723 PM CDT


-  INDICATES NEGATIVE NUMBERS.
R  INDICATES RECORD WAS SET OR TIED.
MM INDICATES DATA IS MISSING.
T  INDICATES TRACE AMOUNT.




$$
