000
CDUS43 KILX 202129
CLIMTO


CLIMATE REPORT
NATIONAL WEATHER SERVICE LINCOLN IL
428 PM CDT SAT SEP 20 2014


...................................

...THE MATTOON IL AIRPORT CLIMATE SUMMARY FOR SEPTEMBER 20 2014...
VALID TODAY AS OF 0400 PM LOCAL TIME.

CLIMATE NORMAL PERIOD 1981 TO 2010
CLIMATE RECORD PERIOD 9999 TO 9999


WEATHER ITEM   OBSERVED TIME   RECORD YEAR NORMAL DEPARTURE LAST
                VALUE   (LST)  VALUE       VALUE  FROM      YEAR
                                                  NORMAL
..................................................................
TEMPERATURE (F)
 TODAY
  MAXIMUM         81    259 PM  MM      MM  77      4       75
  MINIMUM         58    616 AM  MM      MM  54      4       57
  AVERAGE         70                        65      5       66

PRECIPITATION (IN)
  TODAY            0.00         MM      MM   0.09  -0.09     0.22
  MONTH TO DATE    3.28                      2.06   1.22     0.35
  SINCE SEP 1      3.28                      2.06   1.22     0.35
  SINCE JAN 1     24.72                     27.96  -3.24    38.60

DEGREE DAYS
 HEATING
  TODAY            0                         3     -3        0
  MONTH TO DATE   75                        21     54       21
  SINCE SEP 1     75                        21     54       21
  SINCE JUL 1     80                        26     54       31

 COOLING
  TODAY            5                         3      2        1
  MONTH TO DATE   67                        97    -30      154
  SINCE SEP 1     67                        97    -30      154
  SINCE JAN 1    901                      1017   -116      958
..................................................................


WIND (MPH)
  HIGHEST WIND SPEED    18   HIGHEST WIND DIRECTION     S (190)
  HIGHEST GUST SPEED    23   HIGHEST GUST DIRECTION    SW (210)
  AVERAGE WIND SPEED     9.0


SKY COVER
  POSSIBLE SUNSHINE  MM
  AVERAGE SKY COVER 0.1


WEATHER CONDITIONS
 THE FOLLOWING WEATHER WAS RECORDED TODAY.
  NO SIGNIFICANT WEATHER WAS OBSERVED.


RELATIVE HUMIDITY (PERCENT)
 HIGHEST    87           500 AM
 LOWEST     62           200 PM
 AVERAGE    75

..........................................................


THE MATTOON IL AIRPORT CLIMATE NORMALS FOR TOMORROW
                         NORMAL    RECORD    YEAR
 MAXIMUM TEMPERATURE (F)   76        MM        MM
 MINIMUM TEMPERATURE (F)   53        MM        MM


SUNRISE AND SUNSET
SEPTEMBER 20 2014.....SUNRISE   639 AM CDT   SUNSET   653 PM CDT
SEPTEMBER 21 2014.....SUNRISE   640 AM CDT   SUNSET   652 PM CDT


-  INDICATES NEGATIVE NUMBERS.
R  INDICATES RECORD WAS SET OR TIED.
MM INDICATES DATA IS MISSING.
T  INDICATES TRACE AMOUNT.




$$
