000
CDUS43 KILX 022128
CLIMTO


CLIMATE REPORT
NATIONAL WEATHER SERVICE LINCOLN IL
428 PM CDT THU JUL 2 2015


...................................

...THE MATTOON IL AIRPORT CLIMATE SUMMARY FOR JULY 2 2015...
VALID TODAY AS OF 0400 PM LOCAL TIME.

CLIMATE NORMAL PERIOD 1981 TO 2010
CLIMATE RECORD PERIOD 9999 TO 9999


WEATHER ITEM   OBSERVED TIME   RECORD YEAR NORMAL DEPARTURE LAST
                VALUE   (LST)  VALUE       VALUE  FROM      YEAR
                                                  NORMAL
..................................................................
TEMPERATURE (F)
 TODAY
  MAXIMUM         76    205 PM  MM      MM  85     -9       76
  MINIMUM         60    626 AM  MM      MM  66     -6       61
  AVERAGE         68                        75     -7       69

PRECIPITATION (IN)
  TODAY            0.01         MM      MM   0.12  -0.11      T
  MONTH TO DATE    0.60                      0.23   0.37     0.47
  SINCE JUN 1      9.90                      4.47   5.43     5.91
  SINCE JAN 1     20.45                     18.82   1.63    16.08

DEGREE DAYS
 HEATING
  TODAY            0                         0      0        0
  MONTH TO DATE    0                         0      0        0
  SINCE JUN 1      8                        17     -9        3
  SINCE JUL 1      0                         0      0        0

 COOLING
  TODAY            3                        10     -7        4
  MONTH TO DATE   10                        20    -10       15
  SINCE JUN 1    248                       243      5      279
  SINCE JAN 1    375                       331     44      409
..................................................................


WIND (MPH)
  HIGHEST WIND SPEED    15   HIGHEST WIND DIRECTION    NE (30)
  HIGHEST GUST SPEED    20   HIGHEST GUST DIRECTION    NE (40)
  AVERAGE WIND SPEED     9.8


SKY COVER
  POSSIBLE SUNSHINE  MM
  AVERAGE SKY COVER 0.6


WEATHER CONDITIONS
 THE FOLLOWING WEATHER WAS RECORDED TODAY.
  LIGHT RAIN


RELATIVE HUMIDITY (PERCENT)
 HIGHEST    84           300 AM
 LOWEST     68          1100 AM
 AVERAGE    76

..........................................................


THE MATTOON IL AIRPORT CLIMATE NORMALS FOR TOMORROW
                         NORMAL    RECORD    YEAR
 MAXIMUM TEMPERATURE (F)   85        MM        MM
 MINIMUM TEMPERATURE (F)   66        MM        MM


SUNRISE AND SUNSET
JULY  2 2015..........SUNRISE   530 AM CDT   SUNSET   824 PM CDT
JULY  3 2015..........SUNRISE   531 AM CDT   SUNSET   824 PM CDT


-  INDICATES NEGATIVE NUMBERS.
R  INDICATES RECORD WAS SET OR TIED.
MM INDICATES DATA IS MISSING.
T  INDICATES TRACE AMOUNT.




$$
