000
CDUS43 KILX 210648
CLIMTO


CLIMATE REPORT
NATIONAL WEATHER SERVICE LINCOLN IL
139 AM CDT MON APR 21 2014


...................................

...THE MATTOON IL AIRPORT CLIMATE SUMMARY FOR APRIL 20 2014...

CLIMATE NORMAL PERIOD 1981 TO 2010
CLIMATE RECORD PERIOD 9999 TO 9999


WEATHER ITEM   OBSERVED TIME   RECORD YEAR NORMAL DEPARTURE LAST
                VALUE   (LST)  VALUE       VALUE  FROM      YEAR
                                                  NORMAL
..................................................................
TEMPERATURE (F)
 YESTERDAY
  MAXIMUM         75    335 PM  MM      MM  65     10       49
  MINIMUM         49    522 AM  MM      MM  45      4       30
  AVERAGE         62                        55      7       40

PRECIPITATION (IN)
  YESTERDAY        0.00         MM      MM   0.11  -0.11     0.00
  MONTH TO DATE    2.33                      2.02   0.31     5.80
  SINCE MAR 1      3.33                      4.59  -1.26     6.74
  SINCE JAN 1      5.26                      8.57  -3.31    13.19

DEGREE DAYS
 HEATING
  YESTERDAY        3                        10     -7       25
  MONTH TO DATE  265                       275    -10      278
  SINCE MAR 1   1154                       974    180     1174
  SINCE JUL 1   6001                      5178    823     5137

 COOLING
  YESTERDAY        0                         1     -1        0
  MONTH TO DATE    1                         1      0        2
  SINCE MAR 1      1                         2     -1        2
  SINCE JAN 1      1                         2     -1        2
..................................................................


WIND (MPH)
  HIGHEST WIND SPEED    15   HIGHEST WIND DIRECTION     S (190)
  HIGHEST GUST SPEED    19   HIGHEST GUST DIRECTION     S (170)
  AVERAGE WIND SPEED     7.5


SKY COVER
  POSSIBLE SUNSHINE  MM
  AVERAGE SKY COVER 0.0


WEATHER CONDITIONS
 THE FOLLOWING WEATHER WAS RECORDED YESTERDAY.
  NO SIGNIFICANT WEATHER WAS OBSERVED.


RELATIVE HUMIDITY (PERCENT)
 HIGHEST    63           600 AM
 LOWEST     33           400 PM
 AVERAGE    48

..........................................................


THE MATTOON IL AIRPORT CLIMATE NORMALS FOR TODAY
                         NORMAL    RECORD    YEAR
 MAXIMUM TEMPERATURE (F)   66        MM        MM
 MINIMUM TEMPERATURE (F)   45        MM        MM


SUNRISE AND SUNSET
APRIL 21 2014.........SUNRISE   607 AM CDT   SUNSET   737 PM CDT
APRIL 22 2014.........SUNRISE   606 AM CDT   SUNSET   738 PM CDT


-  INDICATES NEGATIVE NUMBERS.
R  INDICATES RECORD WAS SET OR TIED.
MM INDICATES DATA IS MISSING.
T  INDICATES TRACE AMOUNT.




$$
