000
CDUS43 KILX 030646
CLIMTO


CLIMATE REPORT
NATIONAL WEATHER SERVICE LINCOLN IL
145 AM CDT THU SEP 3 2015


...................................

...THE MATTOON IL AIRPORT CLIMATE SUMMARY FOR SEPTEMBER 2 2015...

CLIMATE NORMAL PERIOD 1981 TO 2010
CLIMATE RECORD PERIOD 9999 TO 9999


WEATHER ITEM   OBSERVED TIME   RECORD YEAR NORMAL DEPARTURE LAST
                VALUE   (LST)  VALUE       VALUE  FROM      YEAR
                                                  NORMAL
..................................................................
TEMPERATURE (F)
 YESTERDAY
  MAXIMUM         90    255 PM  MM      MM  83      7       80
  MINIMUM         69    515 AM  MM      MM  60      9       67
  AVERAGE         80                        72      8       74

PRECIPITATION (IN)
  YESTERDAY        0.00         MM      MM   0.13  -0.13     0.49
  MONTH TO DATE    0.05                      0.26  -0.21     0.82
  SINCE SEP 1      0.05                      0.26  -0.21     0.82
  SINCE JAN 1     24.20                     26.16  -1.96    22.26

DEGREE DAYS
 HEATING
  YESTERDAY        0                         0      0        0
  MONTH TO DATE    0                         0      0        0
  SINCE SEP 1      0                         0      0        0
  SINCE JUL 1      0                         5     -5        5

 COOLING
  YESTERDAY       15                         7      8        9
  MONTH TO DATE   29                        14     15       20
  SINCE SEP 1     29                        14     15       20
  SINCE JAN 1    933                       934     -1      854
..................................................................


WIND (MPH)
  HIGHEST WIND SPEED    13   HIGHEST WIND DIRECTION     S (190)
  HIGHEST GUST SPEED    18   HIGHEST GUST DIRECTION     S (190)
  AVERAGE WIND SPEED     5.9


SKY COVER
  POSSIBLE SUNSHINE  MM
  AVERAGE SKY COVER 0.0


WEATHER CONDITIONS
 THE FOLLOWING WEATHER WAS RECORDED YESTERDAY.
  FOG
  HAZE


RELATIVE HUMIDITY (PERCENT)
 HIGHEST    90           500 AM
 LOWEST     44           100 PM
 AVERAGE    67

..........................................................


THE MATTOON IL AIRPORT CLIMATE NORMALS FOR TODAY
                         NORMAL    RECORD    YEAR
 MAXIMUM TEMPERATURE (F)   83        MM        MM
 MINIMUM TEMPERATURE (F)   60        MM        MM


SUNRISE AND SUNSET
SEPTEMBER  3 2015.....SUNRISE   623 AM CDT   SUNSET   721 PM CDT
SEPTEMBER  4 2015.....SUNRISE   624 AM CDT   SUNSET   720 PM CDT


-  INDICATES NEGATIVE NUMBERS.
R  INDICATES RECORD WAS SET OR TIED.
MM INDICATES DATA IS MISSING.
T  INDICATES TRACE AMOUNT.




$$
