000
CDUS43 KILX 240659
CLIMTO


CLIMATE REPORT
NATIONAL WEATHER SERVICE LINCOLN IL
1259 AM CST MON NOV 24 2014


...................................

...THE MATTOON IL AIRPORT CLIMATE SUMMARY FOR NOVEMBER 23 2014...

CLIMATE NORMAL PERIOD 1981 TO 2010
CLIMATE RECORD PERIOD 9999 TO 9999


WEATHER ITEM   OBSERVED TIME   RECORD YEAR NORMAL DEPARTURE LAST
                VALUE   (LST)  VALUE       VALUE  FROM      YEAR
                                                  NORMAL
..................................................................
TEMPERATURE (F)
 YESTERDAY
  MAXIMUM         54   1034 AM  MM      MM  48      6       31
  MINIMUM         48    728 AM  MM      MM  32     16       16
  AVERAGE         51                        40     11       24

PRECIPITATION (IN)
  YESTERDAY        0.34         MM      MM   0.13   0.21     0.00
  MONTH TO DATE    0.74                      2.71  -1.97     0.07
  SINCE SEP 1      9.13                      8.61   0.52     2.51
  SINCE JAN 1     30.57                     34.51  -3.94    40.76

DEGREE DAYS
 HEATING
  YESTERDAY       14                        25    -11       41
  MONTH TO DATE  664                       465    199      506
  SINCE SEP 1   1081                       864    217      846
  SINCE JUL 1   1086                       869    217      856

 COOLING
  YESTERDAY        0                         0      0        0
  MONTH TO DATE    0                         0      0        0
  SINCE SEP 1     98                       137    -39      203
  SINCE JAN 1    932                      1057   -125     1007
..................................................................


WIND (MPH)
  HIGHEST WIND SPEED    22   HIGHEST WIND DIRECTION    SE (150)
  HIGHEST GUST SPEED    31   HIGHEST GUST DIRECTION    SE (140)
  AVERAGE WIND SPEED    12.3


SKY COVER
  POSSIBLE SUNSHINE  MM
  AVERAGE SKY COVER 0.9


WEATHER CONDITIONS
 THE FOLLOWING WEATHER WAS RECORDED YESTERDAY.
  RAIN
  LIGHT RAIN


RELATIVE HUMIDITY (PERCENT)
 HIGHEST   100           700 PM
 LOWEST     66           200 AM
 AVERAGE    83

..........................................................


THE MATTOON IL AIRPORT CLIMATE NORMALS FOR TODAY
                         NORMAL    RECORD    YEAR
 MAXIMUM TEMPERATURE (F)   47        MM        MM
 MINIMUM TEMPERATURE (F)   32        MM        MM


SUNRISE AND SUNSET
NOVEMBER 24 2014......SUNRISE   647 AM CST   SUNSET   432 PM CST
NOVEMBER 25 2014......SUNRISE   648 AM CST   SUNSET   432 PM CST


-  INDICATES NEGATIVE NUMBERS.
R  INDICATES RECORD WAS SET OR TIED.
MM INDICATES DATA IS MISSING.
T  INDICATES TRACE AMOUNT.




$$
