228
CDUS41 KBTV 290554
CLIMVL


CLIMATE REPORT
NATIONAL WEATHER SERVICE BURLINGTON VT
148 AM EDT MON AUG 29 2016


...................................

...THE MORRISVILLE VT CLIMATE SUMMARY FOR AUGUST 28 2016...

CLIMATE NORMAL PERIOD 1981 TO 2010
CLIMATE RECORD PERIOD 9999 TO 9999


WEATHER ITEM   OBSERVED TIME   NORMAL DEPARTURE LAST
                VALUE   (LST)  VALUE  FROM      YEAR
                                      NORMAL
......................................................
TEMPERATURE (F)
 YESTERDAY
  MAXIMUM         85    310 PM  76      9       76
  MINIMUM         55    312 AM  52      3       52
  AVERAGE         70            64      6       64

PRECIPITATION (IN)
  YESTERDAY        0.18          0.11   0.07     0.00
  MONTH TO DATE    2.76          3.71  -0.95     1.15
  SINCE JUN 1      8.34         11.82  -3.48    10.68
  SINCE JAN 1     15.39         23.44  -8.05    15.93

DEGREE DAYS
 HEATING
  YESTERDAY        0             3     -3        1
  MONTH TO DATE   21            56    -35        7
  SINCE JUN 1    185           209    -24      135
  SINCE JUL 1     54            86    -32       30

 COOLING
  YESTERDAY        5             2      3        0
  MONTH TO DATE  114            72     42      152
  SINCE JUN 1    254           232     22      349
  SINCE JAN 1    283           240     43      402
......................................................


WIND (MPH)
  HIGHEST WIND SPEED    24   HIGHEST WIND DIRECTION     N (350)
  HIGHEST GUST SPEED    33   HIGHEST GUST DIRECTION     N (350)
  AVERAGE WIND SPEED     4.6


SKY COVER
  AVERAGE SKY COVER 0.6


WEATHER CONDITIONS
 THE FOLLOWING WEATHER WAS RECORDED YESTERDAY.
  HEAVY RAIN
  LIGHT RAIN
  FOG


RELATIVE HUMIDITY (PERCENT)
 HIGHEST    93          1200 AM
 LOWEST     51           200 PM
 AVERAGE    72

..........................................................


THE MORRISVILLE VT CLIMATE NORMALS FOR TODAY
                         NORMAL    RECORD    YEAR
 MAXIMUM TEMPERATURE (F)   76        87      2007
 MINIMUM TEMPERATURE (F)   51        42      2012


SUNRISE AND SUNSET
AUGUST 29 2016........SUNRISE   610 AM EDT   SUNSET   731 PM EDT
AUGUST 30 2016........SUNRISE   611 AM EDT   SUNSET   730 PM EDT


-  INDICATES NEGATIVE NUMBERS.
R  INDICATES RECORD WAS SET OR TIED.
MM INDICATES DATA IS MISSING.
T  INDICATES TRACE AMOUNT.




$$
