000
CDUS41 KBTV 290543
CLIMVL


CLIMATE REPORT
NATIONAL WEATHER SERVICE BURLINGTON VT
140 AM EDT SUN MAY 29 2016


...................................

...THE MORRISVILLE VT CLIMATE SUMMARY FOR MAY 28 2016...

CLIMATE NORMAL PERIOD 1981 TO 2010
CLIMATE RECORD PERIOD 9999 TO 9999


WEATHER ITEM   OBSERVED TIME   NORMAL DEPARTURE LAST
                VALUE   (LST)  VALUE  FROM      YEAR
                                      NORMAL
......................................................
TEMPERATURE (F)
 YESTERDAY
  MAXIMUM         87    422 PM  70     17       80
  MINIMUM         60   1159 PM  45     15       58
  AVERAGE         74            57     17       69

PRECIPITATION (IN)
  YESTERDAY        0.00          0.12  -0.12     0.01
  MONTH TO DATE    0.97          2.85  -1.88     1.51
  SINCE MAR 1      3.79          6.92  -3.13     3.01
  SINCE JAN 1      6.94         11.20  -4.26     4.13

DEGREE DAYS
 HEATING
  YESTERDAY        0             8     -8        0
  MONTH TO DATE  352           329     23      172
  SINCE MAR 1   2129          2149    -20     2188
  SINCE JUL 1   6702          8109  -1407     7870

 COOLING
  YESTERDAY        9             0      9        4
  MONTH TO DATE   17             0     17       42
  SINCE MAR 1     17             1     16       42
  SINCE JAN 1     17             1     16       42
......................................................


WIND (MPH)
  HIGHEST WIND SPEED    15   HIGHEST WIND DIRECTION     N (360)
  HIGHEST GUST SPEED    22   HIGHEST GUST DIRECTION     N (10)
  AVERAGE WIND SPEED     3.8


SKY COVER
  AVERAGE SKY COVER 0.2


WEATHER CONDITIONS
 THE FOLLOWING WEATHER WAS RECORDED YESTERDAY.
  FOG


RELATIVE HUMIDITY (PERCENT)
 HIGHEST    97           400 AM
 LOWEST     34           100 PM
 AVERAGE    66

..........................................................


THE MORRISVILLE VT CLIMATE NORMALS FOR TODAY
                         NORMAL    RECORD    YEAR
 MAXIMUM TEMPERATURE (F)   70        85      1998
 MINIMUM TEMPERATURE (F)   45        35      2008


SUNRISE AND SUNSET
MAY 29 2016...........SUNRISE   510 AM EDT   SUNSET   826 PM EDT
MAY 30 2016...........SUNRISE   510 AM EDT   SUNSET   827 PM EDT


-  INDICATES NEGATIVE NUMBERS.
R  INDICATES RECORD WAS SET OR TIED.
MM INDICATES DATA IS MISSING.
T  INDICATES TRACE AMOUNT.




$$
