000
CDUS41 KBTV 280531
CLIMVL


CLIMATE REPORT
NATIONAL WEATHER SERVICE BURLINGTON VT
1229 AM EST SAT FEB 28 2015


...................................

...THE MORRISVILLE VT CLIMATE SUMMARY FOR FEBRUARY 27 2015...

CLIMATE NORMAL PERIOD 1981 TO 2010
CLIMATE RECORD PERIOD 9999 TO 9999


WEATHER ITEM   OBSERVED TIME   NORMAL DEPARTURE LAST
                VALUE   (LST)  VALUE  FROM      YEAR
                                      NORMAL
......................................................
TEMPERATURE (F)
 YESTERDAY
  MAXIMUM         19    416 PM  34    -15       21
  MINIMUM        -17    715 AM  11    -28       -1
  AVERAGE          1            22    -21       10

PRECIPITATION (IN)
  YESTERDAY        0.00          0.06  -0.06     0.02
  MONTH TO DATE    0.28          1.68  -1.40     2.19
  SINCE DEC 1      1.91          6.86  -4.95     7.61
  SINCE JAN 1      1.12          4.22  -3.10     4.60

DEGREE DAYS
 HEATING
  YESTERDAY       64            43     21       55
  MONTH TO DATE 1621          1255    366     1297
  SINCE DEC 1   4277          4089    188     4209
  SINCE JUL 1   5620          5917   -297     5992

 COOLING
  YESTERDAY        0             0      0        0
  MONTH TO DATE    0             0      0        0
  SINCE DEC 1      0             0      0        0
  SINCE JAN 1      0             0      0        0
......................................................


WIND (MPH)
  HIGHEST WIND SPEED    12   HIGHEST WIND DIRECTION    NW (310)
  HIGHEST GUST SPEED    17   HIGHEST GUST DIRECTION     N (340)
  AVERAGE WIND SPEED     2.8


SKY COVER
  AVERAGE SKY COVER 0.0


WEATHER CONDITIONS
 THE FOLLOWING WEATHER WAS RECORDED YESTERDAY.
  LIGHT SNOW
  FOG
  HAZE


RELATIVE HUMIDITY (PERCENT)
 HIGHEST    81           500 AM
 LOWEST     31           300 PM
 AVERAGE    56

..........................................................


THE MORRISVILLE VT CLIMATE NORMALS FOR TODAY
                         NORMAL    RECORD    YEAR
 MAXIMUM TEMPERATURE (F)   34        MM        MM
 MINIMUM TEMPERATURE (F)   11        MM        MM


SUNRISE AND SUNSET
FEBRUARY 28 2015......SUNRISE   630 AM EST   SUNSET   537 PM EST
MARCH  1 2015.........SUNRISE   628 AM EST   SUNSET   538 PM EST


-  INDICATES NEGATIVE NUMBERS.
R  INDICATES RECORD WAS SET OR TIED.
MM INDICATES DATA IS MISSING.
T  INDICATES TRACE AMOUNT.




$$
