000
CDUS41 KBTV 100537
CLIMVL


CLIMATE REPORT
NATIONAL WEATHER SERVICE BURLINGTON VT
1233 AM EST WED FEB 10 2016


...................................

...THE MORRISVILLE VT CLIMATE SUMMARY FOR FEBRUARY 9 2016...

CLIMATE NORMAL PERIOD 1981 TO 2010
CLIMATE RECORD PERIOD 9999 TO 9999


WEATHER ITEM   OBSERVED TIME   NORMAL DEPARTURE LAST
                VALUE   (LST)  VALUE  FROM      YEAR
                                      NORMAL
......................................................
TEMPERATURE (F)
 YESTERDAY
  MAXIMUM         29    407 PM  29      0       19
  MINIMUM         17    754 AM   5     12       12
  AVERAGE         23            17      6       16

PRECIPITATION (IN)
  YESTERDAY        T             0.06  -0.06      T
  MONTH TO DATE    0.36          0.53  -0.17     0.22
  SINCE DEC 1      2.99          5.71  -2.72     1.85
  SINCE JAN 1      1.05          3.07  -2.02     1.06

DEGREE DAYS
 HEATING
  YESTERDAY       42            48     -6       49
  MONTH TO DATE  303           438   -135      517
  SINCE DEC 1   2493          3272   -779     3173
  SINCE JUL 1   3908          5100  -1192     4516

 COOLING
  YESTERDAY        0             0      0        0
  MONTH TO DATE    0             0      0        0
  SINCE DEC 1      0             0      0        0
  SINCE JAN 1      0             0      0        0
......................................................


WIND (MPH)
  HIGHEST WIND SPEED     6   HIGHEST WIND DIRECTION    SW (210)
  HIGHEST GUST SPEED     8   HIGHEST GUST DIRECTION    NE (30)
  AVERAGE WIND SPEED     1.7


SKY COVER
  AVERAGE SKY COVER 0.9


WEATHER CONDITIONS
 THE FOLLOWING WEATHER WAS RECORDED YESTERDAY.
  LIGHT SNOW


RELATIVE HUMIDITY (PERCENT)
 HIGHEST    91          1100 PM
 LOWEST     58           400 PM
 AVERAGE    75

..........................................................


THE MORRISVILLE VT CLIMATE NORMALS FOR TODAY
                         NORMAL    RECORD    YEAR
 MAXIMUM TEMPERATURE (F)   29        50      2001
 MINIMUM TEMPERATURE (F)    5       -14      2013


SUNRISE AND SUNSET
FEBRUARY 10 2016......SUNRISE   658 AM EST   SUNSET   512 PM EST
FEBRUARY 11 2016......SUNRISE   657 AM EST   SUNSET   513 PM EST


-  INDICATES NEGATIVE NUMBERS.
R  INDICATES RECORD WAS SET OR TIED.
MM INDICATES DATA IS MISSING.
T  INDICATES TRACE AMOUNT.




$$
