000
CDUS41 KBTV 300543
CLIMVL


CLIMATE REPORT
NATIONAL WEATHER SERVICE BURLINGTON VT
138 AM EDT SUN AUG 30 2015


...................................

...THE MORRISVILLE VT CLIMATE SUMMARY FOR AUGUST 29 2015...

CLIMATE NORMAL PERIOD 1981 TO 2010
CLIMATE RECORD PERIOD 9999 TO 9999


WEATHER ITEM   OBSERVED TIME   NORMAL DEPARTURE LAST
                VALUE   (LST)  VALUE  FROM      YEAR
                                      NORMAL
......................................................
TEMPERATURE (F)
 YESTERDAY
  MAXIMUM         77    408 PM  76      1       75
  MINIMUM         52    544 AM  51      1       50
  AVERAGE         65            64      1       63

PRECIPITATION (IN)
  YESTERDAY        0.00          0.11  -0.11     0.00
  MONTH TO DATE    1.15          3.82  -2.67     2.48
  SINCE JUN 1     10.68         11.93  -1.25    12.53
  SINCE JAN 1     15.93         23.55  -7.62    26.13

DEGREE DAYS
 HEATING
  YESTERDAY        0             3     -3        2
  MONTH TO DATE    7            59    -52       41
  SINCE JUN 1    135           212    -77      142
  SINCE JUL 1     30            89    -59       70

 COOLING
  YESTERDAY        0             2     -2        0
  MONTH TO DATE  152            74     78       54
  SINCE JUN 1    349           234    115      203
  SINCE JAN 1    402           242    160      208
......................................................


WIND (MPH)
  HIGHEST WIND SPEED     7   HIGHEST WIND DIRECTION     N (340)
  HIGHEST GUST SPEED     9   HIGHEST GUST DIRECTION    NW (330)
  AVERAGE WIND SPEED     0.6


SKY COVER
  AVERAGE SKY COVER 0.5


WEATHER CONDITIONS
 THE FOLLOWING WEATHER WAS RECORDED YESTERDAY.
  FOG
  FOG W/VISIBILITY <= 1/4 MILE


RELATIVE HUMIDITY (PERCENT)
 HIGHEST    96           200 AM
 LOWEST     50           200 PM
 AVERAGE    73

..........................................................


THE MORRISVILLE VT CLIMATE NORMALS FOR TODAY
                         NORMAL    RECORD    YEAR
 MAXIMUM TEMPERATURE (F)   75        86      2010
 MINIMUM TEMPERATURE (F)   51        42      2003


SUNRISE AND SUNSET
AUGUST 30 2015........SUNRISE   610 AM EDT   SUNSET   731 PM EDT
AUGUST 31 2015........SUNRISE   612 AM EDT   SUNSET   729 PM EDT


-  INDICATES NEGATIVE NUMBERS.
R  INDICATES RECORD WAS SET OR TIED.
MM INDICATES DATA IS MISSING.
T  INDICATES TRACE AMOUNT.




$$
