000
CDUS41 KBTV 210526
CLIMVL


CLIMATE REPORT
NATIONAL WEATHER SERVICE BURLINGTON VT
125 AM EDT SUN SEP 21 2014


...................................

...THE MORRISVILLE VT CLIMATE SUMMARY FOR SEPTEMBER 20 2014...

CLIMATE NORMAL PERIOD 1981 TO 2010
CLIMATE RECORD PERIOD 9999 TO 9999


WEATHER ITEM   OBSERVED TIME   NORMAL DEPARTURE LAST
                VALUE   (LST)  VALUE  FROM      YEAR
                                      NORMAL
......................................................
TEMPERATURE (F)
 YESTERDAY
  MAXIMUM         65    510 PM  68     -3       80
  MINIMUM         34   1203 AM  44    -10       46
  AVERAGE         50            56     -6       63

PRECIPITATION (IN)
  YESTERDAY        0.00          0.13  -0.13     0.00
  MONTH TO DATE    2.21          2.16   0.05     2.19
  SINCE SEP 1      2.21          2.16   0.05     2.19
  SINCE JAN 1     28.62         25.92   2.70    32.45

DEGREE DAYS
 HEATING
  YESTERDAY       15             9      6        2
  MONTH TO DATE  174           123     51      148
  SINCE SEP 1    174           123     51      148
  SINCE JUL 1    245           218     27      217

 COOLING
  YESTERDAY        0             0      0        0
  MONTH TO DATE   29            13     16       38
  SINCE SEP 1     29            13     16       38
  SINCE JAN 1    243           260    -17      401
......................................................


WIND (MPH)
  HIGHEST WIND SPEED    13   HIGHEST WIND DIRECTION     S (200)
  HIGHEST GUST SPEED    18   HIGHEST GUST DIRECTION    SW (230)
  AVERAGE WIND SPEED     3.7


SKY COVER
  AVERAGE SKY COVER 0.8


WEATHER CONDITIONS
 THE FOLLOWING WEATHER WAS RECORDED YESTERDAY.
  NO SIGNIFICANT WEATHER WAS OBSERVED.


RELATIVE HUMIDITY (PERCENT)
 HIGHEST    93          1100 PM
 LOWEST     67          1200 PM
 AVERAGE    80

..........................................................


THE MORRISVILLE VT CLIMATE NORMALS FOR TODAY
                         NORMAL    RECORD    YEAR
 MAXIMUM TEMPERATURE (F)   68        MM        MM
 MINIMUM TEMPERATURE (F)   44        MM        MM


SUNRISE AND SUNSET
SEPTEMBER 21 2014.....SUNRISE   636 AM EDT   SUNSET   650 PM EDT
SEPTEMBER 22 2014.....SUNRISE   637 AM EDT   SUNSET   648 PM EDT


-  INDICATES NEGATIVE NUMBERS.
R  INDICATES RECORD WAS SET OR TIED.
MM INDICATES DATA IS MISSING.
T  INDICATES TRACE AMOUNT.




$$
