000
CDUS46 KOTX 240824
CLIMWH


CLIMATE REPORT
NATIONAL WEATHER SERVICE SPOKANE, WA
124 AM PDT FRI OCT 24 2014


...................................

...THE MOSES LAKE WA AIRPORT CLIMATE SUMMARY FOR OCTOBER 23 2014...

CLIMATE NORMAL PERIOD 1981 TO 2010
CLIMATE RECORD PERIOD 9999 TO 9999


WEATHER ITEM   OBSERVED TIME   RECORD YEAR NORMAL DEPARTURE LAST
                VALUE   (LST)  VALUE       VALUE  FROM      YEAR
                                                  NORMAL
..................................................................
TEMPERATURE (F)
 YESTERDAY
  MAXIMUM         60    121 PM  MM      MM  59      1       73
  MINIMUM         45   1137 PM  MM      MM  34     11       35
  AVERAGE         53                        46      7       54

PRECIPITATION (IN)
  YESTERDAY        0.01         MM      MM   0.03  -0.02     0.00
  MONTH TO DATE    0.71                      0.46   0.25     0.01
  SINCE OCT 1      0.71                      0.46   0.25     0.01
  SINCE JAN 1      4.89                      6.28  -1.39     5.25

SNOWFALL (IN)
  YESTERDAY       MM

DEGREE DAYS
 HEATING
  YESTERDAY       12                        19     -7       11
  MONTH TO DATE  170                       324   -154      340
  SINCE SEP 1    222                       454   -232      442
  SINCE JUL 1    222                       474   -252      442

 COOLING
  YESTERDAY        0                         0      0        0
  MONTH TO DATE    4                         0      4        0
  SINCE SEP 1     74                        44     30      135
  SINCE JAN 1    952                       614    338      948
..................................................................


WIND (MPH)
  HIGHEST WIND SPEED    16   HIGHEST WIND DIRECTION    SW (240)
  HIGHEST GUST SPEED    20   HIGHEST GUST DIRECTION    SW (240)
  AVERAGE WIND SPEED     8.3


SKY COVER
  POSSIBLE SUNSHINE  MM
  AVERAGE SKY COVER 0.5


WEATHER CONDITIONS
 THE FOLLOWING WEATHER WAS RECORDED YESTERDAY.
  NO SIGNIFICANT WEATHER WAS OBSERVED.


RELATIVE HUMIDITY (PERCENT)
 HIGHEST    89           800 AM
 LOWEST     57           400 PM
 AVERAGE    73

..........................................................


THE MOSES LAKE WA AIRPORT CLIMATE NORMALS FOR TODAY
                         NORMAL    RECORD    YEAR
 MAXIMUM TEMPERATURE (F)   59        MM        MM
 MINIMUM TEMPERATURE (F)   33        MM        MM


SUNRISE AND SUNSET
OCTOBER 24 2014.......SUNRISE   729 AM PDT   SUNSET   554 PM PDT
OCTOBER 25 2014.......SUNRISE   730 AM PDT   SUNSET   552 PM PDT


-  INDICATES NEGATIVE NUMBERS.
R  INDICATES RECORD WAS SET OR TIED.
MM INDICATES DATA IS MISSING.
T  INDICATES TRACE AMOUNT.




$$
