000
CDUS46 KOTX 070841
CLIMWH


CLIMATE REPORT
NATIONAL WEATHER SERVICE SPOKANE, WA
1241 AM PST WED DEC 7 2016


...................................

...THE MOSES LAKE WA AIRPORT CLIMATE SUMMARY FOR DECEMBER 6 2016...

CLIMATE NORMAL PERIOD 1981 TO 2010
CLIMATE RECORD PERIOD 9999 TO 9999


WEATHER ITEM   OBSERVED TIME   RECORD YEAR NORMAL DEPARTURE LAST
                VALUE   (LST)  VALUE       VALUE  FROM      YEAR
                                                  NORMAL
..................................................................
TEMPERATURE (F)
 YESTERDAY
  MAXIMUM         32    135 PM  MM      MM  36     -4       48
  MINIMUM         15    616 PM  MM      MM  24     -9       35
  AVERAGE         24                        30     -6       42

PRECIPITATION (IN)
  YESTERDAY        0.01         MM      MM   0.04  -0.03     0.14
  MONTH TO DATE    0.11                      0.22  -0.11     0.62
  SINCE OCT 1      3.51                      2.07   1.44     1.30
  SINCE JAN 1      9.29                      7.89   1.40     4.69

SNOWFALL (IN)
  YESTERDAY       MM

DEGREE DAYS
 HEATING
  YESTERDAY       41                        35      6       23
  MONTH TO DATE  193                       205    -12      192
  SINCE DEC 1    193                       205    -12      192
  SINCE JUL 1   1306                      1666   -360     1432

 COOLING
  YESTERDAY        0                         0      0        0
  MONTH TO DATE    0                         0      0        0
  SINCE DEC 1      0                         0      0        0
  SINCE JAN 1    629                       615     14     1066
..................................................................


WIND (MPH)
  HIGHEST WIND SPEED    18   HIGHEST WIND DIRECTION     N (360)
  HIGHEST GUST SPEED    22   HIGHEST GUST DIRECTION     N (10)
  AVERAGE WIND SPEED     9.3


SKY COVER
  POSSIBLE SUNSHINE  MM
  AVERAGE SKY COVER 0.6


WEATHER CONDITIONS
 THE FOLLOWING WEATHER WAS RECORDED YESTERDAY.
  LIGHT SNOW
  FOG
  FOG W/VISIBILITY <= 1/4 MILE


RELATIVE HUMIDITY (PERCENT)
 HIGHEST    92           100 AM
 LOWEST     58           300 PM
 AVERAGE    75

..........................................................


THE MOSES LAKE WA AIRPORT CLIMATE NORMALS FOR TODAY
                         NORMAL    RECORD    YEAR
 MAXIMUM TEMPERATURE (F)   36        MM        MM
 MINIMUM TEMPERATURE (F)   24        MM        MM


SUNRISE AND SUNSET
DECEMBER  7 2016......SUNRISE   730 AM PST   SUNSET   407 PM PST
DECEMBER  8 2016......SUNRISE   731 AM PST   SUNSET   407 PM PST


-  INDICATES NEGATIVE NUMBERS.
R  INDICATES RECORD WAS SET OR TIED.
MM INDICATES DATA IS MISSING.
T  INDICATES TRACE AMOUNT.




$$
