000
CDUS46 KOTX 220850
CLIMWH


CLIMATE REPORT
NATIONAL WEATHER SERVICE SPOKANE, WA
149 AM PDT WED MAR 22 2017


...................................

...THE MOSES LAKE WA AIRPORT CLIMATE SUMMARY FOR MARCH 21 2017...

CLIMATE NORMAL PERIOD 1981 TO 2010
CLIMATE RECORD PERIOD 9999 TO 9999


WEATHER ITEM   OBSERVED TIME   RECORD YEAR NORMAL DEPARTURE LAST
                VALUE   (LST)  VALUE       VALUE  FROM      YEAR
                                                  NORMAL
..................................................................
TEMPERATURE (F)
 YESTERDAY
  MAXIMUM         52    156 PM  MM      MM  57     -5       60
  MINIMUM         39   1036 PM  MM      MM  33      6       33
  AVERAGE         46                        45      1       47

PRECIPITATION (IN)
  YESTERDAY        0.13         MM      MM   0.03   0.10     0.06
  MONTH TO DATE    0.72                      0.47   0.25     1.28
  SINCE OCT 1      7.36                      5.70   1.66     6.60
  SINCE JAN 1      3.47                      2.41   1.06     3.34

SNOWFALL (IN)
  YESTERDAY       MM

DEGREE DAYS
 HEATING
  YESTERDAY       19                        20     -1       18
  MONTH TO DATE  461                       477    -16      422
  SINCE MAR 1    461                       477    -16      422
  SINCE JUL 1   5312                      4982    330     4455

 COOLING
  YESTERDAY        0                         0      0        0
  MONTH TO DATE    0                         0      0        0
  SINCE MAR 1      0                         0      0        0
  SINCE JAN 1      0                         0      0        0
..................................................................


WIND (MPH)
  HIGHEST WIND SPEED    23   HIGHEST WIND DIRECTION     W (270)
  HIGHEST GUST SPEED    27   HIGHEST GUST DIRECTION     W (270)
  AVERAGE WIND SPEED     7.4


SKY COVER
  POSSIBLE SUNSHINE  MM
  AVERAGE SKY COVER 0.8


WEATHER CONDITIONS
 THE FOLLOWING WEATHER WAS RECORDED YESTERDAY.
  RAIN
  LIGHT RAIN
  FOG


RELATIVE HUMIDITY (PERCENT)
 HIGHEST   100          1000 PM
 LOWEST     68           100 PM
 AVERAGE    84

..........................................................


THE MOSES LAKE WA AIRPORT CLIMATE NORMALS FOR TODAY
                         NORMAL    RECORD    YEAR
 MAXIMUM TEMPERATURE (F)   57        MM        MM
 MINIMUM TEMPERATURE (F)   33        MM        MM


SUNRISE AND SUNSET
MARCH 22 2017.........SUNRISE   656 AM PDT   SUNSET   713 PM PDT
MARCH 23 2017.........SUNRISE   654 AM PDT   SUNSET   715 PM PDT


-  INDICATES NEGATIVE NUMBERS.
R  INDICATES RECORD WAS SET OR TIED.
MM INDICATES DATA IS MISSING.
T  INDICATES TRACE AMOUNT.




$$
